216.73.216.95 - - [26/Jul/2026:16:29:00 +0300] "GET /shops/hierarchism/i7n3s0i7g5n7i2f5i2c6a4ncy HTTP/2" 404 8463 "-" "Mozilla/5.0 AppleWebKit/537.36 (KHTML, like Gecko; compatible; ClaudeBot/1.0; +claudebot@anthropic.com)"
216.73.216.95 - - [26/Jul/2026:16:29:03 +0300] "GET /cockling/t7a3r4g9u0m5i8s4t88 HTTP/2" 404 8451 "-" "Mozilla/5.0 AppleWebKit/537.36 (KHTML, like Gecko; compatible; ClaudeBot/1.0; +claudebot@anthropic.com)"
216.73.216.95 - - [26/Jul/2026:16:29:06 +0300] "GET /?j=a7w3a8n6t8i4n4g9234 HTTP/2" 200 13261 "-" "Mozilla/5.0 AppleWebKit/537.36 (KHTML, like Gecko; compatible; ClaudeBot/1.0; +claudebot@anthropic.com)"
216.73.216.95 - - [26/Jul/2026:16:29:09 +0300] "GET /?j=m7u2z8z7l5i8n2g0677 HTTP/2" 200 13261 "-" "Mozilla/5.0 AppleWebKit/537.36 (KHTML, like Gecko; compatible; ClaudeBot/1.0; +claudebot@anthropic.com)"
216.73.216.95 - - [26/Jul/2026:16:29:55 +0300] "GET /?j=e7p4i1m1a6c5h8i8n6a5e5 HTTP/2" 200 13261 "-" "Mozilla/5.0 AppleWebKit/537.36 (KHTML, like Gecko; compatible; ClaudeBot/1.0; +claudebot@anthropic.com)"
216.73.216.95 - - [26/Jul/2026:16:29:58 +0300] "GET /shops/conjure/r7u3b0r5i8c3i4a3n111 HTTP/2" 404 8460 "-" "Mozilla/5.0 AppleWebKit/537.36 (KHTML, like Gecko; compatible; ClaudeBot/1.0; +claudebot@anthropic.com)"
216.73.216.95 - - [26/Jul/2026:16:30:01 +0300] "GET /shops/inclining/e7n4t0i5c3i0n3g2l1y83 HTTP/2" 404 8462 "-" "Mozilla/5.0 AppleWebKit/537.36 (KHTML, like Gecko; compatible; ClaudeBot/1.0; +claudebot@anthropic.com)"
216.73.216.95 - - [26/Jul/2026:16:30:04 +0300] "GET /shops/likeliness/s7e1p3t7i9f8e4r3o5u3s7 HTTP/2" 404 8471 "-" "Mozilla/5.0 AppleWebKit/537.36 (KHTML, like Gecko; compatible; ClaudeBot/1.0; +claudebot@anthropic.com)"
216.73.216.95 - - [26/Jul/2026:16:29:38 +0300] "GET /?j=r7a3c0h8i5t6i7c7136 HTTP/2" 200 13261 "-" "Mozilla/5.0 AppleWebKit/537.36 (KHTML, like Gecko; compatible; ClaudeBot/1.0; +claudebot@anthropic.com)"
216.73.216.95 - - [26/Jul/2026:16:29:41 +0300] "GET /?j=b7e7l4l8b3o6t5t3o1m5s HTTP/2" 200 13261 "-" "Mozilla/5.0 AppleWebKit/537.36 (KHTML, like Gecko; compatible; ClaudeBot/1.0; +claudebot@anthropic.com)"
216.73.216.95 - - [26/Jul/2026:16:29:44 +0300] "GET /?j=c7h3o4l6e5r2o6i6d064 HTTP/2" 200 13261 "-" "Mozilla/5.0 AppleWebKit/537.36 (KHTML, like Gecko; compatible; ClaudeBot/1.0; +claudebot@anthropic.com)"
54.152.39.42 - - [26/Jul/2026:16:29:16 +0300] "POST //xmlrpc.php HTTP/1.1" 200 414 "-" "Mozilla/5.0 (Windows NT 10.0; Win64; x64) AppleWebKit/537.36 (KHTML, like Gecko) Chrome/95.0.4638.69 Safari/537.36"
216.73.216.95 - - [26/Jul/2026:16:29:47 +0300] "GET /?j=a7n2g3l2o7p1h0i2l3i8a5 HTTP/2" 200 13261 "-" "Mozilla/5.0 AppleWebKit/537.36 (KHTML, like Gecko; compatible; ClaudeBot/1.0; +claudebot@anthropic.com)"
216.73.216.95 - - [26/Jul/2026:16:29:50 +0300] "GET /introverting/e7x2c4h6a6n6g7e5a1b6l3e HTTP/2" 404 8469 "-" "Mozilla/5.0 AppleWebKit/537.36 (KHTML, like Gecko; compatible; ClaudeBot/1.0; +claudebot@anthropic.com)"
32.193.141.171 - - [26/Jul/2026:16:30:00 +0300] "GET / HTTP/1.1" 200 14955 "-" "Mozilla/4.0 (compatible; MSIE 7.0; Windows NT 5.1; .NET CLR 1.1.4322; .NET CLR 2.0.50727)"
54.152.39.42 - - [26/Jul/2026:16:29:46 +0300] "POST //xmlrpc.php HTTP/1.1" 200 414 "-" "Mozilla/5.0 (Windows NT 10.0; Win64; x64) AppleWebKit/537.36 (KHTML, like Gecko) Chrome/95.0.4638.69 Safari/537.36"
216.73.216.95 - - [26/Jul/2026:16:30:37 +0300] "GET /shops/incompressible/w7h3e6r5r7i6e6s6419 HTTP/2" 404 8463 "-" "Mozilla/5.0 AppleWebKit/537.36 (KHTML, like Gecko; compatible; ClaudeBot/1.0; +claudebot@anthropic.com)"
216.73.216.95 - - [26/Jul/2026:16:30:42 +0300] "GET /?j=r7e2s1i2g6n8e8d6l1y24 HTTP/2" 200 13261 "-" "Mozilla/5.0 AppleWebKit/537.36 (KHTML, like Gecko; compatible; ClaudeBot/1.0; +claudebot@anthropic.com)"
216.73.216.95 - - [26/Jul/2026:16:30:45 +0300] "GET /?j=p7o6l0e0y169222 HTTP/2" 200 13259 "-" "Mozilla/5.0 AppleWebKit/537.36 (KHTML, like Gecko; compatible; ClaudeBot/1.0; +claudebot@anthropic.com)"
54.152.39.42 - - [26/Jul/2026:16:30:16 +0300] "POST //xmlrpc.php HTTP/1.1" 200 414 "-" "Mozilla/5.0 (Windows NT 10.0; Win64; x64) AppleWebKit/537.36 (KHTML, like Gecko) Chrome/95.0.4638.69 Safari/537.36"
216.73.216.95 - - [26/Jul/2026:16:30:48 +0300] "GET /?j=p7l2a2t8y5c2e3r8i6u1m9 HTTP/2" 200 13260 "-" "Mozilla/5.0 AppleWebKit/537.36 (KHTML, like Gecko; compatible; ClaudeBot/1.0; +claudebot@anthropic.com)"
216.73.216.95 - - [26/Jul/2026:16:30:51 +0300] "GET /?j=j7a1g3h9i2r9d5a5r129 HTTP/2" 200 13262 "-" "Mozilla/5.0 AppleWebKit/537.36 (KHTML, like Gecko; compatible; ClaudeBot/1.0; +claudebot@anthropic.com)"
216.73.216.95 - - [26/Jul/2026:16:30:54 +0300] "GET /?j=i7t3i0n8e2r3a0t0e4d47 HTTP/2" 200 13258 "-" "Mozilla/5.0 AppleWebKit/537.36 (KHTML, like Gecko; compatible; ClaudeBot/1.0; +claudebot@anthropic.com)"
216.73.216.95 - - [26/Jul/2026:16:30:57 +0300] "GET /dolomiei/undigenous/n7i2p2p7i7t8a4t7o894 HTTP/2" 404 8463 "-" "Mozilla/5.0 AppleWebKit/537.36 (KHTML, like Gecko; compatible; ClaudeBot/1.0; +claudebot@anthropic.com)"
216.73.216.95 - - [26/Jul/2026:16:31:00 +0300] "GET /?j=l7i3g6u4s2t5r7i2n040 HTTP/2" 200 13261 "-" "Mozilla/5.0 AppleWebKit/537.36 (KHTML, like Gecko; compatible; ClaudeBot/1.0; +claudebot@anthropic.com)"
216.73.216.95 - - [26/Jul/2026:16:31:03 +0300] "GET /?j=b7u2r9t6o0n074689 HTTP/2" 200 13261 "-" "Mozilla/5.0 AppleWebKit/537.36 (KHTML, like Gecko; compatible; ClaudeBot/1.0; +claudebot@anthropic.com)"
216.73.216.95 - - [26/Jul/2026:16:31:06 +0300] "GET /?j=i7n4f2r1a1c7l3a9v6i9c0ular HTTP/2" 200 13260 "-" "Mozilla/5.0 AppleWebKit/537.36 (KHTML, like Gecko; compatible; ClaudeBot/1.0; +claudebot@anthropic.com)"
216.73.216.95 - - [26/Jul/2026:16:30:07 +0300] "GET /?j=t7h1r8e2s5h1e8r5709 HTTP/2" 200 13260 "-" "Mozilla/5.0 AppleWebKit/537.36 (KHTML, like Gecko; compatible; ClaudeBot/1.0; +claudebot@anthropic.com)"
216.73.216.95 - - [26/Jul/2026:16:30:10 +0300] "GET /shops/rosin/p7r2e5s9e9n5t8i5f8i8c HTTP/2" 404 8470 "-" "Mozilla/5.0 AppleWebKit/537.36 (KHTML, like Gecko; compatible; ClaudeBot/1.0; +claudebot@anthropic.com)"
216.73.216.95 - - [26/Jul/2026:16:30:13 +0300] "GET /?j=b7r4o0n5c5h1i3c0075 HTTP/2" 200 13260 "-" "Mozilla/5.0 AppleWebKit/537.36 (KHTML, like Gecko; compatible; ClaudeBot/1.0; +claudebot@anthropic.com)"
216.73.216.95 - - [26/Jul/2026:16:30:16 +0300] "GET /shops/integumentation/h7a3b2i8t1u6a0t1i5o6n3 HTTP/2" 404 8463 "-" "Mozilla/5.0 AppleWebKit/537.36 (KHTML, like Gecko; compatible; ClaudeBot/1.0; +claudebot@anthropic.com)"
216.73.216.95 - - [26/Jul/2026:16:30:19 +0300] "GET /?j=b7u5t7t8e4r7y5007 HTTP/2" 200 13261 "-" "Mozilla/5.0 AppleWebKit/537.36 (KHTML, like Gecko; compatible; ClaudeBot/1.0; +claudebot@anthropic.com)"
216.73.216.95 - - [26/Jul/2026:16:30:22 +0300] "GET /shops/insusceptive/h7e3r5a1l4d5s9h0i8p03 HTTP/2" 404 8464 "-" "Mozilla/5.0 AppleWebKit/537.36 (KHTML, like Gecko; compatible; ClaudeBot/1.0; +claudebot@anthropic.com)"
216.73.216.95 - - [26/Jul/2026:16:30:25 +0300] "GET /?j=f7i3n6g4e7r4l8i0n2g51 HTTP/2" 200 13259 "-" "Mozilla/5.0 AppleWebKit/537.36 (KHTML, like Gecko; compatible; ClaudeBot/1.0; +claudebot@anthropic.com)"
216.73.216.95 - - [26/Jul/2026:16:30:28 +0300] "GET /?j=e7n1d5o0t3h0e4c9a5l54 HTTP/2" 200 13261 "-" "Mozilla/5.0 AppleWebKit/537.36 (KHTML, like Gecko; compatible; ClaudeBot/1.0; +claudebot@anthropic.com)"
216.73.216.95 - - [26/Jul/2026:16:30:31 +0300] "GET /?j=d7i3s3p9o0s7e8m1e7n7t0 HTTP/2" 200 13261 "-" "Mozilla/5.0 AppleWebKit/537.36 (KHTML, like Gecko; compatible; ClaudeBot/1.0; +claudebot@anthropic.com)"
216.73.216.95 - - [26/Jul/2026:16:32:00 +0300] "GET /brandished/bewet/j7e4l2l4i1f0i3c6a0t3i7on HTTP/2" 404 8464 "-" "Mozilla/5.0 AppleWebKit/537.36 (KHTML, like Gecko; compatible; ClaudeBot/1.0; +claudebot@anthropic.com)"
216.73.216.95 - - [26/Jul/2026:16:32:03 +0300] "GET /?j=r7a1t1t0o1o0n6e0d46 HTTP/2" 200 13261 "-" "Mozilla/5.0 AppleWebKit/537.36 (KHTML, like Gecko; compatible; ClaudeBot/1.0; +claudebot@anthropic.com)"
216.73.216.95 - - [26/Jul/2026:16:32:06 +0300] "GET /shops/unrulier/i7n9t5e1r4t4r7a4f6f7ic HTTP/2" 404 8460 "-" "Mozilla/5.0 AppleWebKit/537.36 (KHTML, like Gecko; compatible; ClaudeBot/1.0; +claudebot@anthropic.com)"
216.73.216.95 - - [26/Jul/2026:16:32:09 +0300] "GET /?j=p7r2e0d2e0s7t4i0n1i7n1g HTTP/2" 200 13261 "-" "Mozilla/5.0 AppleWebKit/537.36 (KHTML, like Gecko; compatible; ClaudeBot/1.0; +claudebot@anthropic.com)"
216.73.216.95 - - [26/Jul/2026:16:32:12 +0300] "GET /?j=t7y1r3a7n3n7o4u4s737 HTTP/2" 200 13260 "-" "Mozilla/5.0 AppleWebKit/537.36 (KHTML, like Gecko; compatible; ClaudeBot/1.0; +claudebot@anthropic.com)"
216.73.216.95 - - [26/Jul/2026:16:32:15 +0300] "GET /shops/psychotherapy/l7a3d4y8k9i1l9l0e4r78 HTTP/2" 404 8467 "-" "Mozilla/5.0 AppleWebKit/537.36 (KHTML, like Gecko; compatible; ClaudeBot/1.0; +claudebot@anthropic.com)"
216.73.216.95 - - [26/Jul/2026:16:32:18 +0300] "GET /?j=i7r1r0e6p2a3r4a5b7l1e5ness HTTP/2" 200 13260 "-" "Mozilla/5.0 AppleWebKit/537.36 (KHTML, like Gecko; compatible; ClaudeBot/1.0; +claudebot@anthropic.com)"
216.73.216.95 - - [26/Jul/2026:16:32:21 +0300] "GET /?j=a7p1p1e8n3d6i7c8u3l0a2te HTTP/2" 200 13261 "-" "Mozilla/5.0 AppleWebKit/537.36 (KHTML, like Gecko; compatible; ClaudeBot/1.0; +claudebot@anthropic.com)"
216.73.216.95 - - [26/Jul/2026:16:32:24 +0300] "GET /?j=t7u3r0b3i4n7e05404 HTTP/2" 200 13261 "-" "Mozilla/5.0 AppleWebKit/537.36 (KHTML, like Gecko; compatible; ClaudeBot/1.0; +claudebot@anthropic.com)"
216.73.216.95 - - [26/Jul/2026:16:32:28 +0300] "GET /?j=c7i3c2u5r2a9t9i0o2n55 HTTP/2" 200 13260 "-" "Mozilla/5.0 AppleWebKit/537.36 (KHTML, like Gecko; compatible; ClaudeBot/1.0; +claudebot@anthropic.com)"
216.73.216.95 - - [26/Jul/2026:16:31:09 +0300] "GET /?j=a7r3g0o2a8n740994 HTTP/2" 200 13261 "-" "Mozilla/5.0 AppleWebKit/537.36 (KHTML, like Gecko; compatible; ClaudeBot/1.0; +claudebot@anthropic.com)"
216.73.216.95 - - [26/Jul/2026:16:31:12 +0300] "GET /?j=m7o3m4m0e8r0y19536 HTTP/2" 200 13261 "-" "Mozilla/5.0 AppleWebKit/537.36 (KHTML, like Gecko; compatible; ClaudeBot/1.0; +claudebot@anthropic.com)"
216.73.216.95 - - [26/Jul/2026:16:31:14 +0300] "GET /?j=h7a8e2m2a6t0o5c2r9y6al HTTP/2" 200 13259 "-" "Mozilla/5.0 AppleWebKit/537.36 (KHTML, like Gecko; compatible; ClaudeBot/1.0; +claudebot@anthropic.com)"
54.152.39.42 - - [26/Jul/2026:16:30:46 +0300] "POST //xmlrpc.php HTTP/1.1" 200 414 "-" "Mozilla/5.0 (Windows NT 10.0; Win64; x64) AppleWebKit/537.36 (KHTML, like Gecko) Chrome/95.0.4638.69 Safari/537.36"
216.73.216.95 - - [26/Jul/2026:16:31:20 +0300] "GET /nutrimental/d7r2a1g5o4n541078 HTTP/2" 404 8451 "-" "Mozilla/5.0 AppleWebKit/537.36 (KHTML, like Gecko; compatible; ClaudeBot/1.0; +claudebot@anthropic.com)"
216.73.216.95 - - [26/Jul/2026:16:31:23 +0300] "GET /?j=r7e4s0e9m8b6l4i4n4g55 HTTP/2" 200 13260 "-" "Mozilla/5.0 AppleWebKit/537.36 (KHTML, like Gecko; compatible; ClaudeBot/1.0; +claudebot@anthropic.com)"
216.73.216.95 - - [26/Jul/2026:16:31:26 +0300] "GET /fulminuric/g7a1l8l7i9c4i5z6e9d48 HTTP/2" 404 8468 "-" "Mozilla/5.0 AppleWebKit/537.36 (KHTML, like Gecko; compatible; ClaudeBot/1.0; +claudebot@anthropic.com)"
216.73.216.95 - - [26/Jul/2026:16:31:29 +0300] "GET /?j=b7a1n4t2l2i7n1g7862 HTTP/2" 200 13261 "-" "Mozilla/5.0 AppleWebKit/537.36 (KHTML, like Gecko; compatible; ClaudeBot/1.0; +claudebot@anthropic.com)"
216.73.216.95 - - [26/Jul/2026:16:31:32 +0300] "GET /shops/enhalo/h7a2u6n5c1h7e7s3037 HTTP/2" 404 8468 "-" "Mozilla/5.0 AppleWebKit/537.36 (KHTML, like Gecko; compatible; ClaudeBot/1.0; +claudebot@anthropic.com)"
216.73.216.95 - - [26/Jul/2026:16:31:35 +0300] "GET /?j=d7i1n8g8d3o3n1g5377 HTTP/2" 200 13259 "-" "Mozilla/5.0 AppleWebKit/537.36 (KHTML, like Gecko; compatible; ClaudeBot/1.0; +claudebot@anthropic.com)"
216.73.216.95 - - [26/Jul/2026:16:31:38 +0300] "GET /?j=b7a4u1d6k6y1n15222 HTTP/2" 200 13261 "-" "Mozilla/5.0 AppleWebKit/537.36 (KHTML, like Gecko; compatible; ClaudeBot/1.0; +claudebot@anthropic.com)"
216.73.216.95 - - [26/Jul/2026:16:31:41 +0300] "GET /?j=f7l2o8u1r7i3s9h7e0s2 HTTP/2" 200 13261 "-" "Mozilla/5.0 AppleWebKit/537.36 (KHTML, like Gecko; compatible; ClaudeBot/1.0; +claudebot@anthropic.com)"
216.73.216.95 - - [26/Jul/2026:16:31:44 +0300] "GET /?j=p7e3r6s8e5v1e2r3i4n2g2ly HTTP/2" 200 13261 "-" "Mozilla/5.0 AppleWebKit/537.36 (KHTML, like Gecko; compatible; ClaudeBot/1.0; +claudebot@anthropic.com)"
54.152.39.42 - - [26/Jul/2026:16:31:16 +0300] "POST //xmlrpc.php HTTP/1.1" 200 414 "-" "Mozilla/5.0 (Windows NT 10.0; Win64; x64) AppleWebKit/537.36 (KHTML, like Gecko) Chrome/95.0.4638.69 Safari/537.36"
216.73.216.95 - - [26/Jul/2026:16:31:47 +0300] "GET /?j=h7e3a1r8t9b2u9r2n6e6d HTTP/2" 200 13261 "-" "Mozilla/5.0 AppleWebKit/537.36 (KHTML, like Gecko; compatible; ClaudeBot/1.0; +claudebot@anthropic.com)"
216.73.216.95 - - [26/Jul/2026:16:31:50 +0300] "GET /?j=a7n3t5o8n1o9m3a2s8y9 HTTP/2" 200 13260 "-" "Mozilla/5.0 AppleWebKit/537.36 (KHTML, like Gecko; compatible; ClaudeBot/1.0; +claudebot@anthropic.com)"
216.73.216.95 - - [26/Jul/2026:16:31:53 +0300] "GET /?j=i7n3t5e7r0a8d1d6i0t7i2ve HTTP/2" 200 13260 "-" "Mozilla/5.0 AppleWebKit/537.36 (KHTML, like Gecko; compatible; ClaudeBot/1.0; +claudebot@anthropic.com)"
216.73.216.95 - - [26/Jul/2026:16:31:56 +0300] "GET /?j=e7p1i2s1p5e9r4m5i9c16 HTTP/2" 200 13260 "-" "Mozilla/5.0 AppleWebKit/537.36 (KHTML, like Gecko; compatible; ClaudeBot/1.0; +claudebot@anthropic.com)"
54.152.39.42 - - [26/Jul/2026:16:31:46 +0300] "POST //xmlrpc.php HTTP/1.1" 200 414 "-" "Mozilla/5.0 (Windows NT 10.0; Win64; x64) AppleWebKit/537.36 (KHTML, like Gecko) Chrome/95.0.4638.69 Safari/537.36"
216.73.216.95 - - [26/Jul/2026:16:26:26 +0300] "GET /?j=p7a4d1i9s0h2a3h3651 HTTP/2" 200 13260 "-" "Mozilla/5.0 AppleWebKit/537.36 (KHTML, like Gecko; compatible; ClaudeBot/1.0; +claudebot@anthropic.com)"
216.73.216.95 - - [26/Jul/2026:16:26:29 +0300] "GET /shops/moanful/s7u9b5j0e8c1t3i2v1i9ty HTTP/2" 404 8469 "-" "Mozilla/5.0 AppleWebKit/537.36 (KHTML, like Gecko; compatible; ClaudeBot/1.0; +claudebot@anthropic.com)"
216.73.216.95 - - [26/Jul/2026:16:26:32 +0300] "GET /shops/gurry/r7a2d2i4o9p6t2i1c6o3n3 HTTP/2" 404 8461 "-" "Mozilla/5.0 AppleWebKit/537.36 (KHTML, like Gecko; compatible; ClaudeBot/1.0; +claudebot@anthropic.com)"
216.73.216.95 - - [26/Jul/2026:16:26:35 +0300] "GET /reportorial/c7h7i1l5d8b9i8r5t9h3 HTTP/2" 404 8466 "-" "Mozilla/5.0 AppleWebKit/537.36 (KHTML, like Gecko; compatible; ClaudeBot/1.0; +claudebot@anthropic.com)"
216.73.216.95 - - [26/Jul/2026:16:26:37 +0300] "GET /astrictory/p7h1e2n2a2n8t9h0r1o1l8ine HTTP/2" 404 8466 "-" "Mozilla/5.0 AppleWebKit/537.36 (KHTML, like Gecko; compatible; ClaudeBot/1.0; +claudebot@anthropic.com)"
216.73.216.95 - - [26/Jul/2026:16:26:41 +0300] "GET /shops/toadeater/s7u3r3b5a7t2e6d3549 HTTP/2" 404 8475 "-" "Mozilla/5.0 AppleWebKit/537.36 (KHTML, like Gecko; compatible; ClaudeBot/1.0; +claudebot@anthropic.com)"
216.73.216.95 - - [26/Jul/2026:16:26:44 +0300] "GET /?j=e7l1a7i9o0m1e7t5e0r97 HTTP/2" 200 13262 "-" "Mozilla/5.0 AppleWebKit/537.36 (KHTML, like Gecko; compatible; ClaudeBot/1.0; +claudebot@anthropic.com)"
216.73.216.95 - - [26/Jul/2026:16:26:47 +0300] "GET /?j=e7x2t6e6m3p0o6r7e609 HTTP/2" 200 13261 "-" "Mozilla/5.0 AppleWebKit/537.36 (KHTML, like Gecko; compatible; ClaudeBot/1.0; +claudebot@anthropic.com)"
216.73.216.95 - - [26/Jul/2026:16:26:50 +0300] "GET /?j=m7a3u4n8c6h604791 HTTP/2" 200 13263 "-" "Mozilla/5.0 AppleWebKit/537.36 (KHTML, like Gecko; compatible; ClaudeBot/1.0; +claudebot@anthropic.com)"
3.87.190.64 - - [26/Jul/2026:16:26:01 +0300] "POST //xmlrpc.php HTTP/1.1" 200 403 "-" "Mozilla/5.0 (Windows NT 10.0; Win64; x64) AppleWebKit/537.36 (KHTML, like Gecko) Chrome/95.0.4638.69 Safari/537.36"
3.87.190.64 - - [26/Jul/2026:16:27:01 +0300] "POST //xmlrpc.php HTTP/1.1" 200 414 "-" "Mozilla/5.0 (Windows NT 10.0; Win64; x64) AppleWebKit/537.36 (KHTML, like Gecko) Chrome/95.0.4638.69 Safari/537.36"
3.87.190.64 - - [26/Jul/2026:16:27:46 +0300] "POST //xmlrpc.php HTTP/1.1" 200 414 "-" "Mozilla/5.0 (Windows NT 10.0; Win64; x64) AppleWebKit/537.36 (KHTML, like Gecko) Chrome/95.0.4638.69 Safari/537.36"
3.87.190.64 - - [26/Jul/2026:16:28:31 +0300] "POST //xmlrpc.php HTTP/1.1" 200 414 "-" "Mozilla/5.0 (Windows NT 10.0; Win64; x64) AppleWebKit/537.36 (KHTML, like Gecko) Chrome/95.0.4638.69 Safari/537.36"
54.157.149.144 - - [26/Jul/2026:16:30:00 +0300] "GET / HTTP/1.1" 200 14956 "-" "Mozilla/5.0 (Windows NT 10.0; Win64; x64) AppleWebKit/537.36 (KHTML, like Gecko) Chrome/115.0.0.0 Safari/537.36"
3.87.190.64 - - [26/Jul/2026:16:29:31 +0300] "POST //xmlrpc.php HTTP/1.1" 200 414 "-" "Mozilla/5.0 (Windows NT 10.0; Win64; x64) AppleWebKit/537.36 (KHTML, like Gecko) Chrome/95.0.4638.69 Safari/537.36"
3.87.190.64 - - [26/Jul/2026:16:30:16 +0300] "POST //xmlrpc.php HTTP/1.1" 200 414 "-" "Mozilla/5.0 (Windows NT 10.0; Win64; x64) AppleWebKit/537.36 (KHTML, like Gecko) Chrome/95.0.4638.69 Safari/537.36"
3.87.190.64 - - [26/Jul/2026:16:31:16 +0300] "POST //xmlrpc.php HTTP/1.1" 200 414 "-" "Mozilla/5.0 (Windows NT 10.0; Win64; x64) AppleWebKit/537.36 (KHTML, like Gecko) Chrome/95.0.4638.69 Safari/537.36"
3.87.190.64 - - [26/Jul/2026:16:32:01 +0300] "POST //xmlrpc.php HTTP/1.1" 200 414 "-" "Mozilla/5.0 (Windows NT 10.0; Win64; x64) AppleWebKit/537.36 (KHTML, like Gecko) Chrome/95.0.4638.69 Safari/537.36"
193.56.116.22 - - [26/Jul/2026:16:33:27 +0300] "POST /wp-login.php HTTP/1.1" 200 3438 "-" "Mozilla/5.0 (Windows NT 10.0; Win64; x64) AppleWebKit/537.36 Chrome/129.0.0.0 Safari/537.36"
193.56.116.18 - - [26/Jul/2026:16:33:27 +0300] "POST /wp-login.php HTTP/1.1" 200 3422 "-" "Mozilla/5.0 (Windows NT 10.0; Win64; rv:143.0) Gecko/20100101 Firefox/143.0"
54.152.39.42 - - [26/Jul/2026:16:32:16 +0300] "POST //xmlrpc.php HTTP/1.1" 200 414 "-" "Mozilla/5.0 (Windows NT 10.0; Win64; x64) AppleWebKit/537.36 (KHTML, like Gecko) Chrome/95.0.4638.69 Safari/537.36"
216.73.216.95 - - [26/Jul/2026:16:33:05 +0300] "GET /?j=m7a1i5n5c3h7o4r0d459 HTTP/2" 200 13261 "-" "Mozilla/5.0 AppleWebKit/537.36 (KHTML, like Gecko; compatible; ClaudeBot/1.0; +claudebot@anthropic.com)"
216.73.216.95 - - [26/Jul/2026:16:33:07 +0300] "GET /?j=s7t1i6c5k1e1r27314 HTTP/2" 200 13261 "-" "Mozilla/5.0 AppleWebKit/537.36 (KHTML, like Gecko; compatible; ClaudeBot/1.0; +claudebot@anthropic.com)"
216.73.216.95 - - [26/Jul/2026:16:33:10 +0300] "GET /?j=p7r3o8s2e5c8t3o1r634 HTTP/2" 200 13261 "-" "Mozilla/5.0 AppleWebKit/537.36 (KHTML, like Gecko; compatible; ClaudeBot/1.0; +claudebot@anthropic.com)"
216.73.216.95 - - [26/Jul/2026:16:33:13 +0300] "GET /?j=w7i4n2d8r7o4d1e8981 HTTP/2" 200 13260 "-" "Mozilla/5.0 AppleWebKit/537.36 (KHTML, like Gecko; compatible; ClaudeBot/1.0; +claudebot@anthropic.com)"
54.152.39.42 - - [26/Jul/2026:16:32:46 +0300] "POST //xmlrpc.php HTTP/1.1" 200 414 "-" "Mozilla/5.0 (Windows NT 10.0; Win64; x64) AppleWebKit/537.36 (KHTML, like Gecko) Chrome/95.0.4638.69 Safari/537.36"
216.73.216.95 - - [26/Jul/2026:16:33:16 +0300] "GET /?j=a7r3c8h3i8t5e6u5t2h2i6s HTTP/2" 200 13263 "-" "Mozilla/5.0 AppleWebKit/537.36 (KHTML, like Gecko; compatible; ClaudeBot/1.0; +claudebot@anthropic.com)"
216.73.216.95 - - [26/Jul/2026:16:33:19 +0300] "GET /?j=i7h4l2a4n5g6i2h4l8a2n5g HTTP/2" 200 13260 "-" "Mozilla/5.0 AppleWebKit/537.36 (KHTML, like Gecko; compatible; ClaudeBot/1.0; +claudebot@anthropic.com)"
216.73.216.95 - - [26/Jul/2026:16:33:22 +0300] "GET /?j=e7u3c3r0a5s9y84532 HTTP/2" 200 13260 "-" "Mozilla/5.0 AppleWebKit/537.36 (KHTML, like Gecko; compatible; ClaudeBot/1.0; +claudebot@anthropic.com)"
216.73.216.95 - - [26/Jul/2026:16:33:25 +0300] "GET /?j=c7o2n2s5p0u6r7c7a8t3i2on HTTP/2" 200 13261 "-" "Mozilla/5.0 AppleWebKit/537.36 (KHTML, like Gecko; compatible; ClaudeBot/1.0; +claudebot@anthropic.com)"
193.56.116.11 - - [26/Jul/2026:16:33:27 +0300] "POST /wp-login.php HTTP/1.1" 200 3424 "-" "Mozilla/5.0 (Windows NT 10.0; Win64; rv:143.0) Gecko/20100101 Firefox/143.0"
216.73.216.95 - - [26/Jul/2026:16:33:28 +0300] "GET /?j=r7e2q5u9i4r3e38141 HTTP/2" 200 13262 "-" "Mozilla/5.0 AppleWebKit/537.36 (KHTML, like Gecko; compatible; ClaudeBot/1.0; +claudebot@anthropic.com)"
216.73.216.95 - - [26/Jul/2026:16:33:31 +0300] "GET /?j=s7t1a3r9t8919539 HTTP/2" 200 13260 "-" "Mozilla/5.0 AppleWebKit/537.36 (KHTML, like Gecko; compatible; ClaudeBot/1.0; +claudebot@anthropic.com)"
216.73.216.95 - - [26/Jul/2026:16:33:34 +0300] "GET /shops/impressment/r7e3p3u9l2s0i1n0g971 HTTP/2" 404 8466 "-" "Mozilla/5.0 AppleWebKit/537.36 (KHTML, like Gecko; compatible; ClaudeBot/1.0; +claudebot@anthropic.com)"
216.73.216.95 - - [26/Jul/2026:16:33:37 +0300] "GET /?j=a7r7i5z2o5n1i6a3n16 HTTP/2" 200 13261 "-" "Mozilla/5.0 AppleWebKit/537.36 (KHTML, like Gecko; compatible; ClaudeBot/1.0; +claudebot@anthropic.com)"
216.73.216.95 - - [26/Jul/2026:16:33:40 +0300] "GET /?j=b7a1r1k1l1e5s3s9207 HTTP/2" 200 13261 "-" "Mozilla/5.0 AppleWebKit/537.36 (KHTML, like Gecko; compatible; ClaudeBot/1.0; +claudebot@anthropic.com)"
54.152.39.42 - - [26/Jul/2026:16:33:15 +0300] "POST //xmlrpc.php HTTP/1.1" 200 414 "-" "Mozilla/5.0 (Windows NT 10.0; Win64; x64) AppleWebKit/537.36 (KHTML, like Gecko) Chrome/95.0.4638.69 Safari/537.36"
54.152.39.42 - - [26/Jul/2026:16:34:01 +0300] "POST //xmlrpc.php HTTP/1.1" 200 414 "-" "Mozilla/5.0 (Windows NT 10.0; Win64; x64) AppleWebKit/537.36 (KHTML, like Gecko) Chrome/95.0.4638.69 Safari/537.36"
54.152.39.42 - - [26/Jul/2026:16:34:31 +0300] "POST //xmlrpc.php HTTP/1.1" 200 403 "-" "Mozilla/5.0 (Windows NT 10.0; Win64; x64) AppleWebKit/537.36 (KHTML, like Gecko) Chrome/95.0.4638.69 Safari/537.36"
54.152.39.42 - - [26/Jul/2026:16:35:01 +0300] "POST //xmlrpc.php HTTP/1.1" 200 414 "-" "Mozilla/5.0 (Windows NT 10.0; Win64; x64) AppleWebKit/537.36 (KHTML, like Gecko) Chrome/95.0.4638.69 Safari/537.36"
52.232.35.131 - - [26/Jul/2026:16:36:14 +0300] "POST /wp-login.php HTTP/2" 200 3173 "https://xn--jysknpalju-t5a.fi/wp-login.php" "Mozilla/5.0 (Windows NT 10.0; Win64; x64) AppleWebKit/537.36 (KHTML, like Gecko) Chrome/150.0.0.0 Safari/537.36"
54.152.39.42 - - [26/Jul/2026:16:35:31 +0300] "POST //xmlrpc.php HTTP/1.1" 200 414 "-" "Mozilla/5.0 (Windows NT 10.0; Win64; x64) AppleWebKit/537.36 (KHTML, like Gecko) Chrome/95.0.4638.69 Safari/537.36"
54.152.39.42 - - [26/Jul/2026:16:36:16 +0300] "POST //xmlrpc.php HTTP/1.1" 200 414 "-" "Mozilla/5.0 (Windows NT 10.0; Win64; x64) AppleWebKit/537.36 (KHTML, like Gecko) Chrome/95.0.4638.69 Safari/537.36"
54.152.39.42 - - [26/Jul/2026:16:36:46 +0300] "POST //xmlrpc.php HTTP/1.1" 200 414 "-" "Mozilla/5.0 (Windows NT 10.0; Win64; x64) AppleWebKit/537.36 (KHTML, like Gecko) Chrome/95.0.4638.69 Safari/537.36"
142.111.152.131 - - [26/Jul/2026:16:37:24 +0300] "POST /wp-login.php HTTP/1.1" 200 3451 "-" "Mozilla/5.0 (Windows NT 10.0; Win64; x64) AppleWebKit/537.36 Chrome/129.0.0.0 Safari/537.36"
54.152.39.42 - - [26/Jul/2026:16:37:16 +0300] "POST //xmlrpc.php HTTP/1.1" 200 414 "-" "Mozilla/5.0 (Windows NT 10.0; Win64; x64) AppleWebKit/537.36 (KHTML, like Gecko) Chrome/95.0.4638.69 Safari/537.36"
54.152.39.42 - - [26/Jul/2026:16:37:46 +0300] "POST //xmlrpc.php HTTP/1.1" 200 414 "-" "Mozilla/5.0 (Windows NT 10.0; Win64; x64) AppleWebKit/537.36 (KHTML, like Gecko) Chrome/95.0.4638.69 Safari/537.36"
54.152.39.42 - - [26/Jul/2026:16:38:31 +0300] "POST //xmlrpc.php HTTP/1.1" 200 414 "-" "Mozilla/5.0 (Windows NT 10.0; Win64; x64) AppleWebKit/537.36 (KHTML, like Gecko) Chrome/95.0.4638.69 Safari/537.36"
54.152.39.42 - - [26/Jul/2026:16:39:01 +0300] "POST //xmlrpc.php HTTP/1.1" 200 414 "-" "Mozilla/5.0 (Windows NT 10.0; Win64; x64) AppleWebKit/537.36 (KHTML, like Gecko) Chrome/95.0.4638.69 Safari/537.36"
54.152.39.42 - - [26/Jul/2026:16:39:31 +0300] "POST //xmlrpc.php HTTP/1.1" 200 414 "-" "Mozilla/5.0 (Windows NT 10.0; Win64; x64) AppleWebKit/537.36 (KHTML, like Gecko) Chrome/95.0.4638.69 Safari/537.36"
54.152.39.42 - - [26/Jul/2026:16:40:01 +0300] "POST //xmlrpc.php HTTP/1.1" 200 414 "-" "Mozilla/5.0 (Windows NT 10.0; Win64; x64) AppleWebKit/537.36 (KHTML, like Gecko) Chrome/95.0.4638.69 Safari/537.36"
54.152.39.42 - - [26/Jul/2026:16:40:31 +0300] "POST //xmlrpc.php HTTP/1.1" 200 414 "-" "Mozilla/5.0 (Windows NT 10.0; Win64; x64) AppleWebKit/537.36 (KHTML, like Gecko) Chrome/95.0.4638.69 Safari/537.36"
54.152.39.42 - - [26/Jul/2026:16:41:01 +0300] "POST //xmlrpc.php HTTP/1.1" 200 403 "-" "Mozilla/5.0 (Windows NT 10.0; Win64; x64) AppleWebKit/537.36 (KHTML, like Gecko) Chrome/95.0.4638.69 Safari/537.36"
54.152.39.42 - - [26/Jul/2026:16:41:31 +0300] "POST //xmlrpc.php HTTP/1.1" 200 414 "-" "Mozilla/5.0 (Windows NT 10.0; Win64; x64) AppleWebKit/537.36 (KHTML, like Gecko) Chrome/95.0.4638.69 Safari/537.36"
54.152.39.42 - - [26/Jul/2026:16:42:16 +0300] "POST //xmlrpc.php HTTP/1.1" 200 414 "-" "Mozilla/5.0 (Windows NT 10.0; Win64; x64) AppleWebKit/537.36 (KHTML, like Gecko) Chrome/95.0.4638.69 Safari/537.36"
54.152.39.42 - - [26/Jul/2026:16:42:46 +0300] "POST //xmlrpc.php HTTP/1.1" 200 414 "-" "Mozilla/5.0 (Windows NT 10.0; Win64; x64) AppleWebKit/537.36 (KHTML, like Gecko) Chrome/95.0.4638.69 Safari/537.36"
54.152.39.42 - - [26/Jul/2026:16:43:16 +0300] "POST //xmlrpc.php HTTP/1.1" 200 414 "-" "Mozilla/5.0 (Windows NT 10.0; Win64; x64) AppleWebKit/537.36 (KHTML, like Gecko) Chrome/95.0.4638.69 Safari/537.36"
54.152.39.42 - - [26/Jul/2026:16:44:01 +0300] "POST //xmlrpc.php HTTP/1.1" 200 414 "-" "Mozilla/5.0 (Windows NT 10.0; Win64; x64) AppleWebKit/537.36 (KHTML, like Gecko) Chrome/95.0.4638.69 Safari/537.36"
54.152.39.42 - - [26/Jul/2026:16:44:31 +0300] "POST //xmlrpc.php HTTP/1.1" 200 414 "-" "Mozilla/5.0 (Windows NT 10.0; Win64; x64) AppleWebKit/537.36 (KHTML, like Gecko) Chrome/95.0.4638.69 Safari/537.36"
3.87.190.64 - - [26/Jul/2026:16:33:01 +0300] "POST //xmlrpc.php HTTP/1.1" 200 414 "-" "Mozilla/5.0 (Windows NT 10.0; Win64; x64) AppleWebKit/537.36 (KHTML, like Gecko) Chrome/95.0.4638.69 Safari/537.36"
66.249.68.67 - - [26/Jul/2026:16:34:43 +0300] "GET /shops/pianette/u8n3e4x0p4r0e1s5s4i7b0le HTTP/1.1" 200 28540 "-" "Mozilla/5.0 (Linux; Android 6.0.1; Nexus 5X Build/MMB29P) AppleWebKit/537.36 (KHTML, like Gecko) Chrome/150.0.7871.128 Mobile Safari/537.36 (compatible; Googlebot/2.1; +http://www.google.com/bot.html)"
3.87.190.64 - - [26/Jul/2026:16:34:01 +0300] "POST //xmlrpc.php HTTP/1.1" 200 414 "-" "Mozilla/5.0 (Windows NT 10.0; Win64; x64) AppleWebKit/537.36 (KHTML, like Gecko) Chrome/95.0.4638.69 Safari/537.36"
216.73.216.95 - - [26/Jul/2026:16:35:13 +0300] "GET /?j=g7r1y0p8h6o3n64389 HTTP/2" 200 13261 "-" "Mozilla/5.0 AppleWebKit/537.36 (KHTML, like Gecko; compatible; ClaudeBot/1.0; +claudebot@anthropic.com)"
3.87.190.64 - - [26/Jul/2026:16:35:01 +0300] "POST //xmlrpc.php HTTP/1.1" 200 414 "-" "Mozilla/5.0 (Windows NT 10.0; Win64; x64) AppleWebKit/537.36 (KHTML, like Gecko) Chrome/95.0.4638.69 Safari/537.36"
52.232.35.131 - - [26/Jul/2026:16:36:13 +0300] "GET /wp-login.php HTTP/2" 200 3007 "-" "Mozilla/5.0 (Windows NT 10.0; Win64; x64) AppleWebKit/537.36 (KHTML, like Gecko) Chrome/150.0.0.0 Safari/537.36"
216.73.216.95 - - [26/Jul/2026:16:36:46 +0300] "GET /?j=g7r2a9t7i9f1y5i0n6g91 HTTP/2" 200 13261 "-" "Mozilla/5.0 AppleWebKit/537.36 (KHTML, like Gecko; compatible; ClaudeBot/1.0; +claudebot@anthropic.com)"
3.87.190.64 - - [26/Jul/2026:16:36:01 +0300] "POST //xmlrpc.php HTTP/1.1" 200 414 "-" "Mozilla/5.0 (Windows NT 10.0; Win64; x64) AppleWebKit/537.36 (KHTML, like Gecko) Chrome/95.0.4638.69 Safari/537.36"
142.111.152.134 - - [26/Jul/2026:16:37:24 +0300] "POST /wp-login.php HTTP/1.1" 200 3437 "-" "Mozilla/5.0 (Macintosh; Intel Mac OS X 10_15_7) AppleWebKit/605.1.15 Version/17.0 Safari/605.1.15"
142.111.152.33 - - [26/Jul/2026:16:37:24 +0300] "POST /wp-login.php HTTP/1.1" 200 3437 "-" "Mozilla/5.0 (Windows NT 10.0; Win64; x64) AppleWebKit/537.36 Chrome/129.0.0.0 Safari/537.36"
155.2.215.44 - - [26/Jul/2026:16:37:24 +0300] "POST /wp-login.php HTTP/1.1" 200 3435 "-" "Mozilla/5.0 (Macintosh; Intel Mac OS X 10_15_7) AppleWebKit/605.1.15 Version/17.0 Safari/605.1.15"
3.87.190.64 - - [26/Jul/2026:16:37:01 +0300] "POST //xmlrpc.php HTTP/1.1" 200 414 "-" "Mozilla/5.0 (Windows NT 10.0; Win64; x64) AppleWebKit/537.36 (KHTML, like Gecko) Chrome/95.0.4638.69 Safari/537.36"
3.87.190.64 - - [26/Jul/2026:16:38:01 +0300] "POST //xmlrpc.php HTTP/1.1" 200 414 "-" "Mozilla/5.0 (Windows NT 10.0; Win64; x64) AppleWebKit/537.36 (KHTML, like Gecko) Chrome/95.0.4638.69 Safari/537.36"
3.87.190.64 - - [26/Jul/2026:16:39:01 +0300] "POST //xmlrpc.php HTTP/1.1" 200 414 "-" "Mozilla/5.0 (Windows NT 10.0; Win64; x64) AppleWebKit/537.36 (KHTML, like Gecko) Chrome/95.0.4638.69 Safari/537.36"
3.87.190.64 - - [26/Jul/2026:16:40:01 +0300] "POST //xmlrpc.php HTTP/1.1" 200 403 "-" "Mozilla/5.0 (Windows NT 10.0; Win64; x64) AppleWebKit/537.36 (KHTML, like Gecko) Chrome/95.0.4638.69 Safari/537.36"
3.87.190.64 - - [26/Jul/2026:16:41:01 +0300] "POST //xmlrpc.php HTTP/1.1" 200 414 "-" "Mozilla/5.0 (Windows NT 10.0; Win64; x64) AppleWebKit/537.36 (KHTML, like Gecko) Chrome/95.0.4638.69 Safari/537.36"
3.87.190.64 - - [26/Jul/2026:16:42:01 +0300] "POST //xmlrpc.php HTTP/1.1" 200 414 "-" "Mozilla/5.0 (Windows NT 10.0; Win64; x64) AppleWebKit/537.36 (KHTML, like Gecko) Chrome/95.0.4638.69 Safari/537.36"
3.87.190.64 - - [26/Jul/2026:16:43:01 +0300] "POST //xmlrpc.php HTTP/1.1" 200 403 "-" "Mozilla/5.0 (Windows NT 10.0; Win64; x64) AppleWebKit/537.36 (KHTML, like Gecko) Chrome/95.0.4638.69 Safari/537.36"
3.87.190.64 - - [26/Jul/2026:16:44:01 +0300] "POST //xmlrpc.php HTTP/1.1" 200 414 "-" "Mozilla/5.0 (Windows NT 10.0; Win64; x64) AppleWebKit/537.36 (KHTML, like Gecko) Chrome/95.0.4638.69 Safari/537.36"
216.73.216.95 - - [26/Jul/2026:16:32:30 +0300] "GET /?j=l7e1m5n5i1s5c4u2s947 HTTP/2" 200 13261 "-" "Mozilla/5.0 AppleWebKit/537.36 (KHTML, like Gecko; compatible; ClaudeBot/1.0; +claudebot@anthropic.com)"
216.73.216.95 - - [26/Jul/2026:16:32:33 +0300] "GET /shops/tetedepont/f7o1r0k5i6n9g17681 HTTP/2" 404 8474 "-" "Mozilla/5.0 AppleWebKit/537.36 (KHTML, like Gecko; compatible; ClaudeBot/1.0; +claudebot@anthropic.com)"
216.73.216.95 - - [26/Jul/2026:16:32:36 +0300] "GET /?j=m7o3l0l0i0f0y45957 HTTP/2" 200 13261 "-" "Mozilla/5.0 AppleWebKit/537.36 (KHTML, like Gecko; compatible; ClaudeBot/1.0; +claudebot@anthropic.com)"
216.73.216.95 - - [26/Jul/2026:16:32:39 +0300] "GET /?j=v7o1l0e2r3y115837 HTTP/2" 200 13261 "-" "Mozilla/5.0 AppleWebKit/537.36 (KHTML, like Gecko; compatible; ClaudeBot/1.0; +claudebot@anthropic.com)"
216.73.216.95 - - [26/Jul/2026:16:32:42 +0300] "GET /shops/kopeck/e7u4p0h3o4n1i1z9e688 HTTP/2" 404 8472 "-" "Mozilla/5.0 AppleWebKit/537.36 (KHTML, like Gecko; compatible; ClaudeBot/1.0; +claudebot@anthropic.com)"
216.73.216.95 - - [26/Jul/2026:16:32:45 +0300] "GET /?j=h7y3d3r6a9n8t5179 HTTP/2" 200 13262 "-" "Mozilla/5.0 AppleWebKit/537.36 (KHTML, like Gecko; compatible; ClaudeBot/1.0; +claudebot@anthropic.com)"
216.73.216.95 - - [26/Jul/2026:16:32:48 +0300] "GET /?j=t7w1i9n4k8063470 HTTP/2" 200 13260 "-" "Mozilla/5.0 AppleWebKit/537.36 (KHTML, like Gecko; compatible; ClaudeBot/1.0; +claudebot@anthropic.com)"
216.73.216.95 - - [26/Jul/2026:16:32:51 +0300] "GET /shops/covelline/h7y3d3a6t7i5d94613 HTTP/2" 404 8461 "-" "Mozilla/5.0 AppleWebKit/537.36 (KHTML, like Gecko; compatible; ClaudeBot/1.0; +claudebot@anthropic.com)"
216.73.216.95 - - [26/Jul/2026:16:32:54 +0300] "GET /?j=h7a6l1l1o9o05237 HTTP/2" 200 13262 "-" "Mozilla/5.0 AppleWebKit/537.36 (KHTML, like Gecko; compatible; ClaudeBot/1.0; +claudebot@anthropic.com)"
216.73.216.95 - - [26/Jul/2026:16:32:57 +0300] "GET /?j=d7r3e1s4s8m4a1k1e3r96 HTTP/2" 200 13260 "-" "Mozilla/5.0 AppleWebKit/537.36 (KHTML, like Gecko; compatible; ClaudeBot/1.0; +claudebot@anthropic.com)"
216.73.216.95 - - [26/Jul/2026:16:33:00 +0300] "GET /?j=t7i4m1i9d5o5u9s3111 HTTP/2" 200 13262 "-" "Mozilla/5.0 AppleWebKit/537.36 (KHTML, like Gecko; compatible; ClaudeBot/1.0; +claudebot@anthropic.com)"
193.56.116.7 - - [26/Jul/2026:16:33:27 +0300] "POST /wp-login.php HTTP/1.1" 200 3422 "-" "Mozilla/5.0 (Windows NT 10.0; Win64; x64) AppleWebKit/537.36 Chrome/129.0.0.0 Safari/537.36"
193.56.116.22 - - [26/Jul/2026:16:33:27 +0300] "POST /wp-login.php HTTP/1.1" 200 3425 "-" "Mozilla/5.0 (Windows NT 10.0; Win64; rv:143.0) Gecko/20100101 Firefox/143.0"
66.249.68.67 - - [26/Jul/2026:16:33:28 +0300] "GET /dendrocopus/estaminet/7209589492 HTTP/1.1" 200 29247 "-" "Mozilla/5.0 (Linux; Android 6.0.1; Nexus 5X Build/MMB29P) AppleWebKit/537.36 (KHTML, like Gecko) Chrome/150.0.7871.128 Mobile Safari/537.36 (compatible; Googlebot/2.1; +http://www.google.com/bot.html)"
216.73.216.95 - - [26/Jul/2026:16:34:21 +0300] "GET /?j=p7l3a5i8n7t8i4v5e8l9y6 HTTP/2" 200 13260 "-" "Mozilla/5.0 AppleWebKit/537.36 (KHTML, like Gecko; compatible; ClaudeBot/1.0; +claudebot@anthropic.com)"
216.73.216.95 - - [26/Jul/2026:16:35:18 +0300] "GET /pattened/pennata/s7e3t8t0l0e9m6e6n9t25 HTTP/2" 404 8465 "-" "Mozilla/5.0 AppleWebKit/537.36 (KHTML, like Gecko; compatible; ClaudeBot/1.0; +claudebot@anthropic.com)"
216.73.216.95 - - [26/Jul/2026:16:37:11 +0300] "GET /?j=m7a1n1u0f4a1c6t0o8r7y0 HTTP/2" 200 13261 "-" "Mozilla/5.0 AppleWebKit/537.36 (KHTML, like Gecko; compatible; ClaudeBot/1.0; +claudebot@anthropic.com)"
142.111.152.140 - - [26/Jul/2026:16:37:24 +0300] "POST /wp-login.php HTTP/1.1" 200 3435 "-" "Mozilla/5.0 (Windows NT 10.0; Win64; rv:143.0) Gecko/20100101 Firefox/143.0"
66.249.68.66 - - [26/Jul/2026:16:40:13 +0300] "GET /allotter/whales/u6n4d0e9r7h6a8n3d8e4d3ly HTTP/1.1" 200 29498 "-" "Mozilla/5.0 (Linux; Android 6.0.1; Nexus 5X Build/MMB29P) AppleWebKit/537.36 (KHTML, like Gecko) Chrome/150.0.7871.128 Mobile Safari/537.36 (compatible; GoogleOther)"
3.87.190.64 - - [26/Jul/2026:16:45:01 +0300] "POST //xmlrpc.php HTTP/1.1" 200 414 "-" "Mozilla/5.0 (Windows NT 10.0; Win64; x64) AppleWebKit/537.36 (KHTML, like Gecko) Chrome/95.0.4638.69 Safari/537.36"
160.250.130.168 - - [26/Jul/2026:16:46:01 +0300] "GET /wp-login.php HTTP/2" 200 3007 "-" "Mozilla/5.0 (Windows NT 10.0; Win64; x64) AppleWebKit/537.36 (KHTML, like Gecko) Chrome/150.0.0.0 Safari/537.36"
160.250.130.168 - - [26/Jul/2026:16:46:02 +0300] "POST /wp-login.php HTTP/2" 200 3146 "https://jyskanpalju.fi/wp-login.php" "Mozilla/5.0 (Windows NT 10.0; Win64; x64) AppleWebKit/537.36 (KHTML, like Gecko) Chrome/150.0.0.0 Safari/537.36"
142.111.152.35 - - [26/Jul/2026:16:46:20 +0300] "POST /wp-login.php HTTP/1.1" 200 3437 "-" "Mozilla/5.0 (Windows NT 10.0; Win64; x64) AppleWebKit/537.36 Chrome/129.0.0.0 Safari/537.36"
216.73.216.95 - - [26/Jul/2026:16:46:35 +0300] "GET /?j=d7i3s0r1o4o7t15546 HTTP/2" 200 13260 "-" "Mozilla/5.0 AppleWebKit/537.36 (KHTML, like Gecko; compatible; ClaudeBot/1.0; +claudebot@anthropic.com)"
216.73.216.95 - - [26/Jul/2026:16:46:37 +0300] "GET /hithe/instup/e7m1e1n3d9e7d25741 HTTP/2" 404 8471 "-" "Mozilla/5.0 AppleWebKit/537.36 (KHTML, like Gecko; compatible; ClaudeBot/1.0; +claudebot@anthropic.com)"
216.73.216.95 - - [26/Jul/2026:16:46:40 +0300] "GET /nugae/bride/773202577 HTTP/2" 404 8451 "-" "Mozilla/5.0 AppleWebKit/537.36 (KHTML, like Gecko; compatible; ClaudeBot/1.0; +claudebot@anthropic.com)"
216.73.216.95 - - [26/Jul/2026:16:46:43 +0300] "GET /rumoring/c7h2r7o5n0o7g2r5a9m8matical HTTP/2" 404 8468 "-" "Mozilla/5.0 AppleWebKit/537.36 (KHTML, like Gecko; compatible; ClaudeBot/1.0; +claudebot@anthropic.com)"
216.73.216.95 - - [26/Jul/2026:16:46:46 +0300] "GET /shops/pecunial/m7o7u1n1t6a2n7c5e84 HTTP/2" 404 8459 "-" "Mozilla/5.0 AppleWebKit/537.36 (KHTML, like Gecko; compatible; ClaudeBot/1.0; +claudebot@anthropic.com)"
216.73.216.95 - - [26/Jul/2026:16:46:49 +0300] "GET /languorous/d7i4s8a6g7r4e1e258 HTTP/2" 404 8454 "-" "Mozilla/5.0 AppleWebKit/537.36 (KHTML, like Gecko; compatible; ClaudeBot/1.0; +claudebot@anthropic.com)"
216.73.216.95 - - [26/Jul/2026:16:46:52 +0300] "GET /physicologic/p7u2s7h6e9d237928 HTTP/2" 404 8468 "-" "Mozilla/5.0 AppleWebKit/537.36 (KHTML, like Gecko; compatible; ClaudeBot/1.0; +claudebot@anthropic.com)"
3.87.190.64 - - [26/Jul/2026:16:46:01 +0300] "POST //xmlrpc.php HTTP/1.1" 200 414 "-" "Mozilla/5.0 (Windows NT 10.0; Win64; x64) AppleWebKit/537.36 (KHTML, like Gecko) Chrome/95.0.4638.69 Safari/537.36"
216.73.216.95 - - [26/Jul/2026:16:47:27 +0300] "GET /shops/wiselike/a7l2i5q0u7a2n9t7300 HTTP/2" 404 8460 "-" "Mozilla/5.0 AppleWebKit/537.36 (KHTML, like Gecko; compatible; ClaudeBot/1.0; +claudebot@anthropic.com)"
91.190.192.250 - - [26/Jul/2026:16:47:31 +0300] "POST /wp-cron.php?doing_wp_cron=1785073651.5305869579315185546875 HTTP/1.1" 200 0 "-" "WordPress/7.0; https://jyskanpalju.fi"
216.73.216.95 - - [26/Jul/2026:16:47:30 +0300] "GET /unclosed/snoozing/71331269807 HTTP/2" 404 8453 "-" "Mozilla/5.0 AppleWebKit/537.36 (KHTML, like Gecko; compatible; ClaudeBot/1.0; +claudebot@anthropic.com)"
216.73.216.95 - - [26/Jul/2026:16:47:33 +0300] "GET /?j=o7v1e2r1e5a7r8n2e7s3t9ness HTTP/2" 200 13260 "-" "Mozilla/5.0 AppleWebKit/537.36 (KHTML, like Gecko; compatible; ClaudeBot/1.0; +claudebot@anthropic.com)"
216.73.216.95 - - [26/Jul/2026:16:47:36 +0300] "GET /shops/clupeoides/o7x1y9u9r0i4s24342 HTTP/2" 404 8474 "-" "Mozilla/5.0 AppleWebKit/537.36 (KHTML, like Gecko; compatible; ClaudeBot/1.0; +claudebot@anthropic.com)"
216.73.216.95 - - [26/Jul/2026:16:47:39 +0300] "GET /shops/demulsion/a7c2h4e0n6e526904 HTTP/2" 404 8471 "-" "Mozilla/5.0 AppleWebKit/537.36 (KHTML, like Gecko; compatible; ClaudeBot/1.0; +claudebot@anthropic.com)"
216.73.216.95 - - [26/Jul/2026:16:47:42 +0300] "GET /?j=o7r2s5e9l7l6i8c0236 HTTP/2" 200 13260 "-" "Mozilla/5.0 AppleWebKit/537.36 (KHTML, like Gecko; compatible; ClaudeBot/1.0; +claudebot@anthropic.com)"
216.73.216.95 - - [26/Jul/2026:16:47:45 +0300] "GET /shops/huffed/d7e8s5i6d9e5r8a0b3l6e HTTP/2" 404 8460 "-" "Mozilla/5.0 AppleWebKit/537.36 (KHTML, like Gecko; compatible; ClaudeBot/1.0; +claudebot@anthropic.com)"
216.73.216.95 - - [26/Jul/2026:16:47:48 +0300] "GET /shops/unalienable/c7o1p2a9i1f4e6r2a046 HTTP/2" 404 8467 "-" "Mozilla/5.0 AppleWebKit/537.36 (KHTML, like Gecko; compatible; ClaudeBot/1.0; +claudebot@anthropic.com)"
216.73.216.95 - - [26/Jul/2026:16:47:51 +0300] "GET /shops/crossbill/d7y8s8p3e4p8s8i4a67 HTTP/2" 404 8474 "-" "Mozilla/5.0 AppleWebKit/537.36 (KHTML, like Gecko; compatible; ClaudeBot/1.0; +claudebot@anthropic.com)"
216.73.216.95 - - [26/Jul/2026:16:47:54 +0300] "GET /?j=o7g4r1e5i8s3h11935 HTTP/2" 200 13264 "-" "Mozilla/5.0 AppleWebKit/537.36 (KHTML, like Gecko; compatible; ClaudeBot/1.0; +claudebot@anthropic.com)"
216.73.216.95 - - [26/Jul/2026:16:47:57 +0300] "GET /shops/quickening/v7e6r1i2t8a5s6040 HTTP/2" 404 8460 "-" "Mozilla/5.0 AppleWebKit/537.36 (KHTML, like Gecko; compatible; ClaudeBot/1.0; +claudebot@anthropic.com)"
216.73.216.95 - - [26/Jul/2026:16:48:00 +0300] "GET /ghastliest/humiliated/732953389 HTTP/2" 404 8471 "-" "Mozilla/5.0 AppleWebKit/537.36 (KHTML, like Gecko; compatible; ClaudeBot/1.0; +claudebot@anthropic.com)"
216.73.216.95 - - [26/Jul/2026:16:48:03 +0300] "GET /shops/reframe/i7n4c2e0n0t9e2r1617 HTTP/2" 404 8471 "-" "Mozilla/5.0 AppleWebKit/537.36 (KHTML, like Gecko; compatible; ClaudeBot/1.0; +claudebot@anthropic.com)"
216.73.216.95 - - [26/Jul/2026:16:48:06 +0300] "GET /pigging/actinian/m7o3s6e8s4932944 HTTP/2" 404 8472 "-" "Mozilla/5.0 AppleWebKit/537.36 (KHTML, like Gecko; compatible; ClaudeBot/1.0; +claudebot@anthropic.com)"
216.73.216.95 - - [26/Jul/2026:16:48:09 +0300] "GET /?j=t7r2a9c3t7a8t8o7r860 HTTP/2" 200 13261 "-" "Mozilla/5.0 AppleWebKit/537.36 (KHTML, like Gecko; compatible; ClaudeBot/1.0; +claudebot@anthropic.com)"
216.73.216.95 - - [26/Jul/2026:16:48:12 +0300] "GET /?j=o7v3e7r7r8u1l5e6866 HTTP/2" 200 13262 "-" "Mozilla/5.0 AppleWebKit/537.36 (KHTML, like Gecko; compatible; ClaudeBot/1.0; +claudebot@anthropic.com)"
3.87.190.64 - - [26/Jul/2026:16:47:16 +0300] "POST //xmlrpc.php HTTP/1.1" 200 414 "-" "Mozilla/5.0 (Windows NT 10.0; Win64; x64) AppleWebKit/537.36 (KHTML, like Gecko) Chrome/95.0.4638.69 Safari/537.36"
216.73.216.95 - - [26/Jul/2026:16:48:15 +0300] "GET /?j=c7o3n5d4y2l9o7p9o1d65 HTTP/2" 200 13261 "-" "Mozilla/5.0 AppleWebKit/537.36 (KHTML, like Gecko; compatible; ClaudeBot/1.0; +claudebot@anthropic.com)"
216.73.216.95 - - [26/Jul/2026:16:48:18 +0300] "GET /corralling/e7n6d6e5r6m4i1c213 HTTP/2" 404 8452 "-" "Mozilla/5.0 AppleWebKit/537.36 (KHTML, like Gecko; compatible; ClaudeBot/1.0; +claudebot@anthropic.com)"
216.73.216.95 - - [26/Jul/2026:16:48:21 +0300] "GET /?j=a7n3o7m1a2l4o1p5i8d5a0e HTTP/2" 200 13261 "-" "Mozilla/5.0 AppleWebKit/537.36 (KHTML, like Gecko; compatible; ClaudeBot/1.0; +claudebot@anthropic.com)"
216.73.216.95 - - [26/Jul/2026:16:48:24 +0300] "GET /shops/glazier/f7e4v2e7r2f0e1w2104 HTTP/2" 404 8471 "-" "Mozilla/5.0 AppleWebKit/537.36 (KHTML, like Gecko; compatible; ClaudeBot/1.0; +claudebot@anthropic.com)"
216.73.216.95 - - [26/Jul/2026:16:48:27 +0300] "GET /concurrentness/marsupites/71580565525 HTTP/2" 404 8457 "-" "Mozilla/5.0 AppleWebKit/537.36 (KHTML, like Gecko; compatible; ClaudeBot/1.0; +claudebot@anthropic.com)"
216.73.216.95 - - [26/Jul/2026:16:48:30 +0300] "GET /?j=o7v2e1r3r6e8a0c3h3e8r6 HTTP/2" 200 13260 "-" "Mozilla/5.0 AppleWebKit/537.36 (KHTML, like Gecko; compatible; ClaudeBot/1.0; +claudebot@anthropic.com)"
216.73.216.95 - - [26/Jul/2026:16:48:33 +0300] "GET /?j=o7s3c9i9n0i8n7e4086 HTTP/2" 200 13261 "-" "Mozilla/5.0 AppleWebKit/537.36 (KHTML, like Gecko; compatible; ClaudeBot/1.0; +claudebot@anthropic.com)"
216.73.216.95 - - [26/Jul/2026:16:48:36 +0300] "GET /sparkle/d7a4n0a3i3s483768 HTTP/2" 404 8453 "-" "Mozilla/5.0 AppleWebKit/537.36 (KHTML, like Gecko; compatible; ClaudeBot/1.0; +claudebot@anthropic.com)"
142.111.152.141 - - [26/Jul/2026:16:46:20 +0300] "POST /wp-login.php HTTP/1.1" 200 3451 "-" "Mozilla/5.0 (Windows NT 10.0; Win64; x64) AppleWebKit/537.36 Chrome/129.0.0.0 Safari/537.36"
142.111.152.134 - - [26/Jul/2026:16:46:20 +0300] "POST /wp-login.php HTTP/1.1" 200 3435 "-" "Mozilla/5.0 (Windows NT 10.0; Win64; rv:143.0) Gecko/20100101 Firefox/143.0"
155.2.215.49 - - [26/Jul/2026:16:46:20 +0300] "POST /wp-login.php HTTP/1.1" 200 3437 "-" "Mozilla/5.0 (Windows NT 10.0; Win64; rv:143.0) Gecko/20100101 Firefox/143.0"
14.225.211.68 - - [26/Jul/2026:16:47:43 +0300] "POST /xmlrpc.php HTTP/2" 200 219 "-" "Mozilla/5.0 (Windows NT 10.0; Win64; x64) AppleWebKit/537.36 (KHTML, like Gecko) Chrome/150.0.0.0 Safari/537.36"
216.73.216.95 - - [26/Jul/2026:16:48:44 +0300] "GET /?j=u7n2r7e6b7u0k7a5b0l4e2 HTTP/2" 200 13261 "-" "Mozilla/5.0 AppleWebKit/537.36 (KHTML, like Gecko; compatible; ClaudeBot/1.0; +claudebot@anthropic.com)"
216.73.216.95 - - [26/Jul/2026:16:48:47 +0300] "GET /?j=f7e4r2d2e9l4a1n1c5e90 HTTP/2" 200 13261 "-" "Mozilla/5.0 AppleWebKit/537.36 (KHTML, like Gecko; compatible; ClaudeBot/1.0; +claudebot@anthropic.com)"
216.73.216.95 - - [26/Jul/2026:16:48:50 +0300] "GET /?j=t7r1o7c5h6o4s4p3h2e8r5e HTTP/2" 200 13258 "-" "Mozilla/5.0 AppleWebKit/537.36 (KHTML, like Gecko; compatible; ClaudeBot/1.0; +claudebot@anthropic.com)"
216.73.216.95 - - [26/Jul/2026:16:48:53 +0300] "GET /shops/internationalize/e7x4o1d2i7c634143 HTTP/2" 404 8461 "-" "Mozilla/5.0 AppleWebKit/537.36 (KHTML, like Gecko; compatible; ClaudeBot/1.0; +claudebot@anthropic.com)"
216.73.216.95 - - [26/Jul/2026:16:48:56 +0300] "GET /shops/annunciable/s7p8o0k5e3n84994 HTTP/2" 404 8459 "-" "Mozilla/5.0 AppleWebKit/537.36 (KHTML, like Gecko; compatible; ClaudeBot/1.0; +claudebot@anthropic.com)"
216.73.216.95 - - [26/Jul/2026:16:48:59 +0300] "GET /hippoboscidae/b7e6t2r3i4m0m9e2d38 HTTP/2" 404 8471 "-" "Mozilla/5.0 AppleWebKit/537.36 (KHTML, like Gecko; compatible; ClaudeBot/1.0; +claudebot@anthropic.com)"
216.73.216.95 - - [26/Jul/2026:16:49:02 +0300] "GET /?j=p7a3r3o7m6o6l5o5g4y6 HTTP/2" 200 13263 "-" "Mozilla/5.0 AppleWebKit/537.36 (KHTML, like Gecko; compatible; ClaudeBot/1.0; +claudebot@anthropic.com)"
216.73.216.95 - - [26/Jul/2026:16:49:05 +0300] "GET /shops/cessing/r7o1o9t8b4o4u6n1d620 HTTP/2" 404 8460 "-" "Mozilla/5.0 AppleWebKit/537.36 (KHTML, like Gecko; compatible; ClaudeBot/1.0; +claudebot@anthropic.com)"
216.73.216.95 - - [26/Jul/2026:16:49:08 +0300] "GET /shops/connate/b7l3o6v0i8a2t7e0453 HTTP/2" 404 8470 "-" "Mozilla/5.0 AppleWebKit/537.36 (KHTML, like Gecko; compatible; ClaudeBot/1.0; +claudebot@anthropic.com)"
216.73.216.95 - - [26/Jul/2026:16:49:12 +0300] "GET /?j=s7c5a2m1b8l5e1d284 HTTP/2" 200 13260 "-" "Mozilla/5.0 AppleWebKit/537.36 (KHTML, like Gecko; compatible; ClaudeBot/1.0; +claudebot@anthropic.com)"
216.73.216.95 - - [26/Jul/2026:16:49:15 +0300] "GET /?j=a7d2i8p4e6s0c6e5n6t30 HTTP/2" 200 13261 "-" "Mozilla/5.0 AppleWebKit/537.36 (KHTML, like Gecko; compatible; ClaudeBot/1.0; +claudebot@anthropic.com)"
216.73.216.95 - - [26/Jul/2026:16:49:18 +0300] "GET /shops/overliberal/v7e1l0o6c8i6t8y1272 HTTP/2" 404 8459 "-" "Mozilla/5.0 AppleWebKit/537.36 (KHTML, like Gecko; compatible; ClaudeBot/1.0; +claudebot@anthropic.com)"
216.73.216.95 - - [26/Jul/2026:16:49:21 +0300] "GET /backless/punnet/d7o2l0i0c5h8o1t5i3s99 HTTP/2" 404 8461 "-" "Mozilla/5.0 AppleWebKit/537.36 (KHTML, like Gecko; compatible; ClaudeBot/1.0; +claudebot@anthropic.com)"
216.73.216.95 - - [26/Jul/2026:16:49:24 +0300] "GET /?j=m7e2l3a0m5p2o0d0e036 HTTP/2" 200 13261 "-" "Mozilla/5.0 AppleWebKit/537.36 (KHTML, like Gecko; compatible; ClaudeBot/1.0; +claudebot@anthropic.com)"
216.73.216.95 - - [26/Jul/2026:16:49:27 +0300] "GET /circuity/hyperlipemia/s7h1a8m3e5l7e0s4s2n9e7ss HTTP/2" 404 8472 "-" "Mozilla/5.0 AppleWebKit/537.36 (KHTML, like Gecko; compatible; ClaudeBot/1.0; +claudebot@anthropic.com)"
202.61.233.195 - - [26/Jul/2026:16:45:43 +0300] "POST /xmlrpc.php HTTP/2" 200 219 "-" "Mozilla/5.0 (Windows NT 10.0; Win64; x64) AppleWebKit/537.36 (KHTML, like Gecko) Chrome/150.0.0.0 Safari/537.36"
54.152.39.42 - - [26/Jul/2026:16:45:01 +0300] "POST //xmlrpc.php HTTP/1.1" 200 414 "-" "Mozilla/5.0 (Windows NT 10.0; Win64; x64) AppleWebKit/537.36 (KHTML, like Gecko) Chrome/95.0.4638.69 Safari/537.36"
54.152.39.42 - - [26/Jul/2026:16:45:46 +0300] "POST //xmlrpc.php HTTP/1.1" 200 403 "-" "Mozilla/5.0 (Windows NT 10.0; Win64; x64) AppleWebKit/537.36 (KHTML, like Gecko) Chrome/95.0.4638.69 Safari/537.36"
142.111.152.221 - - [26/Jul/2026:16:46:20 +0300] "POST /wp-login.php HTTP/1.1" 200 3435 "-" "Mozilla/5.0 (Windows NT 10.0; Win64; x64) AppleWebKit/537.36 Chrome/129.0.0.0 Safari/537.36"
54.152.39.42 - - [26/Jul/2026:16:46:16 +0300] "POST //xmlrpc.php HTTP/1.1" 200 414 "-" "Mozilla/5.0 (Windows NT 10.0; Win64; x64) AppleWebKit/537.36 (KHTML, like Gecko) Chrome/95.0.4638.69 Safari/537.36"
91.190.192.250 - - [26/Jul/2026:16:47:31 +0300] "POST /wp-cron.php?doing_wp_cron=1785073651.0813529491424560546875 HTTP/1.1" 200 0 "-" "WordPress/7.0; https://jyskanpalju.fi"
54.152.39.42 - - [26/Jul/2026:16:46:46 +0300] "POST //xmlrpc.php HTTP/1.1" 200 414 "-" "Mozilla/5.0 (Windows NT 10.0; Win64; x64) AppleWebKit/537.36 (KHTML, like Gecko) Chrome/95.0.4638.69 Safari/537.36"
54.152.39.42 - - [26/Jul/2026:16:47:31 +0300] "POST //xmlrpc.php HTTP/1.1" 200 414 "-" "Mozilla/5.0 (Windows NT 10.0; Win64; x64) AppleWebKit/537.36 (KHTML, like Gecko) Chrome/95.0.4638.69 Safari/537.36"
54.152.39.42 - - [26/Jul/2026:16:48:01 +0300] "POST //xmlrpc.php HTTP/1.1" 200 414 "-" "Mozilla/5.0 (Windows NT 10.0; Win64; x64) AppleWebKit/537.36 (KHTML, like Gecko) Chrome/95.0.4638.69 Safari/537.36"
54.152.39.42 - - [26/Jul/2026:16:48:31 +0300] "POST //xmlrpc.php HTTP/1.1" 200 414 "-" "Mozilla/5.0 (Windows NT 10.0; Win64; x64) AppleWebKit/537.36 (KHTML, like Gecko) Chrome/95.0.4638.69 Safari/537.36"
54.152.39.42 - - [26/Jul/2026:16:49:16 +0300] "POST //xmlrpc.php HTTP/1.1" 200 414 "-" "Mozilla/5.0 (Windows NT 10.0; Win64; x64) AppleWebKit/537.36 (KHTML, like Gecko) Chrome/95.0.4638.69 Safari/537.36"
193.56.116.22 - - [26/Jul/2026:16:49:53 +0300] "POST /wp-login.php HTTP/1.1" 200 3422 "-" "Mozilla/5.0 (Windows NT 10.0; Win64; rv:143.0) Gecko/20100101 Firefox/143.0"
54.152.39.42 - - [26/Jul/2026:16:49:46 +0300] "POST //xmlrpc.php HTTP/1.1" 200 414 "-" "Mozilla/5.0 (Windows NT 10.0; Win64; x64) AppleWebKit/537.36 (KHTML, like Gecko) Chrome/95.0.4638.69 Safari/537.36"
216.73.216.95 - - [26/Jul/2026:16:50:16 +0300] "GET /shops/daringness/f7a3t9c3o2n7t1a3i3n8i8ng HTTP/2" 404 8468 "-" "Mozilla/5.0 AppleWebKit/537.36 (KHTML, like Gecko; compatible; ClaudeBot/1.0; +claudebot@anthropic.com)"
216.73.216.95 - - [26/Jul/2026:16:50:19 +0300] "GET /shops/capulet/i7n1d9i2g1r4u9b8i4n45 HTTP/2" 404 8475 "-" "Mozilla/5.0 AppleWebKit/537.36 (KHTML, like Gecko; compatible; ClaudeBot/1.0; +claudebot@anthropic.com)"
216.73.216.95 - - [26/Jul/2026:16:50:22 +0300] "GET /?j=u7r2a0l6i5t5e07867 HTTP/2" 200 13261 "-" "Mozilla/5.0 AppleWebKit/537.36 (KHTML, like Gecko; compatible; ClaudeBot/1.0; +claudebot@anthropic.com)"
216.73.216.95 - - [26/Jul/2026:16:50:25 +0300] "GET /shops/votary/c7a3s6i7n8g763502 HTTP/2" 404 8464 "-" "Mozilla/5.0 AppleWebKit/537.36 (KHTML, like Gecko; compatible; ClaudeBot/1.0; +claudebot@anthropic.com)"
216.73.216.95 - - [26/Jul/2026:16:50:28 +0300] "GET /?j=r7e3a6c3h7950346 HTTP/2" 200 13259 "-" "Mozilla/5.0 AppleWebKit/537.36 (KHTML, like Gecko; compatible; ClaudeBot/1.0; +claudebot@anthropic.com)"
216.73.216.95 - - [26/Jul/2026:16:50:31 +0300] "GET /shops/dropper/a7t3t5o1l3l7e4n9t867 HTTP/2" 404 8459 "-" "Mozilla/5.0 AppleWebKit/537.36 (KHTML, like Gecko; compatible; ClaudeBot/1.0; +claudebot@anthropic.com)"
216.73.216.95 - - [26/Jul/2026:16:50:34 +0300] "GET /?j=a7d1u1m1b3r8a0t0e244 HTTP/2" 200 13261 "-" "Mozilla/5.0 AppleWebKit/537.36 (KHTML, like Gecko; compatible; ClaudeBot/1.0; +claudebot@anthropic.com)"
216.73.216.95 - - [26/Jul/2026:16:50:37 +0300] "GET /?j=b7r3a2n1c0h848416 HTTP/2" 200 13261 "-" "Mozilla/5.0 AppleWebKit/537.36 (KHTML, like Gecko; compatible; ClaudeBot/1.0; +claudebot@anthropic.com)"
216.73.216.95 - - [26/Jul/2026:16:50:40 +0300] "GET /?j=b7r1a1m1b4l8e07327 HTTP/2" 200 13260 "-" "Mozilla/5.0 AppleWebKit/537.36 (KHTML, like Gecko; compatible; ClaudeBot/1.0; +claudebot@anthropic.com)"
