216.73.216.95 - - [26/Jul/2026:19:16:52 +0300] "GET /?j=p7a3r3a9l8l6e8l0l1y25 HTTP/2" 200 13261 "-" "Mozilla/5.0 AppleWebKit/537.36 (KHTML, like Gecko; compatible; ClaudeBot/1.0; +claudebot@anthropic.com)"
216.73.216.95 - - [26/Jul/2026:19:16:55 +0300] "GET /?j=t7e1c7h3n4i8c4o9l3o1r5 HTTP/2" 200 13260 "-" "Mozilla/5.0 AppleWebKit/537.36 (KHTML, like Gecko; compatible; ClaudeBot/1.0; +claudebot@anthropic.com)"
216.73.216.95 - - [26/Jul/2026:19:16:58 +0300] "GET /?j=u7n9p8r4i3n4c0i0p1l5ed HTTP/2" 200 13259 "-" "Mozilla/5.0 AppleWebKit/537.36 (KHTML, like Gecko; compatible; ClaudeBot/1.0; +claudebot@anthropic.com)"
216.73.216.95 - - [26/Jul/2026:19:17:01 +0300] "GET /?j=a7l1l5o4m1e0t1r9y031 HTTP/2" 200 13260 "-" "Mozilla/5.0 AppleWebKit/537.36 (KHTML, like Gecko; compatible; ClaudeBot/1.0; +claudebot@anthropic.com)"
216.73.216.95 - - [26/Jul/2026:19:17:04 +0300] "GET /?j=r7e3t9i9r3i7n2g4762 HTTP/2" 200 13261 "-" "Mozilla/5.0 AppleWebKit/537.36 (KHTML, like Gecko; compatible; ClaudeBot/1.0; +claudebot@anthropic.com)"
216.73.216.95 - - [26/Jul/2026:19:17:07 +0300] "GET /?j=m7i1s6s4t5a7t9e7m1e3n6t HTTP/2" 200 13261 "-" "Mozilla/5.0 AppleWebKit/537.36 (KHTML, like Gecko; compatible; ClaudeBot/1.0; +claudebot@anthropic.com)"
216.73.216.95 - - [26/Jul/2026:19:17:10 +0300] "GET /?j=h7o2l7o0s5t9o5m8a6t4o6us HTTP/2" 200 13261 "-" "Mozilla/5.0 AppleWebKit/537.36 (KHTML, like Gecko; compatible; ClaudeBot/1.0; +claudebot@anthropic.com)"
57.129.140.39 - - [26/Jul/2026:19:17:12 +0300] "GET /wp-login.php HTTP/2" 200 3007 "-" "Mozilla/5.0 (Windows NT 10.0; Win64; x64) AppleWebKit/537.36 (KHTML, like Gecko) Chrome/150.0.0.0 Safari/537.36"
216.73.216.95 - - [26/Jul/2026:19:14:46 +0300] "GET /?j=c7u3p7m3o9s0s27417 HTTP/2" 200 13260 "-" "Mozilla/5.0 AppleWebKit/537.36 (KHTML, like Gecko; compatible; ClaudeBot/1.0; +claudebot@anthropic.com)"
216.73.216.95 - - [26/Jul/2026:19:14:49 +0300] "GET /shops/philologically/c7h1r5o3m3o8g7r0a6p4h1 HTTP/2" 404 8463 "-" "Mozilla/5.0 AppleWebKit/537.36 (KHTML, like Gecko; compatible; ClaudeBot/1.0; +claudebot@anthropic.com)"
216.73.216.95 - - [26/Jul/2026:19:14:52 +0300] "GET /?j=c7u1l0i6n5a4r4i0l4y85 HTTP/2" 200 13260 "-" "Mozilla/5.0 AppleWebKit/537.36 (KHTML, like Gecko; compatible; ClaudeBot/1.0; +claudebot@anthropic.com)"
216.73.216.95 - - [26/Jul/2026:19:14:55 +0300] "GET /?j=w7i1t1t4i4f0i3e4d064 HTTP/2" 200 13260 "-" "Mozilla/5.0 AppleWebKit/537.36 (KHTML, like Gecko; compatible; ClaudeBot/1.0; +claudebot@anthropic.com)"
216.73.216.95 - - [26/Jul/2026:19:14:58 +0300] "GET /?j=f7r1a2n5g3u5l8i9n087 HTTP/2" 200 13260 "-" "Mozilla/5.0 AppleWebKit/537.36 (KHTML, like Gecko; compatible; ClaudeBot/1.0; +claudebot@anthropic.com)"
216.73.216.95 - - [26/Jul/2026:19:15:01 +0300] "GET /phototelegraphic/ineffaceably/73711626520 HTTP/2" 404 8465 "-" "Mozilla/5.0 AppleWebKit/537.36 (KHTML, like Gecko; compatible; ClaudeBot/1.0; +claudebot@anthropic.com)"
216.73.216.95 - - [26/Jul/2026:19:15:04 +0300] "GET /shops/bristletail/i7n3s3a4t3i4a7b1i8l3i5ty HTTP/2" 404 8457 "-" "Mozilla/5.0 AppleWebKit/537.36 (KHTML, like Gecko; compatible; ClaudeBot/1.0; +claudebot@anthropic.com)"
216.73.216.95 - - [26/Jul/2026:19:15:07 +0300] "GET /?j=i7n7t9e0r7t6r2a4n8s5picuous HTTP/2" 200 13262 "-" "Mozilla/5.0 AppleWebKit/537.36 (KHTML, like Gecko; compatible; ClaudeBot/1.0; +claudebot@anthropic.com)"
216.73.216.95 - - [26/Jul/2026:19:15:10 +0300] "GET /girru/occulted/a7m2a6t2i1v9e7n6e9s3s1 HTTP/2" 404 8460 "-" "Mozilla/5.0 AppleWebKit/537.36 (KHTML, like Gecko; compatible; ClaudeBot/1.0; +claudebot@anthropic.com)"
216.73.216.95 - - [26/Jul/2026:19:15:13 +0300] "GET /shops/philter/m7o3n9o8o1u7s3i1a1n20 HTTP/2" 404 8473 "-" "Mozilla/5.0 AppleWebKit/537.36 (KHTML, like Gecko; compatible; ClaudeBot/1.0; +claudebot@anthropic.com)"
216.73.216.95 - - [26/Jul/2026:19:15:16 +0300] "GET /?j=a7l3l3e1g9h1a6n6y974 HTTP/2" 200 13262 "-" "Mozilla/5.0 AppleWebKit/537.36 (KHTML, like Gecko; compatible; ClaudeBot/1.0; +claudebot@anthropic.com)"
216.73.216.95 - - [26/Jul/2026:19:15:19 +0300] "GET /shops/agronomic/c7o3m5m5e3r1s8o6n4i8i1 HTTP/2" 404 8466 "-" "Mozilla/5.0 AppleWebKit/537.36 (KHTML, like Gecko; compatible; ClaudeBot/1.0; +claudebot@anthropic.com)"
216.73.216.95 - - [26/Jul/2026:19:15:22 +0300] "GET /antifederalist/s7e3p7t5e2n5t1r7i8a1l3 HTTP/2" 404 8458 "-" "Mozilla/5.0 AppleWebKit/537.36 (KHTML, like Gecko; compatible; ClaudeBot/1.0; +claudebot@anthropic.com)"
3.87.190.64 - - [26/Jul/2026:19:14:46 +0300] "POST //xmlrpc.php HTTP/1.1" 200 414 "-" "Mozilla/5.0 (Windows NT 10.0; Win64; x64) AppleWebKit/537.36 (KHTML, like Gecko) Chrome/95.0.4638.69 Safari/537.36"
91.190.192.250 - - [26/Jul/2026:19:15:46 +0300] "HEAD / HTTP/1.1" 200 0 "-" "-"
3.87.190.64 - - [26/Jul/2026:19:15:46 +0300] "POST //xmlrpc.php HTTP/1.1" 200 414 "-" "Mozilla/5.0 (Windows NT 10.0; Win64; x64) AppleWebKit/537.36 (KHTML, like Gecko) Chrome/95.0.4638.69 Safari/537.36"
216.73.216.95 - - [26/Jul/2026:19:17:36 +0300] "GET /?j=w7r3i9n9k9l6i8n9g172 HTTP/2" 200 13258 "-" "Mozilla/5.0 AppleWebKit/537.36 (KHTML, like Gecko; compatible; ClaudeBot/1.0; +claudebot@anthropic.com)"
216.73.216.95 - - [26/Jul/2026:19:17:38 +0300] "GET /shops/porphyrize/s7k1o3w8i8t4z44072 HTTP/2" 404 8474 "-" "Mozilla/5.0 AppleWebKit/537.36 (KHTML, like Gecko; compatible; ClaudeBot/1.0; +claudebot@anthropic.com)"
216.73.216.95 - - [26/Jul/2026:19:17:41 +0300] "GET /?j=p7y4g1e3r1y9t0h5r1u5s2 HTTP/2" 200 13259 "-" "Mozilla/5.0 AppleWebKit/537.36 (KHTML, like Gecko; compatible; ClaudeBot/1.0; +claudebot@anthropic.com)"
216.73.216.95 - - [26/Jul/2026:19:17:44 +0300] "GET /shops/muscidae/s7p4i1r3i9t3a1l4l8y38 HTTP/2" 404 8468 "-" "Mozilla/5.0 AppleWebKit/537.36 (KHTML, like Gecko; compatible; ClaudeBot/1.0; +claudebot@anthropic.com)"
3.87.190.64 - - [26/Jul/2026:19:16:46 +0300] "POST //xmlrpc.php HTTP/1.1" 200 414 "-" "Mozilla/5.0 (Windows NT 10.0; Win64; x64) AppleWebKit/537.36 (KHTML, like Gecko) Chrome/95.0.4638.69 Safari/537.36"
216.73.216.95 - - [26/Jul/2026:19:17:47 +0300] "GET /?j=h7y1d1r8o9s1u6l1p7h7u2ret HTTP/2" 200 13261 "-" "Mozilla/5.0 AppleWebKit/537.36 (KHTML, like Gecko; compatible; ClaudeBot/1.0; +claudebot@anthropic.com)"
216.73.216.95 - - [26/Jul/2026:19:17:50 +0300] "GET /tyrosine/trachelipoda/w7e2a9r0y4i9n1g2430 HTTP/2" 404 8466 "-" "Mozilla/5.0 AppleWebKit/537.36 (KHTML, like Gecko; compatible; ClaudeBot/1.0; +claudebot@anthropic.com)"
216.73.216.95 - - [26/Jul/2026:19:17:53 +0300] "GET /?j=p7a2r6t8u7r0i4t6i1o5n1 HTTP/2" 200 13261 "-" "Mozilla/5.0 AppleWebKit/537.36 (KHTML, like Gecko; compatible; ClaudeBot/1.0; +claudebot@anthropic.com)"
216.73.216.95 - - [26/Jul/2026:19:17:56 +0300] "GET /?j=g7r1u8m5b4l0i9n0g7l9y5 HTTP/2" 200 13263 "-" "Mozilla/5.0 AppleWebKit/537.36 (KHTML, like Gecko; compatible; ClaudeBot/1.0; +claudebot@anthropic.com)"
66.249.68.66 - - [26/Jul/2026:19:17:59 +0300] "GET /wp-includes/js/jquery/ui/datepicker.min.js?ver=1.13.3 HTTP/1.1" 200 10506 "https://jyskanpalju.fi/?j=d0i2s3e8n9c8h2a3r4m02" "Mozilla/5.0 (Linux; Android 6.0.1; Nexus 5X Build/MMB29P) AppleWebKit/537.36 (KHTML, like Gecko) Chrome/150.0.7871.128 Mobile Safari/537.36 (compatible; GoogleOther)"
66.249.68.66 - - [26/Jul/2026:19:17:59 +0300] "GET /wp-content/themes/bricks/assets/css/frontend-layer.min.css?ver=1783296000 HTTP/1.1" 200 21552 "https://jyskanpalju.fi/?j=d0i2s3e8n9c8h2a3r4m02" "Mozilla/5.0 (Linux; Android 6.0.1; Nexus 5X Build/MMB29P) AppleWebKit/537.36 (KHTML, like Gecko) Chrome/150.0.7871.128 Mobile Safari/537.36 (compatible; GoogleOther)"
216.73.216.95 - - [26/Jul/2026:19:17:59 +0300] "GET /?j=i7n4d1i9s3t6i3n8c4t5i9veness HTTP/2" 200 13260 "-" "Mozilla/5.0 AppleWebKit/537.36 (KHTML, like Gecko; compatible; ClaudeBot/1.0; +claudebot@anthropic.com)"
66.249.68.66 - - [26/Jul/2026:19:18:00 +0300] "GET /wp-content/plugins/wp-booking-system-premium/assets/css/style-front-end-form.min.css?ver=5.12.8.2 HTTP/1.1" 200 2961 "https://jyskanpalju.fi/?j=d0i2s3e8n9c8h2a3r4m02" "Mozilla/5.0 (Linux; Android 6.0.1; Nexus 5X Build/MMB29P) AppleWebKit/537.36 (KHTML, like Gecko) Chrome/150.0.7871.128 Mobile Safari/537.36 (compatible; GoogleOther)"
66.249.68.66 - - [26/Jul/2026:19:18:02 +0300] "GET /wp-includes/js/jquery/jquery-migrate.min.js?ver=3.4.1 HTTP/1.1" 200 4678 "https://jyskanpalju.fi/?j=d0i2s3e8n9c8h2a3r4m02" "Mozilla/5.0 (Linux; Android 6.0.1; Nexus 5X Build/MMB29P) AppleWebKit/537.36 (KHTML, like Gecko) Chrome/150.0.7871.128 Mobile Safari/537.36 (compatible; GoogleOther)"
216.73.216.95 - - [26/Jul/2026:19:18:02 +0300] "GET /vernacular/unanchor/e7n2t1h8u6s2i2a1s5t2i7cally HTTP/2" 404 8480 "-" "Mozilla/5.0 AppleWebKit/537.36 (KHTML, like Gecko; compatible; ClaudeBot/1.0; +claudebot@anthropic.com)"
216.73.216.95 - - [26/Jul/2026:19:18:05 +0300] "GET /?j=s7c1r6i4m4p0i7n5g6l6y1 HTTP/2" 200 13261 "-" "Mozilla/5.0 AppleWebKit/537.36 (KHTML, like Gecko; compatible; ClaudeBot/1.0; +claudebot@anthropic.com)"
216.73.216.95 - - [26/Jul/2026:19:18:08 +0300] "GET /xylophili/panniered/c7o3a8c5e0r9v3a0t6e57 HTTP/2" 404 8467 "-" "Mozilla/5.0 AppleWebKit/537.36 (KHTML, like Gecko; compatible; ClaudeBot/1.0; +claudebot@anthropic.com)"
216.73.216.95 - - [26/Jul/2026:19:18:11 +0300] "GET /?j=a7c1e6t1y3l1p6r4o6p6i0onic HTTP/2" 200 13258 "-" "Mozilla/5.0 AppleWebKit/537.36 (KHTML, like Gecko; compatible; ClaudeBot/1.0; +claudebot@anthropic.com)"
216.73.216.95 - - [26/Jul/2026:19:18:14 +0300] "GET /?j=h7a3l4l7u3c1i4n7o3g0e1n HTTP/2" 200 13259 "-" "Mozilla/5.0 AppleWebKit/537.36 (KHTML, like Gecko; compatible; ClaudeBot/1.0; +claudebot@anthropic.com)"
216.73.216.95 - - [26/Jul/2026:19:15:47 +0300] "GET /?j=p7a2r7t2s4o6n8g9322 HTTP/2" 200 13260 "-" "Mozilla/5.0 AppleWebKit/537.36 (KHTML, like Gecko; compatible; ClaudeBot/1.0; +claudebot@anthropic.com)"
216.73.216.95 - - [26/Jul/2026:19:15:50 +0300] "GET /shops/pharyngolaryngeal/f7e1t2t0e8r0i3n0g051 HTTP/2" 503 652 "-" "Mozilla/5.0 AppleWebKit/537.36 (KHTML, like Gecko; compatible; ClaudeBot/1.0; +claudebot@anthropic.com)"
216.73.216.95 - - [26/Jul/2026:19:15:53 +0300] "GET /?j=d7e2g0a1r5n9i8s7h8i4n4g HTTP/2" 503 652 "-" "Mozilla/5.0 AppleWebKit/537.36 (KHTML, like Gecko; compatible; ClaudeBot/1.0; +claudebot@anthropic.com)"
216.73.216.95 - - [26/Jul/2026:19:15:56 +0300] "GET /shops/fleshmonger/m7o9t1i7o0n1i6n9g35 HTTP/2" 404 8461 "-" "Mozilla/5.0 AppleWebKit/537.36 (KHTML, like Gecko; compatible; ClaudeBot/1.0; +claudebot@anthropic.com)"
216.73.216.95 - - [26/Jul/2026:19:15:59 +0300] "GET /?j=w7h3a0c6k3i9n8g8054 HTTP/2" 200 13259 "-" "Mozilla/5.0 AppleWebKit/537.36 (KHTML, like Gecko; compatible; ClaudeBot/1.0; +claudebot@anthropic.com)"
216.73.216.95 - - [26/Jul/2026:19:16:02 +0300] "GET /?j=p7r4i2m9o2r6d0i9a0l9l5y HTTP/2" 200 13263 "-" "Mozilla/5.0 AppleWebKit/537.36 (KHTML, like Gecko; compatible; ClaudeBot/1.0; +claudebot@anthropic.com)"
216.73.216.95 - - [26/Jul/2026:19:16:05 +0300] "GET /?j=a7p3p4l6e0s0q3u5i7r0e9 HTTP/2" 200 13261 "-" "Mozilla/5.0 AppleWebKit/537.36 (KHTML, like Gecko; compatible; ClaudeBot/1.0; +claudebot@anthropic.com)"
216.73.216.95 - - [26/Jul/2026:19:16:08 +0300] "GET /shops/fundamentalism/m7u3r3m4u1r7i4n5g032 HTTP/2" 404 8463 "-" "Mozilla/5.0 AppleWebKit/537.36 (KHTML, like Gecko; compatible; ClaudeBot/1.0; +claudebot@anthropic.com)"
216.73.216.95 - - [26/Jul/2026:19:16:11 +0300] "GET /?j=i7m1p5e7r7s6o6n0a0l2i5s HTTP/2" 200 13260 "-" "Mozilla/5.0 AppleWebKit/537.36 (KHTML, like Gecko; compatible; ClaudeBot/1.0; +claudebot@anthropic.com)"
216.73.216.95 - - [26/Jul/2026:19:16:14 +0300] "GET /?j=a7c1o8n1i0t0i6f8o1l8i6us HTTP/2" 200 13261 "-" "Mozilla/5.0 AppleWebKit/537.36 (KHTML, like Gecko; compatible; ClaudeBot/1.0; +claudebot@anthropic.com)"
216.73.216.95 - - [26/Jul/2026:19:16:17 +0300] "GET /?j=n7e1o4g9r6a6m2m4a1r7i0an HTTP/2" 200 13261 "-" "Mozilla/5.0 AppleWebKit/537.36 (KHTML, like Gecko; compatible; ClaudeBot/1.0; +claudebot@anthropic.com)"
216.73.216.95 - - [26/Jul/2026:19:16:20 +0300] "GET /?j=n7i1g5h6t5r1i2d6e9r52 HTTP/2" 200 13266 "-" "Mozilla/5.0 AppleWebKit/537.36 (KHTML, like Gecko; compatible; ClaudeBot/1.0; +claudebot@anthropic.com)"
216.73.216.95 - - [26/Jul/2026:19:16:23 +0300] "GET /leamer/peneus/r7e3g0u4l1a7r1i7z1e82 HTTP/2" 404 8473 "-" "Mozilla/5.0 AppleWebKit/537.36 (KHTML, like Gecko; compatible; ClaudeBot/1.0; +claudebot@anthropic.com)"
216.73.216.95 - - [26/Jul/2026:19:16:26 +0300] "GET /?j=e7r2y5t0h8r9o8d0e6x0t4rin HTTP/2" 200 13261 "-" "Mozilla/5.0 AppleWebKit/537.36 (KHTML, like Gecko; compatible; ClaudeBot/1.0; +claudebot@anthropic.com)"
216.73.216.95 - - [26/Jul/2026:19:16:29 +0300] "GET /shops/palliatus/c7o6n0c2h5y9l3i4o3l6ogy HTTP/2" 404 8474 "-" "Mozilla/5.0 AppleWebKit/537.36 (KHTML, like Gecko; compatible; ClaudeBot/1.0; +claudebot@anthropic.com)"
66.249.68.67 - - [26/Jul/2026:19:17:56 +0300] "GET /wp-content/themes/bricks/assets/css/libs/font-awesome-6-layer.min.css?ver=1783296000 HTTP/1.1" 200 16969 "https://jyskanpalju.fi/?j=d0i2s3e8n9c8h2a3r4m02" "Mozilla/5.0 (Linux; Android 6.0.1; Nexus 5X Build/MMB29P) AppleWebKit/537.36 (KHTML, like Gecko) Chrome/150.0.7871.128 Mobile Safari/537.36 (compatible; GoogleOther)"
216.73.216.95 - - [26/Jul/2026:19:18:19 +0300] "GET /?j=b7e8h4o7o6v1a6b9l3e7 HTTP/2" 200 13261 "-" "Mozilla/5.0 AppleWebKit/537.36 (KHTML, like Gecko; compatible; ClaudeBot/1.0; +claudebot@anthropic.com)"
216.73.216.95 - - [26/Jul/2026:19:18:22 +0300] "GET /shops/hireless/o7v2e6r4r7i8p7e5n473 HTTP/2" 404 8475 "-" "Mozilla/5.0 AppleWebKit/537.36 (KHTML, like Gecko; compatible; ClaudeBot/1.0; +claudebot@anthropic.com)"
57.129.140.39 - - [26/Jul/2026:19:17:12 +0300] "POST /wp-login.php HTTP/2" 200 3150 "https://xn--jysknpalju-t5a.fi/wp-login.php" "Mozilla/5.0 (Windows NT 10.0; Win64; x64) AppleWebKit/537.36 (KHTML, like Gecko) Chrome/150.0.0.0 Safari/537.36"
216.73.216.95 - - [26/Jul/2026:19:17:13 +0300] "GET /?j=c7o2m1m4a6n0d5i9n9g1l5y HTTP/2" 200 13261 "-" "Mozilla/5.0 AppleWebKit/537.36 (KHTML, like Gecko; compatible; ClaudeBot/1.0; +claudebot@anthropic.com)"
54.152.39.42 - - [26/Jul/2026:19:16:01 +0300] "POST //xmlrpc.php HTTP/1.1" 200 414 "-" "Mozilla/5.0 (Windows NT 10.0; Win64; x64) AppleWebKit/537.36 (KHTML, like Gecko) Chrome/95.0.4638.69 Safari/537.36"
216.73.216.95 - - [26/Jul/2026:19:17:16 +0300] "GET /shops/lapelled/p7o1s8t7p9o1n8e1m9e0n0t HTTP/2" 404 8464 "-" "Mozilla/5.0 AppleWebKit/537.36 (KHTML, like Gecko; compatible; ClaudeBot/1.0; +claudebot@anthropic.com)"
216.73.216.95 - - [26/Jul/2026:19:17:19 +0300] "GET /?j=a7r1a3c4h2n9o0l5o0g9y4 HTTP/2" 200 13261 "-" "Mozilla/5.0 AppleWebKit/537.36 (KHTML, like Gecko; compatible; ClaudeBot/1.0; +claudebot@anthropic.com)"
216.73.216.95 - - [26/Jul/2026:19:17:22 +0300] "GET /tapetzella/c7h2l5o6r3o3f2o9r1m6i8ng HTTP/2" 404 8475 "-" "Mozilla/5.0 AppleWebKit/537.36 (KHTML, like Gecko; compatible; ClaudeBot/1.0; +claudebot@anthropic.com)"
216.73.216.95 - - [26/Jul/2026:19:17:25 +0300] "GET /shops/gangdom/p7e2s1t7l4i8n3g0883 HTTP/2" 404 8470 "-" "Mozilla/5.0 AppleWebKit/537.36 (KHTML, like Gecko; compatible; ClaudeBot/1.0; +claudebot@anthropic.com)"
216.73.216.95 - - [26/Jul/2026:19:17:28 +0300] "GET /?j=q7u1a2q7u1a6v0e0r3s9a1l HTTP/2" 200 13261 "-" "Mozilla/5.0 AppleWebKit/537.36 (KHTML, like Gecko; compatible; ClaudeBot/1.0; +claudebot@anthropic.com)"
216.73.216.95 - - [26/Jul/2026:19:17:31 +0300] "GET /shops/inveterately/a7p7p9r7a5i1s4i1n9g1 HTTP/2" 404 8471 "-" "Mozilla/5.0 AppleWebKit/537.36 (KHTML, like Gecko; compatible; ClaudeBot/1.0; +claudebot@anthropic.com)"
66.249.68.65 - - [26/Jul/2026:19:18:01 +0300] "GET /wp-includes/js/jquery/jquery.min.js?ver=3.7.1 HTTP/1.1" 200 29744 "https://jyskanpalju.fi/?j=d0i2s3e8n9c8h2a3r4m02" "Mozilla/5.0 (Linux; Android 6.0.1; Nexus 5X Build/MMB29P) AppleWebKit/537.36 (KHTML, like Gecko) Chrome/150.0.7871.128 Mobile Safari/537.36 (compatible; GoogleOther)"
66.249.68.65 - - [26/Jul/2026:19:18:04 +0300] "GET /wp-content/plugins/analyticswp/Lib/analyticswp.min.js?ver=2.2.0 HTTP/1.1" 200 940 "https://jyskanpalju.fi/?j=d0i2s3e8n9c8h2a3r4m02" "Mozilla/5.0 (Linux; Android 6.0.1; Nexus 5X Build/MMB29P) AppleWebKit/537.36 (KHTML, like Gecko) Chrome/150.0.7871.128 Mobile Safari/537.36 (compatible; GoogleOther)"
66.249.68.65 - - [26/Jul/2026:19:18:05 +0300] "GET /wp-content/themes/bricks/assets/css/libs/font-awesome-6-layer.min.css?ver=1783296000 HTTP/1.1" 200 16969 "https://jyskanpalju.fi/?j=z0y1g4o6m7o0r7p3h2i8c2" "Mozilla/5.0 (Linux; Android 6.0.1; Nexus 5X Build/MMB29P) AppleWebKit/537.36 (KHTML, like Gecko) Chrome/150.0.7871.128 Mobile Safari/537.36 (compatible; GoogleOther)"
66.249.68.65 - - [26/Jul/2026:19:18:06 +0300] "GET /wp-content/plugins/analyticswp/Lib/analyticswp.min.js?ver=2.2.0 HTTP/1.1" 200 940 "https://jyskanpalju.fi/?j=z0y1g4o6m7o0r7p3h2i8c2" "Mozilla/5.0 (Linux; Android 6.0.1; Nexus 5X Build/MMB29P) AppleWebKit/537.36 (KHTML, like Gecko) Chrome/150.0.7871.128 Mobile Safari/537.36 (compatible; GoogleOther)"
66.249.68.65 - - [26/Jul/2026:19:18:07 +0300] "POST /wp-admin/admin-ajax.php HTTP/1.1" 200 48 "https://jyskanpalju.fi/?j=d0i2s3e8n9c8h2a3r4m02" "Mozilla/5.0 (Linux; Android 6.0.1; Nexus 5X Build/MMB29P) AppleWebKit/537.36 (KHTML, like Gecko) Chrome/150.0.7871.128 Mobile Safari/537.36 (compatible; GoogleOther)"
66.249.68.65 - - [26/Jul/2026:19:18:08 +0300] "POST /wp-admin/admin-ajax.php HTTP/1.1" 200 48 "https://jyskanpalju.fi/?j=z0y1g4o6m7o0r7p3h2i8c2" "Mozilla/5.0 (Linux; Android 6.0.1; Nexus 5X Build/MMB29P) AppleWebKit/537.36 (KHTML, like Gecko) Chrome/150.0.7871.128 Mobile Safari/537.36 (compatible; GoogleOther)"
192.250.229.214 - - [26/Jul/2026:19:18:16 +0300] "GET /wp-login.php HTTP/2" 200 3007 "-" "Mozilla/5.0 (Windows NT 10.0; Win64; x64) AppleWebKit/537.36 (KHTML, like Gecko) Chrome/150.0.0.0 Safari/537.36"
192.250.229.214 - - [26/Jul/2026:19:18:18 +0300] "POST /wp-login.php HTTP/2" 200 3173 "https://xn--jysknpalju-t5a.fi/wp-login.php" "Mozilla/5.0 (Windows NT 10.0; Win64; x64) AppleWebKit/537.36 (KHTML, like Gecko) Chrome/150.0.0.0 Safari/537.36"
216.73.216.95 - - [26/Jul/2026:19:18:41 +0300] "GET /?j=a7n3t1i8q3u5o1r0u3m34 HTTP/2" 200 13261 "-" "Mozilla/5.0 AppleWebKit/537.36 (KHTML, like Gecko; compatible; ClaudeBot/1.0; +claudebot@anthropic.com)"
216.73.216.95 - - [26/Jul/2026:19:18:43 +0300] "GET /shops/lunatia/i7n1s6e1c8t9o6l5o5g6e3r HTTP/2" 404 8461 "-" "Mozilla/5.0 AppleWebKit/537.36 (KHTML, like Gecko; compatible; ClaudeBot/1.0; +claudebot@anthropic.com)"
3.87.190.64 - - [26/Jul/2026:19:17:46 +0300] "POST //xmlrpc.php HTTP/1.1" 200 414 "-" "Mozilla/5.0 (Windows NT 10.0; Win64; x64) AppleWebKit/537.36 (KHTML, like Gecko) Chrome/95.0.4638.69 Safari/537.36"
216.73.216.95 - - [26/Jul/2026:19:18:46 +0300] "GET /shops/spiritualmindedness/p7o1l0y3o6n4y6m6633 HTTP/2" 404 8461 "-" "Mozilla/5.0 AppleWebKit/537.36 (KHTML, like Gecko; compatible; ClaudeBot/1.0; +claudebot@anthropic.com)"
216.73.216.95 - - [26/Jul/2026:19:18:49 +0300] "GET /?j=l7y3t1h0o6n6t1h8r9i4p4tic HTTP/2" 200 13260 "-" "Mozilla/5.0 AppleWebKit/537.36 (KHTML, like Gecko; compatible; ClaudeBot/1.0; +claudebot@anthropic.com)"
216.73.216.95 - - [26/Jul/2026:19:18:52 +0300] "GET /?j=u7n3g1u0i1c6u3l3a4t4u0s HTTP/2" 200 13260 "-" "Mozilla/5.0 AppleWebKit/537.36 (KHTML, like Gecko; compatible; ClaudeBot/1.0; +claudebot@anthropic.com)"
216.73.216.95 - - [26/Jul/2026:19:18:55 +0300] "GET /?j=l7o2n0g2i1n9q5u1i0t4y6 HTTP/2" 200 13260 "-" "Mozilla/5.0 AppleWebKit/537.36 (KHTML, like Gecko; compatible; ClaudeBot/1.0; +claudebot@anthropic.com)"
216.73.216.95 - - [26/Jul/2026:19:18:58 +0300] "GET /shops/filicifolium/k7i1p4l8i9n2g1e4s4q6u8e HTTP/2" 404 8459 "-" "Mozilla/5.0 AppleWebKit/537.36 (KHTML, like Gecko; compatible; ClaudeBot/1.0; +claudebot@anthropic.com)"
216.73.216.95 - - [26/Jul/2026:19:19:01 +0300] "GET /shops/surmisal/i7n4d1u3s7t8r6i9o5u4s6ly HTTP/2" 404 8471 "-" "Mozilla/5.0 AppleWebKit/537.36 (KHTML, like Gecko; compatible; ClaudeBot/1.0; +claudebot@anthropic.com)"
216.73.216.95 - - [26/Jul/2026:19:19:04 +0300] "GET /shops/labiatifloral/l7o3u3p1g0a4r6o1u779 HTTP/2" 404 8463 "-" "Mozilla/5.0 AppleWebKit/537.36 (KHTML, like Gecko; compatible; ClaudeBot/1.0; +claudebot@anthropic.com)"
216.73.216.95 - - [26/Jul/2026:19:19:07 +0300] "GET /pentandria/symmetrician/a7n1e9m2o6r0p0h2i6l3o1us HTTP/2" 404 8480 "-" "Mozilla/5.0 AppleWebKit/537.36 (KHTML, like Gecko; compatible; ClaudeBot/1.0; +claudebot@anthropic.com)"
216.73.216.95 - - [26/Jul/2026:19:19:10 +0300] "GET /shops/eburnation/p7h4o0s4p6h1o1r6b9r7o0nze HTTP/2" 404 8458 "-" "Mozilla/5.0 AppleWebKit/537.36 (KHTML, like Gecko; compatible; ClaudeBot/1.0; +claudebot@anthropic.com)"
216.73.216.95 - - [26/Jul/2026:19:19:13 +0300] "GET /?j=c7o2n7g8r3u0o1u3s5l5y9 HTTP/2" 200 13262 "-" "Mozilla/5.0 AppleWebKit/537.36 (KHTML, like Gecko; compatible; ClaudeBot/1.0; +claudebot@anthropic.com)"
216.73.216.95 - - [26/Jul/2026:19:19:16 +0300] "GET /?j=c7o3n6t9r1o8v0e9r9t7i0bly HTTP/2" 200 13263 "-" "Mozilla/5.0 AppleWebKit/537.36 (KHTML, like Gecko; compatible; ClaudeBot/1.0; +claudebot@anthropic.com)"
216.73.216.95 - - [26/Jul/2026:19:19:19 +0300] "GET /shops/platyrrhinos/w7o2o5d1c1u8t0t1e5r18 HTTP/2" 404 8462 "-" "Mozilla/5.0 AppleWebKit/537.36 (KHTML, like Gecko; compatible; ClaudeBot/1.0; +claudebot@anthropic.com)"
216.73.216.95 - - [26/Jul/2026:19:19:22 +0300] "GET /?j=p7r2o6t0e5c5t6i1o1n1i1st HTTP/2" 200 13260 "-" "Mozilla/5.0 AppleWebKit/537.36 (KHTML, like Gecko; compatible; ClaudeBot/1.0; +claudebot@anthropic.com)"
216.73.216.95 - - [26/Jul/2026:19:19:25 +0300] "GET /?j=l7i9t0h6o4f6r3a7c3t7eur HTTP/2" 200 13261 "-" "Mozilla/5.0 AppleWebKit/537.36 (KHTML, like Gecko; compatible; ClaudeBot/1.0; +claudebot@anthropic.com)"
216.73.216.95 - - [26/Jul/2026:19:19:28 +0300] "GET /?j=p7r1o4c6r0u7s4t6e6s9i0an HTTP/2" 200 13261 "-" "Mozilla/5.0 AppleWebKit/537.36 (KHTML, like Gecko; compatible; ClaudeBot/1.0; +claudebot@anthropic.com)"
216.73.216.95 - - [26/Jul/2026:19:19:31 +0300] "GET /?j=t7r2i3p6e3r8s1o3n6a5l9ist HTTP/2" 200 13261 "-" "Mozilla/5.0 AppleWebKit/537.36 (KHTML, like Gecko; compatible; ClaudeBot/1.0; +claudebot@anthropic.com)"
216.73.216.95 - - [26/Jul/2026:19:19:34 +0300] "GET /shops/skidpan/h7y6p6e4r1p1y1r3e1x9ia HTTP/2" 404 8468 "-" "Mozilla/5.0 AppleWebKit/537.36 (KHTML, like Gecko; compatible; ClaudeBot/1.0; +claudebot@anthropic.com)"
3.87.190.64 - - [26/Jul/2026:19:18:46 +0300] "POST //xmlrpc.php HTTP/1.1" 200 414 "-" "Mozilla/5.0 (Windows NT 10.0; Win64; x64) AppleWebKit/537.36 (KHTML, like Gecko) Chrome/95.0.4638.69 Safari/537.36"
155.2.215.40 - - [26/Jul/2026:19:19:57 +0300] "POST /wp-login.php HTTP/1.1" 200 3437 "-" "Mozilla/5.0 (Macintosh; Intel Mac OS X 10_15_7) AppleWebKit/605.1.15 Version/17.0 Safari/605.1.15"
142.111.152.37 - - [26/Jul/2026:19:19:57 +0300] "POST /wp-login.php HTTP/1.1" 200 3437 "-" "Mozilla/5.0 (Macintosh; Intel Mac OS X 10_15_7) AppleWebKit/605.1.15 Version/17.0 Safari/605.1.15"
142.111.152.146 - - [26/Jul/2026:19:19:57 +0300] "POST /wp-login.php HTTP/1.1" 200 3435 "-" "Mozilla/5.0 (Windows NT 10.0; Win64; rv:143.0) Gecko/20100101 Firefox/143.0"
216.73.216.95 - - [26/Jul/2026:19:20:20 +0300] "GET /?j=f7l4e1s1h1e3d27665 HTTP/2" 200 13260 "-" "Mozilla/5.0 AppleWebKit/537.36 (KHTML, like Gecko; compatible; ClaudeBot/1.0; +claudebot@anthropic.com)"
216.73.216.95 - - [26/Jul/2026:19:20:23 +0300] "GET /desiderable/confidence/d7i1d9a0c5t1y9l1967 HTTP/2" 404 8458 "-" "Mozilla/5.0 AppleWebKit/537.36 (KHTML, like Gecko; compatible; ClaudeBot/1.0; +claudebot@anthropic.com)"
216.73.216.95 - - [26/Jul/2026:19:20:26 +0300] "GET /cozening/d7i4s0e3s5t6e4e8m3e5d8 HTTP/2" 404 8470 "-" "Mozilla/5.0 AppleWebKit/537.36 (KHTML, like Gecko; compatible; ClaudeBot/1.0; +claudebot@anthropic.com)"
216.73.216.95 - - [26/Jul/2026:19:20:29 +0300] "GET /shops/interlucation/u7r3n0f3u7l4s46173 HTTP/2" 404 8464 "-" "Mozilla/5.0 AppleWebKit/537.36 (KHTML, like Gecko; compatible; ClaudeBot/1.0; +claudebot@anthropic.com)"
216.73.216.95 - - [26/Jul/2026:19:20:32 +0300] "GET /equant/lingle/c7l1i4p3o5n416892 HTTP/2" 404 8470 "-" "Mozilla/5.0 AppleWebKit/537.36 (KHTML, like Gecko; compatible; ClaudeBot/1.0; +claudebot@anthropic.com)"
216.73.216.95 - - [26/Jul/2026:19:20:35 +0300] "GET /shops/funereal/p7a3l7t0r8i6e7r0622 HTTP/2" 404 8458 "-" "Mozilla/5.0 AppleWebKit/537.36 (KHTML, like Gecko; compatible; ClaudeBot/1.0; +claudebot@anthropic.com)"
216.73.216.95 - - [26/Jul/2026:19:20:38 +0300] "GET /?j=m7a3n7a2t4e3r71625 HTTP/2" 200 13260 "-" "Mozilla/5.0 AppleWebKit/537.36 (KHTML, like Gecko; compatible; ClaudeBot/1.0; +claudebot@anthropic.com)"
216.73.216.95 - - [26/Jul/2026:19:20:41 +0300] "GET /shops/presence/c7a7m4o0r3r2a2605 HTTP/2" 404 8466 "-" "Mozilla/5.0 AppleWebKit/537.36 (KHTML, like Gecko; compatible; ClaudeBot/1.0; +claudebot@anthropic.com)"
216.73.216.95 - - [26/Jul/2026:19:20:44 +0300] "GET /overmore/t7i3o9l2o9g8y3848 HTTP/2" 404 8439 "-" "Mozilla/5.0 AppleWebKit/537.36 (KHTML, like Gecko; compatible; ClaudeBot/1.0; +claudebot@anthropic.com)"
3.87.190.64 - - [26/Jul/2026:19:19:46 +0300] "POST //xmlrpc.php HTTP/1.1" 200 414 "-" "Mozilla/5.0 (Windows NT 10.0; Win64; x64) AppleWebKit/537.36 (KHTML, like Gecko) Chrome/95.0.4638.69 Safari/537.36"
216.73.216.95 - - [26/Jul/2026:19:20:47 +0300] "GET /?j=t7h3r4a4v4e207621 HTTP/2" 200 13261 "-" "Mozilla/5.0 AppleWebKit/537.36 (KHTML, like Gecko; compatible; ClaudeBot/1.0; +claudebot@anthropic.com)"
216.73.216.95 - - [26/Jul/2026:19:20:50 +0300] "GET /shops/stylishly/c7o1l8a6t8i3t9u0d1e41 HTTP/2" 404 8460 "-" "Mozilla/5.0 AppleWebKit/537.36 (KHTML, like Gecko; compatible; ClaudeBot/1.0; +claudebot@anthropic.com)"
216.73.216.95 - - [26/Jul/2026:19:20:54 +0300] "GET /shops/thralldom/p7r3o8b4l2e0m7a0t8i6c0al HTTP/2" 404 8461 "-" "Mozilla/5.0 AppleWebKit/537.36 (KHTML, like Gecko; compatible; ClaudeBot/1.0; +claudebot@anthropic.com)"
216.73.216.95 - - [26/Jul/2026:19:20:56 +0300] "GET /?j=i7n9s0t3e4e0p8e0d45 HTTP/2" 200 13265 "-" "Mozilla/5.0 AppleWebKit/537.36 (KHTML, like Gecko; compatible; ClaudeBot/1.0; +claudebot@anthropic.com)"
216.73.216.95 - - [26/Jul/2026:19:20:59 +0300] "GET /shops/roughdry/h7e2s3p3e0r6a8n4t0h9a0 HTTP/2" 404 8462 "-" "Mozilla/5.0 AppleWebKit/537.36 (KHTML, like Gecko; compatible; ClaudeBot/1.0; +claudebot@anthropic.com)"
216.73.216.95 - - [26/Jul/2026:19:21:02 +0300] "GET /?j=r7e3a9c3h4a8b7l7e962 HTTP/2" 200 13260 "-" "Mozilla/5.0 AppleWebKit/537.36 (KHTML, like Gecko; compatible; ClaudeBot/1.0; +claudebot@anthropic.com)"
216.73.216.95 - - [26/Jul/2026:19:21:05 +0300] "GET /?j=h7a4y0b0i2r2d23221 HTTP/2" 200 13261 "-" "Mozilla/5.0 AppleWebKit/537.36 (KHTML, like Gecko; compatible; ClaudeBot/1.0; +claudebot@anthropic.com)"
216.73.216.95 - - [26/Jul/2026:19:21:08 +0300] "GET /?j=c7e2m5e4n8t3a1l7160 HTTP/2" 200 13263 "-" "Mozilla/5.0 AppleWebKit/537.36 (KHTML, like Gecko; compatible; ClaudeBot/1.0; +claudebot@anthropic.com)"
216.73.216.95 - - [26/Jul/2026:19:21:11 +0300] "GET /intralobular/debilitant/c7o2i6g9n5e777819 HTTP/2" 404 8468 "-" "Mozilla/5.0 AppleWebKit/537.36 (KHTML, like Gecko; compatible; ClaudeBot/1.0; +claudebot@anthropic.com)"
216.73.216.95 - - [26/Jul/2026:19:21:14 +0300] "GET /?j=s7h6a3f9f7l1e5716 HTTP/2" 200 13261 "-" "Mozilla/5.0 AppleWebKit/537.36 (KHTML, like Gecko; compatible; ClaudeBot/1.0; +claudebot@anthropic.com)"
216.73.216.95 - - [26/Jul/2026:19:21:17 +0300] "GET /?j=s7t3r4e5a6k7i6n8g855 HTTP/2" 200 13262 "-" "Mozilla/5.0 AppleWebKit/537.36 (KHTML, like Gecko; compatible; ClaudeBot/1.0; +claudebot@anthropic.com)"
216.73.216.95 - - [26/Jul/2026:19:21:20 +0300] "GET /anglicize/p7a5l1l0i0o6b0r7a3n8chiata HTTP/2" 404 8468 "-" "Mozilla/5.0 AppleWebKit/537.36 (KHTML, like Gecko; compatible; ClaudeBot/1.0; +claudebot@anthropic.com)"
216.73.216.95 - - [26/Jul/2026:19:21:23 +0300] "GET /?j=i7n4d3i7g7e5s8t1e2d0ness HTTP/2" 200 13261 "-" "Mozilla/5.0 AppleWebKit/537.36 (KHTML, like Gecko; compatible; ClaudeBot/1.0; +claudebot@anthropic.com)"
216.73.216.95 - - [26/Jul/2026:19:21:26 +0300] "GET /shops/bellkrupp/l7i3m0o8g2e0s60805 HTTP/2" 404 8459 "-" "Mozilla/5.0 AppleWebKit/537.36 (KHTML, like Gecko; compatible; ClaudeBot/1.0; +claudebot@anthropic.com)"
216.73.216.95 - - [26/Jul/2026:19:21:29 +0300] "GET /?j=p7r3o7t7e3s4t0a4t5o5r5 HTTP/2" 200 13260 "-" "Mozilla/5.0 AppleWebKit/537.36 (KHTML, like Gecko; compatible; ClaudeBot/1.0; +claudebot@anthropic.com)"
216.73.216.95 - - [26/Jul/2026:19:21:32 +0300] "GET /?j=c7o2m3e1d7i7a6n1270 HTTP/2" 200 13261 "-" "Mozilla/5.0 AppleWebKit/537.36 (KHTML, like Gecko; compatible; ClaudeBot/1.0; +claudebot@anthropic.com)"
216.73.216.95 - - [26/Jul/2026:19:21:35 +0300] "GET /shops/inhiation/a7f4f1e9c9t3e4d0n9e4s7s HTTP/2" 404 8471 "-" "Mozilla/5.0 AppleWebKit/537.36 (KHTML, like Gecko; compatible; ClaudeBot/1.0; +claudebot@anthropic.com)"
216.73.216.95 - - [26/Jul/2026:19:21:38 +0300] "GET /shops/fairground/c7o1l6l8e2c9t9e2d3l0y4 HTTP/2" 404 8470 "-" "Mozilla/5.0 AppleWebKit/537.36 (KHTML, like Gecko; compatible; ClaudeBot/1.0; +claudebot@anthropic.com)"
216.73.216.95 - - [26/Jul/2026:19:21:41 +0300] "GET /shops/greylag/t7u1m2u5l6a8r02599 HTTP/2" 404 8468 "-" "Mozilla/5.0 AppleWebKit/537.36 (KHTML, like Gecko; compatible; ClaudeBot/1.0; +claudebot@anthropic.com)"
216.73.216.95 - - [26/Jul/2026:19:21:44 +0300] "GET /gabionage/quincewort/74240169836 HTTP/2" 404 8467 "-" "Mozilla/5.0 AppleWebKit/537.36 (KHTML, like Gecko; compatible; ClaudeBot/1.0; +claudebot@anthropic.com)"
54.152.39.42 - - [26/Jul/2026:19:17:16 +0300] "POST //xmlrpc.php HTTP/1.1" 200 414 "-" "Mozilla/5.0 (Windows NT 10.0; Win64; x64) AppleWebKit/537.36 (KHTML, like Gecko) Chrome/95.0.4638.69 Safari/537.36"
65.109.158.145 - - [26/Jul/2026:19:19:12 +0300] "GET /wp-login.php HTTP/2" 200 3007 "-" "Mozilla/5.0 (Windows NT 10.0; Win64; x64) AppleWebKit/537.36 (KHTML, like Gecko) Chrome/150.0.0.0 Safari/537.36"
65.109.158.145 - - [26/Jul/2026:19:19:13 +0300] "POST /wp-login.php HTTP/2" 200 3150 "https://jyskanpalju.fi/wp-login.php" "Mozilla/5.0 (Windows NT 10.0; Win64; x64) AppleWebKit/537.36 (KHTML, like Gecko) Chrome/150.0.0.0 Safari/537.36"
216.73.216.95 - - [26/Jul/2026:19:19:38 +0300] "GET /?j=p7l4a2c2a4b4l2e2884 HTTP/2" 200 13261 "-" "Mozilla/5.0 AppleWebKit/537.36 (KHTML, like Gecko; compatible; ClaudeBot/1.0; +claudebot@anthropic.com)"
216.73.216.95 - - [26/Jul/2026:19:19:41 +0300] "GET /?j=c7h2o7n9d0r1i3g3e1n9o4us HTTP/2" 200 13263 "-" "Mozilla/5.0 AppleWebKit/537.36 (KHTML, like Gecko; compatible; ClaudeBot/1.0; +claudebot@anthropic.com)"
216.73.216.95 - - [26/Jul/2026:19:19:44 +0300] "GET /shops/carolin/r7a2t6i2t1a7e86453 HTTP/2" 404 8467 "-" "Mozilla/5.0 AppleWebKit/537.36 (KHTML, like Gecko; compatible; ClaudeBot/1.0; +claudebot@anthropic.com)"
54.152.39.42 - - [26/Jul/2026:19:18:31 +0300] "POST //xmlrpc.php HTTP/1.1" 200 414 "-" "Mozilla/5.0 (Windows NT 10.0; Win64; x64) AppleWebKit/537.36 (KHTML, like Gecko) Chrome/95.0.4638.69 Safari/537.36"
216.73.216.95 - - [26/Jul/2026:19:19:47 +0300] "GET /shops/aural/v7e4n5a5r7y18140 HTTP/2" 404 8452 "-" "Mozilla/5.0 AppleWebKit/537.36 (KHTML, like Gecko; compatible; ClaudeBot/1.0; +claudebot@anthropic.com)"
216.73.216.95 - - [26/Jul/2026:19:19:50 +0300] "GET /shops/phthalide/f7l5a3m2m6e0n9s514 HTTP/2" 404 8460 "-" "Mozilla/5.0 AppleWebKit/537.36 (KHTML, like Gecko; compatible; ClaudeBot/1.0; +claudebot@anthropic.com)"
216.73.216.95 - - [26/Jul/2026:19:19:53 +0300] "GET /shops/quebrith/g7e2o5l2o1g0y16057 HTTP/2" 404 8472 "-" "Mozilla/5.0 AppleWebKit/537.36 (KHTML, like Gecko; compatible; ClaudeBot/1.0; +claudebot@anthropic.com)"
216.73.216.95 - - [26/Jul/2026:19:19:56 +0300] "GET /kathetal/b7u2t3a9d5i8e1n0e183 HTTP/2" 404 8452 "-" "Mozilla/5.0 AppleWebKit/537.36 (KHTML, like Gecko; compatible; ClaudeBot/1.0; +claudebot@anthropic.com)"
155.2.215.44 - - [26/Jul/2026:19:19:58 +0300] "POST /wp-login.php HTTP/1.1" 200 3435 "-" "Mozilla/5.0 (Macintosh; Intel Mac OS X 10_15_7) AppleWebKit/605.1.15 Version/17.0 Safari/605.1.15"
216.73.216.95 - - [26/Jul/2026:19:19:59 +0300] "GET /shops/counties/b7a2r2c3o6n664873 HTTP/2" 404 8470 "-" "Mozilla/5.0 AppleWebKit/537.36 (KHTML, like Gecko; compatible; ClaudeBot/1.0; +claudebot@anthropic.com)"
216.73.216.95 - - [26/Jul/2026:19:20:02 +0300] "GET /shops/inappealable/r7e3c4o2r6d2e2d889 HTTP/2" 404 8461 "-" "Mozilla/5.0 AppleWebKit/537.36 (KHTML, like Gecko; compatible; ClaudeBot/1.0; +claudebot@anthropic.com)"
216.73.216.95 - - [26/Jul/2026:19:20:05 +0300] "GET /shops/spellbinding/f7a3t3h8o0m2l9e3s6s43 HTTP/2" 404 8465 "-" "Mozilla/5.0 AppleWebKit/537.36 (KHTML, like Gecko; compatible; ClaudeBot/1.0; +claudebot@anthropic.com)"
216.73.216.95 - - [26/Jul/2026:19:20:08 +0300] "GET /shops/stalactitic/o7v3e2r7m8o3d1e1s1t4l8y HTTP/2" 404 8466 "-" "Mozilla/5.0 AppleWebKit/537.36 (KHTML, like Gecko; compatible; ClaudeBot/1.0; +claudebot@anthropic.com)"
216.73.216.95 - - [26/Jul/2026:19:20:11 +0300] "GET /shops/iotacism/d7e2m7o0t1e6d87637 HTTP/2" 404 8471 "-" "Mozilla/5.0 AppleWebKit/537.36 (KHTML, like Gecko; compatible; ClaudeBot/1.0; +claudebot@anthropic.com)"
216.73.216.95 - - [26/Jul/2026:19:20:14 +0300] "GET /engarboil/b7a1o4b5a4b147568 HTTP/2" 404 8452 "-" "Mozilla/5.0 AppleWebKit/537.36 (KHTML, like Gecko; compatible; ClaudeBot/1.0; +claudebot@anthropic.com)"
54.152.39.42 - - [26/Jul/2026:19:19:46 +0300] "POST //xmlrpc.php HTTP/1.1" 200 414 "-" "Mozilla/5.0 (Windows NT 10.0; Win64; x64) AppleWebKit/537.36 (KHTML, like Gecko) Chrome/95.0.4638.69 Safari/537.36"
54.152.39.42 - - [26/Jul/2026:19:21:01 +0300] "POST //xmlrpc.php HTTP/1.1" 200 414 "-" "Mozilla/5.0 (Windows NT 10.0; Win64; x64) AppleWebKit/537.36 (KHTML, like Gecko) Chrome/95.0.4638.69 Safari/537.36"
216.73.216.95 - - [26/Jul/2026:19:22:35 +0300] "GET /?j=s7e2n1s1o6r6i7v8o7l9i2tional HTTP/2" 200 13261 "-" "Mozilla/5.0 AppleWebKit/537.36 (KHTML, like Gecko; compatible; ClaudeBot/1.0; +claudebot@anthropic.com)"
216.73.216.95 - - [26/Jul/2026:19:22:37 +0300] "GET /?j=s7h2a6t5t5e1r7299 HTTP/2" 200 13261 "-" "Mozilla/5.0 AppleWebKit/537.36 (KHTML, like Gecko; compatible; ClaudeBot/1.0; +claudebot@anthropic.com)"
216.73.216.95 - - [26/Jul/2026:19:22:40 +0300] "GET /?j=r7e3m4e8m7o6r9a6tive HTTP/2" 200 13260 "-" "Mozilla/5.0 AppleWebKit/537.36 (KHTML, like Gecko; compatible; ClaudeBot/1.0; +claudebot@anthropic.com)"
216.73.216.95 - - [26/Jul/2026:19:22:43 +0300] "GET /?j=b7a2s3i2f1y343007 HTTP/2" 200 13261 "-" "Mozilla/5.0 AppleWebKit/537.36 (KHTML, like Gecko; compatible; ClaudeBot/1.0; +claudebot@anthropic.com)"
216.73.216.95 - - [26/Jul/2026:19:22:46 +0300] "GET /?j=j7a5c8o3b9i9n7496 HTTP/2" 200 13258 "-" "Mozilla/5.0 AppleWebKit/537.36 (KHTML, like Gecko; compatible; ClaudeBot/1.0; +claudebot@anthropic.com)"
216.73.216.95 - - [26/Jul/2026:19:22:49 +0300] "GET /shops/eukaryote/h7o1m8o0d3e4m6i9c064 HTTP/2" 404 8469 "-" "Mozilla/5.0 AppleWebKit/537.36 (KHTML, like Gecko; compatible; ClaudeBot/1.0; +claudebot@anthropic.com)"
216.73.216.95 - - [26/Jul/2026:19:22:52 +0300] "GET /shops/consuetudinal/i7n1s9a9f3e8t0y1031 HTTP/2" 404 8471 "-" "Mozilla/5.0 AppleWebKit/537.36 (KHTML, like Gecko; compatible; ClaudeBot/1.0; +claudebot@anthropic.com)"
216.73.216.95 - - [26/Jul/2026:19:22:55 +0300] "GET /?j=t7e4t1r6a4h4e9d0r5a4l5ly HTTP/2" 200 13260 "-" "Mozilla/5.0 AppleWebKit/537.36 (KHTML, like Gecko; compatible; ClaudeBot/1.0; +claudebot@anthropic.com)"
216.73.216.95 - - [26/Jul/2026:19:22:59 +0300] "GET /shops/barycentric/q7u8a5d8r1i7s0u1l3c5ate HTTP/2" 404 8466 "-" "Mozilla/5.0 AppleWebKit/537.36 (KHTML, like Gecko; compatible; ClaudeBot/1.0; +claudebot@anthropic.com)"
216.73.216.95 - - [26/Jul/2026:19:23:02 +0300] "GET /?j=l7i1t4t5l7e6e8a7s7e64 HTTP/2" 200 13260 "-" "Mozilla/5.0 AppleWebKit/537.36 (KHTML, like Gecko; compatible; ClaudeBot/1.0; +claudebot@anthropic.com)"
216.73.216.95 - - [26/Jul/2026:19:23:04 +0300] "GET /?j=r7i9b7l5e0s8s3502 HTTP/2" 200 13261 "-" "Mozilla/5.0 AppleWebKit/537.36 (KHTML, like Gecko; compatible; ClaudeBot/1.0; +claudebot@anthropic.com)"
216.73.216.95 - - [26/Jul/2026:19:23:07 +0300] "GET /?j=b7r3a4c3t8e3o5l0a0t4e HTTP/2" 200 13261 "-" "Mozilla/5.0 AppleWebKit/537.36 (KHTML, like Gecko; compatible; ClaudeBot/1.0; +claudebot@anthropic.com)"
216.73.216.95 - - [26/Jul/2026:19:23:11 +0300] "GET /shops/lintseed/c7u1l5t5i3v7a0b5l8e49 HTTP/2" 404 8468 "-" "Mozilla/5.0 AppleWebKit/537.36 (KHTML, like Gecko; compatible; ClaudeBot/1.0; +claudebot@anthropic.com)"
216.73.216.95 - - [26/Jul/2026:19:23:13 +0300] "GET /?j=r7e8p7l7a5c2e4m0e5n7t HTTP/2" 200 13261 "-" "Mozilla/5.0 AppleWebKit/537.36 (KHTML, like Gecko; compatible; ClaudeBot/1.0; +claudebot@anthropic.com)"
216.73.216.95 - - [26/Jul/2026:19:23:16 +0300] "GET /?j=a7r5g8u0l6u2s0807 HTTP/2" 200 13261 "-" "Mozilla/5.0 AppleWebKit/537.36 (KHTML, like Gecko; compatible; ClaudeBot/1.0; +claudebot@anthropic.com)"
216.73.216.95 - - [26/Jul/2026:19:23:20 +0300] "GET /?j=l7e1c5h2a1t9e4l8i3e7rite HTTP/2" 200 13261 "-" "Mozilla/5.0 AppleWebKit/537.36 (KHTML, like Gecko; compatible; ClaudeBot/1.0; +claudebot@anthropic.com)"
216.73.216.95 - - [26/Jul/2026:19:23:22 +0300] "GET /?j=e7l1i7c9i5t2e4d3995 HTTP/2" 200 13260 "-" "Mozilla/5.0 AppleWebKit/537.36 (KHTML, like Gecko; compatible; ClaudeBot/1.0; +claudebot@anthropic.com)"
216.73.216.95 - - [26/Jul/2026:19:23:25 +0300] "GET /shops/berhyming/p7i2p1e8m2o9u2t9h440 HTTP/2" 404 8470 "-" "Mozilla/5.0 AppleWebKit/537.36 (KHTML, like Gecko; compatible; ClaudeBot/1.0; +claudebot@anthropic.com)"
3.87.190.64 - - [26/Jul/2026:19:20:46 +0300] "POST //xmlrpc.php HTTP/1.1" 200 414 "-" "Mozilla/5.0 (Windows NT 10.0; Win64; x64) AppleWebKit/537.36 (KHTML, like Gecko) Chrome/95.0.4638.69 Safari/537.36"
216.73.216.95 - - [26/Jul/2026:19:21:47 +0300] "GET /shops/anteport/p7l3y7m6o7u4t4h0i1s4t5s HTTP/2" 404 8467 "-" "Mozilla/5.0 AppleWebKit/537.36 (KHTML, like Gecko; compatible; ClaudeBot/1.0; +claudebot@anthropic.com)"
216.73.216.95 - - [26/Jul/2026:19:21:50 +0300] "GET /phthisic/strumpet/i7n3c8o2m4b3u0s6t5i0ble HTTP/2" 404 8467 "-" "Mozilla/5.0 AppleWebKit/537.36 (KHTML, like Gecko; compatible; ClaudeBot/1.0; +claudebot@anthropic.com)"
216.73.216.95 - - [26/Jul/2026:19:21:53 +0300] "GET /?j=c7a2n0d5i4d2i1a4s3i7s HTTP/2" 200 13260 "-" "Mozilla/5.0 AppleWebKit/537.36 (KHTML, like Gecko; compatible; ClaudeBot/1.0; +claudebot@anthropic.com)"
216.73.216.95 - - [26/Jul/2026:19:21:56 +0300] "GET /?j=b7e2e0t2h7o0v2e1n152 HTTP/2" 200 13260 "-" "Mozilla/5.0 AppleWebKit/537.36 (KHTML, like Gecko; compatible; ClaudeBot/1.0; +claudebot@anthropic.com)"
216.73.216.95 - - [26/Jul/2026:19:21:59 +0300] "GET /shops/detersive/r7h3a9b5d1o6p2h5o8r8a3 HTTP/2" 404 8467 "-" "Mozilla/5.0 AppleWebKit/537.36 (KHTML, like Gecko; compatible; ClaudeBot/1.0; +claudebot@anthropic.com)"
216.73.216.95 - - [26/Jul/2026:19:22:02 +0300] "GET /natans/s7c4o0m7b7e8r8e0s3o3x3 HTTP/2" 404 8451 "-" "Mozilla/5.0 AppleWebKit/537.36 (KHTML, like Gecko; compatible; ClaudeBot/1.0; +claudebot@anthropic.com)"
216.73.216.95 - - [26/Jul/2026:19:22:05 +0300] "GET /?j=p7l1o6c8e2148744 HTTP/2" 200 13262 "-" "Mozilla/5.0 AppleWebKit/537.36 (KHTML, like Gecko; compatible; ClaudeBot/1.0; +claudebot@anthropic.com)"
216.73.216.95 - - [26/Jul/2026:19:22:08 +0300] "GET /adjectitious/peract/i7n3c7r3e9a2t7i5n5g26 HTTP/2" 404 8466 "-" "Mozilla/5.0 AppleWebKit/537.36 (KHTML, like Gecko; compatible; ClaudeBot/1.0; +claudebot@anthropic.com)"
216.73.216.95 - - [26/Jul/2026:19:22:11 +0300] "GET /shops/photographer/s7t1r0o7u3d4i7n5g092 HTTP/2" 404 8467 "-" "Mozilla/5.0 AppleWebKit/537.36 (KHTML, like Gecko; compatible; ClaudeBot/1.0; +claudebot@anthropic.com)"
216.73.216.95 - - [26/Jul/2026:19:22:14 +0300] "GET /shops/mentagra/b7a3l1l8y3988724 HTTP/2" 404 8471 "-" "Mozilla/5.0 AppleWebKit/537.36 (KHTML, like Gecko; compatible; ClaudeBot/1.0; +claudebot@anthropic.com)"
216.73.216.95 - - [26/Jul/2026:19:22:17 +0300] "GET /mottling/t7h1r1i7s7t62633 HTTP/2" 404 8454 "-" "Mozilla/5.0 AppleWebKit/537.36 (KHTML, like Gecko; compatible; ClaudeBot/1.0; +claudebot@anthropic.com)"
216.73.216.95 - - [26/Jul/2026:19:22:20 +0300] "GET /shops/outstrip/f7l4u1s7h7602137 HTTP/2" 404 8469 "-" "Mozilla/5.0 AppleWebKit/537.36 (KHTML, like Gecko; compatible; ClaudeBot/1.0; +claudebot@anthropic.com)"
216.73.216.95 - - [26/Jul/2026:19:22:23 +0300] "GET /impendence/r7e3c1o3m1f6o2r8t913 HTTP/2" 404 8471 "-" "Mozilla/5.0 AppleWebKit/537.36 (KHTML, like Gecko; compatible; ClaudeBot/1.0; +claudebot@anthropic.com)"
216.73.216.95 - - [26/Jul/2026:19:22:26 +0300] "GET /shops/maltase/a7n3g6u6r4i6z4e4827 HTTP/2" 404 8472 "-" "Mozilla/5.0 AppleWebKit/537.36 (KHTML, like Gecko; compatible; ClaudeBot/1.0; +claudebot@anthropic.com)"
216.73.216.95 - - [26/Jul/2026:19:22:29 +0300] "GET /?j=p7r3e4a4c6h4e2r6s787 HTTP/2" 200 13261 "-" "Mozilla/5.0 AppleWebKit/537.36 (KHTML, like Gecko; compatible; ClaudeBot/1.0; +claudebot@anthropic.com)"
3.87.190.64 - - [26/Jul/2026:19:21:46 +0300] "POST //xmlrpc.php HTTP/1.1" 200 414 "-" "Mozilla/5.0 (Windows NT 10.0; Win64; x64) AppleWebKit/537.36 (KHTML, like Gecko) Chrome/95.0.4638.69 Safari/537.36"
3.87.190.64 - - [26/Jul/2026:19:22:46 +0300] "POST //xmlrpc.php HTTP/1.1" 200 414 "-" "Mozilla/5.0 (Windows NT 10.0; Win64; x64) AppleWebKit/537.36 (KHTML, like Gecko) Chrome/95.0.4638.69 Safari/537.36"
216.73.216.95 - - [26/Jul/2026:19:23:59 +0300] "GET /?j=c7a3d1i3l5e0s0k5e6r02 HTTP/2" 200 13261 "-" "Mozilla/5.0 AppleWebKit/537.36 (KHTML, like Gecko; compatible; ClaudeBot/1.0; +claudebot@anthropic.com)"
216.73.216.95 - - [26/Jul/2026:19:24:02 +0300] "GET /?j=d7r4i1e6r2066347 HTTP/2" 200 13261 "-" "Mozilla/5.0 AppleWebKit/537.36 (KHTML, like Gecko; compatible; ClaudeBot/1.0; +claudebot@anthropic.com)"
216.73.216.95 - - [26/Jul/2026:19:24:05 +0300] "GET /?j=c7l4a9s3s7i5c4s244 HTTP/2" 200 13261 "-" "Mozilla/5.0 AppleWebKit/537.36 (KHTML, like Gecko; compatible; ClaudeBot/1.0; +claudebot@anthropic.com)"
103.161.183.129 - - [26/Jul/2026:19:24:06 +0300] "GET / HTTP/1.1" 200 14954 "-" "python-requests/2.33.1"
216.73.216.95 - - [26/Jul/2026:19:24:08 +0300] "GET /shops/towncrier/d7i2p5n1e1u8m8o6n0a88 HTTP/2" 404 8460 "-" "Mozilla/5.0 AppleWebKit/537.36 (KHTML, like Gecko; compatible; ClaudeBot/1.0; +claudebot@anthropic.com)"
216.73.216.95 - - [26/Jul/2026:19:24:11 +0300] "GET /?j=d7i1s8r2u5p1t5e1d115 HTTP/2" 200 13261 "-" "Mozilla/5.0 AppleWebKit/537.36 (KHTML, like Gecko; compatible; ClaudeBot/1.0; +claudebot@anthropic.com)"
103.161.183.129 - - [26/Jul/2026:19:24:12 +0300] "GET / HTTP/1.1" 301 0 "-" "python-requests/2.33.1"
216.73.216.95 - - [26/Jul/2026:19:24:14 +0300] "GET /?j=r7a2g5a7b2r1a9s6h166 HTTP/2" 200 13260 "-" "Mozilla/5.0 AppleWebKit/537.36 (KHTML, like Gecko; compatible; ClaudeBot/1.0; +claudebot@anthropic.com)"
103.161.183.129 - - [26/Jul/2026:19:24:14 +0300] "GET / HTTP/1.1" 200 14958 "-" "python-requests/2.33.1"
216.73.216.95 - - [26/Jul/2026:19:18:25 +0300] "GET /?j=o7v1e8r0p5a7y97177 HTTP/2" 200 13260 "-" "Mozilla/5.0 AppleWebKit/537.36 (KHTML, like Gecko; compatible; ClaudeBot/1.0; +claudebot@anthropic.com)"
216.73.216.95 - - [26/Jul/2026:19:18:28 +0300] "GET /shops/chuffily/w7h6a0c8k2e6d7252 HTTP/2" 404 8466 "-" "Mozilla/5.0 AppleWebKit/537.36 (KHTML, like Gecko; compatible; ClaudeBot/1.0; +claudebot@anthropic.com)"
216.73.216.95 - - [26/Jul/2026:19:18:31 +0300] "GET /classificatory/bronchotomy/71975329979 HTTP/2" 404 8468 "-" "Mozilla/5.0 AppleWebKit/537.36 (KHTML, like Gecko; compatible; ClaudeBot/1.0; +claudebot@anthropic.com)"
216.73.216.95 - - [26/Jul/2026:19:18:34 +0300] "GET /shops/reverted/c7o2h7o0b6a2t7e6425 HTTP/2" 404 8459 "-" "Mozilla/5.0 AppleWebKit/537.36 (KHTML, like Gecko; compatible; ClaudeBot/1.0; +claudebot@anthropic.com)"
216.73.216.95 - - [26/Jul/2026:19:18:37 +0300] "GET /?j=o7u2t3a3g1a8m9i6e2s05 HTTP/2" 200 13259 "-" "Mozilla/5.0 AppleWebKit/537.36 (KHTML, like Gecko; compatible; ClaudeBot/1.0; +claudebot@anthropic.com)"
155.2.215.39 - - [26/Jul/2026:19:19:58 +0300] "POST /wp-login.php HTTP/1.1" 200 3451 "-" "Mozilla/5.0 (Windows NT 10.0; Win64; rv:143.0) Gecko/20100101 Firefox/143.0"
103.161.183.129 - - [26/Jul/2026:19:24:08 +0300] "POST /wp-login.php HTTP/1.1" 200 3461 "https://jyskanpalju.fi/wp-login.php" "Mozilla/5.0 (Macintosh; Intel Mac OS X 10_15_7; rv:89.0) Gecko/20100101 Firefox/89.0.2"
103.161.183.129 - - [26/Jul/2026:19:24:09 +0300] "GET /wp-admin/index.php HTTP/1.1" 200 113168 "https://jyskanpalju.fi/wp-login.php" "Mozilla/5.0 (Macintosh; Intel Mac OS X 10_15_7; rv:90.0) Gecko/20100101 Firefox/90.0.1"
103.161.183.129 - - [26/Jul/2026:19:24:16 +0300] "POST /wp-login.php HTTP/1.1" 200 3473 "https://xn--jysknpalju-t5a.fi/wp-login.php" "Mozilla/5.0 (Windows NT 10.0; Win64; x64) AppleWebKit/605.1.15 (KHTML, like Gecko) Version/14.1 Safari/605.1.15"
216.73.216.95 - - [26/Jul/2026:19:23:28 +0300] "GET /shops/necromantic/a7r3r9o3g3a9t2e5487 HTTP/2" 404 8461 "-" "Mozilla/5.0 AppleWebKit/537.36 (KHTML, like Gecko; compatible; ClaudeBot/1.0; +claudebot@anthropic.com)"
54.152.39.42 - - [26/Jul/2026:19:22:16 +0300] "POST //xmlrpc.php HTTP/1.1" 200 414 "-" "Mozilla/5.0 (Windows NT 10.0; Win64; x64) AppleWebKit/537.36 (KHTML, like Gecko) Chrome/95.0.4638.69 Safari/537.36"
216.73.216.95 - - [26/Jul/2026:19:23:32 +0300] "GET /?j=u7m2b6r6a9c9u8l2i8f2e2rous HTTP/2" 200 13260 "-" "Mozilla/5.0 AppleWebKit/537.36 (KHTML, like Gecko; compatible; ClaudeBot/1.0; +claudebot@anthropic.com)"
216.73.216.95 - - [26/Jul/2026:19:23:35 +0300] "GET /?j=u7n1d9e4r4v2e6r8s1e2 HTTP/2" 200 13260 "-" "Mozilla/5.0 AppleWebKit/537.36 (KHTML, like Gecko; compatible; ClaudeBot/1.0; +claudebot@anthropic.com)"
216.73.216.95 - - [26/Jul/2026:19:23:38 +0300] "GET /?j=d7e2l9i4v8e4r41074 HTTP/2" 200 13260 "-" "Mozilla/5.0 AppleWebKit/537.36 (KHTML, like Gecko; compatible; ClaudeBot/1.0; +claudebot@anthropic.com)"
216.73.216.95 - - [26/Jul/2026:19:23:41 +0300] "GET /jaborandi/s7a1c2r1i3s1t9i5e0s18 HTTP/2" 404 8469 "-" "Mozilla/5.0 AppleWebKit/537.36 (KHTML, like Gecko; compatible; ClaudeBot/1.0; +claudebot@anthropic.com)"
216.73.216.95 - - [26/Jul/2026:19:23:43 +0300] "GET /shops/blocked/r7e4s5u9l0t9a4n8c2e9 HTTP/2" 404 8460 "-" "Mozilla/5.0 AppleWebKit/537.36 (KHTML, like Gecko; compatible; ClaudeBot/1.0; +claudebot@anthropic.com)"
216.73.216.95 - - [26/Jul/2026:19:23:47 +0300] "GET /shops/caruncular/g7a2u2d0i3n0g54034 HTTP/2" 404 8474 "-" "Mozilla/5.0 AppleWebKit/537.36 (KHTML, like Gecko; compatible; ClaudeBot/1.0; +claudebot@anthropic.com)"
216.73.216.95 - - [26/Jul/2026:19:23:50 +0300] "GET /shops/innuendo/e7e3r0i3s8o6m5e8272 HTTP/2" 404 8457 "-" "Mozilla/5.0 AppleWebKit/537.36 (KHTML, like Gecko; compatible; ClaudeBot/1.0; +claudebot@anthropic.com)"
103.75.185.95 - - [26/Jul/2026:19:23:52 +0300] "POST /xmlrpc.php HTTP/2" 200 219 "-" "Mozilla/5.0 (Windows NT 10.0; Win64; x64) AppleWebKit/537.36 (KHTML, like Gecko) Chrome/150.0.0.0 Safari/537.36"
216.73.216.95 - - [26/Jul/2026:19:23:53 +0300] "GET /shops/nyctipthecus/i7n3t6e6r2s8p7e7r1s1ed HTTP/2" 404 8466 "-" "Mozilla/5.0 AppleWebKit/537.36 (KHTML, like Gecko; compatible; ClaudeBot/1.0; +claudebot@anthropic.com)"
216.73.216.95 - - [26/Jul/2026:19:23:55 +0300] "GET /?j=b7o1n1e6m8e5a8l4285 HTTP/2" 200 13261 "-" "Mozilla/5.0 AppleWebKit/537.36 (KHTML, like Gecko; compatible; ClaudeBot/1.0; +claudebot@anthropic.com)"
103.161.183.129 - - [26/Jul/2026:19:24:17 +0300] "GET /wp-admin/index.php HTTP/1.1" 200 113213 "https://xn--jysknpalju-t5a.fi/wp-login.php" "Mozilla/5.0 (Macintosh; Intel Mac OS X 10_15_7; rv:91.0) Gecko/20100101 Firefox/91.0"
216.73.216.95 - - [26/Jul/2026:19:25:16 +0300] "GET /?j=u7n3k4i2n2d8r7e0d9l4y4 HTTP/2" 200 13261 "-" "Mozilla/5.0 AppleWebKit/537.36 (KHTML, like Gecko; compatible; ClaudeBot/1.0; +claudebot@anthropic.com)"
193.56.116.35 - - [26/Jul/2026:19:25:17 +0300] "POST /wp-login.php HTTP/1.1" 200 3438 "-" "Mozilla/5.0 (Windows NT 10.0; Win64; rv:143.0) Gecko/20100101 Firefox/143.0"
216.73.216.95 - - [26/Jul/2026:19:25:19 +0300] "GET /shops/swirled/p7l3e0o0n8a7s5t1i1c5a2lly HTTP/2" 404 8469 "-" "Mozilla/5.0 AppleWebKit/537.36 (KHTML, like Gecko; compatible; ClaudeBot/1.0; +claudebot@anthropic.com)"
216.73.216.95 - - [26/Jul/2026:19:25:22 +0300] "GET /?j=i7n1d3e2f6i6n8i1t0e19 HTTP/2" 200 13260 "-" "Mozilla/5.0 AppleWebKit/537.36 (KHTML, like Gecko; compatible; ClaudeBot/1.0; +claudebot@anthropic.com)"
216.73.216.95 - - [26/Jul/2026:19:25:25 +0300] "GET /?j=f7l2e5t2c4h3i0n9g72 HTTP/2" 200 13262 "-" "Mozilla/5.0 AppleWebKit/537.36 (KHTML, like Gecko; compatible; ClaudeBot/1.0; +claudebot@anthropic.com)"
216.73.216.95 - - [26/Jul/2026:19:25:28 +0300] "GET /shops/buzzardet/p7e2r9i0s4t4a4l8t9i7c HTTP/2" 404 8461 "-" "Mozilla/5.0 AppleWebKit/537.36 (KHTML, like Gecko; compatible; ClaudeBot/1.0; +claudebot@anthropic.com)"
216.73.216.95 - - [26/Jul/2026:19:25:31 +0300] "GET /?j=c7u8s5t3o4d1e7s840 HTTP/2" 200 13260 "-" "Mozilla/5.0 AppleWebKit/537.36 (KHTML, like Gecko; compatible; ClaudeBot/1.0; +claudebot@anthropic.com)"
216.73.216.95 - - [26/Jul/2026:19:25:34 +0300] "GET /?j=b7o1u4n8c8e5r79772 HTTP/2" 200 13261 "-" "Mozilla/5.0 AppleWebKit/537.36 (KHTML, like Gecko; compatible; ClaudeBot/1.0; +claudebot@anthropic.com)"
216.73.216.95 - - [26/Jul/2026:19:25:37 +0300] "GET /shops/selfwilledness/p7i1n6u5m4502315 HTTP/2" 404 8461 "-" "Mozilla/5.0 AppleWebKit/537.36 (KHTML, like Gecko; compatible; ClaudeBot/1.0; +claudebot@anthropic.com)"
216.73.216.95 - - [26/Jul/2026:19:25:40 +0300] "GET /shops/disestablish/s7c1a6r3i3o6s0e7033 HTTP/2" 404 8462 "-" "Mozilla/5.0 AppleWebKit/537.36 (KHTML, like Gecko; compatible; ClaudeBot/1.0; +claudebot@anthropic.com)"
216.73.216.95 - - [26/Jul/2026:19:25:43 +0300] "GET /shops/eudryas/s7y3n4d8i6c6a0l3i1s1m9 HTTP/2" 404 8467 "-" "Mozilla/5.0 AppleWebKit/537.36 (KHTML, like Gecko; compatible; ClaudeBot/1.0; +claudebot@anthropic.com)"
216.73.216.95 - - [26/Jul/2026:19:25:46 +0300] "GET /?j=e7p3i6s9o6d8i8c0060 HTTP/2" 200 13263 "-" "Mozilla/5.0 AppleWebKit/537.36 (KHTML, like Gecko; compatible; ClaudeBot/1.0; +claudebot@anthropic.com)"
216.73.216.95 - - [26/Jul/2026:19:25:49 +0300] "GET /?j=r7e2n3d7e8r4i5n5g129 HTTP/2" 200 13261 "-" "Mozilla/5.0 AppleWebKit/537.36 (KHTML, like Gecko; compatible; ClaudeBot/1.0; +claudebot@anthropic.com)"
