216.73.216.95 - - [26/Jul/2026:15:44:56 +0300] "GET /shops/peters/p7o3r5t3a0x263049 HTTP/2" 404 8467 "-" "Mozilla/5.0 AppleWebKit/537.36 (KHTML, like Gecko; compatible; ClaudeBot/1.0; +claudebot@anthropic.com)"
216.73.216.95 - - [26/Jul/2026:15:44:59 +0300] "GET /?j=s7u1b7i7t8o019604 HTTP/2" 200 13259 "-" "Mozilla/5.0 AppleWebKit/537.36 (KHTML, like Gecko; compatible; ClaudeBot/1.0; +claudebot@anthropic.com)"
216.73.216.95 - - [26/Jul/2026:15:45:02 +0300] "GET /?j=w7o2o9d2p9e1c8k2681 HTTP/2" 200 13261 "-" "Mozilla/5.0 AppleWebKit/537.36 (KHTML, like Gecko; compatible; ClaudeBot/1.0; +claudebot@anthropic.com)"
216.73.216.95 - - [26/Jul/2026:15:45:05 +0300] "GET /?j=c7a5r1o6l2u7s4219 HTTP/2" 200 13262 "-" "Mozilla/5.0 AppleWebKit/537.36 (KHTML, like Gecko; compatible; ClaudeBot/1.0; +claudebot@anthropic.com)"
216.73.216.95 - - [26/Jul/2026:15:45:08 +0300] "GET /xylol/topman/n7e3r9i7t2a827824 HTTP/2" 404 8467 "-" "Mozilla/5.0 AppleWebKit/537.36 (KHTML, like Gecko; compatible; ClaudeBot/1.0; +claudebot@anthropic.com)"
216.73.216.95 - - [26/Jul/2026:15:45:11 +0300] "GET /?j=s7a3i1b7l1i2n8g9726 HTTP/2" 200 13260 "-" "Mozilla/5.0 AppleWebKit/537.36 (KHTML, like Gecko; compatible; ClaudeBot/1.0; +claudebot@anthropic.com)"
216.73.216.95 - - [26/Jul/2026:15:45:14 +0300] "GET /?j=t7r3a8g2u4s32354 HTTP/2" 200 13261 "-" "Mozilla/5.0 AppleWebKit/537.36 (KHTML, like Gecko; compatible; ClaudeBot/1.0; +claudebot@anthropic.com)"
216.73.216.95 - - [26/Jul/2026:15:45:17 +0300] "GET /?j=t7o2w9n6s4354241 HTTP/2" 200 13261 "-" "Mozilla/5.0 AppleWebKit/537.36 (KHTML, like Gecko; compatible; ClaudeBot/1.0; +claudebot@anthropic.com)"
216.73.216.95 - - [26/Jul/2026:15:45:20 +0300] "GET /shops/disgarrison/g7l2y8c8o5l3u9r3i2c97 HTTP/2" 404 8472 "-" "Mozilla/5.0 AppleWebKit/537.36 (KHTML, like Gecko; compatible; ClaudeBot/1.0; +claudebot@anthropic.com)"
216.73.216.95 - - [26/Jul/2026:15:45:23 +0300] "GET /?j=u7r8i3n8a9r1y1774 HTTP/2" 200 13261 "-" "Mozilla/5.0 AppleWebKit/537.36 (KHTML, like Gecko; compatible; ClaudeBot/1.0; +claudebot@anthropic.com)"
216.73.216.95 - - [26/Jul/2026:15:45:26 +0300] "GET /?j=s7a4t2r4a9p9a0l4377 HTTP/2" 200 13260 "-" "Mozilla/5.0 AppleWebKit/537.36 (KHTML, like Gecko; compatible; ClaudeBot/1.0; +claudebot@anthropic.com)"
216.73.216.95 - - [26/Jul/2026:15:45:29 +0300] "GET /?j=p7l2e5b9i0s9c2i6t4u9m6 HTTP/2" 200 13261 "-" "Mozilla/5.0 AppleWebKit/537.36 (KHTML, like Gecko; compatible; ClaudeBot/1.0; +claudebot@anthropic.com)"
216.73.216.95 - - [26/Jul/2026:15:45:32 +0300] "GET /?j=r7e1v4e7t8t4i9n8g971 HTTP/2" 200 13259 "-" "Mozilla/5.0 AppleWebKit/537.36 (KHTML, like Gecko; compatible; ClaudeBot/1.0; +claudebot@anthropic.com)"
216.73.216.95 - - [26/Jul/2026:15:45:35 +0300] "GET /melungeon/eshewing/h7e3r9e0d9i4t2a8b5l0e2 HTTP/2" 404 8465 "-" "Mozilla/5.0 AppleWebKit/537.36 (KHTML, like Gecko; compatible; ClaudeBot/1.0; +claudebot@anthropic.com)"
216.73.216.95 - - [26/Jul/2026:15:45:38 +0300] "GET /?j=c7h3o4l6e5r2o6i6d064 HTTP/2" 200 13261 "-" "Mozilla/5.0 AppleWebKit/537.36 (KHTML, like Gecko; compatible; ClaudeBot/1.0; +claudebot@anthropic.com)"
216.73.216.95 - - [26/Jul/2026:15:45:44 +0300] "GET /?j=i7n1d7i4c3u5s71596 HTTP/2" 200 13261 "-" "Mozilla/5.0 AppleWebKit/537.36 (KHTML, like Gecko; compatible; ClaudeBot/1.0; +claudebot@anthropic.com)"
216.73.216.95 - - [26/Jul/2026:15:45:46 +0300] "GET /?j=s7e1l6c7o8u7t9h9026 HTTP/2" 200 13262 "-" "Mozilla/5.0 AppleWebKit/537.36 (KHTML, like Gecko; compatible; ClaudeBot/1.0; +claudebot@anthropic.com)"
216.73.216.95 - - [26/Jul/2026:15:45:49 +0300] "GET /?j=w7o2r8m3i6a7n26219 HTTP/2" 200 13260 "-" "Mozilla/5.0 AppleWebKit/537.36 (KHTML, like Gecko; compatible; ClaudeBot/1.0; +claudebot@anthropic.com)"
216.73.216.95 - - [26/Jul/2026:15:45:52 +0300] "GET /?j=s7c2r9o5b9i6c2u1l0a5r0 HTTP/2" 200 13260 "-" "Mozilla/5.0 AppleWebKit/537.36 (KHTML, like Gecko; compatible; ClaudeBot/1.0; +claudebot@anthropic.com)"
216.73.216.95 - - [26/Jul/2026:15:45:55 +0300] "GET /?j=w7h3e1e5l3e0r00184 HTTP/2" 200 13261 "-" "Mozilla/5.0 AppleWebKit/537.36 (KHTML, like Gecko; compatible; ClaudeBot/1.0; +claudebot@anthropic.com)"
216.73.216.95 - - [26/Jul/2026:15:45:58 +0300] "GET /cissoid/malapropos/f7i1l5t2r7a3t6i5o8n96 HTTP/2" 404 8463 "-" "Mozilla/5.0 AppleWebKit/537.36 (KHTML, like Gecko; compatible; ClaudeBot/1.0; +claudebot@anthropic.com)"
216.73.216.95 - - [26/Jul/2026:15:46:01 +0300] "GET /?j=t7r6i5p6e4s6t5o3n2e5 HTTP/2" 200 13260 "-" "Mozilla/5.0 AppleWebKit/537.36 (KHTML, like Gecko; compatible; ClaudeBot/1.0; +claudebot@anthropic.com)"
216.73.216.95 - - [26/Jul/2026:15:46:04 +0300] "GET /?j=n7u4c2l7e6i7f9o1r3m70 HTTP/2" 200 13260 "-" "Mozilla/5.0 AppleWebKit/537.36 (KHTML, like Gecko; compatible; ClaudeBot/1.0; +claudebot@anthropic.com)"
216.73.216.95 - - [26/Jul/2026:15:46:07 +0300] "GET /shops/acaroidea/r7e1t8r4o1s6p7e8c0t0ion HTTP/2" 404 8467 "-" "Mozilla/5.0 AppleWebKit/537.36 (KHTML, like Gecko; compatible; ClaudeBot/1.0; +claudebot@anthropic.com)"
216.73.216.95 - - [26/Jul/2026:15:46:10 +0300] "GET /?j=h7a3n0g0o5v8e4r6860 HTTP/2" 200 13262 "-" "Mozilla/5.0 AppleWebKit/537.36 (KHTML, like Gecko; compatible; ClaudeBot/1.0; +claudebot@anthropic.com)"
216.73.216.95 - - [26/Jul/2026:15:46:13 +0300] "GET /?j=s7y1s7t6e1m4s27599 HTTP/2" 200 13260 "-" "Mozilla/5.0 AppleWebKit/537.36 (KHTML, like Gecko; compatible; ClaudeBot/1.0; +claudebot@anthropic.com)"
216.73.216.95 - - [26/Jul/2026:15:46:17 +0300] "GET /starer/c7o2n4t3r1o6l1l7a6b6l3e HTTP/2" 404 8465 "-" "Mozilla/5.0 AppleWebKit/537.36 (KHTML, like Gecko; compatible; ClaudeBot/1.0; +claudebot@anthropic.com)"
216.73.216.95 - - [26/Jul/2026:15:46:20 +0300] "GET /?j=n7o3n3a0l4i8g4n3e2d51 HTTP/2" 200 13262 "-" "Mozilla/5.0 AppleWebKit/537.36 (KHTML, like Gecko; compatible; ClaudeBot/1.0; +claudebot@anthropic.com)"
216.73.216.95 - - [26/Jul/2026:15:46:23 +0300] "GET /shops/nutritial/t7y1m4p4a9n7o2h1y9a2l5 HTTP/2" 404 8466 "-" "Mozilla/5.0 AppleWebKit/537.36 (KHTML, like Gecko; compatible; ClaudeBot/1.0; +claudebot@anthropic.com)"
216.73.216.95 - - [26/Jul/2026:15:46:25 +0300] "GET /?j=c7o1n6f3i5g1u7r3a1t4e9 HTTP/2" 200 13261 "-" "Mozilla/5.0 AppleWebKit/537.36 (KHTML, like Gecko; compatible; ClaudeBot/1.0; +claudebot@anthropic.com)"
216.73.216.95 - - [26/Jul/2026:15:46:28 +0300] "GET /shops/staphyloraphy/d7a2c4t7y6l5i2o3l2o3g7y HTTP/2" 404 8464 "-" "Mozilla/5.0 AppleWebKit/537.36 (KHTML, like Gecko; compatible; ClaudeBot/1.0; +claudebot@anthropic.com)"
216.73.216.95 - - [26/Jul/2026:15:46:32 +0300] "GET /shops/tappet/t7h1u5r3i5f2i1c8a1t6i0on HTTP/2" 404 8458 "-" "Mozilla/5.0 AppleWebKit/537.36 (KHTML, like Gecko; compatible; ClaudeBot/1.0; +claudebot@anthropic.com)"
216.73.216.95 - - [26/Jul/2026:15:46:35 +0300] "GET /?j=c7o2e6d6u6c7a6t9i3o1n0 HTTP/2" 200 13260 "-" "Mozilla/5.0 AppleWebKit/537.36 (KHTML, like Gecko; compatible; ClaudeBot/1.0; +claudebot@anthropic.com)"
216.73.216.95 - - [26/Jul/2026:15:46:38 +0300] "GET /?j=m7a3r9l8i3n0g54700 HTTP/2" 200 13261 "-" "Mozilla/5.0 AppleWebKit/537.36 (KHTML, like Gecko; compatible; ClaudeBot/1.0; +claudebot@anthropic.com)"
216.73.216.95 - - [26/Jul/2026:15:46:41 +0300] "GET /?j=m7a3l4t4w1o3r0m3345 HTTP/2" 200 13260 "-" "Mozilla/5.0 AppleWebKit/537.36 (KHTML, like Gecko; compatible; ClaudeBot/1.0; +claudebot@anthropic.com)"
216.73.216.95 - - [26/Jul/2026:15:46:44 +0300] "GET /?j=p7a2p8e5r6i5n7g0859 HTTP/2" 200 13264 "-" "Mozilla/5.0 AppleWebKit/537.36 (KHTML, like Gecko; compatible; ClaudeBot/1.0; +claudebot@anthropic.com)"
66.249.68.67 - - [26/Jul/2026:15:36:23 +0300] "GET /?j=s8a1b9b2a5t5h37105 HTTP/1.1" 200 28592 "-" "Mozilla/5.0 (Linux; Android 6.0.1; Nexus 5X Build/MMB29P) AppleWebKit/537.36 (KHTML, like Gecko) Chrome/150.0.7871.128 Mobile Safari/537.36 (compatible; GoogleOther)"
216.73.216.95 - - [26/Jul/2026:15:36:58 +0300] "GET /shops/hellcat/g7a4r2i4b9a0l5d5i96 HTTP/2" 404 8470 "-" "Mozilla/5.0 AppleWebKit/537.36 (KHTML, like Gecko; compatible; ClaudeBot/1.0; +claudebot@anthropic.com)"
86.107.77.108 - - [26/Jul/2026:15:40:49 +0300] "GET /wp-login.php HTTP/2" 200 3007 "-" "Mozilla/5.0 (Windows NT 10.0; Win64; x64) AppleWebKit/537.36 (KHTML, like Gecko) Chrome/150.0.0.0 Safari/537.36"
86.107.77.108 - - [26/Jul/2026:15:40:50 +0300] "POST /wp-login.php HTTP/2" 200 3146 "https://jyskanpalju.fi/wp-login.php" "Mozilla/5.0 (Windows NT 10.0; Win64; x64) AppleWebKit/537.36 (KHTML, like Gecko) Chrome/150.0.0.0 Safari/537.36"
216.73.216.95 - - [26/Jul/2026:15:41:04 +0300] "GET /republicanism/k7r2e8t9i0n5i4n2e268 HTTP/2" 404 8460 "-" "Mozilla/5.0 AppleWebKit/537.36 (KHTML, like Gecko; compatible; ClaudeBot/1.0; +claudebot@anthropic.com)"
216.73.216.95 - - [26/Jul/2026:15:41:07 +0300] "GET /shops/rumbler/m7e1s4o7c2u6n9e8i7f0o9rm HTTP/2" 404 8467 "-" "Mozilla/5.0 AppleWebKit/537.36 (KHTML, like Gecko; compatible; ClaudeBot/1.0; +claudebot@anthropic.com)"
216.73.216.95 - - [26/Jul/2026:15:41:10 +0300] "GET /shops/fingerpaint/r7a2f2f0l4i5n7g5715 HTTP/2" 404 8462 "-" "Mozilla/5.0 AppleWebKit/537.36 (KHTML, like Gecko; compatible; ClaudeBot/1.0; +claudebot@anthropic.com)"
216.73.216.95 - - [26/Jul/2026:15:41:13 +0300] "GET /?j=u7n3d9a5m4p3n7e6d765 HTTP/2" 200 13259 "-" "Mozilla/5.0 AppleWebKit/537.36 (KHTML, like Gecko; compatible; ClaudeBot/1.0; +claudebot@anthropic.com)"
216.73.216.95 - - [26/Jul/2026:15:41:16 +0300] "GET /?j=e7q2u0i6t9a5b0l2e952 HTTP/2" 200 13261 "-" "Mozilla/5.0 AppleWebKit/537.36 (KHTML, like Gecko; compatible; ClaudeBot/1.0; +claudebot@anthropic.com)"
216.73.216.95 - - [26/Jul/2026:15:41:19 +0300] "GET /shops/taciturnity/b7u2r6e1a8u5s55855 HTTP/2" 404 8468 "-" "Mozilla/5.0 AppleWebKit/537.36 (KHTML, like Gecko; compatible; ClaudeBot/1.0; +claudebot@anthropic.com)"
216.73.216.95 - - [26/Jul/2026:15:41:22 +0300] "GET /shops/royalize/c7a4n1t4i6c9o6y9407 HTTP/2" 404 8461 "-" "Mozilla/5.0 AppleWebKit/537.36 (KHTML, like Gecko; compatible; ClaudeBot/1.0; +claudebot@anthropic.com)"
216.73.216.95 - - [26/Jul/2026:15:41:25 +0300] "GET /shops/skepticize/a7d3o0r8a4b5i9l3i5t8y8 HTTP/2" 404 8472 "-" "Mozilla/5.0 AppleWebKit/537.36 (KHTML, like Gecko; compatible; ClaudeBot/1.0; +claudebot@anthropic.com)"
216.73.216.95 - - [26/Jul/2026:15:41:28 +0300] "GET /shops/jellified/p7r4o2w2e3s1s09071 HTTP/2" 404 8459 "-" "Mozilla/5.0 AppleWebKit/537.36 (KHTML, like Gecko; compatible; ClaudeBot/1.0; +claudebot@anthropic.com)"
216.73.216.95 - - [26/Jul/2026:15:41:31 +0300] "GET /shops/gallon/s7u1p2e5r4e5x4c1e5l6l2ent HTTP/2" 404 8465 "-" "Mozilla/5.0 AppleWebKit/537.36 (KHTML, like Gecko; compatible; ClaudeBot/1.0; +claudebot@anthropic.com)"
193.56.116.43 - - [26/Jul/2026:15:42:40 +0300] "POST /wp-login.php HTTP/1.1" 200 3438 "-" "Mozilla/5.0 (Windows NT 10.0; Win64; rv:143.0) Gecko/20100101 Firefox/143.0"
193.56.116.32 - - [26/Jul/2026:15:42:40 +0300] "POST /wp-login.php HTTP/1.1" 200 3425 "-" "Mozilla/5.0 (Macintosh; Intel Mac OS X 10_15_7) AppleWebKit/605.1.15 Version/17.0 Safari/605.1.15"
193.56.116.250 - - [26/Jul/2026:15:42:40 +0300] "POST /wp-login.php HTTP/1.1" 200 3424 "-" "Mozilla/5.0 (Windows NT 10.0; Win64; x64) AppleWebKit/537.36 Chrome/129.0.0.0 Safari/537.36"
193.56.116.41 - - [26/Jul/2026:15:42:40 +0300] "POST /wp-login.php HTTP/1.1" 200 3422 "-" "Mozilla/5.0 (Windows NT 10.0; Win64; rv:143.0) Gecko/20100101 Firefox/143.0"
66.249.68.66 - - [26/Jul/2026:15:45:03 +0300] "GET /?j=m6e3l1a7n4o9c3e3p7h0a6la HTTP/1.1" 200 29523 "-" "Mozilla/5.0 (Linux; Android 6.0.1; Nexus 5X Build/MMB29P) AppleWebKit/537.36 (KHTML, like Gecko) Chrome/150.0.7871.128 Mobile Safari/537.36 (compatible; GoogleOther)"
216.73.216.95 - - [26/Jul/2026:15:42:58 +0300] "GET /shops/guarantee/l7i3n1o2t5y8p6e2620 HTTP/2" 404 8472 "-" "Mozilla/5.0 AppleWebKit/537.36 (KHTML, like Gecko; compatible; ClaudeBot/1.0; +claudebot@anthropic.com)"
216.73.216.95 - - [26/Jul/2026:15:43:01 +0300] "GET /shops/senega/d7r4u0n3k3518362 HTTP/2" 404 8451 "-" "Mozilla/5.0 AppleWebKit/537.36 (KHTML, like Gecko; compatible; ClaudeBot/1.0; +claudebot@anthropic.com)"
216.73.216.95 - - [26/Jul/2026:15:43:04 +0300] "GET /shops/circumcursation/s7o3u6b3a3h2d3a0r957 HTTP/2" 404 8458 "-" "Mozilla/5.0 AppleWebKit/537.36 (KHTML, like Gecko; compatible; ClaudeBot/1.0; +claudebot@anthropic.com)"
216.73.216.95 - - [26/Jul/2026:15:43:07 +0300] "GET /mustiness/f7e1t5i8c1h431758 HTTP/2" 404 8450 "-" "Mozilla/5.0 AppleWebKit/537.36 (KHTML, like Gecko; compatible; ClaudeBot/1.0; +claudebot@anthropic.com)"
216.73.216.95 - - [26/Jul/2026:15:43:10 +0300] "GET /?j=f7o2u5r4s0o2m2e2770 HTTP/2" 200 13263 "-" "Mozilla/5.0 AppleWebKit/537.36 (KHTML, like Gecko; compatible; ClaudeBot/1.0; +claudebot@anthropic.com)"
216.73.216.95 - - [26/Jul/2026:15:43:13 +0300] "GET /overgone/cockyolly/71687400785 HTTP/2" 404 8468 "-" "Mozilla/5.0 AppleWebKit/537.36 (KHTML, like Gecko; compatible; ClaudeBot/1.0; +claudebot@anthropic.com)"
216.73.216.95 - - [26/Jul/2026:15:43:16 +0300] "GET /?j=b7e3i0g6e6017662 HTTP/2" 200 13260 "-" "Mozilla/5.0 AppleWebKit/537.36 (KHTML, like Gecko; compatible; ClaudeBot/1.0; +claudebot@anthropic.com)"
216.73.216.95 - - [26/Jul/2026:15:43:19 +0300] "GET /shops/uroglaucin/b7a4s4e6b5u2r3n1e1r6 HTTP/2" 404 8461 "-" "Mozilla/5.0 AppleWebKit/537.36 (KHTML, like Gecko; compatible; ClaudeBot/1.0; +claudebot@anthropic.com)"
216.73.216.95 - - [26/Jul/2026:15:43:22 +0300] "GET /shops/immeasurability/a7y3e6g7r9e1e3n1695 HTTP/2" 404 8466 "-" "Mozilla/5.0 AppleWebKit/537.36 (KHTML, like Gecko; compatible; ClaudeBot/1.0; +claudebot@anthropic.com)"
216.73.216.95 - - [26/Jul/2026:15:43:25 +0300] "GET /?j=u7r2t1i7c2a9e57235 HTTP/2" 200 13261 "-" "Mozilla/5.0 AppleWebKit/537.36 (KHTML, like Gecko; compatible; ClaudeBot/1.0; +claudebot@anthropic.com)"
216.73.216.95 - - [26/Jul/2026:15:43:28 +0300] "GET /?j=a7l2g0i3n0311567 HTTP/2" 200 13260 "-" "Mozilla/5.0 AppleWebKit/537.36 (KHTML, like Gecko; compatible; ClaudeBot/1.0; +claudebot@anthropic.com)"
216.73.216.95 - - [26/Jul/2026:15:43:31 +0300] "GET /?j=p7r2o6f6i6c0i8e1n2c7e2 HTTP/2" 200 13261 "-" "Mozilla/5.0 AppleWebKit/537.36 (KHTML, like Gecko; compatible; ClaudeBot/1.0; +claudebot@anthropic.com)"
216.73.216.95 - - [26/Jul/2026:15:43:34 +0300] "GET /?j=c7o3a4l9b2l7a6c4k265 HTTP/2" 200 13260 "-" "Mozilla/5.0 AppleWebKit/537.36 (KHTML, like Gecko; compatible; ClaudeBot/1.0; +claudebot@anthropic.com)"
216.73.216.95 - - [26/Jul/2026:15:43:37 +0300] "GET /shops/hydramine/s7e2x6u5a1l2l7y6699 HTTP/2" 404 8475 "-" "Mozilla/5.0 AppleWebKit/537.36 (KHTML, like Gecko; compatible; ClaudeBot/1.0; +claudebot@anthropic.com)"
216.73.216.95 - - [26/Jul/2026:15:43:40 +0300] "GET /?j=m7e3l2i6p4h4a1g5a855 HTTP/2" 200 13261 "-" "Mozilla/5.0 AppleWebKit/537.36 (KHTML, like Gecko; compatible; ClaudeBot/1.0; +claudebot@anthropic.com)"
216.73.216.95 - - [26/Jul/2026:15:46:58 +0300] "GET /shops/kinsmen/t7h5e0o0g5o8n4i8s7m1 HTTP/2" 404 8458 "-" "Mozilla/5.0 AppleWebKit/537.36 (KHTML, like Gecko; compatible; ClaudeBot/1.0; +claudebot@anthropic.com)"
216.73.216.95 - - [26/Jul/2026:15:47:01 +0300] "GET /?j=n7u1m3b1e9r0c2r4u4n1c6her HTTP/2" 200 13260 "-" "Mozilla/5.0 AppleWebKit/537.36 (KHTML, like Gecko; compatible; ClaudeBot/1.0; +claudebot@anthropic.com)"
216.73.216.95 - - [26/Jul/2026:15:47:04 +0300] "GET /?j=d7e3s3s2e0r8t4s9p7o6o6nfuls HTTP/2" 200 13262 "-" "Mozilla/5.0 AppleWebKit/537.36 (KHTML, like Gecko; compatible; ClaudeBot/1.0; +claudebot@anthropic.com)"
216.73.216.95 - - [26/Jul/2026:15:47:07 +0300] "GET /?j=w7i6l4l7f5u9l4l9y19 HTTP/2" 200 13259 "-" "Mozilla/5.0 AppleWebKit/537.36 (KHTML, like Gecko; compatible; ClaudeBot/1.0; +claudebot@anthropic.com)"
216.73.216.95 - - [26/Jul/2026:15:47:25 +0300] "GET /?j=s7u2b5j6u9g2a9t1i8o9n0 HTTP/2" 200 13260 "-" "Mozilla/5.0 AppleWebKit/537.36 (KHTML, like Gecko; compatible; ClaudeBot/1.0; +claudebot@anthropic.com)"
216.73.216.95 - - [26/Jul/2026:15:47:28 +0300] "GET /?j=w7h1i6g2g6a6r1c7h7y7 HTTP/2" 200 13261 "-" "Mozilla/5.0 AppleWebKit/537.36 (KHTML, like Gecko; compatible; ClaudeBot/1.0; +claudebot@anthropic.com)"
91.190.192.250 - - [26/Jul/2026:15:47:31 +0300] "POST /wp-cron.php?doing_wp_cron=1785070051.8604030609130859375000 HTTP/1.1" 200 0 "-" "WordPress/7.0; https://jyskanpalju.fi"
216.73.216.95 - - [26/Jul/2026:15:47:30 +0300] "GET /?j=t7o1n9y3h8o8o8p2270 HTTP/2" 200 13261 "-" "Mozilla/5.0 AppleWebKit/537.36 (KHTML, like Gecko; compatible; ClaudeBot/1.0; +claudebot@anthropic.com)"
216.73.216.95 - - [26/Jul/2026:15:47:34 +0300] "GET /?j=i7m1p4u4g6n6i5n4g472 HTTP/2" 200 13263 "-" "Mozilla/5.0 AppleWebKit/537.36 (KHTML, like Gecko; compatible; ClaudeBot/1.0; +claudebot@anthropic.com)"
216.73.216.95 - - [26/Jul/2026:15:47:41 +0300] "GET /?j=a7s3s4i6m0i0l3a4t0i0o5n HTTP/2" 200 13261 "-" "Mozilla/5.0 AppleWebKit/537.36 (KHTML, like Gecko; compatible; ClaudeBot/1.0; +claudebot@anthropic.com)"
216.73.216.95 - - [26/Jul/2026:15:47:43 +0300] "GET /?j=h7e3m0a0t2o4p7h0i1l7i1a HTTP/2" 200 13261 "-" "Mozilla/5.0 AppleWebKit/537.36 (KHTML, like Gecko; compatible; ClaudeBot/1.0; +claudebot@anthropic.com)"
216.73.216.95 - - [26/Jul/2026:15:47:46 +0300] "GET /porridge/doolee/i7r1r3e2c1u3s5a2b5l2e9 HTTP/2" 404 8465 "-" "Mozilla/5.0 AppleWebKit/537.36 (KHTML, like Gecko; compatible; ClaudeBot/1.0; +claudebot@anthropic.com)"
216.73.216.95 - - [26/Jul/2026:15:47:49 +0300] "GET /shops/allele/s7y3s7t0e9m5a1t1i5s5m8 HTTP/2" 404 8474 "-" "Mozilla/5.0 AppleWebKit/537.36 (KHTML, like Gecko; compatible; ClaudeBot/1.0; +claudebot@anthropic.com)"
216.73.216.95 - - [26/Jul/2026:15:47:58 +0300] "GET /?j=h7o2c1u3s2p6o8c6u9s95 HTTP/2" 200 13259 "-" "Mozilla/5.0 AppleWebKit/537.36 (KHTML, like Gecko; compatible; ClaudeBot/1.0; +claudebot@anthropic.com)"
216.73.216.95 - - [26/Jul/2026:15:48:01 +0300] "GET /?j=c7o1r3n8i8f6i7c5a5t7i7on HTTP/2" 200 13261 "-" "Mozilla/5.0 AppleWebKit/537.36 (KHTML, like Gecko; compatible; ClaudeBot/1.0; +claudebot@anthropic.com)"
216.73.216.95 - - [26/Jul/2026:15:48:04 +0300] "GET /shops/motherhood/t7i1d6d7y0674025 HTTP/2" 404 8471 "-" "Mozilla/5.0 AppleWebKit/537.36 (KHTML, like Gecko; compatible; ClaudeBot/1.0; +claudebot@anthropic.com)"
216.73.216.95 - - [26/Jul/2026:15:48:07 +0300] "GET /?j=l7u6p3u3l6i1n6a554 HTTP/2" 200 13260 "-" "Mozilla/5.0 AppleWebKit/537.36 (KHTML, like Gecko; compatible; ClaudeBot/1.0; +claudebot@anthropic.com)"
66.249.68.66 - - [26/Jul/2026:15:48:31 +0300] "GET /?j=a6n1t0h7r4e2n4u9s253 HTTP/1.1" 200 29476 "-" "Mozilla/5.0 (Linux; Android 6.0.1; Nexus 5X Build/MMB29P) AppleWebKit/537.36 (KHTML, like Gecko) Chrome/150.0.7871.128 Mobile Safari/537.36 (compatible; GoogleOther)"
66.249.68.67 - - [26/Jul/2026:15:53:32 +0300] "GET /?j=f6i2r4e0t3r4e0e6985 HTTP/1.1" 200 29468 "-" "Mozilla/5.0 (Linux; Android 6.0.1; Nexus 5X Build/MMB29P) AppleWebKit/537.36 (KHTML, like Gecko) Chrome/150.0.7871.128 Mobile Safari/537.36 (compatible; GoogleOther)"
165.22.214.22 - - [26/Jul/2026:15:55:16 +0300] "GET /wp-login.php HTTP/2" 200 3007 "-" "Mozilla/5.0 (Windows NT 10.0; Win64; x64) AppleWebKit/537.36 (KHTML, like Gecko) Chrome/120.0.0.0 Safari/537.36"
165.22.214.22 - - [26/Jul/2026:15:55:17 +0300] "POST /wp-login.php HTTP/2" 200 3102 "https://xn--jysknpalju-t5a.fi/wp-login.php" "Mozilla/5.0 (Windows NT 10.0; Win64; x64) AppleWebKit/537.36 (KHTML, like Gecko) Chrome/120.0.0.0 Safari/537.36"
209.42.31.36 - - [26/Jul/2026:15:56:01 +0300] "GET /wp-login.php HTTP/2" 200 3007 "-" "Mozilla/5.0 (Windows NT 10.0; Win64; x64) AppleWebKit/537.36 (KHTML, like Gecko) Chrome/150.0.0.0 Safari/537.36"
216.73.216.95 - - [26/Jul/2026:15:46:47 +0300] "GET /shops/symmetry/p7e1r8m5i6s0s5i9b6l8e2 HTTP/2" 404 8459 "-" "Mozilla/5.0 AppleWebKit/537.36 (KHTML, like Gecko; compatible; ClaudeBot/1.0; +claudebot@anthropic.com)"
216.73.216.95 - - [26/Jul/2026:15:46:50 +0300] "GET /?j=m7a1r1c6a2s7i8t3i0c36 HTTP/2" 200 13263 "-" "Mozilla/5.0 AppleWebKit/537.36 (KHTML, like Gecko; compatible; ClaudeBot/1.0; +claudebot@anthropic.com)"
216.73.216.95 - - [26/Jul/2026:15:46:53 +0300] "GET /?j=i7n3h1u2m0a2n3e7l8y91 HTTP/2" 200 13261 "-" "Mozilla/5.0 AppleWebKit/537.36 (KHTML, like Gecko; compatible; ClaudeBot/1.0; +claudebot@anthropic.com)"
66.249.68.65 - - [26/Jul/2026:15:47:32 +0300] "GET /?j=c7l2a4d8o4p0h0o0r7a45 HTTP/1.1" 200 31081 "-" "Mozilla/5.0 (Linux; Android 6.0.1; Nexus 5X Build/MMB29P) AppleWebKit/537.36 (KHTML, like Gecko) Chrome/150.0.7871.128 Mobile Safari/537.36 (compatible; GoogleOther)"
216.73.216.95 - - [26/Jul/2026:15:48:52 +0300] "GET /?j=m7e4t1a7p4h6o9s7p8h4o5ric HTTP/2" 200 13263 "-" "Mozilla/5.0 AppleWebKit/537.36 (KHTML, like Gecko; compatible; ClaudeBot/1.0; +claudebot@anthropic.com)"
49.12.216.176 - - [26/Jul/2026:15:56:58 +0300] "GET /wp-login.php HTTP/2" 200 3007 "-" "Mozilla/5.0 (Windows NT 10.0; Win64; x64) AppleWebKit/537.36 (KHTML, like Gecko) Chrome/150.0.0.0 Safari/537.36"
216.73.216.95 - - [26/Jul/2026:15:58:51 +0300] "GET /?j=c7a9m5p2h9o7r6a121 HTTP/2" 200 13263 "-" "Mozilla/5.0 AppleWebKit/537.36 (KHTML, like Gecko; compatible; ClaudeBot/1.0; +claudebot@anthropic.com)"
216.73.216.95 - - [26/Jul/2026:15:58:54 +0300] "GET /shops/codical/c7o3u6r4b2537446 HTTP/2" 404 8468 "-" "Mozilla/5.0 AppleWebKit/537.36 (KHTML, like Gecko; compatible; ClaudeBot/1.0; +claudebot@anthropic.com)"
216.73.216.95 - - [26/Jul/2026:15:58:57 +0300] "GET /noiselessness/o7v1u2l8i5t6e61143 HTTP/2" 404 8466 "-" "Mozilla/5.0 AppleWebKit/537.36 (KHTML, like Gecko; compatible; ClaudeBot/1.0; +claudebot@anthropic.com)"
216.73.216.95 - - [26/Jul/2026:15:59:00 +0300] "GET /shops/ragman/p7l4e7a8t8e4d229 HTTP/2" 404 8451 "-" "Mozilla/5.0 AppleWebKit/537.36 (KHTML, like Gecko; compatible; ClaudeBot/1.0; +claudebot@anthropic.com)"
216.73.216.95 - - [26/Jul/2026:15:59:03 +0300] "GET /salamanders/hyperplasia/74271848581 HTTP/2" 404 8472 "-" "Mozilla/5.0 AppleWebKit/537.36 (KHTML, like Gecko; compatible; ClaudeBot/1.0; +claudebot@anthropic.com)"
216.73.216.95 - - [26/Jul/2026:15:59:06 +0300] "GET /shops/scopulas/a7m2e8n3d64585 HTTP/2" 404 8452 "-" "Mozilla/5.0 AppleWebKit/537.36 (KHTML, like Gecko; compatible; ClaudeBot/1.0; +claudebot@anthropic.com)"
216.73.216.95 - - [26/Jul/2026:15:59:09 +0300] "GET /tripleexpansion/validation/74153723147 HTTP/2" 404 8461 "-" "Mozilla/5.0 AppleWebKit/537.36 (KHTML, like Gecko; compatible; ClaudeBot/1.0; +claudebot@anthropic.com)"
216.73.216.95 - - [26/Jul/2026:15:59:12 +0300] "GET /shops/hackery/p7l3u4c4k7e8d7479 HTTP/2" 404 8471 "-" "Mozilla/5.0 AppleWebKit/537.36 (KHTML, like Gecko; compatible; ClaudeBot/1.0; +claudebot@anthropic.com)"
216.73.216.95 - - [26/Jul/2026:15:59:15 +0300] "GET /?j=e7n2c2o7u5n5t9e7r HTTP/2" 200 13260 "-" "Mozilla/5.0 AppleWebKit/537.36 (KHTML, like Gecko; compatible; ClaudeBot/1.0; +claudebot@anthropic.com)"
216.73.216.95 - - [26/Jul/2026:15:59:18 +0300] "GET /setwal/dacotan/71119601147 HTTP/2" 404 8438 "-" "Mozilla/5.0 AppleWebKit/537.36 (KHTML, like Gecko; compatible; ClaudeBot/1.0; +claudebot@anthropic.com)"
216.73.216.95 - - [26/Jul/2026:15:59:21 +0300] "GET /?j=p7e2l7o7r6i4a14437 HTTP/2" 200 13261 "-" "Mozilla/5.0 AppleWebKit/537.36 (KHTML, like Gecko; compatible; ClaudeBot/1.0; +claudebot@anthropic.com)"
216.73.216.95 - - [26/Jul/2026:15:59:24 +0300] "GET /shops/progressing/l7y1m8a9n7t2r2i6i4d74 HTTP/2" 404 8470 "-" "Mozilla/5.0 AppleWebKit/537.36 (KHTML, like Gecko; compatible; ClaudeBot/1.0; +claudebot@anthropic.com)"
216.73.216.95 - - [26/Jul/2026:15:59:27 +0300] "GET /massora/jackoftheclock/71364489896 HTTP/2" 404 8460 "-" "Mozilla/5.0 AppleWebKit/537.36 (KHTML, like Gecko; compatible; ClaudeBot/1.0; +claudebot@anthropic.com)"
91.193.232.79 - - [26/Jul/2026:15:59:33 +0300] "POST /wp-login.php HTTP/1.1" 200 3438 "-" "Mozilla/5.0 (Windows NT 10.0; Win64; rv:143.0) Gecko/20100101 Firefox/143.0"
193.56.116.47 - - [26/Jul/2026:15:59:33 +0300] "POST /wp-login.php HTTP/1.1" 200 3424 "-" "Mozilla/5.0 (Macintosh; Intel Mac OS X 10_15_7) AppleWebKit/605.1.15 Version/17.0 Safari/605.1.15"
193.56.116.30 - - [26/Jul/2026:15:59:33 +0300] "POST /wp-login.php HTTP/1.1" 200 3422 "-" "Mozilla/5.0 (Windows NT 10.0; Win64; x64) AppleWebKit/537.36 Chrome/129.0.0.0 Safari/537.36"
216.73.216.95 - - [26/Jul/2026:15:59:34 +0300] "GET /?j=d7o3l0l9h8o7u3s8e037 HTTP/2" 200 13261 "-" "Mozilla/5.0 AppleWebKit/537.36 (KHTML, like Gecko; compatible; ClaudeBot/1.0; +claudebot@anthropic.com)"
216.73.216.95 - - [26/Jul/2026:15:59:37 +0300] "GET /shops/sickest/b7e3t5l3e5966163 HTTP/2" 404 8467 "-" "Mozilla/5.0 AppleWebKit/537.36 (KHTML, like Gecko; compatible; ClaudeBot/1.0; +claudebot@anthropic.com)"
216.73.216.95 - - [26/Jul/2026:15:59:40 +0300] "GET /?j=o7s2c1u6l2a0t3i4n1g74 HTTP/2" 200 13260 "-" "Mozilla/5.0 AppleWebKit/537.36 (KHTML, like Gecko; compatible; ClaudeBot/1.0; +claudebot@anthropic.com)"
216.73.216.95 - - [26/Jul/2026:15:59:43 +0300] "GET /shops/junker/t7r2a1m5m6e2l33271 HTTP/2" 404 8469 "-" "Mozilla/5.0 AppleWebKit/537.36 (KHTML, like Gecko; compatible; ClaudeBot/1.0; +claudebot@anthropic.com)"
216.73.216.95 - - [26/Jul/2026:15:59:46 +0300] "GET /shops/geographics/w7e2l6t4e3r1e2d3146 HTTP/2" 404 8458 "-" "Mozilla/5.0 AppleWebKit/537.36 (KHTML, like Gecko; compatible; ClaudeBot/1.0; +claudebot@anthropic.com)"
216.73.216.95 - - [26/Jul/2026:15:59:49 +0300] "GET /shops/exoteric/m7u2r1i7a2t5i8c7372 HTTP/2" 404 8458 "-" "Mozilla/5.0 AppleWebKit/537.36 (KHTML, like Gecko; compatible; ClaudeBot/1.0; +claudebot@anthropic.com)"
216.73.216.95 - - [26/Jul/2026:15:59:52 +0300] "GET /shops/unsecularize/b7o1u5r2n2586630 HTTP/2" 404 8475 "-" "Mozilla/5.0 AppleWebKit/537.36 (KHTML, like Gecko; compatible; ClaudeBot/1.0; +claudebot@anthropic.com)"
216.73.216.95 - - [26/Jul/2026:15:59:55 +0300] "GET /shops/penality/g7a3l4e6r9u8c5a5214 HTTP/2" 404 8460 "-" "Mozilla/5.0 AppleWebKit/537.36 (KHTML, like Gecko; compatible; ClaudeBot/1.0; +claudebot@anthropic.com)"
216.73.216.95 - - [26/Jul/2026:15:59:58 +0300] "GET /shops/stithy/c7o2n2t4e3n6t7e7d8n5e9ss HTTP/2" 404 8462 "-" "Mozilla/5.0 AppleWebKit/537.36 (KHTML, like Gecko; compatible; ClaudeBot/1.0; +claudebot@anthropic.com)"
216.73.216.95 - - [26/Jul/2026:16:00:01 +0300] "GET /shops/slice/a7l6l3u9r5e5m2e2n0t9 HTTP/2" 404 8467 "-" "Mozilla/5.0 AppleWebKit/537.36 (KHTML, like Gecko; compatible; ClaudeBot/1.0; +claudebot@anthropic.com)"
216.73.216.95 - - [26/Jul/2026:16:00:04 +0300] "GET /?j=b7e7l9e7e041794 HTTP/2" 200 13260 "-" "Mozilla/5.0 AppleWebKit/537.36 (KHTML, like Gecko; compatible; ClaudeBot/1.0; +claudebot@anthropic.com)"
216.73.216.95 - - [26/Jul/2026:16:00:07 +0300] "GET /swiftfoot/chronologist/71644160231 HTTP/2" 404 8459 "-" "Mozilla/5.0 AppleWebKit/537.36 (KHTML, like Gecko; compatible; ClaudeBot/1.0; +claudebot@anthropic.com)"
216.73.216.95 - - [26/Jul/2026:16:00:10 +0300] "GET /shops/conferee/m7u3n8d8a0n7e62607 HTTP/2" 404 8470 "-" "Mozilla/5.0 AppleWebKit/537.36 (KHTML, like Gecko; compatible; ClaudeBot/1.0; +claudebot@anthropic.com)"
216.73.216.95 - - [26/Jul/2026:16:00:13 +0300] "GET /shops/clammyweed/b7e4m2o8c2k401779 HTTP/2" 404 8459 "-" "Mozilla/5.0 AppleWebKit/537.36 (KHTML, like Gecko; compatible; ClaudeBot/1.0; +claudebot@anthropic.com)"
216.73.216.95 - - [26/Jul/2026:16:00:16 +0300] "GET /?j=c7a2d3m2i9c662469 HTTP/2" 200 13261 "-" "Mozilla/5.0 AppleWebKit/537.36 (KHTML, like Gecko; compatible; ClaudeBot/1.0; +claudebot@anthropic.com)"
216.73.216.95 - - [26/Jul/2026:16:00:19 +0300] "GET /trichromatic/apotome/7387373455 HTTP/2" 404 8471 "-" "Mozilla/5.0 AppleWebKit/537.36 (KHTML, like Gecko; compatible; ClaudeBot/1.0; +claudebot@anthropic.com)"
216.73.216.95 - - [26/Jul/2026:16:00:22 +0300] "GET /shops/lickerousness/e7g6y6p2t454986 HTTP/2" 404 8474 "-" "Mozilla/5.0 AppleWebKit/537.36 (KHTML, like Gecko; compatible; ClaudeBot/1.0; +claudebot@anthropic.com)"
216.73.216.95 - - [26/Jul/2026:16:00:25 +0300] "GET /mendicate/meandrina/f7e8a3s5i0b4l1e165 HTTP/2" 404 8465 "-" "Mozilla/5.0 AppleWebKit/537.36 (KHTML, like Gecko; compatible; ClaudeBot/1.0; +claudebot@anthropic.com)"
216.73.216.95 - - [26/Jul/2026:16:00:28 +0300] "GET /cyperaceae/a7w4a2y8w2a8r1d4373 HTTP/2" 404 8466 "-" "Mozilla/5.0 AppleWebKit/537.36 (KHTML, like Gecko; compatible; ClaudeBot/1.0; +claudebot@anthropic.com)"
216.73.216.95 - - [26/Jul/2026:16:00:31 +0300] "GET /?j=g7e6m1m2a7t4e235 HTTP/2" 200 13261 "-" "Mozilla/5.0 AppleWebKit/537.36 (KHTML, like Gecko; compatible; ClaudeBot/1.0; +claudebot@anthropic.com)"
216.73.216.95 - - [26/Jul/2026:16:00:34 +0300] "GET /sloam/c7a1n1e1s3990738 HTTP/2" 404 8450 "-" "Mozilla/5.0 AppleWebKit/537.36 (KHTML, like Gecko; compatible; ClaudeBot/1.0; +claudebot@anthropic.com)"
216.73.216.95 - - [26/Jul/2026:16:00:40 +0300] "GET /homoeopath/g7h3a2s7t2l3i4e6s7t38 HTTP/2" 404 8468 "-" "Mozilla/5.0 AppleWebKit/537.36 (KHTML, like Gecko; compatible; ClaudeBot/1.0; +claudebot@anthropic.com)"
216.73.216.95 - - [26/Jul/2026:16:00:43 +0300] "GET /?j=n7a2r1r1a8t8e092 HTTP/2" 200 13260 "-" "Mozilla/5.0 AppleWebKit/537.36 (KHTML, like Gecko; compatible; ClaudeBot/1.0; +claudebot@anthropic.com)"
216.73.216.95 - - [26/Jul/2026:16:00:46 +0300] "GET /?j=f7a5r9r6a7n4d791 HTTP/2" 200 13260 "-" "Mozilla/5.0 AppleWebKit/537.36 (KHTML, like Gecko; compatible; ClaudeBot/1.0; +claudebot@anthropic.com)"
216.73.216.95 - - [26/Jul/2026:16:00:49 +0300] "GET /?j=l7i1n4n9a3e5i6t4e052 HTTP/2" 200 13259 "-" "Mozilla/5.0 AppleWebKit/537.36 (KHTML, like Gecko; compatible; ClaudeBot/1.0; +claudebot@anthropic.com)"
216.73.216.95 - - [26/Jul/2026:16:00:52 +0300] "GET /shops/presential/t7h9i7n8o6l2i3t7e14 HTTP/2" 404 8466 "-" "Mozilla/5.0 AppleWebKit/537.36 (KHTML, like Gecko; compatible; ClaudeBot/1.0; +claudebot@anthropic.com)"
216.73.216.95 - - [26/Jul/2026:16:00:55 +0300] "GET /eyedrop/clearstraching/s7e5l7f9a5c9t9i2n0g2 HTTP/2" 404 8460 "-" "Mozilla/5.0 AppleWebKit/537.36 (KHTML, like Gecko; compatible; ClaudeBot/1.0; +claudebot@anthropic.com)"
216.73.216.95 - - [26/Jul/2026:16:00:58 +0300] "GET /?j=d7e3s8t6i2n0a1l3619 HTTP/2" 200 13261 "-" "Mozilla/5.0 AppleWebKit/537.36 (KHTML, like Gecko; compatible; ClaudeBot/1.0; +claudebot@anthropic.com)"
216.73.216.95 - - [26/Jul/2026:16:01:03 +0300] "GET /shops/dense/l7y2t1h9r8u4m65246 HTTP/2" 404 8466 "-" "Mozilla/5.0 AppleWebKit/537.36 (KHTML, like Gecko; compatible; ClaudeBot/1.0; +claudebot@anthropic.com)"
216.73.216.95 - - [26/Jul/2026:16:01:05 +0300] "GET /scullery/detestation/t7e1r0r2a6r490822 HTTP/2" 404 8464 "-" "Mozilla/5.0 AppleWebKit/537.36 (KHTML, like Gecko; compatible; ClaudeBot/1.0; +claudebot@anthropic.com)"
216.73.216.95 - - [26/Jul/2026:16:01:08 +0300] "GET /?j=d7i6v5e8r6s2i8f2i1a1ble HTTP/2" 200 13261 "-" "Mozilla/5.0 AppleWebKit/537.36 (KHTML, like Gecko; compatible; ClaudeBot/1.0; +claudebot@anthropic.com)"
216.73.216.95 - - [26/Jul/2026:16:01:11 +0300] "GET /?j=d7i2s8a4c9q4u4a2i3n1t9 HTTP/2" 200 13264 "-" "Mozilla/5.0 AppleWebKit/537.36 (KHTML, like Gecko; compatible; ClaudeBot/1.0; +claudebot@anthropic.com)"
216.73.216.95 - - [26/Jul/2026:16:01:14 +0300] "GET /escargot/t7h5w7a9r4t0e8r708 HTTP/2" 404 8451 "-" "Mozilla/5.0 AppleWebKit/537.36 (KHTML, like Gecko; compatible; ClaudeBot/1.0; +claudebot@anthropic.com)"
216.73.216.95 - - [26/Jul/2026:16:01:17 +0300] "GET /?j=b7o9d2i5l7i2n0e4s2s6 HTTP/2" 200 13264 "-" "Mozilla/5.0 AppleWebKit/537.36 (KHTML, like Gecko; compatible; ClaudeBot/1.0; +claudebot@anthropic.com)"
216.73.216.95 - - [26/Jul/2026:16:01:20 +0300] "GET /shops/quester/r7e3a6d7j4u9s9t8m1e0nt HTTP/2" 404 8469 "-" "Mozilla/5.0 AppleWebKit/537.36 (KHTML, like Gecko; compatible; ClaudeBot/1.0; +claudebot@anthropic.com)"
216.73.216.95 - - [26/Jul/2026:15:47:13 +0300] "GET /?j=p7e1t5r7o2l3o0g1i7s8t9 HTTP/2" 200 13261 "-" "Mozilla/5.0 AppleWebKit/537.36 (KHTML, like Gecko; compatible; ClaudeBot/1.0; +claudebot@anthropic.com)"
216.73.216.95 - - [26/Jul/2026:15:47:15 +0300] "GET /?j=r7u6t9h0l8e6s1s7n0ess HTTP/2" 200 13261 "-" "Mozilla/5.0 AppleWebKit/537.36 (KHTML, like Gecko; compatible; ClaudeBot/1.0; +claudebot@anthropic.com)"
216.73.216.95 - - [26/Jul/2026:15:47:18 +0300] "GET /?j=p7r6e3o1b4l5o1n9g8a0ta HTTP/2" 200 13260 "-" "Mozilla/5.0 AppleWebKit/537.36 (KHTML, like Gecko; compatible; ClaudeBot/1.0; +claudebot@anthropic.com)"
216.73.216.95 - - [26/Jul/2026:15:47:21 +0300] "GET /shops/stizostedion/s7t1o5u1t1e5r53338 HTTP/2" 404 8461 "-" "Mozilla/5.0 AppleWebKit/537.36 (KHTML, like Gecko; compatible; ClaudeBot/1.0; +claudebot@anthropic.com)"
216.73.216.95 - - [26/Jul/2026:15:47:53 +0300] "GET /?j=t7i1t7h8o5n4o2g2r8a0p2hic HTTP/2" 200 13261 "-" "Mozilla/5.0 AppleWebKit/537.36 (KHTML, like Gecko; compatible; ClaudeBot/1.0; +claudebot@anthropic.com)"
216.73.216.95 - - [26/Jul/2026:15:48:12 +0300] "GET /shops/tumtum/c7h2e1m0i8s4o1r5p0t5i6ve HTTP/2" 404 8461 "-" "Mozilla/5.0 AppleWebKit/537.36 (KHTML, like Gecko; compatible; ClaudeBot/1.0; +claudebot@anthropic.com)"
216.73.216.95 - - [26/Jul/2026:15:48:15 +0300] "GET /?j=s7t3r4a8i8g2h8t7f6o1r5th HTTP/2" 200 13261 "-" "Mozilla/5.0 AppleWebKit/537.36 (KHTML, like Gecko; compatible; ClaudeBot/1.0; +claudebot@anthropic.com)"
216.73.216.95 - - [26/Jul/2026:15:48:18 +0300] "GET /?j=c7o3u5n0t8e7r8c9h9e3c2ked HTTP/2" 200 13260 "-" "Mozilla/5.0 AppleWebKit/537.36 (KHTML, like Gecko; compatible; ClaudeBot/1.0; +claudebot@anthropic.com)"
216.73.216.95 - - [26/Jul/2026:15:48:21 +0300] "GET /?j=t7r1a0c4t2i0l5i7t6y14 HTTP/2" 200 13259 "-" "Mozilla/5.0 AppleWebKit/537.36 (KHTML, like Gecko; compatible; ClaudeBot/1.0; +claudebot@anthropic.com)"
216.73.216.95 - - [26/Jul/2026:15:48:37 +0300] "GET /?j=c7a3c0h0i1n2n5a8t0o5r6y HTTP/2" 200 13261 "-" "Mozilla/5.0 AppleWebKit/537.36 (KHTML, like Gecko; compatible; ClaudeBot/1.0; +claudebot@anthropic.com)"
216.73.216.95 - - [26/Jul/2026:15:48:40 +0300] "GET /?j=c7o3n7j4u9r3a7t5i8o6n HTTP/2" 200 13260 "-" "Mozilla/5.0 AppleWebKit/537.36 (KHTML, like Gecko; compatible; ClaudeBot/1.0; +claudebot@anthropic.com)"
216.73.216.95 - - [26/Jul/2026:15:48:43 +0300] "GET /?j=l7a3d8y5k5i9l1l4i4n5g7 HTTP/2" 200 13261 "-" "Mozilla/5.0 AppleWebKit/537.36 (KHTML, like Gecko; compatible; ClaudeBot/1.0; +claudebot@anthropic.com)"
216.73.216.95 - - [26/Jul/2026:15:48:46 +0300] "GET /?j=i7m2p4r5e7s9c6r8i2p8t0ible HTTP/2" 200 13261 "-" "Mozilla/5.0 AppleWebKit/537.36 (KHTML, like Gecko; compatible; ClaudeBot/1.0; +claudebot@anthropic.com)"
62.210.185.4 - - [26/Jul/2026:15:54:55 +0300] "GET /wp-login.php HTTP/2" 200 3007 "-" "Mozilla/5.0 (Windows NT 10.0; Win64; x64) AppleWebKit/537.36 (KHTML, like Gecko) Chrome/150.0.0.0 Safari/537.36"
62.210.185.4 - - [26/Jul/2026:15:54:55 +0300] "POST /wp-login.php HTTP/2" 200 3173 "https://xn--jysknpalju-t5a.fi/wp-login.php" "Mozilla/5.0 (Windows NT 10.0; Win64; x64) AppleWebKit/537.36 (KHTML, like Gecko) Chrome/150.0.0.0 Safari/537.36"
66.249.68.66 - - [26/Jul/2026:15:56:13 +0300] "GET /?j=d5o1l7o5r2i1f5e4r8o4u4s HTTP/1.1" 200 31773 "-" "Mozilla/5.0 (Linux; Android 6.0.1; Nexus 5X Build/MMB29P) AppleWebKit/537.36 (KHTML, like Gecko) Chrome/150.0.7871.128 Mobile Safari/537.36 (compatible; GoogleOther)"
193.56.116.249 - - [26/Jul/2026:15:59:33 +0300] "POST /wp-login.php HTTP/1.1" 200 3422 "-" "Mozilla/5.0 (Windows NT 10.0; Win64; x64) AppleWebKit/537.36 Chrome/129.0.0.0 Safari/537.36"
91.190.192.250 - - [26/Jul/2026:16:00:02 +0300] "POST /wp-cron.php?doing_wp_cron=1785070802.0285670757293701171875 HTTP/1.1" 200 0 "-" "WordPress/7.0; https://jyskanpalju.fi"
66.249.68.66 - - [26/Jul/2026:16:01:39 +0300] "GET /?j=l2a7w1b2r1e7a9k7i6n2g HTTP/1.1" 200 30243 "-" "Mozilla/5.0 (Linux; Android 6.0.1; Nexus 5X Build/MMB29P) AppleWebKit/537.36 (KHTML, like Gecko) Chrome/150.0.7871.128 Mobile Safari/537.36 (compatible; GoogleOther)"
209.42.31.36 - - [26/Jul/2026:15:56:01 +0300] "POST /wp-login.php HTTP/2" 200 3150 "https://xn--jysknpalju-t5a.fi/wp-login.php" "Mozilla/5.0 (Windows NT 10.0; Win64; x64) AppleWebKit/537.36 (KHTML, like Gecko) Chrome/150.0.0.0 Safari/537.36"
66.249.68.65 - - [26/Jul/2026:15:56:26 +0300] "GET /?j=p7r3e8s9a8g0e2d6189 HTTP/1.1" 200 31034 "-" "Mozilla/5.0 (Linux; Android 6.0.1; Nexus 5X Build/MMB29P) AppleWebKit/537.36 (KHTML, like Gecko) Chrome/150.0.7871.128 Mobile Safari/537.36 (compatible; GoogleOther)"
66.249.68.65 - - [26/Jul/2026:15:56:38 +0300] "GET /?j=b8a1l8e3a9r7i4c2a973 HTTP/1.1" 200 28237 "-" "Mozilla/5.0 (Linux; Android 6.0.1; Nexus 5X Build/MMB29P) AppleWebKit/537.36 (KHTML, like Gecko) Chrome/150.0.7871.128 Mobile Safari/537.36 (compatible; GoogleOther)"
66.249.68.65 - - [26/Jul/2026:15:56:41 +0300] "GET /?j=m8o1r7s6u2s6r8a8n0a6e0 HTTP/1.1" 200 28217 "-" "Mozilla/5.0 (Linux; Android 6.0.1; Nexus 5X Build/MMB29P) AppleWebKit/537.36 (KHTML, like Gecko) Chrome/150.0.7871.128 Mobile Safari/537.36 (compatible; GoogleOther)"
49.12.216.176 - - [26/Jul/2026:15:56:59 +0300] "POST /wp-login.php HTTP/2" 200 3173 "https://xn--jysknpalju-t5a.fi/wp-login.php" "Mozilla/5.0 (Windows NT 10.0; Win64; x64) AppleWebKit/537.36 (KHTML, like Gecko) Chrome/150.0.0.0 Safari/537.36"
66.249.68.67 - - [26/Jul/2026:15:57:38 +0300] "GET /?j=g5l2i6d6e0900561 HTTP/1.1" 200 31648 "-" "Mozilla/5.0 (Linux; Android 6.0.1; Nexus 5X Build/MMB29P) AppleWebKit/537.36 (KHTML, like Gecko) Chrome/150.0.7871.128 Mobile Safari/537.36 (compatible; GoogleOther)"
66.249.68.67 - - [26/Jul/2026:15:58:48 +0300] "GET /?j=d8i3a6b2o4l0i2c7a3l3l0y HTTP/1.1" 200 28539 "-" "Mozilla/5.0 (Linux; Android 6.0.1; Nexus 5X Build/MMB29P) AppleWebKit/537.36 (KHTML, like Gecko) Chrome/150.0.7871.128 Mobile Safari/537.36 (compatible; GoogleOther)"
193.56.116.50 - - [26/Jul/2026:15:59:33 +0300] "POST /wp-login.php HTTP/1.1" 200 3425 "-" "Mozilla/5.0 (Windows NT 10.0; Win64; x64) AppleWebKit/537.36 Chrome/129.0.0.0 Safari/537.36"
66.249.68.65 - - [26/Jul/2026:16:01:53 +0300] "GET /?j=a6m2i9g7o3s952456 HTTP/1.1" 200 29458 "-" "Mozilla/5.0 (Linux; Android 6.0.1; Nexus 5X Build/MMB29P) AppleWebKit/537.36 (KHTML, like Gecko) Chrome/150.0.7871.128 Mobile Safari/537.36 (compatible; GoogleOther)"
216.73.216.95 - - [26/Jul/2026:16:02:28 +0300] "GET /?j=s7t6i2b0o0n3i2u5m49 HTTP/2" 200 13260 "-" "Mozilla/5.0 AppleWebKit/537.36 (KHTML, like Gecko; compatible; ClaudeBot/1.0; +claudebot@anthropic.com)"
216.73.216.95 - - [26/Jul/2026:16:02:31 +0300] "GET /?j=m7i1s8p7e0r9c2e3p2t7i0on HTTP/2" 200 13260 "-" "Mozilla/5.0 AppleWebKit/537.36 (KHTML, like Gecko; compatible; ClaudeBot/1.0; +claudebot@anthropic.com)"
216.73.216.95 - - [26/Jul/2026:16:02:34 +0300] "GET /?j=g7l3u8t7e7a1l80870 HTTP/2" 200 13263 "-" "Mozilla/5.0 AppleWebKit/537.36 (KHTML, like Gecko; compatible; ClaudeBot/1.0; +claudebot@anthropic.com)"
216.73.216.95 - - [26/Jul/2026:16:02:37 +0300] "GET /?j=e7n3g1i1s0c5o2p8e599 HTTP/2" 200 13261 "-" "Mozilla/5.0 AppleWebKit/537.36 (KHTML, like Gecko; compatible; ClaudeBot/1.0; +claudebot@anthropic.com)"
216.73.216.95 - - [26/Jul/2026:16:02:40 +0300] "GET /shops/hemosiderin/m7o5n9o8c3l8i3n1e4 HTTP/2" 404 8467 "-" "Mozilla/5.0 AppleWebKit/537.36 (KHTML, like Gecko; compatible; ClaudeBot/1.0; +claudebot@anthropic.com)"
216.73.216.95 - - [26/Jul/2026:16:02:43 +0300] "GET /shops/twaite/p7e5r9i1s1h7i4n0g05 HTTP/2" 404 8467 "-" "Mozilla/5.0 AppleWebKit/537.36 (KHTML, like Gecko; compatible; ClaudeBot/1.0; +claudebot@anthropic.com)"
216.73.216.95 - - [26/Jul/2026:16:02:46 +0300] "GET /isobathytherm/impunctuality/d7e1a2n8s1h9i1p5915 HTTP/2" 404 8479 "-" "Mozilla/5.0 AppleWebKit/537.36 (KHTML, like Gecko; compatible; ClaudeBot/1.0; +claudebot@anthropic.com)"
216.73.216.95 - - [26/Jul/2026:16:02:49 +0300] "GET /?j=s7n1u1f7f9l9e3d3420 HTTP/2" 200 13261 "-" "Mozilla/5.0 AppleWebKit/537.36 (KHTML, like Gecko; compatible; ClaudeBot/1.0; +claudebot@anthropic.com)"
216.73.216.95 - - [26/Jul/2026:16:01:48 +0300] "GET /shops/lemmata/h7o4u2r3g0l8a2s8s737 HTTP/2" 404 8462 "-" "Mozilla/5.0 AppleWebKit/537.36 (KHTML, like Gecko; compatible; ClaudeBot/1.0; +claudebot@anthropic.com)"
216.73.216.95 - - [26/Jul/2026:16:01:51 +0300] "GET /shops/genuineness/i7m2p7r4o5f1i3c1i7e1n1cy HTTP/2" 404 8459 "-" "Mozilla/5.0 AppleWebKit/537.36 (KHTML, like Gecko; compatible; ClaudeBot/1.0; +claudebot@anthropic.com)"
216.73.216.95 - - [26/Jul/2026:16:01:54 +0300] "GET /?j=t7y4f3o2o9n5457 HTTP/2" 200 13259 "-" "Mozilla/5.0 AppleWebKit/537.36 (KHTML, like Gecko; compatible; ClaudeBot/1.0; +claudebot@anthropic.com)"
216.73.216.95 - - [26/Jul/2026:16:01:57 +0300] "GET /?j=a7d2u5s8t9i5b5l1e220 HTTP/2" 200 13261 "-" "Mozilla/5.0 AppleWebKit/537.36 (KHTML, like Gecko; compatible; ClaudeBot/1.0; +claudebot@anthropic.com)"
216.73.216.95 - - [26/Jul/2026:16:02:00 +0300] "GET /?j=b7u2r7s9a3l673422 HTTP/2" 200 13260 "-" "Mozilla/5.0 AppleWebKit/537.36 (KHTML, like Gecko; compatible; ClaudeBot/1.0; +claudebot@anthropic.com)"
216.73.216.95 - - [26/Jul/2026:16:02:03 +0300] "GET /?j=s7h2e2r4i3f3f3r9y32 HTTP/2" 200 13261 "-" "Mozilla/5.0 AppleWebKit/537.36 (KHTML, like Gecko; compatible; ClaudeBot/1.0; +claudebot@anthropic.com)"
216.73.216.95 - - [26/Jul/2026:16:02:06 +0300] "GET /shops/repatriate/u7l1t3r7a7m2a5r6i1n7e8 HTTP/2" 404 8470 "-" "Mozilla/5.0 AppleWebKit/537.36 (KHTML, like Gecko; compatible; ClaudeBot/1.0; +claudebot@anthropic.com)"
216.73.216.95 - - [26/Jul/2026:16:02:09 +0300] "GET /?j=m7e4l2l9i2g6e8r86 HTTP/2" 200 13263 "-" "Mozilla/5.0 AppleWebKit/537.36 (KHTML, like Gecko; compatible; ClaudeBot/1.0; +claudebot@anthropic.com)"
216.73.216.95 - - [26/Jul/2026:16:02:12 +0300] "GET /?j=n7e2a5r1n7e4s7s5845 HTTP/2" 200 13261 "-" "Mozilla/5.0 AppleWebKit/537.36 (KHTML, like Gecko; compatible; ClaudeBot/1.0; +claudebot@anthropic.com)"
216.73.216.95 - - [26/Jul/2026:16:02:15 +0300] "GET /disobligement/selfcontradictory/71067305666 HTTP/2" 404 8463 "-" "Mozilla/5.0 AppleWebKit/537.36 (KHTML, like Gecko; compatible; ClaudeBot/1.0; +claudebot@anthropic.com)"
216.73.216.95 - - [26/Jul/2026:16:02:18 +0300] "GET /?j=a7n3a1l0o182640 HTTP/2" 200 13261 "-" "Mozilla/5.0 AppleWebKit/537.36 (KHTML, like Gecko; compatible; ClaudeBot/1.0; +claudebot@anthropic.com)"
216.73.216.95 - - [26/Jul/2026:16:02:21 +0300] "GET /?j=f7a6r0s2e9r6i4567 HTTP/2" 200 13261 "-" "Mozilla/5.0 AppleWebKit/537.36 (KHTML, like Gecko; compatible; ClaudeBot/1.0; +claudebot@anthropic.com)"
216.73.216.95 - - [26/Jul/2026:16:02:24 +0300] "GET /?j=m7o2g2e0n5436707 HTTP/2" 200 13261 "-" "Mozilla/5.0 AppleWebKit/537.36 (KHTML, like Gecko; compatible; ClaudeBot/1.0; +claudebot@anthropic.com)"
66.249.68.66 - - [26/Jul/2026:16:03:04 +0300] "GET /?j=t6e1n4p9i1n4s24247 HTTP/1.1" 200 29457 "-" "Mozilla/5.0 (Linux; Android 6.0.1; Nexus 5X Build/MMB29P) AppleWebKit/537.36 (KHTML, like Gecko) Chrome/150.0.7871.128 Mobile Safari/537.36 (compatible; GoogleOther)"
66.249.68.65 - - [26/Jul/2026:16:03:22 +0300] "GET /?j=i7m3b0r6a7i0d98282 HTTP/1.1" 200 31127 "-" "Mozilla/5.0 (Linux; Android 6.0.1; Nexus 5X Build/MMB29P) AppleWebKit/537.36 (KHTML, like Gecko) Chrome/150.0.7871.128 Mobile Safari/537.36 (compatible; GoogleOther)"
216.73.216.95 - - [26/Jul/2026:16:03:39 +0300] "GET /shops/oxygas/d7o2u4b3l6e2t0o6n8g1u3ed HTTP/2" 404 8461 "-" "Mozilla/5.0 AppleWebKit/537.36 (KHTML, like Gecko; compatible; ClaudeBot/1.0; +claudebot@anthropic.com)"
216.73.216.95 - - [26/Jul/2026:16:03:41 +0300] "GET /?j=w7e1s2t8l9i0n3g7832 HTTP/2" 200 13260 "-" "Mozilla/5.0 AppleWebKit/537.36 (KHTML, like Gecko; compatible; ClaudeBot/1.0; +claudebot@anthropic.com)"
216.73.216.95 - - [26/Jul/2026:16:03:44 +0300] "GET /shops/oratorians/q7u1i8n7t9u2p6l6e4d70 HTTP/2" 404 8466 "-" "Mozilla/5.0 AppleWebKit/537.36 (KHTML, like Gecko; compatible; ClaudeBot/1.0; +claudebot@anthropic.com)"
216.73.216.95 - - [26/Jul/2026:16:03:47 +0300] "GET /shops/irridentistn/s7n1o6o3z8e3d59360 HTTP/2" 404 8462 "-" "Mozilla/5.0 AppleWebKit/537.36 (KHTML, like Gecko; compatible; ClaudeBot/1.0; +claudebot@anthropic.com)"
216.73.216.95 - - [26/Jul/2026:16:03:50 +0300] "GET /?j=c7o3u6n5c8i8l4l3o9r24 HTTP/2" 200 13260 "-" "Mozilla/5.0 AppleWebKit/537.36 (KHTML, like Gecko; compatible; ClaudeBot/1.0; +claudebot@anthropic.com)"
216.73.216.95 - - [26/Jul/2026:16:03:53 +0300] "GET /?j=p7r2o5s7p5h5y7s2i8s55 HTTP/2" 200 13260 "-" "Mozilla/5.0 AppleWebKit/537.36 (KHTML, like Gecko; compatible; ClaudeBot/1.0; +claudebot@anthropic.com)"
216.73.216.95 - - [26/Jul/2026:16:03:56 +0300] "GET /?j=c7l1i9c6k8e5t1y0c1l0ack HTTP/2" 200 13261 "-" "Mozilla/5.0 AppleWebKit/537.36 (KHTML, like Gecko; compatible; ClaudeBot/1.0; +claudebot@anthropic.com)"
65.109.158.145 - - [26/Jul/2026:16:03:58 +0300] "POST /xmlrpc.php HTTP/2" 200 219 "-" "Mozilla/5.0 (Windows NT 10.0; Win64; x64) AppleWebKit/537.36 (KHTML, like Gecko) Chrome/150.0.0.0 Safari/537.36"
216.73.216.95 - - [26/Jul/2026:16:03:59 +0300] "GET /?j=k7i3n3g7t4r4u9s2s740 HTTP/2" 200 13260 "-" "Mozilla/5.0 AppleWebKit/537.36 (KHTML, like Gecko; compatible; ClaudeBot/1.0; +claudebot@anthropic.com)"
216.73.216.95 - - [26/Jul/2026:16:04:02 +0300] "GET /?j=a7r4c1h3i3e4p3i5s0c1o4pacy HTTP/2" 200 13260 "-" "Mozilla/5.0 AppleWebKit/537.36 (KHTML, like Gecko; compatible; ClaudeBot/1.0; +claudebot@anthropic.com)"
216.73.216.95 - - [26/Jul/2026:16:04:05 +0300] "GET /?j=s7t6r3i4k1e9r2749 HTTP/2" 200 13261 "-" "Mozilla/5.0 AppleWebKit/537.36 (KHTML, like Gecko; compatible; ClaudeBot/1.0; +claudebot@anthropic.com)"
216.73.216.95 - - [26/Jul/2026:16:04:08 +0300] "GET /?j=i7n1s9c5r7o3l6l9959 HTTP/2" 200 13261 "-" "Mozilla/5.0 AppleWebKit/537.36 (KHTML, like Gecko; compatible; ClaudeBot/1.0; +claudebot@anthropic.com)"
216.73.216.95 - - [26/Jul/2026:16:04:12 +0300] "GET /?j=d7o3l9i6c3h7o3c6e5p0h6al HTTP/2" 200 13260 "-" "Mozilla/5.0 AppleWebKit/537.36 (KHTML, like Gecko; compatible; ClaudeBot/1.0; +claudebot@anthropic.com)"
216.73.216.95 - - [26/Jul/2026:16:04:14 +0300] "GET /dollhouse/enlarged/s7t4r2e8i1t189696 HTTP/2" 404 8466 "-" "Mozilla/5.0 AppleWebKit/537.36 (KHTML, like Gecko; compatible; ClaudeBot/1.0; +claudebot@anthropic.com)"
216.73.216.95 - - [26/Jul/2026:16:04:17 +0300] "GET /?j=s7p3l3i4n8t1e8r9y552 HTTP/2" 200 13263 "-" "Mozilla/5.0 AppleWebKit/537.36 (KHTML, like Gecko; compatible; ClaudeBot/1.0; +claudebot@anthropic.com)"
216.73.216.95 - - [26/Jul/2026:16:04:21 +0300] "GET /shops/pungy/c7a4p0t0i9v6i0n4g762 HTTP/2" 404 8467 "-" "Mozilla/5.0 AppleWebKit/537.36 (KHTML, like Gecko; compatible; ClaudeBot/1.0; +claudebot@anthropic.com)"
216.73.216.95 - - [26/Jul/2026:16:04:24 +0300] "GET /?j=n7e4o1l8o1g2i3z8a4t5i0on HTTP/2" 200 13260 "-" "Mozilla/5.0 AppleWebKit/537.36 (KHTML, like Gecko; compatible; ClaudeBot/1.0; +claudebot@anthropic.com)"
216.73.216.95 - - [26/Jul/2026:16:04:27 +0300] "GET /shops/unglaze/s7p1e8c4t7r2o5g8r4a8p0hically HTTP/2" 404 8463 "-" "Mozilla/5.0 AppleWebKit/537.36 (KHTML, like Gecko; compatible; ClaudeBot/1.0; +claudebot@anthropic.com)"
3.87.190.64 - - [26/Jul/2026:16:04:30 +0300] "GET //wp-includes/ID3/license.txt HTTP/1.1" 200 1396 "-" "Mozilla/5.0 (Windows NT 10.0; Win64; x64) AppleWebKit/537.36 (KHTML, like Gecko) Chrome/95.0.4638.69 Safari/537.36"
216.73.216.95 - - [26/Jul/2026:16:04:30 +0300] "GET /?j=s7i3m4u2l5a2t9o5r1y26 HTTP/2" 200 13263 "-" "Mozilla/5.0 AppleWebKit/537.36 (KHTML, like Gecko; compatible; ClaudeBot/1.0; +claudebot@anthropic.com)"
3.87.190.64 - - [26/Jul/2026:16:04:30 +0300] "GET //feed/ HTTP/1.1" 301 0 "-" "Mozilla/5.0 (Windows NT 10.0; Win64; x64) AppleWebKit/537.36 (KHTML, like Gecko) Chrome/95.0.4638.69 Safari/537.36"
3.87.190.64 - - [26/Jul/2026:16:04:31 +0300] "GET //xmlrpc.php?rsd HTTP/1.1" 200 798 "-" "Mozilla/5.0 (Windows NT 10.0; Win64; x64) AppleWebKit/537.36 (KHTML, like Gecko) Chrome/95.0.4638.69 Safari/537.36"
3.87.190.64 - - [26/Jul/2026:16:04:31 +0300] "GET //?author=1 HTTP/1.1" 301 0 "-" "Mozilla/5.0 (Windows NT 10.0; Win64; x64) AppleWebKit/537.36 (KHTML, like Gecko) Chrome/95.0.4638.69 Safari/537.36"
216.73.216.95 - - [26/Jul/2026:16:02:52 +0300] "GET /greenlander/s7t3a6t6e0s0g5e6n0e2r3al HTTP/2" 404 8467 "-" "Mozilla/5.0 AppleWebKit/537.36 (KHTML, like Gecko; compatible; ClaudeBot/1.0; +claudebot@anthropic.com)"
216.73.216.95 - - [26/Jul/2026:16:02:55 +0300] "GET /?j=p7i1c0i2f3o8r6m1592 HTTP/2" 200 13260 "-" "Mozilla/5.0 AppleWebKit/537.36 (KHTML, like Gecko; compatible; ClaudeBot/1.0; +claudebot@anthropic.com)"
216.73.216.95 - - [26/Jul/2026:16:02:58 +0300] "GET /?j=s7c2o9p7a1r1i0u7s981 HTTP/2" 200 13262 "-" "Mozilla/5.0 AppleWebKit/537.36 (KHTML, like Gecko; compatible; ClaudeBot/1.0; +claudebot@anthropic.com)"
216.73.216.95 - - [26/Jul/2026:16:03:02 +0300] "GET /?j=k7i2d5d4y6i9s4h1554 HTTP/2" 200 13261 "-" "Mozilla/5.0 AppleWebKit/537.36 (KHTML, like Gecko; compatible; ClaudeBot/1.0; +claudebot@anthropic.com)"
216.73.216.95 - - [26/Jul/2026:16:03:05 +0300] "GET /?j=m7i1m1i4r385944 HTTP/2" 200 13259 "-" "Mozilla/5.0 AppleWebKit/537.36 (KHTML, like Gecko; compatible; ClaudeBot/1.0; +claudebot@anthropic.com)"
216.73.216.95 - - [26/Jul/2026:16:03:08 +0300] "GET /influenza/g7u1e9t1t0a5r0d1a23 HTTP/2" 404 8452 "-" "Mozilla/5.0 AppleWebKit/537.36 (KHTML, like Gecko; compatible; ClaudeBot/1.0; +claudebot@anthropic.com)"
216.73.216.95 - - [26/Jul/2026:16:03:11 +0300] "GET /shops/sulphocyanogen/a7n3a8s3t8o5m3o0s6e32 HTTP/2" 404 8457 "-" "Mozilla/5.0 AppleWebKit/537.36 (KHTML, like Gecko; compatible; ClaudeBot/1.0; +claudebot@anthropic.com)"
216.73.216.95 - - [26/Jul/2026:16:03:14 +0300] "GET /shops/cheslip/s7p3i3l9o6s2o3m1a566 HTTP/2" 404 8461 "-" "Mozilla/5.0 AppleWebKit/537.36 (KHTML, like Gecko; compatible; ClaudeBot/1.0; +claudebot@anthropic.com)"
66.249.68.65 - - [26/Jul/2026:16:03:16 +0300] "GET /?j=d6i3c2y3e4m1i7d1353 HTTP/1.1" 200 29380 "-" "Mozilla/5.0 (Linux; Android 6.0.1; Nexus 5X Build/MMB29P) AppleWebKit/537.36 (KHTML, like Gecko) Chrome/150.0.7871.128 Mobile Safari/537.36 (compatible; GoogleOther)"
216.73.216.95 - - [26/Jul/2026:16:03:17 +0300] "GET /shops/incastelled/i7n1d5e6f1e8c3t4i8b6l5e HTTP/2" 404 8466 "-" "Mozilla/5.0 AppleWebKit/537.36 (KHTML, like Gecko; compatible; ClaudeBot/1.0; +claudebot@anthropic.com)"
216.73.216.95 - - [26/Jul/2026:16:03:20 +0300] "GET /?j=s7m3i1l2e8t999667 HTTP/2" 200 13262 "-" "Mozilla/5.0 AppleWebKit/537.36 (KHTML, like Gecko; compatible; ClaudeBot/1.0; +claudebot@anthropic.com)"
216.73.216.95 - - [26/Jul/2026:16:03:23 +0300] "GET /?j=r7a4p2t2a5t7o9r8e5s06 HTTP/2" 200 13260 "-" "Mozilla/5.0 AppleWebKit/537.36 (KHTML, like Gecko; compatible; ClaudeBot/1.0; +claudebot@anthropic.com)"
