216.73.216.95 - - [26/Jul/2026:16:50:43 +0300] "GET /shops/mountance/r7i1l0l9e0t371833 HTTP/2" 404 8471 "-" "Mozilla/5.0 AppleWebKit/537.36 (KHTML, like Gecko; compatible; ClaudeBot/1.0; +claudebot@anthropic.com)"
54.152.39.42 - - [26/Jul/2026:16:50:16 +0300] "POST //xmlrpc.php HTTP/1.1" 200 414 "-" "Mozilla/5.0 (Windows NT 10.0; Win64; x64) AppleWebKit/537.36 (KHTML, like Gecko) Chrome/95.0.4638.69 Safari/537.36"
216.73.216.95 - - [26/Jul/2026:16:50:46 +0300] "GET /shops/electrothermancy/j7o1r2d9a6n050834 HTTP/2" 404 8464 "-" "Mozilla/5.0 AppleWebKit/537.36 (KHTML, like Gecko; compatible; ClaudeBot/1.0; +claudebot@anthropic.com)"
216.73.216.95 - - [26/Jul/2026:16:50:49 +0300] "GET /shops/maulstick/s7i2l5y7b1u8m27627 HTTP/2" 404 8458 "-" "Mozilla/5.0 AppleWebKit/537.36 (KHTML, like Gecko; compatible; ClaudeBot/1.0; +claudebot@anthropic.com)"
216.73.216.95 - - [26/Jul/2026:16:50:55 +0300] "GET /?j=p7a2i8n6s2t2a0k8e5r69 HTTP/2" 200 13261 "-" "Mozilla/5.0 AppleWebKit/537.36 (KHTML, like Gecko; compatible; ClaudeBot/1.0; +claudebot@anthropic.com)"
216.73.216.95 - - [26/Jul/2026:16:50:57 +0300] "GET /shops/cloff/a7n1t6i1p2y2r7i0n3e40 HTTP/2" 404 8471 "-" "Mozilla/5.0 AppleWebKit/537.36 (KHTML, like Gecko; compatible; ClaudeBot/1.0; +claudebot@anthropic.com)"
216.73.216.95 - - [26/Jul/2026:16:51:00 +0300] "GET /?j=m7a8c4r8o8p2o9d0a5l2 HTTP/2" 200 13263 "-" "Mozilla/5.0 AppleWebKit/537.36 (KHTML, like Gecko; compatible; ClaudeBot/1.0; +claudebot@anthropic.com)"
216.73.216.95 - - [26/Jul/2026:16:51:03 +0300] "GET /?j=u7n1p0l5u2m1b38415 HTTP/2" 200 13261 "-" "Mozilla/5.0 AppleWebKit/537.36 (KHTML, like Gecko; compatible; ClaudeBot/1.0; +claudebot@anthropic.com)"
216.73.216.95 - - [26/Jul/2026:16:51:06 +0300] "GET /?j=s7h3a1r1d5322419 HTTP/2" 200 13260 "-" "Mozilla/5.0 AppleWebKit/537.36 (KHTML, like Gecko; compatible; ClaudeBot/1.0; +claudebot@anthropic.com)"
216.73.216.95 - - [26/Jul/2026:16:51:09 +0300] "GET /?j=a7s3p3i7r5a7t0e4839 HTTP/2" 200 13260 "-" "Mozilla/5.0 AppleWebKit/537.36 (KHTML, like Gecko; compatible; ClaudeBot/1.0; +claudebot@anthropic.com)"
216.73.216.95 - - [26/Jul/2026:16:51:24 +0300] "GET /shops/inophullum/u7n2d6i6s8p6u0t7a2b1l6e HTTP/2" 404 8463 "-" "Mozilla/5.0 AppleWebKit/537.36 (KHTML, like Gecko; compatible; ClaudeBot/1.0; +claudebot@anthropic.com)"
216.73.216.95 - - [26/Jul/2026:16:51:27 +0300] "GET /shops/piceous/s7t4r0a8t2h6s3p2e6y28 HTTP/2" 404 8474 "-" "Mozilla/5.0 AppleWebKit/537.36 (KHTML, like Gecko; compatible; ClaudeBot/1.0; +claudebot@anthropic.com)"
54.152.39.42 - - [26/Jul/2026:16:50:46 +0300] "POST //xmlrpc.php HTTP/1.1" 200 414 "-" "Mozilla/5.0 (Windows NT 10.0; Win64; x64) AppleWebKit/537.36 (KHTML, like Gecko) Chrome/95.0.4638.69 Safari/537.36"
216.73.216.95 - - [26/Jul/2026:16:51:30 +0300] "GET /?j=d7i3s3j9u8d7i6c4a6t9i5on HTTP/2" 200 13261 "-" "Mozilla/5.0 AppleWebKit/537.36 (KHTML, like Gecko; compatible; ClaudeBot/1.0; +claudebot@anthropic.com)"
216.73.216.95 - - [26/Jul/2026:16:51:33 +0300] "GET /?j=s7y7s0t9e2m0i3z3e70 HTTP/2" 200 13260 "-" "Mozilla/5.0 AppleWebKit/537.36 (KHTML, like Gecko; compatible; ClaudeBot/1.0; +claudebot@anthropic.com)"
216.73.216.95 - - [26/Jul/2026:16:51:36 +0300] "GET /?j=p7h2a6r1a4o4n28141 HTTP/2" 200 13260 "-" "Mozilla/5.0 AppleWebKit/537.36 (KHTML, like Gecko; compatible; ClaudeBot/1.0; +claudebot@anthropic.com)"
216.73.216.95 - - [26/Jul/2026:16:51:39 +0300] "GET /shops/ethereal/b7r3a7n1c8h3i8n0g260 HTTP/2" 404 8475 "-" "Mozilla/5.0 AppleWebKit/537.36 (KHTML, like Gecko; compatible; ClaudeBot/1.0; +claudebot@anthropic.com)"
216.73.216.95 - - [26/Jul/2026:16:49:30 +0300] "GET /shops/fennel/r7e4e4l5i0g7i5b4i0lity HTTP/2" 404 8474 "-" "Mozilla/5.0 AppleWebKit/537.36 (KHTML, like Gecko; compatible; ClaudeBot/1.0; +claudebot@anthropic.com)"
216.73.216.95 - - [26/Jul/2026:16:49:33 +0300] "GET /inertitude/e7l7e3c5t5a6r5y78 HTTP/2" 404 8451 "-" "Mozilla/5.0 AppleWebKit/537.36 (KHTML, like Gecko; compatible; ClaudeBot/1.0; +claudebot@anthropic.com)"
216.73.216.95 - - [26/Jul/2026:16:49:36 +0300] "GET /?j=t7a3u8n7t5e2d40086 HTTP/2" 200 13260 "-" "Mozilla/5.0 AppleWebKit/537.36 (KHTML, like Gecko; compatible; ClaudeBot/1.0; +claudebot@anthropic.com)"
216.73.216.95 - - [26/Jul/2026:16:49:39 +0300] "GET /?j=n7u2t0t0e8d403136 HTTP/2" 200 13261 "-" "Mozilla/5.0 AppleWebKit/537.36 (KHTML, like Gecko; compatible; ClaudeBot/1.0; +claudebot@anthropic.com)"
216.73.216.95 - - [26/Jul/2026:16:49:42 +0300] "GET /odoriferously/bullroarer/73740487625 HTTP/2" 404 8469 "-" "Mozilla/5.0 AppleWebKit/537.36 (KHTML, like Gecko; compatible; ClaudeBot/1.0; +claudebot@anthropic.com)"
216.73.216.95 - - [26/Jul/2026:16:49:45 +0300] "GET /mycoprotein/inebriety/73314595256 HTTP/2" 404 8471 "-" "Mozilla/5.0 AppleWebKit/537.36 (KHTML, like Gecko; compatible; ClaudeBot/1.0; +claudebot@anthropic.com)"
216.73.216.95 - - [26/Jul/2026:16:49:48 +0300] "GET /shops/cracking/i7m3b1r0o6c1a6d3o6e3s3 HTTP/2" 404 8461 "-" "Mozilla/5.0 AppleWebKit/537.36 (KHTML, like Gecko; compatible; ClaudeBot/1.0; +claudebot@anthropic.com)"
216.73.216.95 - - [26/Jul/2026:16:49:51 +0300] "GET /shops/cespitious/p7h2y4o8d1a2c7t5y5l6u4s HTTP/2" 404 8464 "-" "Mozilla/5.0 AppleWebKit/537.36 (KHTML, like Gecko; compatible; ClaudeBot/1.0; +claudebot@anthropic.com)"
91.193.232.81 - - [26/Jul/2026:16:49:53 +0300] "POST /wp-login.php HTTP/1.1" 200 3438 "-" "Mozilla/5.0 (Windows NT 10.0; Win64; x64) AppleWebKit/537.36 Chrome/129.0.0.0 Safari/537.36"
193.56.116.9 - - [26/Jul/2026:16:49:53 +0300] "POST /wp-login.php HTTP/1.1" 200 3425 "-" "Mozilla/5.0 (Windows NT 10.0; Win64; rv:143.0) Gecko/20100101 Firefox/143.0"
216.73.216.95 - - [26/Jul/2026:16:49:54 +0300] "GET /?j=s7p2a4i0d1569561 HTTP/2" 200 13262 "-" "Mozilla/5.0 AppleWebKit/537.36 (KHTML, like Gecko; compatible; ClaudeBot/1.0; +claudebot@anthropic.com)"
216.73.216.95 - - [26/Jul/2026:16:49:57 +0300] "GET /?j=e7m2e1r1i6t3i4902 HTTP/2" 200 13262 "-" "Mozilla/5.0 AppleWebKit/537.36 (KHTML, like Gecko; compatible; ClaudeBot/1.0; +claudebot@anthropic.com)"
216.73.216.95 - - [26/Jul/2026:16:50:00 +0300] "GET /shops/capriole/t7h1r2e0a9d6e1r3313 HTTP/2" 404 8460 "-" "Mozilla/5.0 AppleWebKit/537.36 (KHTML, like Gecko; compatible; ClaudeBot/1.0; +claudebot@anthropic.com)"
216.73.216.95 - - [26/Jul/2026:16:50:03 +0300] "GET /?j=a7g1r7a2f5f5e94490 HTTP/2" 200 13260 "-" "Mozilla/5.0 AppleWebKit/537.36 (KHTML, like Gecko; compatible; ClaudeBot/1.0; +claudebot@anthropic.com)"
216.73.216.95 - - [26/Jul/2026:16:50:06 +0300] "GET /foliature/extensible/p7e1t9e4r8382877 HTTP/2" 404 8460 "-" "Mozilla/5.0 AppleWebKit/537.36 (KHTML, like Gecko; compatible; ClaudeBot/1.0; +claudebot@anthropic.com)"
216.73.216.95 - - [26/Jul/2026:16:50:09 +0300] "GET /?j=u7n1s2p0l1e4e9n3e9d19 HTTP/2" 200 13261 "-" "Mozilla/5.0 AppleWebKit/537.36 (KHTML, like Gecko; compatible; ClaudeBot/1.0; +claudebot@anthropic.com)"
216.73.216.95 - - [26/Jul/2026:16:50:12 +0300] "GET /?j=c7o1h9e3s2i1v4e697 HTTP/2" 200 13259 "-" "Mozilla/5.0 AppleWebKit/537.36 (KHTML, like Gecko; compatible; ClaudeBot/1.0; +claudebot@anthropic.com)"
216.73.216.95 - - [26/Jul/2026:16:52:15 +0300] "GET /shops/tacaud/h7y2s0t2e0r1o0e4p2i5l1epsy HTTP/2" 404 8470 "-" "Mozilla/5.0 AppleWebKit/537.36 (KHTML, like Gecko; compatible; ClaudeBot/1.0; +claudebot@anthropic.com)"
216.73.216.95 - - [26/Jul/2026:16:52:18 +0300] "GET /?j=s7l6e1i5g2h8i0n2g54 HTTP/2" 200 13261 "-" "Mozilla/5.0 AppleWebKit/537.36 (KHTML, like Gecko; compatible; ClaudeBot/1.0; +claudebot@anthropic.com)"
216.73.216.95 - - [26/Jul/2026:16:48:39 +0300] "GET /?j=d7j4e9r2e5e4d2161 HTTP/2" 200 13261 "-" "Mozilla/5.0 AppleWebKit/537.36 (KHTML, like Gecko; compatible; ClaudeBot/1.0; +claudebot@anthropic.com)"
3.87.190.64 - - [26/Jul/2026:16:48:16 +0300] "POST //xmlrpc.php HTTP/1.1" 200 414 "-" "Mozilla/5.0 (Windows NT 10.0; Win64; x64) AppleWebKit/537.36 (KHTML, like Gecko) Chrome/95.0.4638.69 Safari/537.36"
193.56.116.48 - - [26/Jul/2026:16:49:53 +0300] "POST /wp-login.php HTTP/1.1" 200 3422 "-" "Mozilla/5.0 (Windows NT 10.0; Win64; x64) AppleWebKit/537.36 Chrome/129.0.0.0 Safari/537.36"
193.56.116.46 - - [26/Jul/2026:16:49:53 +0300] "POST /wp-login.php HTTP/1.1" 200 3424 "-" "Mozilla/5.0 (Windows NT 10.0; Win64; rv:143.0) Gecko/20100101 Firefox/143.0"
3.87.190.64 - - [26/Jul/2026:16:49:16 +0300] "POST //xmlrpc.php HTTP/1.1" 200 414 "-" "Mozilla/5.0 (Windows NT 10.0; Win64; x64) AppleWebKit/537.36 (KHTML, like Gecko) Chrome/95.0.4638.69 Safari/537.36"
216.73.216.95 - - [26/Jul/2026:16:51:16 +0300] "GET /?j=s7h2e0a1t8h5b2i3l5l97 HTTP/2" 200 13259 "-" "Mozilla/5.0 AppleWebKit/537.36 (KHTML, like Gecko; compatible; ClaudeBot/1.0; +claudebot@anthropic.com)"
216.73.216.95 - - [26/Jul/2026:16:51:18 +0300] "GET /?j=s7a6c5r6e4d6l3y621 HTTP/2" 200 13261 "-" "Mozilla/5.0 AppleWebKit/537.36 (KHTML, like Gecko; compatible; ClaudeBot/1.0; +claudebot@anthropic.com)"
3.87.190.64 - - [26/Jul/2026:16:50:31 +0300] "POST //xmlrpc.php HTTP/1.1" 200 414 "-" "Mozilla/5.0 (Windows NT 10.0; Win64; x64) AppleWebKit/537.36 (KHTML, like Gecko) Chrome/95.0.4638.69 Safari/537.36"
216.73.216.95 - - [26/Jul/2026:16:52:29 +0300] "GET /?j=i7n4f2e5r5r7i0b5l6e26 HTTP/2" 200 13261 "-" "Mozilla/5.0 AppleWebKit/537.36 (KHTML, like Gecko; compatible; ClaudeBot/1.0; +claudebot@anthropic.com)"
216.73.216.95 - - [26/Jul/2026:16:52:31 +0300] "GET /?j=a7d1d9i9c1t4i3n1g425 HTTP/2" 200 13260 "-" "Mozilla/5.0 AppleWebKit/537.36 (KHTML, like Gecko; compatible; ClaudeBot/1.0; +claudebot@anthropic.com)"
216.73.216.95 - - [26/Jul/2026:16:52:34 +0300] "GET /?j=f7a4n1n3i1n1g7610 HTTP/2" 200 13260 "-" "Mozilla/5.0 AppleWebKit/537.36 (KHTML, like Gecko; compatible; ClaudeBot/1.0; +claudebot@anthropic.com)"
216.73.216.95 - - [26/Jul/2026:16:52:37 +0300] "GET /?j=c7a1e2r2u3l9e1u1m755 HTTP/2" 200 13261 "-" "Mozilla/5.0 AppleWebKit/537.36 (KHTML, like Gecko; compatible; ClaudeBot/1.0; +claudebot@anthropic.com)"
216.73.216.95 - - [26/Jul/2026:16:52:40 +0300] "GET /fungible/i7n3c9a5s3i8n4g5033 HTTP/2" 404 8452 "-" "Mozilla/5.0 AppleWebKit/537.36 (KHTML, like Gecko; compatible; ClaudeBot/1.0; +claudebot@anthropic.com)"
216.73.216.95 - - [26/Jul/2026:16:52:43 +0300] "GET /astraddle/s7u1n9l7i3g9h1t2848 HTTP/2" 404 8453 "-" "Mozilla/5.0 AppleWebKit/537.36 (KHTML, like Gecko; compatible; ClaudeBot/1.0; +claudebot@anthropic.com)"
3.87.190.64 - - [26/Jul/2026:16:51:31 +0300] "POST //xmlrpc.php HTTP/1.1" 200 414 "-" "Mozilla/5.0 (Windows NT 10.0; Win64; x64) AppleWebKit/537.36 (KHTML, like Gecko) Chrome/95.0.4638.69 Safari/537.36"
216.73.216.95 - - [26/Jul/2026:16:52:46 +0300] "GET /?j=e7l1u9s4i4v0e47221 HTTP/2" 200 13259 "-" "Mozilla/5.0 AppleWebKit/537.36 (KHTML, like Gecko; compatible; ClaudeBot/1.0; +claudebot@anthropic.com)"
216.73.216.95 - - [26/Jul/2026:16:52:49 +0300] "GET /?j=c7r1o0w9b7a4r93766 HTTP/2" 200 13266 "-" "Mozilla/5.0 AppleWebKit/537.36 (KHTML, like Gecko; compatible; ClaudeBot/1.0; +claudebot@anthropic.com)"
216.73.216.95 - - [26/Jul/2026:16:52:52 +0300] "GET /shops/cottonseed/h7y3d4r6o8g5e3n4152 HTTP/2" 404 8467 "-" "Mozilla/5.0 AppleWebKit/537.36 (KHTML, like Gecko; compatible; ClaudeBot/1.0; +claudebot@anthropic.com)"
216.73.216.95 - - [26/Jul/2026:16:52:55 +0300] "GET /?j=w7i2n1e8g5l3a3s0s2f9uls HTTP/2" 200 13260 "-" "Mozilla/5.0 AppleWebKit/537.36 (KHTML, like Gecko; compatible; ClaudeBot/1.0; +claudebot@anthropic.com)"
216.73.216.95 - - [26/Jul/2026:16:52:58 +0300] "GET /shops/acontia/c7a3n4k1e2r9i7n9g471 HTTP/2" 404 8461 "-" "Mozilla/5.0 AppleWebKit/537.36 (KHTML, like Gecko; compatible; ClaudeBot/1.0; +claudebot@anthropic.com)"
216.73.216.95 - - [26/Jul/2026:16:52:21 +0300] "GET /?j=x7i1p7h1i9u7s91931 HTTP/2" 200 13260 "-" "Mozilla/5.0 AppleWebKit/537.36 (KHTML, like Gecko; compatible; ClaudeBot/1.0; +claudebot@anthropic.com)"
216.73.216.95 - - [26/Jul/2026:16:52:24 +0300] "GET /shops/madreporic/m7e2s0a2r4a6i9c3039 HTTP/2" 404 8470 "-" "Mozilla/5.0 AppleWebKit/537.36 (KHTML, like Gecko; compatible; ClaudeBot/1.0; +claudebot@anthropic.com)"
216.73.216.95 - - [26/Jul/2026:16:53:39 +0300] "GET /vowel/isolation/r7u3b2i0c4o8l8u3s990 HTTP/2" 404 8465 "-" "Mozilla/5.0 AppleWebKit/537.36 (KHTML, like Gecko; compatible; ClaudeBot/1.0; +claudebot@anthropic.com)"
216.73.216.95 - - [26/Jul/2026:16:53:41 +0300] "GET /photoscopic/blamed/s7h4a1m5m4i9n3g5246 HTTP/2" 404 8466 "-" "Mozilla/5.0 AppleWebKit/537.36 (KHTML, like Gecko; compatible; ClaudeBot/1.0; +claudebot@anthropic.com)"
216.73.216.95 - - [26/Jul/2026:16:53:44 +0300] "GET /?j=a7c1a6n5t1h1o2p5o6d1i0ous HTTP/2" 200 13263 "-" "Mozilla/5.0 AppleWebKit/537.36 (KHTML, like Gecko; compatible; ClaudeBot/1.0; +claudebot@anthropic.com)"
216.73.216.95 - - [26/Jul/2026:16:53:47 +0300] "GET /shops/ridding/u7t3i2l1i0t6a8r4i8a9n3ism HTTP/2" 404 8468 "-" "Mozilla/5.0 AppleWebKit/537.36 (KHTML, like Gecko; compatible; ClaudeBot/1.0; +claudebot@anthropic.com)"
216.73.216.95 - - [26/Jul/2026:16:53:50 +0300] "GET /shops/syzygy/a7p2p1e0r3t9i1n2e5n4t2 HTTP/2" 404 8473 "-" "Mozilla/5.0 AppleWebKit/537.36 (KHTML, like Gecko; compatible; ClaudeBot/1.0; +claudebot@anthropic.com)"
216.73.216.95 - - [26/Jul/2026:16:53:53 +0300] "GET /?j=r7e2t0u1r7n6i8n0g037 HTTP/2" 200 13261 "-" "Mozilla/5.0 AppleWebKit/537.36 (KHTML, like Gecko; compatible; ClaudeBot/1.0; +claudebot@anthropic.com)"
216.73.216.95 - - [26/Jul/2026:16:53:56 +0300] "GET /?j=l7o3w9l8y8i7n0g9496 HTTP/2" 200 13261 "-" "Mozilla/5.0 AppleWebKit/537.36 (KHTML, like Gecko; compatible; ClaudeBot/1.0; +claudebot@anthropic.com)"
216.73.216.95 - - [26/Jul/2026:16:53:59 +0300] "GET /shops/helmeted/j7u3n5i7p5e2r1i4n398 HTTP/2" 404 8476 "-" "Mozilla/5.0 AppleWebKit/537.36 (KHTML, like Gecko; compatible; ClaudeBot/1.0; +claudebot@anthropic.com)"
216.73.216.95 - - [26/Jul/2026:16:54:02 +0300] "GET /?j=c7o8u0r6t5m9a7r0t7i7al HTTP/2" 200 13263 "-" "Mozilla/5.0 AppleWebKit/537.36 (KHTML, like Gecko; compatible; ClaudeBot/1.0; +claudebot@anthropic.com)"
216.73.216.95 - - [26/Jul/2026:16:54:05 +0300] "GET /shops/laissez/s7n1a9p0p5i3s5h5l4y90 HTTP/2" 404 8474 "-" "Mozilla/5.0 AppleWebKit/537.36 (KHTML, like Gecko; compatible; ClaudeBot/1.0; +claudebot@anthropic.com)"
216.73.216.95 - - [26/Jul/2026:16:54:08 +0300] "GET /?j=p7u1r6p5u3r2a9t0e200 HTTP/2" 200 13261 "-" "Mozilla/5.0 AppleWebKit/537.36 (KHTML, like Gecko; compatible; ClaudeBot/1.0; +claudebot@anthropic.com)"
216.73.216.95 - - [26/Jul/2026:16:54:11 +0300] "GET /exgambler/t7h2r8i5f0t6i5e4s4t18 HTTP/2" 404 8469 "-" "Mozilla/5.0 AppleWebKit/537.36 (KHTML, like Gecko; compatible; ClaudeBot/1.0; +claudebot@anthropic.com)"
216.73.216.95 - - [26/Jul/2026:16:54:14 +0300] "GET /shops/parieto/m7u3r5i4a1t7i6f7e0r5o0us HTTP/2" 404 8465 "-" "Mozilla/5.0 AppleWebKit/537.36 (KHTML, like Gecko; compatible; ClaudeBot/1.0; +claudebot@anthropic.com)"
216.73.216.95 - - [26/Jul/2026:16:54:17 +0300] "GET /shops/nasofrontal/s7i1z3z6l6i9n1g4110 HTTP/2" 404 8461 "-" "Mozilla/5.0 AppleWebKit/537.36 (KHTML, like Gecko; compatible; ClaudeBot/1.0; +claudebot@anthropic.com)"
216.73.216.95 - - [26/Jul/2026:16:54:20 +0300] "GET /?j=s7t1a0l6w7a6r7t4l2y21 HTTP/2" 200 13260 "-" "Mozilla/5.0 AppleWebKit/537.36 (KHTML, like Gecko; compatible; ClaudeBot/1.0; +claudebot@anthropic.com)"
216.73.216.95 - - [26/Jul/2026:16:54:23 +0300] "GET /shops/conglomerated/e7x1t7r2a8p9a6r9o4c9h1ial HTTP/2" 404 8464 "-" "Mozilla/5.0 AppleWebKit/537.36 (KHTML, like Gecko; compatible; ClaudeBot/1.0; +claudebot@anthropic.com)"
216.73.216.95 - - [26/Jul/2026:16:54:26 +0300] "GET /?j=g7u3a1n1i5d4i8n5942 HTTP/2" 200 13261 "-" "Mozilla/5.0 AppleWebKit/537.36 (KHTML, like Gecko; compatible; ClaudeBot/1.0; +claudebot@anthropic.com)"
216.73.216.95 - - [26/Jul/2026:16:51:42 +0300] "GET /shops/pyriformis/s7t2i7l0l7n6e5s2s063 HTTP/2" 404 8461 "-" "Mozilla/5.0 AppleWebKit/537.36 (KHTML, like Gecko; compatible; ClaudeBot/1.0; +claudebot@anthropic.com)"
216.73.216.95 - - [26/Jul/2026:16:51:45 +0300] "GET /?j=c7y1t0o9g4e1n1i7c077 HTTP/2" 200 13261 "-" "Mozilla/5.0 AppleWebKit/537.36 (KHTML, like Gecko; compatible; ClaudeBot/1.0; +claudebot@anthropic.com)"
216.73.216.95 - - [26/Jul/2026:16:51:48 +0300] "GET /?j=k7o3e0l4l0i9a86385 HTTP/2" 200 13261 "-" "Mozilla/5.0 AppleWebKit/537.36 (KHTML, like Gecko; compatible; ClaudeBot/1.0; +claudebot@anthropic.com)"
216.73.216.95 - - [26/Jul/2026:16:51:51 +0300] "GET /?j=f7r1a9u4d5f4u2l2l8y59 HTTP/2" 200 13262 "-" "Mozilla/5.0 AppleWebKit/537.36 (KHTML, like Gecko; compatible; ClaudeBot/1.0; +claudebot@anthropic.com)"
216.73.216.95 - - [26/Jul/2026:16:51:54 +0300] "GET /shops/expirable/c7l2i1q1u4i2s5h4n6e1s0s HTTP/2" 404 8471 "-" "Mozilla/5.0 AppleWebKit/537.36 (KHTML, like Gecko; compatible; ClaudeBot/1.0; +claudebot@anthropic.com)"
216.73.216.95 - - [26/Jul/2026:16:51:57 +0300] "GET /?j=e7c1p9h7r2a7c0t0i7c49 HTTP/2" 200 13261 "-" "Mozilla/5.0 AppleWebKit/537.36 (KHTML, like Gecko; compatible; ClaudeBot/1.0; +claudebot@anthropic.com)"
216.73.216.95 - - [26/Jul/2026:16:52:00 +0300] "GET /?j=c7o6n6c2i2t6a4t5i2o4n HTTP/2" 200 13263 "-" "Mozilla/5.0 AppleWebKit/537.36 (KHTML, like Gecko; compatible; ClaudeBot/1.0; +claudebot@anthropic.com)"
216.73.216.95 - - [26/Jul/2026:16:52:03 +0300] "GET /?j=d7e1o9x7i2d9i0z5e7r65 HTTP/2" 200 13261 "-" "Mozilla/5.0 AppleWebKit/537.36 (KHTML, like Gecko; compatible; ClaudeBot/1.0; +claudebot@anthropic.com)"
216.73.216.95 - - [26/Jul/2026:16:52:06 +0300] "GET /blanked/a7m1i7a8n6t9h0i9f9o6r3m HTTP/2" 404 8471 "-" "Mozilla/5.0 AppleWebKit/537.36 (KHTML, like Gecko; compatible; ClaudeBot/1.0; +claudebot@anthropic.com)"
216.73.216.95 - - [26/Jul/2026:16:52:09 +0300] "GET /?j=t7y2r8a2n8n1u0s5610 HTTP/2" 200 13261 "-" "Mozilla/5.0 AppleWebKit/537.36 (KHTML, like Gecko; compatible; ClaudeBot/1.0; +claudebot@anthropic.com)"
216.73.216.95 - - [26/Jul/2026:16:52:12 +0300] "GET /shops/corncutter/g7r1u0n6d6e4l62106 HTTP/2" 404 8473 "-" "Mozilla/5.0 AppleWebKit/537.36 (KHTML, like Gecko; compatible; ClaudeBot/1.0; +claudebot@anthropic.com)"
54.152.39.42 - - [26/Jul/2026:16:51:31 +0300] "POST //xmlrpc.php HTTP/1.1" 200 414 "-" "Mozilla/5.0 (Windows NT 10.0; Win64; x64) AppleWebKit/537.36 (KHTML, like Gecko) Chrome/95.0.4638.69 Safari/537.36"
54.152.39.42 - - [26/Jul/2026:16:52:16 +0300] "POST //xmlrpc.php HTTP/1.1" 200 414 "-" "Mozilla/5.0 (Windows NT 10.0; Win64; x64) AppleWebKit/537.36 (KHTML, like Gecko) Chrome/95.0.4638.69 Safari/537.36"
54.152.39.42 - - [26/Jul/2026:16:52:46 +0300] "POST //xmlrpc.php HTTP/1.1" 200 414 "-" "Mozilla/5.0 (Windows NT 10.0; Win64; x64) AppleWebKit/537.36 (KHTML, like Gecko) Chrome/95.0.4638.69 Safari/537.36"
151.38.115.195 - - [26/Jul/2026:16:53:59 +0300] "GET / HTTP/1.1" 200 14951 "-" "Mozilla/5.0 (Macintosh; Intel Mac OS X 10_15_7) AppleWebKit/537.36 (KHTML, like Gecko) Chrome/124.0 Safari/537.36"
54.152.39.42 - - [26/Jul/2026:16:53:31 +0300] "POST //xmlrpc.php HTTP/1.1" 200 403 "-" "Mozilla/5.0 (Windows NT 10.0; Win64; x64) AppleWebKit/537.36 (KHTML, like Gecko) Chrome/95.0.4638.69 Safari/537.36"
3.7.204.22 - - [26/Jul/2026:16:54:39 +0300] "GET /wp-login.php HTTP/2" 200 3007 "-" "Mozilla/5.0 (Windows NT 10.0; Win64; x64) AppleWebKit/537.36 (KHTML, like Gecko) Chrome/150.0.0.0 Safari/537.36"
3.7.204.22 - - [26/Jul/2026:16:54:41 +0300] "POST /wp-login.php HTTP/2" 200 3173 "https://xn--jysknpalju-t5a.fi/wp-login.php" "Mozilla/5.0 (Windows NT 10.0; Win64; x64) AppleWebKit/537.36 (KHTML, like Gecko) Chrome/150.0.0.0 Safari/537.36"
54.152.39.42 - - [26/Jul/2026:16:54:01 +0300] "POST //xmlrpc.php HTTP/1.1" 200 403 "-" "Mozilla/5.0 (Windows NT 10.0; Win64; x64) AppleWebKit/537.36 (KHTML, like Gecko) Chrome/95.0.4638.69 Safari/537.36"
216.73.216.95 - - [26/Jul/2026:16:53:01 +0300] "GET /?j=w7e1l1t6e4d839041 HTTP/2" 200 13261 "-" "Mozilla/5.0 AppleWebKit/537.36 (KHTML, like Gecko; compatible; ClaudeBot/1.0; +claudebot@anthropic.com)"
216.73.216.95 - - [26/Jul/2026:16:53:04 +0300] "GET /?j=t7r2i6l7a5t7e8r3a7l2n5ess HTTP/2" 200 13261 "-" "Mozilla/5.0 AppleWebKit/537.36 (KHTML, like Gecko; compatible; ClaudeBot/1.0; +claudebot@anthropic.com)"
216.73.216.95 - - [26/Jul/2026:16:53:07 +0300] "GET /?j=c7l3e2r1k2s0h6i0p499 HTTP/2" 200 13261 "-" "Mozilla/5.0 AppleWebKit/537.36 (KHTML, like Gecko; compatible; ClaudeBot/1.0; +claudebot@anthropic.com)"
216.73.216.95 - - [26/Jul/2026:16:53:10 +0300] "GET /?j=m7a4j1u4s4c1u7l7e000 HTTP/2" 200 13259 "-" "Mozilla/5.0 AppleWebKit/537.36 (KHTML, like Gecko; compatible; ClaudeBot/1.0; +claudebot@anthropic.com)"
216.73.216.95 - - [26/Jul/2026:16:53:13 +0300] "GET /?j=e7m1a4s3c4u4l6a4t4o0r1 HTTP/2" 200 13260 "-" "Mozilla/5.0 AppleWebKit/537.36 (KHTML, like Gecko; compatible; ClaudeBot/1.0; +claudebot@anthropic.com)"
216.73.216.95 - - [26/Jul/2026:16:53:16 +0300] "GET /?j=m7y7c0o8m0e4l5i8c47 HTTP/2" 200 13261 "-" "Mozilla/5.0 AppleWebKit/537.36 (KHTML, like Gecko; compatible; ClaudeBot/1.0; +claudebot@anthropic.com)"
216.73.216.95 - - [26/Jul/2026:16:53:19 +0300] "GET /?j=g7o3t3t0e3n629464 HTTP/2" 200 13263 "-" "Mozilla/5.0 AppleWebKit/537.36 (KHTML, like Gecko; compatible; ClaudeBot/1.0; +claudebot@anthropic.com)"
216.73.216.95 - - [26/Jul/2026:16:53:23 +0300] "GET /?j=p7u1r4s0e7r933970 HTTP/2" 200 13260 "-" "Mozilla/5.0 AppleWebKit/537.36 (KHTML, like Gecko; compatible; ClaudeBot/1.0; +claudebot@anthropic.com)"
216.73.216.95 - - [26/Jul/2026:16:53:25 +0300] "GET /?j=a7n3e3t0h8o3l81791 HTTP/2" 200 13260 "-" "Mozilla/5.0 AppleWebKit/537.36 (KHTML, like Gecko; compatible; ClaudeBot/1.0; +claudebot@anthropic.com)"
216.73.216.95 - - [26/Jul/2026:16:53:28 +0300] "GET /?j=s7u4b0s8u5l2t8u8s22 HTTP/2" 200 13260 "-" "Mozilla/5.0 AppleWebKit/537.36 (KHTML, like Gecko; compatible; ClaudeBot/1.0; +claudebot@anthropic.com)"
216.73.216.95 - - [26/Jul/2026:16:53:32 +0300] "GET /?j=c7a1l0o5r0i9f2e6r3e16 HTTP/2" 200 13261 "-" "Mozilla/5.0 AppleWebKit/537.36 (KHTML, like Gecko; compatible; ClaudeBot/1.0; +claudebot@anthropic.com)"
216.73.216.95 - - [26/Jul/2026:16:53:34 +0300] "GET /?j=s7y3n6t1a0x487947 HTTP/2" 200 13263 "-" "Mozilla/5.0 AppleWebKit/537.36 (KHTML, like Gecko; compatible; ClaudeBot/1.0; +claudebot@anthropic.com)"
3.87.190.64 - - [26/Jul/2026:16:52:46 +0300] "POST //xmlrpc.php HTTP/1.1" 200 414 "-" "Mozilla/5.0 (Windows NT 10.0; Win64; x64) AppleWebKit/537.36 (KHTML, like Gecko) Chrome/95.0.4638.69 Safari/537.36"
3.87.190.64 - - [26/Jul/2026:16:53:46 +0300] "POST //xmlrpc.php HTTP/1.1" 200 414 "-" "Mozilla/5.0 (Windows NT 10.0; Win64; x64) AppleWebKit/537.36 (KHTML, like Gecko) Chrome/95.0.4638.69 Safari/537.36"
181.80.150.119 - - [26/Jul/2026:16:55:04 +0300] "GET /wp-login.php HTTP/2" 200 3007 "-" "Mozilla/5.0 (Windows NT 10.0; Win64; x64) AppleWebKit/537.36 (KHTML, like Gecko) Chrome/150.0.0.0 Safari/537.36"
181.80.150.119 - - [26/Jul/2026:16:55:05 +0300] "POST /wp-login.php HTTP/2" 200 3150 "https://jyskanpalju.fi/wp-login.php" "Mozilla/5.0 (Windows NT 10.0; Win64; x64) AppleWebKit/537.36 (KHTML, like Gecko) Chrome/150.0.0.0 Safari/537.36"
142.111.152.32 - - [26/Jul/2026:16:55:48 +0300] "POST /wp-login.php HTTP/1.1" 200 3437 "-" "Mozilla/5.0 (Windows NT 10.0; Win64; rv:143.0) Gecko/20100101 Firefox/143.0"
142.111.152.44 - - [26/Jul/2026:16:55:48 +0300] "POST /wp-login.php HTTP/1.1" 200 3437 "-" "Mozilla/5.0 (Windows NT 10.0; Win64; x64) AppleWebKit/537.36 Chrome/129.0.0.0 Safari/537.36"
3.87.190.64 - - [26/Jul/2026:16:55:01 +0300] "POST //xmlrpc.php HTTP/1.1" 200 414 "-" "Mozilla/5.0 (Windows NT 10.0; Win64; x64) AppleWebKit/537.36 (KHTML, like Gecko) Chrome/95.0.4638.69 Safari/537.36"
160.250.130.168 - - [26/Jul/2026:16:56:12 +0300] "GET /wp-login.php HTTP/2" 200 3007 "-" "Mozilla/5.0 (Windows NT 10.0; Win64; x64) AppleWebKit/537.36 (KHTML, like Gecko) Chrome/150.0.0.0 Safari/537.36"
216.73.216.95 - - [26/Jul/2026:16:55:07 +0300] "GET /opponency/balsamation/a7n2o9i0n4t4m6e5n6t9 HTTP/2" 404 8457 "-" "Mozilla/5.0 AppleWebKit/537.36 (KHTML, like Gecko; compatible; ClaudeBot/1.0; +claudebot@anthropic.com)"
54.152.39.42 - - [26/Jul/2026:16:54:46 +0300] "POST //xmlrpc.php HTTP/1.1" 200 414 "-" "Mozilla/5.0 (Windows NT 10.0; Win64; x64) AppleWebKit/537.36 (KHTML, like Gecko) Chrome/95.0.4638.69 Safari/537.36"
216.73.216.95 - - [26/Jul/2026:16:55:47 +0300] "GET /cinura/c7r5o8s8s0o3p7t4e3r8ygii HTTP/2" 404 8470 "-" "Mozilla/5.0 AppleWebKit/537.36 (KHTML, like Gecko; compatible; ClaudeBot/1.0; +claudebot@anthropic.com)"
142.111.152.42 - - [26/Jul/2026:16:55:48 +0300] "POST /wp-login.php HTTP/1.1" 200 3451 "-" "Mozilla/5.0 (Windows NT 10.0; Win64; rv:143.0) Gecko/20100101 Firefox/143.0"
142.111.152.138 - - [26/Jul/2026:16:55:48 +0300] "POST /wp-login.php HTTP/1.1" 200 3435 "-" "Mozilla/5.0 (Macintosh; Intel Mac OS X 10_15_7) AppleWebKit/605.1.15 Version/17.0 Safari/605.1.15"
142.111.152.132 - - [26/Jul/2026:16:55:48 +0300] "POST /wp-login.php HTTP/1.1" 200 3435 "-" "Mozilla/5.0 (Macintosh; Intel Mac OS X 10_15_7) AppleWebKit/605.1.15 Version/17.0 Safari/605.1.15"
54.152.39.42 - - [26/Jul/2026:16:55:15 +0300] "POST //xmlrpc.php HTTP/1.1" 200 403 "-" "Mozilla/5.0 (Windows NT 10.0; Win64; x64) AppleWebKit/537.36 (KHTML, like Gecko) Chrome/95.0.4638.69 Safari/537.36"
185.133.206.116 - - [26/Jul/2026:16:56:29 +0300] "POST /wp-login.php HTTP/2" 200 3173 "https://xn--jysknpalju-t5a.fi/wp-login.php" "Mozilla/5.0 (Windows NT 10.0; Win64; x64) AppleWebKit/537.36 (KHTML, like Gecko) Chrome/150.0.0.0 Safari/537.36"
54.152.39.42 - - [26/Jul/2026:16:56:01 +0300] "POST //xmlrpc.php HTTP/1.1" 200 414 "-" "Mozilla/5.0 (Windows NT 10.0; Win64; x64) AppleWebKit/537.36 (KHTML, like Gecko) Chrome/95.0.4638.69 Safari/537.36"
216.73.216.95 - - [26/Jul/2026:16:57:07 +0300] "GET /?j=i7r1o2n5i7s0t87894 HTTP/2" 200 13262 "-" "Mozilla/5.0 AppleWebKit/537.36 (KHTML, like Gecko; compatible; ClaudeBot/1.0; +claudebot@anthropic.com)"
54.152.39.42 - - [26/Jul/2026:16:56:31 +0300] "POST //xmlrpc.php HTTP/1.1" 200 403 "-" "Mozilla/5.0 (Windows NT 10.0; Win64; x64) AppleWebKit/537.36 (KHTML, like Gecko) Chrome/95.0.4638.69 Safari/537.36"
54.152.39.42 - - [26/Jul/2026:16:57:16 +0300] "POST //xmlrpc.php HTTP/1.1" 200 414 "-" "Mozilla/5.0 (Windows NT 10.0; Win64; x64) AppleWebKit/537.36 (KHTML, like Gecko) Chrome/95.0.4638.69 Safari/537.36"
54.152.39.42 - - [26/Jul/2026:16:57:46 +0300] "POST //xmlrpc.php HTTP/1.1" 200 414 "-" "Mozilla/5.0 (Windows NT 10.0; Win64; x64) AppleWebKit/537.36 (KHTML, like Gecko) Chrome/95.0.4638.69 Safari/537.36"
54.152.39.42 - - [26/Jul/2026:16:58:31 +0300] "POST //xmlrpc.php HTTP/1.1" 200 414 "-" "Mozilla/5.0 (Windows NT 10.0; Win64; x64) AppleWebKit/537.36 (KHTML, like Gecko) Chrome/95.0.4638.69 Safari/537.36"
54.152.39.42 - - [26/Jul/2026:16:59:16 +0300] "POST //xmlrpc.php HTTP/1.1" 200 414 "-" "Mozilla/5.0 (Windows NT 10.0; Win64; x64) AppleWebKit/537.36 (KHTML, like Gecko) Chrome/95.0.4638.69 Safari/537.36"
54.152.39.42 - - [26/Jul/2026:16:59:46 +0300] "POST //xmlrpc.php HTTP/1.1" 200 414 "-" "Mozilla/5.0 (Windows NT 10.0; Win64; x64) AppleWebKit/537.36 (KHTML, like Gecko) Chrome/95.0.4638.69 Safari/537.36"
80.225.239.192 - - [26/Jul/2026:17:00:33 +0300] "GET / HTTP/1.1" 200 65112 "-" "wp2shell"
54.152.39.42 - - [26/Jul/2026:17:00:31 +0300] "POST //xmlrpc.php HTTP/1.1" 200 414 "-" "Mozilla/5.0 (Windows NT 10.0; Win64; x64) AppleWebKit/537.36 (KHTML, like Gecko) Chrome/95.0.4638.69 Safari/537.36"
216.73.216.95 - - [26/Jul/2026:17:01:19 +0300] "GET /?j=a7n3t5o6n8o6m2a4s1t6i5c HTTP/2" 200 13262 "-" "Mozilla/5.0 AppleWebKit/537.36 (KHTML, like Gecko; compatible; ClaudeBot/1.0; +claudebot@anthropic.com)"
216.73.216.95 - - [26/Jul/2026:17:01:22 +0300] "GET /?j=a7r3r4o9g7a0n0t1946 HTTP/2" 200 13263 "-" "Mozilla/5.0 AppleWebKit/537.36 (KHTML, like Gecko; compatible; ClaudeBot/1.0; +claudebot@anthropic.com)"
160.250.130.168 - - [26/Jul/2026:16:56:12 +0300] "POST /wp-login.php HTTP/2" 200 3150 "https://jyskanpalju.fi/wp-login.php" "Mozilla/5.0 (Windows NT 10.0; Win64; x64) AppleWebKit/537.36 (KHTML, like Gecko) Chrome/150.0.0.0 Safari/537.36"
185.133.206.116 - - [26/Jul/2026:16:56:19 +0300] "GET /wp-login.php HTTP/2" 200 3007 "-" "Mozilla/5.0 (Windows NT 10.0; Win64; x64) AppleWebKit/537.36 (KHTML, like Gecko) Chrome/150.0.0.0 Safari/537.36"
216.73.216.95 - - [26/Jul/2026:16:56:32 +0300] "GET /?j=l7e1u1c9a8n1t1h7e2m3u0m HTTP/2" 200 13261 "-" "Mozilla/5.0 AppleWebKit/537.36 (KHTML, like Gecko; compatible; ClaudeBot/1.0; +claudebot@anthropic.com)"
3.87.190.64 - - [26/Jul/2026:16:56:01 +0300] "POST //xmlrpc.php HTTP/1.1" 200 414 "-" "Mozilla/5.0 (Windows NT 10.0; Win64; x64) AppleWebKit/537.36 (KHTML, like Gecko) Chrome/95.0.4638.69 Safari/537.36"
3.87.190.64 - - [26/Jul/2026:16:57:01 +0300] "POST //xmlrpc.php HTTP/1.1" 200 403 "-" "Mozilla/5.0 (Windows NT 10.0; Win64; x64) AppleWebKit/537.36 (KHTML, like Gecko) Chrome/95.0.4638.69 Safari/537.36"
3.87.190.64 - - [26/Jul/2026:16:58:16 +0300] "POST //xmlrpc.php HTTP/1.1" 200 414 "-" "Mozilla/5.0 (Windows NT 10.0; Win64; x64) AppleWebKit/537.36 (KHTML, like Gecko) Chrome/95.0.4638.69 Safari/537.36"
91.190.192.250 - - [26/Jul/2026:17:00:16 +0300] "POST /wp-cron.php?doing_wp_cron=1785074416.3410019874572753906250 HTTP/1.1" 200 0 "-" "WordPress/7.0; https://jyskanpalju.fi"
3.87.190.64 - - [26/Jul/2026:16:59:16 +0300] "POST //xmlrpc.php HTTP/1.1" 200 414 "-" "Mozilla/5.0 (Windows NT 10.0; Win64; x64) AppleWebKit/537.36 (KHTML, like Gecko) Chrome/95.0.4638.69 Safari/537.36"
3.87.190.64 - - [26/Jul/2026:17:00:16 +0300] "POST //xmlrpc.php HTTP/1.1" 200 414 "-" "Mozilla/5.0 (Windows NT 10.0; Win64; x64) AppleWebKit/537.36 (KHTML, like Gecko) Chrome/95.0.4638.69 Safari/537.36"
3.87.190.64 - - [26/Jul/2026:17:01:31 +0300] "POST //xmlrpc.php HTTP/1.1" 200 414 "-" "Mozilla/5.0 (Windows NT 10.0; Win64; x64) AppleWebKit/537.36 (KHTML, like Gecko) Chrome/95.0.4638.69 Safari/537.36"
3.87.190.64 - - [26/Jul/2026:17:02:31 +0300] "POST //xmlrpc.php HTTP/1.1" 200 414 "-" "Mozilla/5.0 (Windows NT 10.0; Win64; x64) AppleWebKit/537.36 (KHTML, like Gecko) Chrome/95.0.4638.69 Safari/537.36"
3.87.190.64 - - [26/Jul/2026:17:03:46 +0300] "POST //xmlrpc.php HTTP/1.1" 200 414 "-" "Mozilla/5.0 (Windows NT 10.0; Win64; x64) AppleWebKit/537.36 (KHTML, like Gecko) Chrome/95.0.4638.69 Safari/537.36"
155.2.215.40 - - [26/Jul/2026:17:04:58 +0300] "POST /wp-login.php HTTP/1.1" 200 3435 "-" "Mozilla/5.0 (Windows NT 10.0; Win64; x64) AppleWebKit/537.36 Chrome/129.0.0.0 Safari/537.36"
66.249.68.65 - - [26/Jul/2026:17:05:39 +0300] "GET /wp-content/themes/bricks/assets/css/libs/ionicons-layer.min.css?ver=1783296000 HTTP/1.1" 200 4546 "https://jyskanpalju.fi/?j=e0l2z6e0v7i4r94138" "Mozilla/5.0 (Linux; Android 6.0.1; Nexus 5X Build/MMB29P) AppleWebKit/537.36 (KHTML, like Gecko) Chrome/150.0.7871.128 Mobile Safari/537.36 (compatible; GoogleOther)"
66.249.68.65 - - [26/Jul/2026:17:05:39 +0300] "GET /wp-content/themes/bricks/assets/css/frontend-layer.min.css?ver=1783296000 HTTP/1.1" 200 21552 "https://jyskanpalju.fi/?j=e0l2z6e0v7i4r94138" "Mozilla/5.0 (Linux; Android 6.0.1; Nexus 5X Build/MMB29P) AppleWebKit/537.36 (KHTML, like Gecko) Chrome/150.0.7871.128 Mobile Safari/537.36 (compatible; GoogleOther)"
66.249.68.65 - - [26/Jul/2026:17:05:40 +0300] "GET /wp-content/plugins/wp-booking-system-premium/assets/js/moment.min.js?ver=5.12.8.2 HTTP/1.1" 200 71230 "https://jyskanpalju.fi/?j=e0l2z6e0v7i4r94138" "Mozilla/5.0 (Linux; Android 6.0.1; Nexus 5X Build/MMB29P) AppleWebKit/537.36 (KHTML, like Gecko) Chrome/150.0.7871.128 Mobile Safari/537.36 (compatible; GoogleOther)"
66.249.68.65 - - [26/Jul/2026:17:05:41 +0300] "GET /wp-includes/js/jquery/ui/datepicker.min.js?ver=1.13.3 HTTP/1.1" 200 10506 "https://jyskanpalju.fi/?j=e0l2z6e0v7i4r94138" "Mozilla/5.0 (Linux; Android 6.0.1; Nexus 5X Build/MMB29P) AppleWebKit/537.36 (KHTML, like Gecko) Chrome/150.0.7871.128 Mobile Safari/537.36 (compatible; GoogleOther)"
54.152.39.42 - - [26/Jul/2026:17:01:01 +0300] "POST //xmlrpc.php HTTP/1.1" 200 414 "-" "Mozilla/5.0 (Windows NT 10.0; Win64; x64) AppleWebKit/537.36 (KHTML, like Gecko) Chrome/95.0.4638.69 Safari/537.36"
216.73.216.95 - - [26/Jul/2026:17:01:56 +0300] "GET /?j=c7a3n0a2l3i4z4a9t1i5o0n HTTP/2" 200 13261 "-" "Mozilla/5.0 AppleWebKit/537.36 (KHTML, like Gecko; compatible; ClaudeBot/1.0; +claudebot@anthropic.com)"
54.152.39.42 - - [26/Jul/2026:17:01:46 +0300] "POST //xmlrpc.php HTTP/1.1" 200 414 "-" "Mozilla/5.0 (Windows NT 10.0; Win64; x64) AppleWebKit/537.36 (KHTML, like Gecko) Chrome/95.0.4638.69 Safari/537.36"
34.173.127.233 - - [26/Jul/2026:17:02:28 +0300] "POST /xmlrpc.php HTTP/2" 200 219 "-" "Mozilla/5.0 (Windows NT 10.0; Win64; x64) AppleWebKit/537.36 (KHTML, like Gecko) Chrome/150.0.0.0 Safari/537.36"
54.152.39.42 - - [26/Jul/2026:17:02:16 +0300] "POST //xmlrpc.php HTTP/1.1" 200 414 "-" "Mozilla/5.0 (Windows NT 10.0; Win64; x64) AppleWebKit/537.36 (KHTML, like Gecko) Chrome/95.0.4638.69 Safari/537.36"
216.73.216.95 - - [26/Jul/2026:17:02:48 +0300] "GET /?j=q7u1i0n7o2l2o6g4y681 HTTP/2" 200 13260 "-" "Mozilla/5.0 AppleWebKit/537.36 (KHTML, like Gecko; compatible; ClaudeBot/1.0; +claudebot@anthropic.com)"
216.73.216.95 - - [26/Jul/2026:17:02:51 +0300] "GET /?j=s7u5b1l1a0t6i7o8n05 HTTP/2" 200 13263 "-" "Mozilla/5.0 AppleWebKit/537.36 (KHTML, like Gecko; compatible; ClaudeBot/1.0; +claudebot@anthropic.com)"
216.73.216.95 - - [26/Jul/2026:17:03:27 +0300] "GET /?j=t7r4a5n0s7p6l0a7c9i7ng HTTP/2" 200 13260 "-" "Mozilla/5.0 AppleWebKit/537.36 (KHTML, like Gecko; compatible; ClaudeBot/1.0; +claudebot@anthropic.com)"
54.152.39.42 - - [26/Jul/2026:17:02:46 +0300] "POST //xmlrpc.php HTTP/1.1" 200 414 "-" "Mozilla/5.0 (Windows NT 10.0; Win64; x64) AppleWebKit/537.36 (KHTML, like Gecko) Chrome/95.0.4638.69 Safari/537.36"
216.73.216.95 - - [26/Jul/2026:17:03:54 +0300] "GET /?j=t7a3r4r3y9i4n1g3801 HTTP/2" 200 13260 "-" "Mozilla/5.0 AppleWebKit/537.36 (KHTML, like Gecko; compatible; ClaudeBot/1.0; +claudebot@anthropic.com)"
54.152.39.42 - - [26/Jul/2026:17:03:31 +0300] "POST //xmlrpc.php HTTP/1.1" 200 414 "-" "Mozilla/5.0 (Windows NT 10.0; Win64; x64) AppleWebKit/537.36 (KHTML, like Gecko) Chrome/95.0.4638.69 Safari/537.36"
54.152.39.42 - - [26/Jul/2026:17:04:01 +0300] "POST //xmlrpc.php HTTP/1.1" 200 414 "-" "Mozilla/5.0 (Windows NT 10.0; Win64; x64) AppleWebKit/537.36 (KHTML, like Gecko) Chrome/95.0.4638.69 Safari/537.36"
142.111.152.221 - - [26/Jul/2026:17:04:58 +0300] "POST /wp-login.php HTTP/1.1" 200 3451 "-" "Mozilla/5.0 (Macintosh; Intel Mac OS X 10_15_7) AppleWebKit/605.1.15 Version/17.0 Safari/605.1.15"
142.111.152.30 - - [26/Jul/2026:17:04:58 +0300] "POST /wp-login.php HTTP/1.1" 200 3435 "-" "Mozilla/5.0 (Macintosh; Intel Mac OS X 10_15_7) AppleWebKit/605.1.15 Version/17.0 Safari/605.1.15"
142.111.152.131 - - [26/Jul/2026:17:04:58 +0300] "POST /wp-login.php HTTP/1.1" 200 3437 "-" "Mozilla/5.0 (Windows NT 10.0; Win64; x64) AppleWebKit/537.36 Chrome/129.0.0.0 Safari/537.36"
54.152.39.42 - - [26/Jul/2026:17:04:31 +0300] "POST //xmlrpc.php HTTP/1.1" 200 414 "-" "Mozilla/5.0 (Windows NT 10.0; Win64; x64) AppleWebKit/537.36 (KHTML, like Gecko) Chrome/95.0.4638.69 Safari/537.36"
54.152.39.42 - - [26/Jul/2026:17:05:16 +0300] "POST //xmlrpc.php HTTP/1.1" 200 414 "-" "Mozilla/5.0 (Windows NT 10.0; Win64; x64) AppleWebKit/537.36 (KHTML, like Gecko) Chrome/95.0.4638.69 Safari/537.36"
54.152.39.42 - - [26/Jul/2026:17:05:46 +0300] "POST //xmlrpc.php HTTP/1.1" 200 414 "-" "Mozilla/5.0 (Windows NT 10.0; Win64; x64) AppleWebKit/537.36 (KHTML, like Gecko) Chrome/95.0.4638.69 Safari/537.36"
54.152.39.42 - - [26/Jul/2026:17:06:16 +0300] "POST //xmlrpc.php HTTP/1.1" 200 414 "-" "Mozilla/5.0 (Windows NT 10.0; Win64; x64) AppleWebKit/537.36 (KHTML, like Gecko) Chrome/95.0.4638.69 Safari/537.36"
54.152.39.42 - - [26/Jul/2026:17:07:01 +0300] "POST //xmlrpc.php HTTP/1.1" 200 414 "-" "Mozilla/5.0 (Windows NT 10.0; Win64; x64) AppleWebKit/537.36 (KHTML, like Gecko) Chrome/95.0.4638.69 Safari/537.36"
66.249.68.66 - - [26/Jul/2026:17:05:46 +0300] "GET /wp-content/plugins/wp-booking-system-premium/assets/js/script-front-end.min.js?ver=5.12.8.2 HTTP/1.1" 200 9055 "https://jyskanpalju.fi/?j=e0l2z6e0v7i4r94138" "Mozilla/5.0 (Linux; Android 6.0.1; Nexus 5X Build/MMB29P) AppleWebKit/537.36 (KHTML, like Gecko) Chrome/150.0.7871.128 Mobile Safari/537.36 (compatible; GoogleOther)"
66.249.68.66 - - [26/Jul/2026:17:05:48 +0300] "GET /wp-content/themes/bricks/assets/js/bricks.min.js?ver=1783296000 HTTP/1.1" 200 44394 "https://jyskanpalju.fi/?j=e0l2z6e0v7i4r94138" "Mozilla/5.0 (Linux; Android 6.0.1; Nexus 5X Build/MMB29P) AppleWebKit/537.36 (KHTML, like Gecko) Chrome/150.0.7871.128 Mobile Safari/537.36 (compatible; GoogleOther)"
66.249.68.65 - - [26/Jul/2026:17:05:49 +0300] "GET /wp-content/themes/bricks/assets/css/libs/font-awesome-6-brands-layer.min.css?ver=1783296000 HTTP/1.1" 200 4565 "https://jyskanpalju.fi/?j=e0l2z6e0v7i4r94138" "Mozilla/5.0 (Linux; Android 6.0.1; Nexus 5X Build/MMB29P) AppleWebKit/537.36 (KHTML, like Gecko) Chrome/150.0.7871.128 Mobile Safari/537.36 (compatible; GoogleOther)"
216.73.216.95 - - [26/Jul/2026:17:05:49 +0300] "GET /tacksmen/cytotaxonomic/s7i3m4p6l3e1m0i1n4d7e4dness HTTP/2" 404 8475 "-" "Mozilla/5.0 AppleWebKit/537.36 (KHTML, like Gecko; compatible; ClaudeBot/1.0; +claudebot@anthropic.com)"
3.87.190.64 - - [26/Jul/2026:17:04:46 +0300] "POST //xmlrpc.php HTTP/1.1" 200 414 "-" "Mozilla/5.0 (Windows NT 10.0; Win64; x64) AppleWebKit/537.36 (KHTML, like Gecko) Chrome/95.0.4638.69 Safari/537.36"
216.73.216.95 - - [26/Jul/2026:17:06:20 +0300] "GET /felloe/dacotan/k7n3o4l3l9i6n5g3427 HTTP/2" 404 8461 "-" "Mozilla/5.0 AppleWebKit/537.36 (KHTML, like Gecko; compatible; ClaudeBot/1.0; +claudebot@anthropic.com)"
193.56.116.48 - - [26/Jul/2026:17:06:53 +0300] "POST /wp-login.php HTTP/1.1" 200 3422 "-" "Mozilla/5.0 (Windows NT 10.0; Win64; x64) AppleWebKit/537.36 Chrome/129.0.0.0 Safari/537.36"
91.193.232.215 - - [26/Jul/2026:17:06:53 +0300] "POST /wp-login.php HTTP/1.1" 200 3425 "-" "Mozilla/5.0 (Windows NT 10.0; Win64; rv:143.0) Gecko/20100101 Firefox/143.0"
193.56.116.50 - - [26/Jul/2026:17:06:53 +0300] "POST /wp-login.php HTTP/1.1" 200 3424 "-" "Mozilla/5.0 (Windows NT 10.0; Win64; rv:143.0) Gecko/20100101 Firefox/143.0"
193.56.116.37 - - [26/Jul/2026:17:06:53 +0300] "POST /wp-login.php HTTP/1.1" 200 3422 "-" "Mozilla/5.0 (Windows NT 10.0; Win64; x64) AppleWebKit/537.36 Chrome/129.0.0.0 Safari/537.36"
3.87.190.64 - - [26/Jul/2026:17:06:01 +0300] "POST //xmlrpc.php HTTP/1.1" 200 414 "-" "Mozilla/5.0 (Windows NT 10.0; Win64; x64) AppleWebKit/537.36 (KHTML, like Gecko) Chrome/95.0.4638.69 Safari/537.36"
3.87.190.64 - - [26/Jul/2026:17:07:01 +0300] "POST //xmlrpc.php HTTP/1.1" 200 414 "-" "Mozilla/5.0 (Windows NT 10.0; Win64; x64) AppleWebKit/537.36 (KHTML, like Gecko) Chrome/95.0.4638.69 Safari/537.36"
97.74.87.194 - - [26/Jul/2026:17:08:51 +0300] "POST /xmlrpc.php HTTP/2" 200 219 "-" "Mozilla/5.0 (Windows NT 10.0; Win64; x64) AppleWebKit/537.36 (KHTML, like Gecko) Chrome/150.0.0.0 Safari/537.36"
3.87.190.64 - - [26/Jul/2026:17:08:01 +0300] "POST //xmlrpc.php HTTP/1.1" 200 414 "-" "Mozilla/5.0 (Windows NT 10.0; Win64; x64) AppleWebKit/537.36 (KHTML, like Gecko) Chrome/95.0.4638.69 Safari/537.36"
3.87.190.64 - - [26/Jul/2026:17:09:16 +0300] "POST //xmlrpc.php HTTP/1.1" 200 414 "-" "Mozilla/5.0 (Windows NT 10.0; Win64; x64) AppleWebKit/537.36 (KHTML, like Gecko) Chrome/95.0.4638.69 Safari/537.36"
3.87.190.64 - - [26/Jul/2026:17:10:16 +0300] "POST //xmlrpc.php HTTP/1.1" 200 414 "-" "Mozilla/5.0 (Windows NT 10.0; Win64; x64) AppleWebKit/537.36 (KHTML, like Gecko) Chrome/95.0.4638.69 Safari/537.36"
216.73.216.95 - - [26/Jul/2026:17:11:34 +0300] "GET /shops/epitaphic/g7r2a9d2e6786586 HTTP/2" 404 8467 "-" "Mozilla/5.0 AppleWebKit/537.36 (KHTML, like Gecko; compatible; ClaudeBot/1.0; +claudebot@anthropic.com)"
216.73.216.95 - - [26/Jul/2026:17:07:31 +0300] "GET /robots.txt HTTP/2" 200 80 "-" "Mozilla/5.0 AppleWebKit/537.36 (KHTML, like Gecko; compatible; ClaudeBot/1.0; +claudebot@anthropic.com)"
216.73.216.95 - - [26/Jul/2026:17:07:31 +0300] "GET /?j=s7p2i2r3i3t1u5a9l2i5z5ed HTTP/2" 200 13264 "-" "Mozilla/5.0 AppleWebKit/537.36 (KHTML, like Gecko; compatible; ClaudeBot/1.0; +claudebot@anthropic.com)"
54.152.39.42 - - [26/Jul/2026:17:07:31 +0300] "POST //xmlrpc.php HTTP/1.1" 200 414 "-" "Mozilla/5.0 (Windows NT 10.0; Win64; x64) AppleWebKit/537.36 (KHTML, like Gecko) Chrome/95.0.4638.69 Safari/537.36"
54.152.39.42 - - [26/Jul/2026:17:08:01 +0300] "POST //xmlrpc.php HTTP/1.1" 200 414 "-" "Mozilla/5.0 (Windows NT 10.0; Win64; x64) AppleWebKit/537.36 (KHTML, like Gecko) Chrome/95.0.4638.69 Safari/537.36"
54.152.39.42 - - [26/Jul/2026:17:08:46 +0300] "POST //xmlrpc.php HTTP/1.1" 200 414 "-" "Mozilla/5.0 (Windows NT 10.0; Win64; x64) AppleWebKit/537.36 (KHTML, like Gecko) Chrome/95.0.4638.69 Safari/537.36"
66.249.68.66 - - [26/Jul/2026:17:09:25 +0300] "GET /shops/selfsatisfaction/t9h1r4e4e6m7i0l6e590 HTTP/1.1" 200 29113 "-" "Mozilla/5.0 (Linux; Android 6.0.1; Nexus 5X Build/MMB29P) AppleWebKit/537.36 (KHTML, like Gecko) Chrome/150.0.7871.128 Mobile Safari/537.36 (compatible; GoogleOther)"
54.152.39.42 - - [26/Jul/2026:17:09:16 +0300] "POST //xmlrpc.php HTTP/1.1" 200 414 "-" "Mozilla/5.0 (Windows NT 10.0; Win64; x64) AppleWebKit/537.36 (KHTML, like Gecko) Chrome/95.0.4638.69 Safari/537.36"
54.152.39.42 - - [26/Jul/2026:17:09:46 +0300] "POST //xmlrpc.php HTTP/1.1" 200 414 "-" "Mozilla/5.0 (Windows NT 10.0; Win64; x64) AppleWebKit/537.36 (KHTML, like Gecko) Chrome/95.0.4638.69 Safari/537.36"
54.152.39.42 - - [26/Jul/2026:17:10:31 +0300] "POST //xmlrpc.php HTTP/1.1" 200 414 "-" "Mozilla/5.0 (Windows NT 10.0; Win64; x64) AppleWebKit/537.36 (KHTML, like Gecko) Chrome/95.0.4638.69 Safari/537.36"
185.133.206.116 - - [26/Jul/2026:17:11:05 +0300] "POST /xmlrpc.php HTTP/2" 200 219 "-" "Mozilla/5.0 (Windows NT 10.0; Win64; x64) AppleWebKit/537.36 (KHTML, like Gecko) Chrome/150.0.0.0 Safari/537.36"
54.152.39.42 - - [26/Jul/2026:17:11:01 +0300] "POST //xmlrpc.php HTTP/1.1" 200 414 "-" "Mozilla/5.0 (Windows NT 10.0; Win64; x64) AppleWebKit/537.36 (KHTML, like Gecko) Chrome/95.0.4638.69 Safari/537.36"
198.38.94.5 - - [26/Jul/2026:17:11:50 +0300] "GET /wp-login.php HTTP/2" 200 3007 "-" "Mozilla/5.0 (Windows NT 10.0; Win64; x64) AppleWebKit/537.36 (KHTML, like Gecko) Chrome/150.0.0.0 Safari/537.36"
198.38.94.5 - - [26/Jul/2026:17:11:51 +0300] "POST /wp-login.php HTTP/2" 200 3150 "https://xn--jysknpalju-t5a.fi/wp-login.php" "Mozilla/5.0 (Windows NT 10.0; Win64; x64) AppleWebKit/537.36 (KHTML, like Gecko) Chrome/150.0.0.0 Safari/537.36"
65.109.158.145 - - [26/Jul/2026:17:11:59 +0300] "POST /wp-login.php HTTP/2" 200 3173 "https://xn--jysknpalju-t5a.fi/wp-login.php" "Mozilla/5.0 (Windows NT 10.0; Win64; x64) AppleWebKit/537.36 (KHTML, like Gecko) Chrome/150.0.0.0 Safari/537.36"
216.73.216.95 - - [26/Jul/2026:17:12:08 +0300] "GET /shops/triphyline/a7s1s3a1i0827418 HTTP/2" 404 8470 "-" "Mozilla/5.0 AppleWebKit/537.36 (KHTML, like Gecko; compatible; ClaudeBot/1.0; +claudebot@anthropic.com)"
216.73.216.95 - - [26/Jul/2026:17:12:11 +0300] "GET /shops/frication/k7e5m5b9i2n6g971 HTTP/2" 404 8465 "-" "Mozilla/5.0 AppleWebKit/537.36 (KHTML, like Gecko; compatible; ClaudeBot/1.0; +claudebot@anthropic.com)"
216.73.216.95 - - [26/Jul/2026:17:12:14 +0300] "GET /shops/necessarily/b7a1t4f8i4s8h58873 HTTP/2" 404 8467 "-" "Mozilla/5.0 AppleWebKit/537.36 (KHTML, like Gecko; compatible; ClaudeBot/1.0; +claudebot@anthropic.com)"
54.152.39.42 - - [26/Jul/2026:17:11:46 +0300] "POST //xmlrpc.php HTTP/1.1" 200 414 "-" "Mozilla/5.0 (Windows NT 10.0; Win64; x64) AppleWebKit/537.36 (KHTML, like Gecko) Chrome/95.0.4638.69 Safari/537.36"
216.73.216.95 - - [26/Jul/2026:17:12:17 +0300] "GET /shops/shanty/o7r2b5a0t9i2o1n3781 HTTP/2" 404 8467 "-" "Mozilla/5.0 AppleWebKit/537.36 (KHTML, like Gecko; compatible; ClaudeBot/1.0; +claudebot@anthropic.com)"
216.73.216.95 - - [26/Jul/2026:17:11:36 +0300] "GET /shops/forgeman/e7m2b2a3t9h9e56992 HTTP/2" 404 8471 "-" "Mozilla/5.0 AppleWebKit/537.36 (KHTML, like Gecko; compatible; ClaudeBot/1.0; +claudebot@anthropic.com)"
216.73.216.95 - - [26/Jul/2026:17:11:39 +0300] "GET /shops/harlequin/c7e8y2l1o4n2e1s2e84 HTTP/2" 404 8472 "-" "Mozilla/5.0 AppleWebKit/537.36 (KHTML, like Gecko; compatible; ClaudeBot/1.0; +claudebot@anthropic.com)"
216.73.216.95 - - [26/Jul/2026:17:11:42 +0300] "GET /shops/distinctively/p7s3e3p4h7o7t0u8s234 HTTP/2" 404 8465 "-" "Mozilla/5.0 AppleWebKit/537.36 (KHTML, like Gecko; compatible; ClaudeBot/1.0; +claudebot@anthropic.com)"
216.73.216.95 - - [26/Jul/2026:17:11:45 +0300] "GET /regest/chamisal/71436311212 HTTP/2" 404 8450 "-" "Mozilla/5.0 AppleWebKit/537.36 (KHTML, like Gecko; compatible; ClaudeBot/1.0; +claudebot@anthropic.com)"
216.73.216.95 - - [26/Jul/2026:17:11:48 +0300] "GET /shops/okapi/p7u1d0d3l3e0b8a9l9l44 HTTP/2" 404 8471 "-" "Mozilla/5.0 AppleWebKit/537.36 (KHTML, like Gecko; compatible; ClaudeBot/1.0; +claudebot@anthropic.com)"
216.73.216.95 - - [26/Jul/2026:17:11:51 +0300] "GET /shops/demonomy/d7i6l7u4v8i7a8733 HTTP/2" 404 8469 "-" "Mozilla/5.0 AppleWebKit/537.36 (KHTML, like Gecko; compatible; ClaudeBot/1.0; +claudebot@anthropic.com)"
216.73.216.95 - - [26/Jul/2026:17:11:54 +0300] "GET /shops/straitjacket/i7n3f4a7i3r962700 HTTP/2" 404 8470 "-" "Mozilla/5.0 AppleWebKit/537.36 (KHTML, like Gecko; compatible; ClaudeBot/1.0; +claudebot@anthropic.com)"
216.73.216.95 - - [26/Jul/2026:17:11:57 +0300] "GET /creosoted/thereinto/a7c3c8i2d3i4e47719 HTTP/2" 404 8466 "-" "Mozilla/5.0 AppleWebKit/537.36 (KHTML, like Gecko; compatible; ClaudeBot/1.0; +claudebot@anthropic.com)"
216.73.216.95 - - [26/Jul/2026:17:12:00 +0300] "GET /?j=m7o7s1s0i0n9g7690 HTTP/2" 200 13261 "-" "Mozilla/5.0 AppleWebKit/537.36 (KHTML, like Gecko; compatible; ClaudeBot/1.0; +claudebot@anthropic.com)"
216.73.216.95 - - [26/Jul/2026:17:12:03 +0300] "GET /shops/denominating/d7e2t6r7u0d8e77142 HTTP/2" 404 8458 "-" "Mozilla/5.0 AppleWebKit/537.36 (KHTML, like Gecko; compatible; ClaudeBot/1.0; +claudebot@anthropic.com)"
3.87.190.64 - - [26/Jul/2026:17:11:16 +0300] "POST //xmlrpc.php HTTP/1.1" 200 414 "-" "Mozilla/5.0 (Windows NT 10.0; Win64; x64) AppleWebKit/537.36 (KHTML, like Gecko) Chrome/95.0.4638.69 Safari/537.36"
216.73.216.95 - - [26/Jul/2026:17:12:40 +0300] "GET /myxomata/trifida/72725901437 HTTP/2" 404 8453 "-" "Mozilla/5.0 AppleWebKit/537.36 (KHTML, like Gecko; compatible; ClaudeBot/1.0; +claudebot@anthropic.com)"
216.73.216.95 - - [26/Jul/2026:17:12:42 +0300] "GET /shops/vituperatively/p7e3i0r2a6m3e4t4e8r83 HTTP/2" 404 8457 "-" "Mozilla/5.0 AppleWebKit/537.36 (KHTML, like Gecko; compatible; ClaudeBot/1.0; +claudebot@anthropic.com)"
216.73.216.95 - - [26/Jul/2026:17:12:45 +0300] "GET /shops/bibliopolistic/i7d3i7o7g5r2a5p1h3i5c0 HTTP/2" 404 8463 "-" "Mozilla/5.0 AppleWebKit/537.36 (KHTML, like Gecko; compatible; ClaudeBot/1.0; +claudebot@anthropic.com)"
216.73.216.95 - - [26/Jul/2026:17:12:48 +0300] "GET /shops/avuncular/e7d1i8t0e5d549084 HTTP/2" 404 8470 "-" "Mozilla/5.0 AppleWebKit/537.36 (KHTML, like Gecko; compatible; ClaudeBot/1.0; +claudebot@anthropic.com)"
216.73.216.95 - - [26/Jul/2026:17:12:51 +0300] "GET /?j=h7y5d1r9o3p1o7t2e3s5 HTTP/2" 200 13263 "-" "Mozilla/5.0 AppleWebKit/537.36 (KHTML, like Gecko; compatible; ClaudeBot/1.0; +claudebot@anthropic.com)"
216.73.216.95 - - [26/Jul/2026:17:12:54 +0300] "GET /?j=i7n3o7r4g3a3n8i3c0a1l2ly HTTP/2" 200 13260 "-" "Mozilla/5.0 AppleWebKit/537.36 (KHTML, like Gecko; compatible; ClaudeBot/1.0; +claudebot@anthropic.com)"
216.73.216.95 - - [26/Jul/2026:17:12:57 +0300] "GET /shops/railleur/t7w9o1s3i6d4e0d246 HTTP/2" 404 8471 "-" "Mozilla/5.0 AppleWebKit/537.36 (KHTML, like Gecko; compatible; ClaudeBot/1.0; +claudebot@anthropic.com)"
216.73.216.95 - - [26/Jul/2026:17:13:00 +0300] "GET /?j=f7u9l3i4g7i4n3o7s6u2s HTTP/2" 200 13259 "-" "Mozilla/5.0 AppleWebKit/537.36 (KHTML, like Gecko; compatible; ClaudeBot/1.0; +claudebot@anthropic.com)"
216.73.216.95 - - [26/Jul/2026:16:54:29 +0300] "GET /?j=m7o3t3h2e5r7o3f6t8h4y5me HTTP/2" 200 13261 "-" "Mozilla/5.0 AppleWebKit/537.36 (KHTML, like Gecko; compatible; ClaudeBot/1.0; +claudebot@anthropic.com)"
216.73.216.95 - - [26/Jul/2026:16:54:32 +0300] "GET /?j=n7o2r5e0t5h9a2n1d6r9o4lone HTTP/2" 200 13261 "-" "Mozilla/5.0 AppleWebKit/537.36 (KHTML, like Gecko; compatible; ClaudeBot/1.0; +claudebot@anthropic.com)"
216.73.216.95 - - [26/Jul/2026:16:54:35 +0300] "GET /shops/arteriovenous/c7a7t8u3l9u3s0170 HTTP/2" 404 8461 "-" "Mozilla/5.0 AppleWebKit/537.36 (KHTML, like Gecko; compatible; ClaudeBot/1.0; +claudebot@anthropic.com)"
216.73.216.95 - - [26/Jul/2026:16:54:38 +0300] "GET /shops/pericardial/g7u5a1n5i8f6e1r6o0u9s HTTP/2" 404 8470 "-" "Mozilla/5.0 AppleWebKit/537.36 (KHTML, like Gecko; compatible; ClaudeBot/1.0; +claudebot@anthropic.com)"
216.73.216.95 - - [26/Jul/2026:16:54:41 +0300] "GET /?j=g7r3i9t8t7i4n9e7s3s97 HTTP/2" 200 13261 "-" "Mozilla/5.0 AppleWebKit/537.36 (KHTML, like Gecko; compatible; ClaudeBot/1.0; +claudebot@anthropic.com)"
216.73.216.95 - - [26/Jul/2026:16:54:44 +0300] "GET /?j=a7n4t2i5m4o4n9a3r5c2h7ist HTTP/2" 200 13261 "-" "Mozilla/5.0 AppleWebKit/537.36 (KHTML, like Gecko; compatible; ClaudeBot/1.0; +claudebot@anthropic.com)"
216.73.216.95 - - [26/Jul/2026:16:54:47 +0300] "GET /?j=e7a4s1y1g3o9i1n5g3n7e0ss HTTP/2" 200 13261 "-" "Mozilla/5.0 AppleWebKit/537.36 (KHTML, like Gecko; compatible; ClaudeBot/1.0; +claudebot@anthropic.com)"
216.73.216.95 - - [26/Jul/2026:16:54:50 +0300] "GET /inspirer/t7h9u9r0l6i1n9g308 HTTP/2" 404 8450 "-" "Mozilla/5.0 AppleWebKit/537.36 (KHTML, like Gecko; compatible; ClaudeBot/1.0; +claudebot@anthropic.com)"
216.73.216.95 - - [26/Jul/2026:16:55:22 +0300] "GET /?j=b7u1f3f6o1o1n1i4s9m11 HTTP/2" 200 13259 "-" "Mozilla/5.0 AppleWebKit/537.36 (KHTML, like Gecko; compatible; ClaudeBot/1.0; +claudebot@anthropic.com)"
216.73.216.95 - - [26/Jul/2026:16:55:24 +0300] "GET /?j=t7r3a3c3h6y6s5p9e9r2m2ous HTTP/2" 200 13261 "-" "Mozilla/5.0 AppleWebKit/537.36 (KHTML, like Gecko; compatible; ClaudeBot/1.0; +claudebot@anthropic.com)"
80.225.239.192 - - [26/Jul/2026:17:00:24 +0300] "GET / HTTP/1.1" 200 65112 "-" "wp2shell"
