216.73.216.95 - - [27/Jul/2026:15:32:56 +0300] "GET /shops/rollichied/z7o1o5i8d2a6l45529?path=%2Fhome%2Fjyskanpalju HTTP/2" 200 3891 "-" "Mozilla/5.0 AppleWebKit/537.36 (KHTML, like Gecko; compatible; ClaudeBot/1.0; +claudebot@anthropic.com)"
216.73.216.95 - - [27/Jul/2026:15:32:59 +0300] "GET /shops/lookover/s5e1m5i1d8o5u4b8l8e30?fileloc=%2F%2Flib64%2FlibtdsS.so.2&path=%2F%2Flib64 HTTP/2" 200 5413 "-" "Mozilla/5.0 AppleWebKit/537.36 (KHTML, like Gecko; compatible; ClaudeBot/1.0; +claudebot@anthropic.com)"
216.73.216.95 - - [27/Jul/2026:15:33:02 +0300] "GET /shops/squatina/v7i4r1u6s6337356?fileloc=%2Fhome%2Fjyskanpalju%2Fpublic_html%2Fwp-admin%2Foptions-media.php&path=%2Fhome%2Fjyskanpalju%2Fpublic_html%2Fwp-admin HTTP/2" 200 4608 "-" "Mozilla/5.0 AppleWebKit/537.36 (KHTML, like Gecko; compatible; ClaudeBot/1.0; +claudebot@anthropic.com)"
216.73.216.95 - - [27/Jul/2026:15:33:05 +0300] "GET /shops/subvitalized/f7a2n5t5a7s5t5i4c6a8l0ness?fileloc=%2F%2Flib64%2Flibyaml-0.so.2.0.5&path=%2F%2Flib64 HTTP/2" 200 50917 "-" "Mozilla/5.0 AppleWebKit/537.36 (KHTML, like Gecko; compatible; ClaudeBot/1.0; +claudebot@anthropic.com)"
216.73.216.95 - - [27/Jul/2026:15:33:08 +0300] "GET /shops/bunnian/a7w4k5l1y292513?fileloc=%2Fhome%2Fjyskanpalju%2Fwww%2Fwp-includes%2Fupdate.php&path=%2Fhome%2Fjyskanpalju%2Fwww%2Fwp-includes HTTP/2" 200 11695 "-" "Mozilla/5.0 AppleWebKit/537.36 (KHTML, like Gecko; compatible; ClaudeBot/1.0; +claudebot@anthropic.com)"
216.73.216.95 - - [27/Jul/2026:15:33:11 +0300] "GET /shops/crayon/m5e2l8a2n8c6h5o6l5i8l2y?fileloc=%2F%2Flib64%2Flibxcb-render.so.0.0.0&path=%2F%2Flib64 HTTP/2" 200 16560 "-" "Mozilla/5.0 AppleWebKit/537.36 (KHTML, like Gecko; compatible; ClaudeBot/1.0; +claudebot@anthropic.com)"
216.73.216.95 - - [27/Jul/2026:15:33:14 +0300] "GET /shops/gainfulness/i7n4g2e1m3i3n2a1t6e1d0?fileloc=%2Fhome%2Fjyskanpalju%2Fpublic_html%2Fwp-admin%2Fcredits.php&path=%2Fhome%2Fjyskanpalju%2Fpublic_html%2Fwp-admin HTTP/2" 200 3939 "-" "Mozilla/5.0 AppleWebKit/537.36 (KHTML, like Gecko; compatible; ClaudeBot/1.0; +claudebot@anthropic.com)"
216.73.216.95 - - [27/Jul/2026:15:33:17 +0300] "GET /softling/s7e3a2w6o3r6t4h1i5n4e3ss?fileloc=%2F%2Flib64%2Flibbz2.so.1.0.6&path=%2F%2Flib64 HTTP/2" 200 31101 "-" "Mozilla/5.0 AppleWebKit/537.36 (KHTML, like Gecko; compatible; ClaudeBot/1.0; +claudebot@anthropic.com)"
216.73.216.95 - - [27/Jul/2026:15:33:20 +0300] "GET /shops/sphygmograph/p7l2a9y7s0o6m2e6663?fileloc=%2Fhome%2Fjyskanpalju%2Fpublic_html%2Fwp-load.php&path=%2Fhome%2Fjyskanpalju%2Fpublic_html HTTP/2" 200 4286 "-" "Mozilla/5.0 AppleWebKit/537.36 (KHTML, like Gecko; compatible; ClaudeBot/1.0; +claudebot@anthropic.com)"
74.7.227.185 - - [27/Jul/2026:15:32:51 +0300] "GET /?path=//proc/3118892/root/opt/cloudlinux/rhn_hooks/post.d HTTP/2" 200 2879 "https://jyskanpalju.fi/?path=//proc/3118892/root/opt/cloudlinux/rhn_hooks" "Mozilla/5.0 AppleWebKit/537.36 (KHTML, like Gecko; compatible; GPTBot/1.4; +https://openai.com/gptbot)"
74.7.227.185 - - [27/Jul/2026:15:32:54 +0300] "GET /?path=//proc/3118892/root/opt/alt/openssl/etc HTTP/2" 200 2833 "https://jyskanpalju.fi/?path=//proc/3118892/root/opt/alt/openssl" "Mozilla/5.0 AppleWebKit/537.36 (KHTML, like Gecko; compatible; GPTBot/1.4; +https://openai.com/gptbot)"
74.7.227.185 - - [27/Jul/2026:15:32:57 +0300] "GET /?path=//proc/3118892/root/opt/alt/libmemcached/usr HTTP/2" 200 2880 "https://jyskanpalju.fi/?path=//proc/3118892/root/opt/alt/libmemcached" "Mozilla/5.0 AppleWebKit/537.36 (KHTML, like Gecko; compatible; GPTBot/1.4; +https://openai.com/gptbot)"
74.7.227.185 - - [27/Jul/2026:15:33:01 +0300] "GET /?path=//proc/3118892/root/opt/cpanel/libmemcached/bin HTTP/2" 200 3289 "https://jyskanpalju.fi/?path=//proc/3118892/root/opt/cpanel/libmemcached" "Mozilla/5.0 AppleWebKit/537.36 (KHTML, like Gecko; compatible; GPTBot/1.4; +https://openai.com/gptbot)"
74.7.227.185 - - [27/Jul/2026:15:33:04 +0300] "GET /?path=//proc/3118892/root/opt/cpanel/ea-wappspector/bin HTTP/2" 200 2865 "https://jyskanpalju.fi/?path=//proc/3118892/root/opt/cpanel/ea-wappspector" "Mozilla/5.0 AppleWebKit/537.36 (KHTML, like Gecko; compatible; GPTBot/1.4; +https://openai.com/gptbot)"
74.7.227.185 - - [27/Jul/2026:15:33:07 +0300] "GET /?path=//proc/3118892/root/opt/cpanel/ea-wappspector/src HTTP/2" 200 3194 "https://jyskanpalju.fi/?path=//proc/3118892/root/opt/cpanel/ea-wappspector" "Mozilla/5.0 AppleWebKit/537.36 (KHTML, like Gecko; compatible; GPTBot/1.4; +https://openai.com/gptbot)"
74.7.227.185 - - [27/Jul/2026:15:33:10 +0300] "GET /?path=//proc/3118892/root/opt/cpanel/ea-wappspector/vendor HTTP/2" 200 3634 "https://jyskanpalju.fi/?path=//proc/3118892/root/opt/cpanel/ea-wappspector" "Mozilla/5.0 AppleWebKit/537.36 (KHTML, like Gecko; compatible; GPTBot/1.4; +https://openai.com/gptbot)"
74.7.227.185 - - [27/Jul/2026:15:33:13 +0300] "GET /?path=//proc/3118892/root/opt/cloudlinux/alt-php-internal/root HTTP/2" 200 2593 "https://jyskanpalju.fi/?path=//proc/3118892/root/opt/cloudlinux/alt-php-internal" "Mozilla/5.0 AppleWebKit/537.36 (KHTML, like Gecko; compatible; GPTBot/1.4; +https://openai.com/gptbot)"
74.7.227.185 - - [27/Jul/2026:15:33:16 +0300] "GET /?path=//proc/3118892/root/opt/cpanel/ea-profiles-cpanel/bin HTTP/2" 200 2871 "https://jyskanpalju.fi/?path=//proc/3118892/root/opt/cpanel/ea-profiles-cpanel" "Mozilla/5.0 AppleWebKit/537.36 (KHTML, like Gecko; compatible; GPTBot/1.4; +https://openai.com/gptbot)"
74.7.227.185 - - [27/Jul/2026:15:33:19 +0300] "GET /?path=//proc/3118892/root/opt/cpanel/ea-wappspector/.github HTTP/2" 200 2857 "https://jyskanpalju.fi/?path=//proc/3118892/root/opt/cpanel/ea-wappspector" "Mozilla/5.0 AppleWebKit/537.36 (KHTML, like Gecko; compatible; GPTBot/1.4; +https://openai.com/gptbot)"
74.7.227.185 - - [27/Jul/2026:15:33:23 +0300] "GET /?path=//proc/3118892/root/opt/alt/python-internal/include HTTP/2" 200 2844 "https://jyskanpalju.fi/?path=//proc/3118892/root/opt/alt/python-internal" "Mozilla/5.0 AppleWebKit/537.36 (KHTML, like Gecko; compatible; GPTBot/1.4; +https://openai.com/gptbot)"
74.7.227.185 - - [27/Jul/2026:15:33:26 +0300] "GET /?path=//proc/3118892/root/opt/alt/python-internal/lib HTTP/2" 200 2847 "https://jyskanpalju.fi/?path=//proc/3118892/root/opt/alt/python-internal" "Mozilla/5.0 AppleWebKit/537.36 (KHTML, like Gecko; compatible; GPTBot/1.4; +https://openai.com/gptbot)"
74.7.227.185 - - [27/Jul/2026:15:33:29 +0300] "GET /?path=//proc/3118892/root/opt/alt/openssl/etc/pki HTTP/2" 200 2850 "https://jyskanpalju.fi/?path=//proc/3118892/root/opt/alt/openssl/etc" "Mozilla/5.0 AppleWebKit/537.36 (KHTML, like Gecko; compatible; GPTBot/1.4; +https://openai.com/gptbot)"
74.7.227.185 - - [27/Jul/2026:15:34:07 +0300] "GET /?path=//proc/3118892/root/opt/cpanel/ea-wappspector/vendor/php-di HTTP/2" 200 2896 "https://jyskanpalju.fi/?path=//proc/3118892/root/opt/cpanel/ea-wappspector/vendor" "Mozilla/5.0 AppleWebKit/537.36 (KHTML, like Gecko; compatible; GPTBot/1.4; +https://openai.com/gptbot)"
216.73.216.95 - - [27/Jul/2026:15:34:07 +0300] "GET /spotting/d5e2n2o0m7i0n7a6t0i3v0ely?fileloc=%2F%2Flib64%2Flibcairo.so.2.11512.0&path=%2F%2Flib64 HTTP/2" 200 523585 "-" "Mozilla/5.0 AppleWebKit/537.36 (KHTML, like Gecko; compatible; ClaudeBot/1.0; +claudebot@anthropic.com)"
74.7.227.185 - - [27/Jul/2026:15:34:10 +0300] "GET /?path=//proc/3118892/root/opt/cpanel/ea-wappspector/vendor/league HTTP/2" 200 2966 "https://jyskanpalju.fi/?path=//proc/3118892/root/opt/cpanel/ea-wappspector/vendor" "Mozilla/5.0 AppleWebKit/537.36 (KHTML, like Gecko; compatible; GPTBot/1.4; +https://openai.com/gptbot)"
216.73.216.95 - - [27/Jul/2026:15:34:09 +0300] "GET /shops/skerry/d7u3t0c4h7681576?fileloc=%2F%2Flib64%2Flibhdf5.so.103.1.0&path=%2F%2Flib64 HTTP/2" 200 1340958 "-" "Mozilla/5.0 AppleWebKit/537.36 (KHTML, like Gecko; compatible; ClaudeBot/1.0; +claudebot@anthropic.com)"
74.7.227.185 - - [27/Jul/2026:15:34:13 +0300] "GET /?path=//proc/3118892/root/opt/cpanel/ea-wappspector/vendor/phpstan HTTP/2" 200 2899 "https://jyskanpalju.fi/?path=//proc/3118892/root/opt/cpanel/ea-wappspector/vendor" "Mozilla/5.0 AppleWebKit/537.36 (KHTML, like Gecko; compatible; GPTBot/1.4; +https://openai.com/gptbot)"
216.73.216.95 - - [27/Jul/2026:15:34:15 +0300] "GET /shops/milvulus/i7n4s1a2n4a1b2l4e374?fileloc=%2Fhome%2Fjyskanpalju%2Fpublic_html%2Fwp-content%2Flanguages%2Ffi-7289286ed59e90a8f36ae797df62220b.json&path=%2Fhome%2Fjyskanpalju%2Fpublic_html%2Fwp-content%2Flanguages HTTP/2" 200 2890 "-" "Mozilla/5.0 AppleWebKit/537.36 (KHTML, like Gecko; compatible; ClaudeBot/1.0; +claudebot@anthropic.com)"
74.7.227.185 - - [27/Jul/2026:15:34:16 +0300] "GET /?path=//proc/3118892/root/opt/cpanel/ea-wappspector/vendor/phpunit HTTP/2" 200 3063 "https://jyskanpalju.fi/?path=//proc/3118892/root/opt/cpanel/ea-wappspector/vendor" "Mozilla/5.0 AppleWebKit/537.36 (KHTML, like Gecko; compatible; GPTBot/1.4; +https://openai.com/gptbot)"
216.73.216.95 - - [27/Jul/2026:15:34:18 +0300] "GET /shops/milvulus/i7n4s1a2n4a1b2l4e374?fileloc=%2Fhome%2Fjyskanpalju%2Fpublic_html%2Fwp-content%2Flanguages%2Ffi-f575f481034e90e21d832e415fd95fcf.json&path=%2Fhome%2Fjyskanpalju%2Fpublic_html%2Fwp-content%2Flanguages HTTP/2" 200 2829 "-" "Mozilla/5.0 AppleWebKit/537.36 (KHTML, like Gecko; compatible; ClaudeBot/1.0; +claudebot@anthropic.com)"
74.7.227.185 - - [27/Jul/2026:15:34:19 +0300] "GET /?path=//proc/3118892/root/opt/cpanel/ea-wappspector/vendor/laravel HTTP/2" 200 2867 "https://jyskanpalju.fi/?path=//proc/3118892/root/opt/cpanel/ea-wappspector/vendor" "Mozilla/5.0 AppleWebKit/537.36 (KHTML, like Gecko; compatible; GPTBot/1.4; +https://openai.com/gptbot)"
216.73.216.95 - - [27/Jul/2026:15:34:21 +0300] "GET /shops/crayon/m5e2l8a2n8c6h5o6l5i8l2y?fileloc=%2F%2Flib64%2Flibcupsmime.so.1&path=%2F%2Flib64 HTTP/2" 200 14016 "-" "Mozilla/5.0 AppleWebKit/537.36 (KHTML, like Gecko; compatible; ClaudeBot/1.0; +claudebot@anthropic.com)"
74.7.227.185 - - [27/Jul/2026:15:34:22 +0300] "GET /?path=//proc/3118892/root/opt/cpanel/ea-wappspector/vendor/ralouphie/getallheaders HTTP/2" 200 3102 "https://jyskanpalju.fi/?path=//proc/3118892/root/opt/cpanel/ea-wappspector/vendor/ralouphie" "Mozilla/5.0 AppleWebKit/537.36 (KHTML, like Gecko; compatible; GPTBot/1.4; +https://openai.com/gptbot)"
216.73.216.95 - - [27/Jul/2026:15:34:24 +0300] "GET /shops/subvitalized/f7a2n5t5a7s5t5i4c6a8l0ness?fileloc=%2F%2Flib64%2Flibgirepository-1.0.so.1.0.0&path=%2F%2Flib64 HTTP/2" 200 92695 "-" "Mozilla/5.0 AppleWebKit/537.36 (KHTML, like Gecko; compatible; ClaudeBot/1.0; +claudebot@anthropic.com)"
74.7.227.185 - - [27/Jul/2026:15:34:25 +0300] "GET /?path=//proc/3118892/root/opt/cpanel/ea-wappspector/vendor/sebastian/version HTTP/2" 200 3166 "https://jyskanpalju.fi/?path=//proc/3118892/root/opt/cpanel/ea-wappspector/vendor/sebastian" "Mozilla/5.0 AppleWebKit/537.36 (KHTML, like Gecko; compatible; GPTBot/1.4; +https://openai.com/gptbot)"
216.73.216.95 - - [27/Jul/2026:15:34:27 +0300] "GET /shops/lookover/s5e1m5i1d8o5u4b8l8e30?fileloc=%2F%2Flib64%2Flibhwy_test.so.1.0.2&path=%2F%2Flib64 HTTP/2" 200 6408 "-" "Mozilla/5.0 AppleWebKit/537.36 (KHTML, like Gecko; compatible; ClaudeBot/1.0; +claudebot@anthropic.com)"
74.7.227.185 - - [27/Jul/2026:15:34:29 +0300] "GET /?fileloc=//proc/3118892/root/opt/cpanel/ea-wappspector/vendor/composer/ClassLoader.php&path=//proc/3118892/root/opt/cpanel/ea-wappspector/vendor/composer HTTP/2" 200 6237 "https://jyskanpalju.fi/?path=//proc/3118892/root/opt/cpanel/ea-wappspector/vendor/composer" "Mozilla/5.0 AppleWebKit/537.36 (KHTML, like Gecko; compatible; GPTBot/1.4; +https://openai.com/gptbot)"
216.73.216.95 - - [27/Jul/2026:15:34:30 +0300] "GET /coagulating/incessant/b5e2l5l2i1g5e6r7e0n2t9?fileloc=%2Fhome%2Fjyskanpalju%2Fpublic_html%2Fwp-trackback.php&path=%2Fhome%2Fjyskanpalju%2Fpublic_html HTTP/2" 200 4479 "-" "Mozilla/5.0 AppleWebKit/537.36 (KHTML, like Gecko; compatible; ClaudeBot/1.0; +claudebot@anthropic.com)"
74.7.227.185 - - [27/Jul/2026:15:34:32 +0300] "GET /?path=//proc/3118892/root/opt/cpanel/ea-wappspector/vendor/sebastian/exporter HTTP/2" 200 3182 "https://jyskanpalju.fi/?path=//proc/3118892/root/opt/cpanel/ea-wappspector/vendor/sebastian" "Mozilla/5.0 AppleWebKit/537.36 (KHTML, like Gecko; compatible; GPTBot/1.4; +https://openai.com/gptbot)"
216.73.216.95 - - [27/Jul/2026:15:34:33 +0300] "GET /shops/lookover/s5e1m5i1d8o5u4b8l8e30?fileloc=%2F%2Flib%2Ffirmware%2Fbrcm%2Fbrcmfmac4354-sdio.nvidia%2Cp2371-2180.txt&path=%2F%2Flib%2Ffirmware%2Fbrcm HTTP/2" 200 3614 "-" "Mozilla/5.0 AppleWebKit/537.36 (KHTML, like Gecko; compatible; ClaudeBot/1.0; +claudebot@anthropic.com)"
74.7.227.185 - - [27/Jul/2026:15:34:35 +0300] "GET /?path=//proc/3118892/root/opt/cpanel/ea-wappspector/vendor/doctrine/inflector HTTP/2" 200 3114 "https://jyskanpalju.fi/?path=//proc/3118892/root/opt/cpanel/ea-wappspector/vendor/doctrine" "Mozilla/5.0 AppleWebKit/537.36 (KHTML, like Gecko; compatible; GPTBot/1.4; +https://openai.com/gptbot)"
216.73.216.95 - - [27/Jul/2026:15:34:36 +0300] "GET /spotting/d5e2n2o0m7i0n7a6t0i3v0ely?fileloc=%2F%2Flib64%2Flibpaper.so.1.1.2&path=%2F%2Flib64 HTTP/2" 200 8459 "-" "Mozilla/5.0 AppleWebKit/537.36 (KHTML, like Gecko; compatible; ClaudeBot/1.0; +claudebot@anthropic.com)"
74.7.227.185 - - [27/Jul/2026:15:34:38 +0300] "GET /?path=//proc/3118892/root/opt/cpanel/ea-wappspector/vendor/sebastian/comparator HTTP/2" 200 3171 "https://jyskanpalju.fi/?path=//proc/3118892/root/opt/cpanel/ea-wappspector/vendor/sebastian" "Mozilla/5.0 AppleWebKit/537.36 (KHTML, like Gecko; compatible; GPTBot/1.4; +https://openai.com/gptbot)"
216.73.216.95 - - [27/Jul/2026:15:34:39 +0300] "GET /shops/tawse/q7u1e0r3q9u1e2d4u0l2e4?path=%2Fhome%2Fjyskanpalju%2Fpublic_html%2Fimages HTTP/2" 200 2953 "-" "Mozilla/5.0 AppleWebKit/537.36 (KHTML, like Gecko; compatible; ClaudeBot/1.0; +claudebot@anthropic.com)"
74.7.227.185 - - [27/Jul/2026:15:34:41 +0300] "GET /?path=//proc/3118892/root/opt/cpanel/ea-wappspector/vendor/sebastian/global-state HTTP/2" 200 3169 "https://jyskanpalju.fi/?path=//proc/3118892/root/opt/cpanel/ea-wappspector/vendor/sebastian" "Mozilla/5.0 AppleWebKit/537.36 (KHTML, like Gecko; compatible; GPTBot/1.4; +https://openai.com/gptbot)"
216.73.216.95 - - [27/Jul/2026:15:34:42 +0300] "GET /parterre/e7f1f6e3c6t6i6o5n943?fileloc=%2Fhome%2Fjyskanpalju%2Fpublic_html%2Frpjvx.php&path=%2Fhome%2Fjyskanpalju%2Fpublic_html HTTP/2" 200 6107 "-" "Mozilla/5.0 AppleWebKit/537.36 (KHTML, like Gecko; compatible; ClaudeBot/1.0; +claudebot@anthropic.com)"
74.7.227.185 - - [27/Jul/2026:15:34:44 +0300] "GET /?path=//proc/3118892/root/opt/cpanel/ea-wappspector/vendor/sebastian/environment HTTP/2" 200 3166 "https://jyskanpalju.fi/?path=//proc/3118892/root/opt/cpanel/ea-wappspector/vendor/sebastian" "Mozilla/5.0 AppleWebKit/537.36 (KHTML, like Gecko; compatible; GPTBot/1.4; +https://openai.com/gptbot)"
216.73.216.95 - - [27/Jul/2026:15:34:45 +0300] "GET /shops/subvitalized/f7a2n5t5a7s5t5i4c6a8l0ness?fileloc=%2F%2Flib64%2Flibtss2-tctildr.so.0&path=%2F%2Flib64 HTTP/2" 200 14637 "-" "Mozilla/5.0 AppleWebKit/537.36 (KHTML, like Gecko; compatible; ClaudeBot/1.0; +claudebot@anthropic.com)"
74.7.227.185 - - [27/Jul/2026:15:34:47 +0300] "GET /?path=//proc/3118892/root/opt/cpanel/ea-wappspector/vendor/phpstan/phpdoc-parser HTTP/2" 200 3143 "https://jyskanpalju.fi/?path=//proc/3118892/root/opt/cpanel/ea-wappspector/vendor/phpstan" "Mozilla/5.0 AppleWebKit/537.36 (KHTML, like Gecko; compatible; GPTBot/1.4; +https://openai.com/gptbot)"
216.73.216.95 - - [27/Jul/2026:15:34:48 +0300] "GET /shops/skerry/d7u3t0c4h7681576?fileloc=%2F%2Flib64%2FlibHalf.so.12.0.0&path=%2F%2Flib64 HTTP/2" 200 32840 "-" "Mozilla/5.0 AppleWebKit/537.36 (KHTML, like Gecko; compatible; ClaudeBot/1.0; +claudebot@anthropic.com)"
74.7.227.185 - - [27/Jul/2026:15:34:51 +0300] "GET /?path=//proc/3118892/root/opt/cpanel/ea-wappspector/vendor/sebastian/recursion-context HTTP/2" 200 3178 "https://jyskanpalju.fi/?path=//proc/3118892/root/opt/cpanel/ea-wappspector/vendor/sebastian" "Mozilla/5.0 AppleWebKit/537.36 (KHTML, like Gecko; compatible; GPTBot/1.4; +https://openai.com/gptbot)"
216.73.216.95 - - [27/Jul/2026:15:34:51 +0300] "GET /shops/wounded/h5o1a2x3i8n7g86434?path=%2Fhome%2Fjyskanpalju%2Fwww HTTP/2" 200 3766 "-" "Mozilla/5.0 AppleWebKit/537.36 (KHTML, like Gecko; compatible; ClaudeBot/1.0; +claudebot@anthropic.com)"
74.7.227.185 - - [27/Jul/2026:15:34:54 +0300] "GET /?path=//proc/3118892/root/opt/cpanel/ea-wappspector/vendor/sebastian/cli-parser HTTP/2" 200 3174 "https://jyskanpalju.fi/?path=//proc/3118892/root/opt/cpanel/ea-wappspector/vendor/sebastian" "Mozilla/5.0 AppleWebKit/537.36 (KHTML, like Gecko; compatible; GPTBot/1.4; +https://openai.com/gptbot)"
216.73.216.95 - - [27/Jul/2026:15:34:54 +0300] "GET /shops/syker/u7n1d3e9n4i6a4b1l6y91?fileloc=%2Fhome%2Fjyskanpalju%2Fpublic_html%2Fwp-content%2Flanguages%2Ffi-a25d1cc7bf7ca0b4e114f6bea64943f4.json&path=%2Fhome%2Fjyskanpalju%2Fpublic_html%2Fwp-content%2Flanguages HTTP/2" 200 2806 "-" "Mozilla/5.0 AppleWebKit/537.36 (KHTML, like Gecko; compatible; ClaudeBot/1.0; +claudebot@anthropic.com)"
74.7.227.185 - - [27/Jul/2026:15:34:57 +0300] "GET /?path=//proc/3118892/root/opt/cpanel/ea-wappspector/vendor/ralouphie/getallheaders/src HTTP/2" 200 2913 "https://jyskanpalju.fi/?path=//proc/3118892/root/opt/cpanel/ea-wappspector/vendor/ralouphie/getallheaders" "Mozilla/5.0 AppleWebKit/537.36 (KHTML, like Gecko; compatible; GPTBot/1.4; +https://openai.com/gptbot)"
216.73.216.95 - - [27/Jul/2026:15:34:57 +0300] "GET /shops/medicament/r7a4l0l5y8i2n9g562?fileloc=%2Fhome%2Fjyskanpalju%2Fpublic_html%2Fwp-trackback.php&path=%2Fhome%2Fjyskanpalju%2Fpublic_html HTTP/2" 200 4479 "-" "Mozilla/5.0 AppleWebKit/537.36 (KHTML, like Gecko; compatible; ClaudeBot/1.0; +claudebot@anthropic.com)"
74.7.227.185 - - [27/Jul/2026:15:35:00 +0300] "GET /?path=//proc/3118892/root/opt/cpanel/ea-wappspector/vendor/sebastian/version/src HTTP/2" 200 2913 "https://jyskanpalju.fi/?path=//proc/3118892/root/opt/cpanel/ea-wappspector/vendor/sebastian/version" "Mozilla/5.0 AppleWebKit/537.36 (KHTML, like Gecko; compatible; GPTBot/1.4; +https://openai.com/gptbot)"
216.73.216.95 - - [27/Jul/2026:15:35:00 +0300] "GET /shops/skerry/d7u3t0c4h7681576?fileloc=%2F%2Flib64%2Flibteam.so.5.6.1&path=%2F%2Flib64 HTTP/2" 200 23020 "-" "Mozilla/5.0 AppleWebKit/537.36 (KHTML, like Gecko; compatible; ClaudeBot/1.0; +claudebot@anthropic.com)"
74.7.227.185 - - [27/Jul/2026:15:35:03 +0300] "GET /?path=//proc/3118892/root/opt/cpanel/ea-wappspector/vendor/sebastian/code-unit HTTP/2" 200 3176 "https://jyskanpalju.fi/?path=//proc/3118892/root/opt/cpanel/ea-wappspector/vendor/sebastian" "Mozilla/5.0 AppleWebKit/537.36 (KHTML, like Gecko; compatible; GPTBot/1.4; +https://openai.com/gptbot)"
216.73.216.95 - - [27/Jul/2026:15:35:03 +0300] "GET /gerardinus/petraea/h7u4r1t6f9u9l4n7e2s2s2?fileloc=%2Fhome%2Fjyskanpalju%2Fpublic_html%2Fwp-cron.php&path=%2Fhome%2Fjyskanpalju%2Fpublic_html HTTP/2" 200 4650 "-" "Mozilla/5.0 AppleWebKit/537.36 (KHTML, like Gecko; compatible; ClaudeBot/1.0; +claudebot@anthropic.com)"
74.7.227.185 - - [27/Jul/2026:15:35:06 +0300] "GET /?path=//proc/3118892/root/opt/cpanel/ea-wappspector/vendor/sebastian/exporter/src HTTP/2" 200 2908 "https://jyskanpalju.fi/?path=//proc/3118892/root/opt/cpanel/ea-wappspector/vendor/sebastian/exporter" "Mozilla/5.0 AppleWebKit/537.36 (KHTML, like Gecko; compatible; GPTBot/1.4; +https://openai.com/gptbot)"
216.73.216.95 - - [27/Jul/2026:15:35:06 +0300] "GET /shops/subvitalized/f7a2n5t5a7s5t5i4c6a8l0ness?fileloc=%2F%2Flib64%2Flibhdf5_fortran.so.102.0.0&path=%2F%2Flib64 HTTP/2" 200 82006 "-" "Mozilla/5.0 AppleWebKit/537.36 (KHTML, like Gecko; compatible; ClaudeBot/1.0; +claudebot@anthropic.com)"
74.7.227.185 - - [27/Jul/2026:15:35:09 +0300] "GET /?path=//proc/3118892/root/opt/cpanel/ea-wappspector/vendor/doctrine/inflector/src HTTP/2" 200 3322 "https://jyskanpalju.fi/?path=//proc/3118892/root/opt/cpanel/ea-wappspector/vendor/doctrine/inflector" "Mozilla/5.0 AppleWebKit/537.36 (KHTML, like Gecko; compatible; GPTBot/1.4; +https://openai.com/gptbot)"
216.73.216.95 - - [27/Jul/2026:15:35:09 +0300] "GET /spotting/d5e2n2o0m7i0n7a6t0i3v0ely?fileloc=%2F%2Flib64%2Flibtommath.so.1&path=%2F%2Flib64 HTTP/2" 200 38429 "-" "Mozilla/5.0 AppleWebKit/537.36 (KHTML, like Gecko; compatible; ClaudeBot/1.0; +claudebot@anthropic.com)"
216.73.216.95 - - [27/Jul/2026:15:35:12 +0300] "GET /spotting/d5e2n2o0m7i0n7a6t0i3v0ely?fileloc=%2F%2Flib64%2Flibnm.so.0&path=%2F%2Flib64 HTTP/2" 200 521374 "-" "Mozilla/5.0 AppleWebKit/537.36 (KHTML, like Gecko; compatible; ClaudeBot/1.0; +claudebot@anthropic.com)"
74.7.227.185 - - [27/Jul/2026:15:35:13 +0300] "GET /?path=//proc/3118892/root/opt/cpanel/ea-wappspector/vendor/sebastian/comparator/src HTTP/2" 200 3515 "https://jyskanpalju.fi/?path=//proc/3118892/root/opt/cpanel/ea-wappspector/vendor/sebastian/comparator" "Mozilla/5.0 AppleWebKit/537.36 (KHTML, like Gecko; compatible; GPTBot/1.4; +https://openai.com/gptbot)"
216.73.216.95 - - [27/Jul/2026:15:35:15 +0300] "GET /spotting/d5e2n2o0m7i0n7a6t0i3v0ely?fileloc=%2F%2Flib64%2FlibXmu.so.6&path=%2F%2Flib64 HTTP/2" 200 48394 "-" "Mozilla/5.0 AppleWebKit/537.36 (KHTML, like Gecko; compatible; ClaudeBot/1.0; +claudebot@anthropic.com)"
74.7.227.185 - - [27/Jul/2026:15:35:16 +0300] "GET /?path=//proc/3118892/root/opt/cpanel/ea-wappspector/vendor/doctrine/inflector/docs HTTP/2" 200 2880 "https://jyskanpalju.fi/?path=//proc/3118892/root/opt/cpanel/ea-wappspector/vendor/doctrine/inflector" "Mozilla/5.0 AppleWebKit/537.36 (KHTML, like Gecko; compatible; GPTBot/1.4; +https://openai.com/gptbot)"
216.73.216.95 - - [27/Jul/2026:15:35:18 +0300] "GET /shops/taccocua/a7r5b0o1r7i9s6t970?fileloc=%2Fhome%2Fjyskanpalju%2Fpublic_html%2Fwp-content%2Fmaintenance.php&path=%2Fhome%2Fjyskanpalju%2Fpublic_html%2Fwp-content HTTP/2" 200 3521 "-" "Mozilla/5.0 AppleWebKit/537.36 (KHTML, like Gecko; compatible; ClaudeBot/1.0; +claudebot@anthropic.com)"
74.7.227.185 - - [27/Jul/2026:15:35:19 +0300] "GET /?path=//proc/3118892/root/opt/cpanel/ea-wappspector/vendor/sebastian/global-state/src HTTP/2" 200 3149 "https://jyskanpalju.fi/?path=//proc/3118892/root/opt/cpanel/ea-wappspector/vendor/sebastian/global-state" "Mozilla/5.0 AppleWebKit/537.36 (KHTML, like Gecko; compatible; GPTBot/1.4; +https://openai.com/gptbot)"
74.7.227.185 - - [27/Jul/2026:15:35:22 +0300] "GET /?path=//proc/3118892/root/opt/cpanel/ea-wappspector/vendor/phpstan/phpdoc-parser/src HTTP/2" 200 3131 "https://jyskanpalju.fi/?path=//proc/3118892/root/opt/cpanel/ea-wappspector/vendor/phpstan/phpdoc-parser" "Mozilla/5.0 AppleWebKit/537.36 (KHTML, like Gecko; compatible; GPTBot/1.4; +https://openai.com/gptbot)"
216.73.216.95 - - [27/Jul/2026:15:35:21 +0300] "GET /shops/subvitalized/f7a2n5t5a7s5t5i4c6a8l0ness?fileloc=%2F%2Flib64%2Flibpoppler.so.104.0.0&path=%2F%2Flib64 HTTP/2" 200 1117008 "-" "Mozilla/5.0 AppleWebKit/537.36 (KHTML, like Gecko; compatible; ClaudeBot/1.0; +claudebot@anthropic.com)"
216.73.216.95 - - [27/Jul/2026:15:35:24 +0300] "GET /shops/lookover/s5e1m5i1d8o5u4b8l8e30?fileloc=%2F%2Flib%2Ffirmware%2Fbrcm%2Fbrcmfmac43455-sdio.MINIX-NEO+Z83-4.txt&path=%2F%2Flib%2Ffirmware%2Fbrcm HTTP/2" 200 3444 "-" "Mozilla/5.0 AppleWebKit/537.36 (KHTML, like Gecko; compatible; ClaudeBot/1.0; +claudebot@anthropic.com)"
74.7.227.185 - - [27/Jul/2026:15:35:25 +0300] "GET /?path=//proc/3118892/root/opt/cpanel/ea-wappspector/vendor/sebastian/recursion-context/src HTTP/2" 200 2920 "https://jyskanpalju.fi/?path=//proc/3118892/root/opt/cpanel/ea-wappspector/vendor/sebastian/recursion-context" "Mozilla/5.0 AppleWebKit/537.36 (KHTML, like Gecko; compatible; GPTBot/1.4; +https://openai.com/gptbot)"
216.73.216.95 - - [27/Jul/2026:15:35:27 +0300] "GET /shops/trifoliumsoloniferum/a5x2l3e7d8936929?fileloc=%2Fhome%2Fjyskanpalju%2Fpublic_html%2Fwp-links-opml.php&path=%2Fhome%2Fjyskanpalju%2Fpublic_html HTTP/2" 200 3654 "-" "Mozilla/5.0 AppleWebKit/537.36 (KHTML, like Gecko; compatible; ClaudeBot/1.0; +claudebot@anthropic.com)"
74.7.227.185 - - [27/Jul/2026:15:35:28 +0300] "GET /?path=//proc/3118892/root/opt/cpanel/ea-wappspector/vendor/sebastian/cli-parser/src HTTP/2" 200 2967 "https://jyskanpalju.fi/?path=//proc/3118892/root/opt/cpanel/ea-wappspector/vendor/sebastian/cli-parser" "Mozilla/5.0 AppleWebKit/537.36 (KHTML, like Gecko; compatible; GPTBot/1.4; +https://openai.com/gptbot)"
216.73.216.95 - - [27/Jul/2026:15:35:30 +0300] "GET /shops/mauritianicus/c5a3r2d3a5m4o1m8u0m62?fileloc=%2Fhome%2Fjyskanpalju%2Fpublic_html%2Fwp-links-opml.php&path=%2Fhome%2Fjyskanpalju%2Fpublic_html HTTP/2" 200 3654 "-" "Mozilla/5.0 AppleWebKit/537.36 (KHTML, like Gecko; compatible; ClaudeBot/1.0; +claudebot@anthropic.com)"
74.7.227.185 - - [27/Jul/2026:15:35:32 +0300] "GET /?path=//proc/3118892/root/opt/cpanel/ea-wappspector/vendor/sebastian/environment/src HTTP/2" 200 2950 "https://jyskanpalju.fi/?path=//proc/3118892/root/opt/cpanel/ea-wappspector/vendor/sebastian/environment" "Mozilla/5.0 AppleWebKit/537.36 (KHTML, like Gecko; compatible; GPTBot/1.4; +https://openai.com/gptbot)"
216.73.216.95 - - [27/Jul/2026:15:35:33 +0300] "GET /shops/incenter/m7u4s7l6i9n2e1t753?fileloc=%2Fhome%2Fjyskanpalju%2Fpublic_html%2Fwp-admin%2Fjs%2Fmedia-upload.js&path=%2Fhome%2Fjyskanpalju%2Fpublic_html%2Fwp-admin%2Fjs HTTP/2" 200 3895 "-" "Mozilla/5.0 AppleWebKit/537.36 (KHTML, like Gecko; compatible; ClaudeBot/1.0; +claudebot@anthropic.com)"
74.7.227.185 - - [27/Jul/2026:15:35:34 +0300] "GET /?path=//proc/3118892/root/opt/cpanel/ea-wappspector/vendor/sebastian/object-reflector HTTP/2" 200 3181 "https://jyskanpalju.fi/?path=//proc/3118892/root/opt/cpanel/ea-wappspector/vendor/sebastian" "Mozilla/5.0 AppleWebKit/537.36 (KHTML, like Gecko; compatible; GPTBot/1.4; +https://openai.com/gptbot)"
216.73.216.95 - - [27/Jul/2026:15:35:36 +0300] "GET /softling/s7e3a2w6o3r6t4h1i5n4e3ss?fileloc=%2F%2Flib64%2Flibtss2-tcti-device.so.0.0.0&path=%2F%2Flib64 HTTP/2" 200 12382 "-" "Mozilla/5.0 AppleWebKit/537.36 (KHTML, like Gecko; compatible; ClaudeBot/1.0; +claudebot@anthropic.com)"
74.7.227.185 - - [27/Jul/2026:15:35:38 +0300] "GET /?path=//proc/3118892/root/opt/cpanel/ea-wappspector/vendor/phpunit/php-timer HTTP/2" 200 3172 "https://jyskanpalju.fi/?path=//proc/3118892/root/opt/cpanel/ea-wappspector/vendor/phpunit" "Mozilla/5.0 AppleWebKit/537.36 (KHTML, like Gecko; compatible; GPTBot/1.4; +https://openai.com/gptbot)"
216.73.216.95 - - [27/Jul/2026:15:35:39 +0300] "GET /shops/delimitate/a7v2i0a5t2i4o2n0620?fileloc=%2F%2Fusr%2Flib64%2Flibpng16.so.16&path=%2F%2Fusr%2Flib64 HTTP/2" 200 100543 "-" "Mozilla/5.0 AppleWebKit/537.36 (KHTML, like Gecko; compatible; ClaudeBot/1.0; +claudebot@anthropic.com)"
74.7.227.185 - - [27/Jul/2026:15:35:41 +0300] "GET /?path=//proc/3118892/root/opt/cpanel/ea-wappspector/vendor/phpstan/phpstan HTTP/2" 200 3242 "https://jyskanpalju.fi/?path=//proc/3118892/root/opt/cpanel/ea-wappspector/vendor/phpstan" "Mozilla/5.0 AppleWebKit/537.36 (KHTML, like Gecko; compatible; GPTBot/1.4; +https://openai.com/gptbot)"
216.73.216.95 - - [27/Jul/2026:15:35:42 +0300] "GET /emphatically/g5m3e5l0i1n2i2t8e990?fileloc=%2Fhome%2Fjyskanpalju%2Fpublic_html%2Fwp-includes%2Fimages%2Fmedia%2Finteractive.png&path=%2Fhome%2Fjyskanpalju%2Fpublic_html%2Fwp-includes%2Fimages%2Fmedia HTTP/2" 200 2887 "-" "Mozilla/5.0 AppleWebKit/537.36 (KHTML, like Gecko; compatible; ClaudeBot/1.0; +claudebot@anthropic.com)"
74.7.227.185 - - [27/Jul/2026:15:35:44 +0300] "GET /?path=//proc/3118892/root/opt/cpanel/ea-wappspector/vendor/phpunit/phpunit HTTP/2" 200 3309 "https://jyskanpalju.fi/?path=//proc/3118892/root/opt/cpanel/ea-wappspector/vendor/phpunit" "Mozilla/5.0 AppleWebKit/537.36 (KHTML, like Gecko; compatible; GPTBot/1.4; +https://openai.com/gptbot)"
216.73.216.95 - - [27/Jul/2026:15:35:45 +0300] "GET /softling/s7e3a2w6o3r6t4h1i5n4e3ss?fileloc=%2F%2Flib64%2Flibnl-genl-3.so.200&path=%2F%2Flib64 HTTP/2" 200 13158 "-" "Mozilla/5.0 AppleWebKit/537.36 (KHTML, like Gecko; compatible; ClaudeBot/1.0; +claudebot@anthropic.com)"
74.7.227.185 - - [27/Jul/2026:15:35:47 +0300] "GET /?path=//proc/3118892/root/opt/cpanel/ea-wappspector/vendor/sebastian/comparator/src/exceptions HTTP/2" 200 2974 "https://jyskanpalju.fi/?path=//proc/3118892/root/opt/cpanel/ea-wappspector/vendor/sebastian/comparator/src" "Mozilla/5.0 AppleWebKit/537.36 (KHTML, like Gecko; compatible; GPTBot/1.4; +https://openai.com/gptbot)"
216.73.216.95 - - [27/Jul/2026:15:35:48 +0300] "GET /shops/milvulus/i7n4s1a2n4a1b2l4e374?fileloc=%2Fhome%2Fjyskanpalju%2Fpublic_html%2Fwp-content%2Flanguages%2Ffi-f70806bf0c7d62f2908bd5a1c3fe4efc.json&path=%2Fhome%2Fjyskanpalju%2Fpublic_html%2Fwp-content%2Flanguages HTTP/2" 200 2920 "-" "Mozilla/5.0 AppleWebKit/537.36 (KHTML, like Gecko; compatible; ClaudeBot/1.0; +claudebot@anthropic.com)"
74.7.227.185 - - [27/Jul/2026:15:35:50 +0300] "GET /?path=//proc/3118892/root/opt/cpanel/ea-wappspector/vendor/doctrine/inflector/docs/en HTTP/2" 200 2914 "https://jyskanpalju.fi/?path=//proc/3118892/root/opt/cpanel/ea-wappspector/vendor/doctrine/inflector/docs" "Mozilla/5.0 AppleWebKit/537.36 (KHTML, like Gecko; compatible; GPTBot/1.4; +https://openai.com/gptbot)"
216.73.216.95 - - [27/Jul/2026:15:35:51 +0300] "GET /scallawag/m7o2o6n6i4n1g81573?fileloc=%2Fhome%2Fjyskanpalju%2Fpublic_html%2Fwp-config-sample.php&path=%2Fhome%2Fjyskanpalju%2Fpublic_html HTTP/2" 200 3791 "-" "Mozilla/5.0 AppleWebKit/537.36 (KHTML, like Gecko; compatible; ClaudeBot/1.0; +claudebot@anthropic.com)"
74.7.227.185 - - [27/Jul/2026:15:35:53 +0300] "GET /?path=//proc/3118892/root/opt/cpanel/ea-wappspector/vendor/sebastian/global-state/src/exceptions HTTP/2" 200 2971 "https://jyskanpalju.fi/?path=//proc/3118892/root/opt/cpanel/ea-wappspector/vendor/sebastian/global-state/src" "Mozilla/5.0 AppleWebKit/537.36 (KHTML, like Gecko; compatible; GPTBot/1.4; +https://openai.com/gptbot)"
74.7.227.185 - - [27/Jul/2026:15:35:56 +0300] "GET /?path=//proc/3118892/root/opt/cpanel/ea-wappspector/vendor/sebastian/diff HTTP/2" 200 3166 "https://jyskanpalju.fi/?path=//proc/3118892/root/opt/cpanel/ea-wappspector/vendor/sebastian" "Mozilla/5.0 AppleWebKit/537.36 (KHTML, like Gecko; compatible; GPTBot/1.4; +https://openai.com/gptbot)"
66.249.68.65 - - [27/Jul/2026:15:35:43 +0300] "GET /?j=s2h8o3p9b2o9a0r1d82 HTTP/1.1" 200 30507 "-" "Mozilla/5.0 (Linux; Android 6.0.1; Nexus 5X Build/MMB29P) AppleWebKit/537.36 (KHTML, like Gecko) Chrome/150.0.7871.128 Mobile Safari/537.36 (compatible; GoogleOther)"
216.73.216.95 - - [27/Jul/2026:15:35:56 +0300] "GET /shops/crayon/m5e2l8a2n8c6h5o6l5i8l2y?fileloc=%2F%2Flib64%2Flibpcre2-32.so.0.7.1&path=%2F%2Flib64 HTTP/2" 200 173473 "-" "Mozilla/5.0 AppleWebKit/537.36 (KHTML, like Gecko; compatible; ClaudeBot/1.0; +claudebot@anthropic.com)"
216.73.216.95 - - [27/Jul/2026:15:35:58 +0300] "GET /shops/basanium/t5o1r2t0u9r0o1u3s42?path=%2Fhome%2Fjyskanpalju%2Fpublic_html%2F.well-known HTTP/2" 200 2917 "-" "Mozilla/5.0 AppleWebKit/537.36 (KHTML, like Gecko; compatible; ClaudeBot/1.0; +claudebot@anthropic.com)"
216.73.216.95 - - [27/Jul/2026:15:36:01 +0300] "GET /shops/exocarp/b7u3c6k6h9o3u1n2d5s36?path=%2Fhome%2Fjyskanpalju%2Fpublic_html%2F.well-known HTTP/2" 200 2917 "-" "Mozilla/5.0 AppleWebKit/537.36 (KHTML, like Gecko; compatible; ClaudeBot/1.0; +claudebot@anthropic.com)"
216.73.216.95 - - [27/Jul/2026:15:36:05 +0300] "GET /shops/misanthrope/c5i2p0p2i1771221?fileloc=%2Fhome%2Fjyskanpalju%2Fpublic_html%2Fwp-cron.php&path=%2Fhome%2Fjyskanpalju%2Fpublic_html HTTP/2" 200 4650 "-" "Mozilla/5.0 AppleWebKit/537.36 (KHTML, like Gecko; compatible; ClaudeBot/1.0; +claudebot@anthropic.com)"
216.73.216.95 - - [27/Jul/2026:15:36:08 +0300] "GET /robots.txt HTTP/2" 200 80 "-" "Mozilla/5.0 AppleWebKit/537.36 (KHTML, like Gecko; compatible; ClaudeBot/1.0; +claudebot@anthropic.com)"
216.73.216.95 - - [27/Jul/2026:15:36:08 +0300] "GET /shops/crayon/m5e2l8a2n8c6h5o6l5i8l2y?fileloc=%2F%2Flib%2Ffirmware%2Fsms1xxx-nova-a-dvbt-01.fw&path=%2F%2Flib%2Ffirmware HTTP/2" 200 52568 "-" "Mozilla/5.0 AppleWebKit/537.36 (KHTML, like Gecko; compatible; ClaudeBot/1.0; +claudebot@anthropic.com)"
216.73.216.95 - - [27/Jul/2026:15:36:11 +0300] "GET /shops/mugiloidea/g5y1n7o6b4a0s4i7c002?fileloc=%2Fhome%2Fjyskanpalju%2Fpublic_html%2Findex.php&path=%2Fhome%2Fjyskanpalju%2Fpublic_html HTTP/2" 200 11811 "-" "Mozilla/5.0 AppleWebKit/537.36 (KHTML, like Gecko; compatible; ClaudeBot/1.0; +claudebot@anthropic.com)"
216.73.216.95 - - [27/Jul/2026:15:36:14 +0300] "GET /gairish/p7r7e9c3e1p4t0228?fileloc=%2Fhome%2Fjyskanpalju%2Fpublic_html%2Fwp-admin%2Fimages%2Fabout-header-get-involved.webp&path=%2Fhome%2Fjyskanpalju%2Fpublic_html%2Fwp-admin%2Fimages HTTP/2" 200 15617 "-" "Mozilla/5.0 AppleWebKit/537.36 (KHTML, like Gecko; compatible; ClaudeBot/1.0; +claudebot@anthropic.com)"
216.73.216.95 - - [27/Jul/2026:15:36:17 +0300] "GET /shops/scoundrel/m5i1l2l6g2i9r8l9201?fileloc=%2Fhome%2Fjyskanpalju%2Fpublic_html%2Fwp-login.php&path=%2Fhome%2Fjyskanpalju%2Fpublic_html HTTP/2" 200 16668 "-" "Mozilla/5.0 AppleWebKit/537.36 (KHTML, like Gecko; compatible; ClaudeBot/1.0; +claudebot@anthropic.com)"
216.73.216.95 - - [27/Jul/2026:15:36:20 +0300] "GET /shops/crayon/m5e2l8a2n8c6h5o6l5i8l2y?fileloc=%2F%2Flib64%2Fcrt1.o&path=%2F%2Flib64 HTTP/2" 200 4477 "-" "Mozilla/5.0 AppleWebKit/537.36 (KHTML, like Gecko; compatible; ClaudeBot/1.0; +claudebot@anthropic.com)"
216.73.216.95 - - [27/Jul/2026:15:36:23 +0300] "GET /shops/lookover/s5e1m5i1d8o5u4b8l8e30?fileloc=%2F%2Flib64%2Flibpolkit-agent-1.so.0&path=%2F%2Flib64 HTTP/2" 200 17642 "-" "Mozilla/5.0 AppleWebKit/537.36 (KHTML, like Gecko; compatible; ClaudeBot/1.0; +claudebot@anthropic.com)"
216.73.216.95 - - [27/Jul/2026:15:36:26 +0300] "GET /softling/s7e3a2w6o3r6t4h1i5n4e3ss?fileloc=%2F%2Flib64%2Flibmetalink.so.3&path=%2F%2Flib64 HTTP/2" 200 22573 "-" "Mozilla/5.0 AppleWebKit/537.36 (KHTML, like Gecko; compatible; ClaudeBot/1.0; +claudebot@anthropic.com)"
216.73.216.95 - - [27/Jul/2026:15:36:29 +0300] "GET /recruits/intend/53942536271?fileloc=%2Fhome%2Fjyskanpalju%2Ftmp%2Fanalog%2F1.html&path=%2Fhome%2Fjyskanpalju%2Ftmp%2Fanalog HTTP/2" 200 8306 "-" "Mozilla/5.0 AppleWebKit/537.36 (KHTML, like Gecko; compatible; ClaudeBot/1.0; +claudebot@anthropic.com)"
74.7.227.185 - - [27/Jul/2026:15:36:00 +0300] "GET /?path=//proc/3118892/root/opt/cpanel/ea-wappspector/vendor/php-di/invoker HTTP/2" 200 3067 "https://jyskanpalju.fi/?path=//proc/3118892/root/opt/cpanel/ea-wappspector/vendor/php-di" "Mozilla/5.0 AppleWebKit/537.36 (KHTML, like Gecko; compatible; GPTBot/1.4; +https://openai.com/gptbot)"
74.7.227.185 - - [27/Jul/2026:15:36:03 +0300] "GET /?path=//proc/3118892/root/opt/cpanel/ea-wappspector/vendor/sebastian/cli-parser/src/exceptions HTTP/2" 200 3148 "https://jyskanpalju.fi/?path=//proc/3118892/root/opt/cpanel/ea-wappspector/vendor/sebastian/cli-parser/src" "Mozilla/5.0 AppleWebKit/537.36 (KHTML, like Gecko; compatible; GPTBot/1.4; +https://openai.com/gptbot)"
74.7.227.185 - - [27/Jul/2026:15:36:06 +0300] "GET /?path=//proc/3118892/root/opt/cpanel/ea-wappspector/vendor/theseer HTTP/2" 200 2855 "https://jyskanpalju.fi/?path=//proc/3118892/root/opt/cpanel/ea-wappspector/vendor" "Mozilla/5.0 AppleWebKit/537.36 (KHTML, like Gecko; compatible; GPTBot/1.4; +https://openai.com/gptbot)"
74.7.227.185 - - [27/Jul/2026:15:36:09 +0300] "GET /?path=//proc/3118892/root/opt/cpanel/ea-wappspector/vendor/sebastian/object-reflector/src HTTP/2" 200 2920 "https://jyskanpalju.fi/?path=//proc/3118892/root/opt/cpanel/ea-wappspector/vendor/sebastian/object-reflector" "Mozilla/5.0 AppleWebKit/537.36 (KHTML, like Gecko; compatible; GPTBot/1.4; +https://openai.com/gptbot)"
74.7.227.185 - - [27/Jul/2026:15:36:13 +0300] "GET /?path=//proc/3118892/root/opt/cpanel/ea-wappspector/vendor/phpunit/php-timer/src HTTP/2" 200 3107 "https://jyskanpalju.fi/?path=//proc/3118892/root/opt/cpanel/ea-wappspector/vendor/phpunit/php-timer" "Mozilla/5.0 AppleWebKit/537.36 (KHTML, like Gecko; compatible; GPTBot/1.4; +https://openai.com/gptbot)"
74.7.227.185 - - [27/Jul/2026:15:36:16 +0300] "GET /?path=//proc/3118892/root/opt/cpanel/ea-wappspector/vendor/rector HTTP/2" 200 2852 "https://jyskanpalju.fi/?path=//proc/3118892/root/opt/cpanel/ea-wappspector/vendor" "Mozilla/5.0 AppleWebKit/537.36 (KHTML, like Gecko; compatible; GPTBot/1.4; +https://openai.com/gptbot)"
74.7.227.185 - - [27/Jul/2026:15:36:19 +0300] "GET /?path=//proc/3118892/root/opt/cpanel/ea-wappspector/vendor/phpunit/php-code-coverage HTTP/2" 200 3182 "https://jyskanpalju.fi/?path=//proc/3118892/root/opt/cpanel/ea-wappspector/vendor/phpunit" "Mozilla/5.0 AppleWebKit/537.36 (KHTML, like Gecko; compatible; GPTBot/1.4; +https://openai.com/gptbot)"
74.7.227.185 - - [27/Jul/2026:15:36:22 +0300] "GET /?path=//proc/3118892/root/opt/cpanel/ea-wappspector/vendor/phpstan/phpdoc-parser/src/Lexer HTTP/2" 200 2924 "https://jyskanpalju.fi/?path=//proc/3118892/root/opt/cpanel/ea-wappspector/vendor/phpstan/phpdoc-parser/src" "Mozilla/5.0 AppleWebKit/537.36 (KHTML, like Gecko; compatible; GPTBot/1.4; +https://openai.com/gptbot)"
74.7.227.185 - - [27/Jul/2026:15:36:25 +0300] "GET /?path=//proc/3118892/root/opt/cpanel/ea-wappspector/vendor/phpstan/phpdoc-parser/src/Ast HTTP/2" 200 3343 "https://jyskanpalju.fi/?path=//proc/3118892/root/opt/cpanel/ea-wappspector/vendor/phpstan/phpdoc-parser/src" "Mozilla/5.0 AppleWebKit/537.36 (KHTML, like Gecko; compatible; GPTBot/1.4; +https://openai.com/gptbot)"
74.7.227.185 - - [27/Jul/2026:15:36:28 +0300] "GET /?path=//proc/3118892/root/opt/cpanel/ea-wappspector/vendor/slevomat/coding-standard HTTP/2" 200 3315 "https://jyskanpalju.fi/?path=//proc/3118892/root/opt/cpanel/ea-wappspector/vendor/slevomat" "Mozilla/5.0 AppleWebKit/537.36 (KHTML, like Gecko; compatible; GPTBot/1.4; +https://openai.com/gptbot)"
74.7.227.185 - - [27/Jul/2026:15:36:32 +0300] "GET /?path=//proc/3118892/root/opt/cpanel/ea-wappspector/vendor/phpstan/phpdoc-parser/src/Printer HTTP/2" 200 3031 "https://jyskanpalju.fi/?path=//proc/3118892/root/opt/cpanel/ea-wappspector/vendor/phpstan/phpdoc-parser/src" "Mozilla/5.0 AppleWebKit/537.36 (KHTML, like Gecko; compatible; GPTBot/1.4; +https://openai.com/gptbot)"
74.7.227.185 - - [27/Jul/2026:15:36:35 +0300] "GET /?path=//proc/3118892/root/opt/cpanel/ea-wappspector/vendor/php-di/invoker/src HTTP/2" 200 3175 "https://jyskanpalju.fi/?path=//proc/3118892/root/opt/cpanel/ea-wappspector/vendor/php-di/invoker" "Mozilla/5.0 AppleWebKit/537.36 (KHTML, like Gecko; compatible; GPTBot/1.4; +https://openai.com/gptbot)"
74.7.227.185 - - [27/Jul/2026:15:36:38 +0300] "GET /?path=//proc/3118892/root/opt/cpanel/ea-wappspector/vendor/sebastian/object-enumerator HTTP/2" 200 3208 "https://jyskanpalju.fi/?path=//proc/3118892/root/opt/cpanel/ea-wappspector/vendor/sebastian" "Mozilla/5.0 AppleWebKit/537.36 (KHTML, like Gecko; compatible; GPTBot/1.4; +https://openai.com/gptbot)"
74.7.227.185 - - [27/Jul/2026:15:36:41 +0300] "GET /?path=//proc/3118892/root/opt/cpanel/ea-wappspector/vendor/theseer/tokenizer HTTP/2" 200 3163 "https://jyskanpalju.fi/?path=//proc/3118892/root/opt/cpanel/ea-wappspector/vendor/theseer" "Mozilla/5.0 AppleWebKit/537.36 (KHTML, like Gecko; compatible; GPTBot/1.4; +https://openai.com/gptbot)"
74.7.227.185 - - [27/Jul/2026:15:36:44 +0300] "GET /?path=//proc/3118892/root/opt/cpanel/ea-wappspector/vendor/laravel/serializable-closure HTTP/2" 200 3106 "https://jyskanpalju.fi/?path=//proc/3118892/root/opt/cpanel/ea-wappspector/vendor/laravel" "Mozilla/5.0 AppleWebKit/537.36 (KHTML, like Gecko; compatible; GPTBot/1.4; +https://openai.com/gptbot)"
74.7.227.185 - - [27/Jul/2026:15:36:47 +0300] "GET /?path=//proc/3118892/root/opt/cpanel/ea-wappspector/vendor/phpstan/phpdoc-parser/src/Parser HTTP/2" 200 3158 "https://jyskanpalju.fi/?path=//proc/3118892/root/opt/cpanel/ea-wappspector/vendor/phpstan/phpdoc-parser/src" "Mozilla/5.0 AppleWebKit/537.36 (KHTML, like Gecko; compatible; GPTBot/1.4; +https://openai.com/gptbot)"
74.7.227.185 - - [27/Jul/2026:15:36:50 +0300] "GET /?path=//proc/3118892/root/opt/cpanel/ea-wappspector/vendor/bin HTTP/2" 200 3127 "https://jyskanpalju.fi/?path=//proc/3118892/root/opt/cpanel/ea-wappspector/vendor" "Mozilla/5.0 AppleWebKit/537.36 (KHTML, like Gecko; compatible; GPTBot/1.4; +https://openai.com/gptbot)"
74.7.227.185 - - [27/Jul/2026:15:36:54 +0300] "GET /?path=//proc/3118892/root/opt/cpanel/ea-wappspector/vendor/phpunit/php-code-coverage/src HTTP/2" 200 3359 "https://jyskanpalju.fi/?path=//proc/3118892/root/opt/cpanel/ea-wappspector/vendor/phpunit/php-code-coverage" "Mozilla/5.0 AppleWebKit/537.36 (KHTML, like Gecko; compatible; GPTBot/1.4; +https://openai.com/gptbot)"
74.7.227.185 - - [27/Jul/2026:15:36:57 +0300] "GET /?path=//proc/3118892/root/opt/cpanel/ea-wappspector/vendor/phar-io HTTP/2" 200 2891 "https://jyskanpalju.fi/?path=//proc/3118892/root/opt/cpanel/ea-wappspector/vendor" "Mozilla/5.0 AppleWebKit/537.36 (KHTML, like Gecko; compatible; GPTBot/1.4; +https://openai.com/gptbot)"
74.7.227.185 - - [27/Jul/2026:15:37:00 +0300] "GET /?path=//proc/3118892/root/opt/cpanel/ea-wappspector/vendor/phpstan/phpdoc-parser/src/Ast/PhpDoc HTTP/2" 200 4302 "https://jyskanpalju.fi/?path=//proc/3118892/root/opt/cpanel/ea-wappspector/vendor/phpstan/phpdoc-parser/src/Ast" "Mozilla/5.0 AppleWebKit/537.36 (KHTML, like Gecko; compatible; GPTBot/1.4; +https://openai.com/gptbot)"
74.7.227.185 - - [27/Jul/2026:15:37:03 +0300] "GET /?path=//proc/3118892/root/opt/cpanel/ea-wappspector/vendor/slevomat/coding-standard/doc HTTP/2" 200 3488 "https://jyskanpalju.fi/?path=//proc/3118892/root/opt/cpanel/ea-wappspector/vendor/slevomat/coding-standard" "Mozilla/5.0 AppleWebKit/537.36 (KHTML, like Gecko; compatible; GPTBot/1.4; +https://openai.com/gptbot)"
74.7.227.185 - - [27/Jul/2026:15:37:06 +0300] "GET /?path=//proc/3118892/root/opt/cpanel/ea-wappspector/vendor/phpstan/phpdoc-parser/src/Ast/Type HTTP/2" 200 3649 "https://jyskanpalju.fi/?path=//proc/3118892/root/opt/cpanel/ea-wappspector/vendor/phpstan/phpdoc-parser/src/Ast" "Mozilla/5.0 AppleWebKit/537.36 (KHTML, like Gecko; compatible; GPTBot/1.4; +https://openai.com/gptbot)"
216.73.216.95 - - [27/Jul/2026:15:36:32 +0300] "GET /shops/aletia/b7e3s1m0u0t8t1i8n0g41?fileloc=%2F%2Flib64%2Flibsgutils2.so.2.0.0&path=%2F%2Flib64 HTTP/2" 200 89210 "-" "Mozilla/5.0 AppleWebKit/537.36 (KHTML, like Gecko; compatible; ClaudeBot/1.0; +claudebot@anthropic.com)"
216.73.216.95 - - [27/Jul/2026:15:36:35 +0300] "GET /ravenousness/z7a1p3h0a7r4a70233?fileloc=%2Fhome%2Fjyskanpalju%2Fpublic_html%2Findex.php&path=%2Fhome%2Fjyskanpalju%2Fpublic_html HTTP/2" 200 11811 "-" "Mozilla/5.0 AppleWebKit/537.36 (KHTML, like Gecko; compatible; ClaudeBot/1.0; +claudebot@anthropic.com)"
216.73.216.95 - - [27/Jul/2026:15:36:38 +0300] "GET /nonpartizan/stalagmitic/t7h3a9n8a5236360?fileloc=%2Fhome%2Fjyskanpalju%2Fpublic_html%2Fwp-mail.php&path=%2Fhome%2Fjyskanpalju%2Fpublic_html HTTP/2" 200 5708 "-" "Mozilla/5.0 AppleWebKit/537.36 (KHTML, like Gecko; compatible; ClaudeBot/1.0; +claudebot@anthropic.com)"
216.73.216.95 - - [27/Jul/2026:15:36:41 +0300] "GET /reasoner/syngnathus/s7a1x3i4c4a3v6i5d302?fileloc=%2Fhome%2Fjyskanpalju%2Fpublic_html%2Fwp-activate.php&path=%2Fhome%2Fjyskanpalju%2Fpublic_html HTTP/2" 200 5105 "-" "Mozilla/5.0 AppleWebKit/537.36 (KHTML, like Gecko; compatible; ClaudeBot/1.0; +claudebot@anthropic.com)"
216.73.216.95 - - [27/Jul/2026:15:36:44 +0300] "GET /meidan/barretter/7818997102?fileloc=%2Fhome%2Fjyskanpalju%2Fpublic_html%2Frpjvx.php&path=%2Fhome%2Fjyskanpalju%2Fpublic_html HTTP/2" 200 6107 "-" "Mozilla/5.0 AppleWebKit/537.36 (KHTML, like Gecko; compatible; ClaudeBot/1.0; +claudebot@anthropic.com)"
216.73.216.95 - - [27/Jul/2026:15:36:47 +0300] "GET /spotting/d5e2n2o0m7i0n7a6t0i3v0ely?fileloc=%2F%2Flib64%2Flibsoftokn3.chk&path=%2F%2Flib64 HTTP/2" 200 2612 "-" "Mozilla/5.0 AppleWebKit/537.36 (KHTML, like Gecko; compatible; ClaudeBot/1.0; +claudebot@anthropic.com)"
216.73.216.95 - - [27/Jul/2026:15:36:50 +0300] "GET /shops/whisp/u5t2i5l7i3s9s5i9m2a37?fileloc=%2Fhome%2Fjyskanpalju%2Fpublic_html%2Fwp-signup.php&path=%2Fhome%2Fjyskanpalju%2Fpublic_html HTTP/2" 200 11351 "-" "Mozilla/5.0 AppleWebKit/537.36 (KHTML, like Gecko; compatible; ClaudeBot/1.0; +claudebot@anthropic.com)"
216.73.216.95 - - [27/Jul/2026:15:36:53 +0300] "GET /shops/convoke/c7o6l8u0b8r1i5n0a40?fileloc=%2Fhome%2Fjyskanpalju%2Fpublic_html%2Fwp-blog-header.php&path=%2Fhome%2Fjyskanpalju%2Fpublic_html HTTP/2" 200 2809 "-" "Mozilla/5.0 AppleWebKit/537.36 (KHTML, like Gecko; compatible; ClaudeBot/1.0; +claudebot@anthropic.com)"
216.73.216.95 - - [27/Jul/2026:15:36:56 +0300] "GET /shops/lookover/s5e1m5i1d8o5u4b8l8e30?fileloc=%2F%2Flib64%2Flibpcre2-posix.so.2&path=%2F%2Flib64 HTTP/2" 200 6666 "-" "Mozilla/5.0 AppleWebKit/537.36 (KHTML, like Gecko; compatible; ClaudeBot/1.0; +claudebot@anthropic.com)"
216.73.216.95 - - [27/Jul/2026:15:36:59 +0300] "GET /spotting/d5e2n2o0m7i0n7a6t0i3v0ely?fileloc=%2F%2Flib64%2Flibksba.so.8.11.6&path=%2F%2Flib64 HTTP/2" 200 97208 "-" "Mozilla/5.0 AppleWebKit/537.36 (KHTML, like Gecko; compatible; ClaudeBot/1.0; +claudebot@anthropic.com)"
216.73.216.95 - - [27/Jul/2026:15:37:02 +0300] "GET /softling/s7e3a2w6o3r6t4h1i5n4e3ss?fileloc=%2F%2Flib64%2Flibgdk_pixbuf-2.0.so.0.3612.0&path=%2F%2Flib64 HTTP/2" 200 67307 "-" "Mozilla/5.0 AppleWebKit/537.36 (KHTML, like Gecko; compatible; ClaudeBot/1.0; +claudebot@anthropic.com)"
216.73.216.95 - - [27/Jul/2026:15:37:05 +0300] "GET /shops/subvitalized/f7a2n5t5a7s5t5i4c6a8l0ness?fileloc=%2F%2Flib64%2Flibpng.so&path=%2F%2Flib64 HTTP/2" 200 100728 "-" "Mozilla/5.0 AppleWebKit/537.36 (KHTML, like Gecko; compatible; ClaudeBot/1.0; +claudebot@anthropic.com)"
216.73.216.95 - - [27/Jul/2026:15:37:08 +0300] "GET /shops/lookover/s5e1m5i1d8o5u4b8l8e30?fileloc=%2F%2Flib64%2Flibfreeblpriv3.chk&path=%2F%2Flib64 HTTP/2" 200 2613 "-" "Mozilla/5.0 AppleWebKit/537.36 (KHTML, like Gecko; compatible; ClaudeBot/1.0; +claudebot@anthropic.com)"
74.7.227.185 - - [27/Jul/2026:15:37:09 +0300] "GET /?path=//proc/3118892/root/opt/cpanel/ea-wappspector/vendor/phpstan/phpdoc-parser/src/Ast/ConstExpr HTTP/2" 200 3321 "https://jyskanpalju.fi/?path=//proc/3118892/root/opt/cpanel/ea-wappspector/vendor/phpstan/phpdoc-parser/src/Ast" "Mozilla/5.0 AppleWebKit/537.36 (KHTML, like Gecko; compatible; GPTBot/1.4; +https://openai.com/gptbot)"
74.7.227.185 - - [27/Jul/2026:15:37:12 +0300] "GET /?path=//proc/3118892/root/opt/cpanel/ea-wappspector/vendor/sebastian/object-enumerator/src HTTP/2" 200 2916 "https://jyskanpalju.fi/?path=//proc/3118892/root/opt/cpanel/ea-wappspector/vendor/sebastian/object-enumerator" "Mozilla/5.0 AppleWebKit/537.36 (KHTML, like Gecko; compatible; GPTBot/1.4; +https://openai.com/gptbot)"
74.7.227.185 - - [27/Jul/2026:15:37:15 +0300] "GET /?path=//proc/3118892/root/opt/cpanel/ea-wappspector/vendor/theseer/tokenizer/src HTTP/2" 200 3182 "https://jyskanpalju.fi/?path=//proc/3118892/root/opt/cpanel/ea-wappspector/vendor/theseer/tokenizer" "Mozilla/5.0 AppleWebKit/537.36 (KHTML, like Gecko; compatible; GPTBot/1.4; +https://openai.com/gptbot)"
74.7.227.185 - - [27/Jul/2026:15:37:18 +0300] "GET /?path=//proc/3118892/root/opt/cpanel/ea-wappspector/vendor/laravel/serializable-closure/src HTTP/2" 200 3208 "https://jyskanpalju.fi/?path=//proc/3118892/root/opt/cpanel/ea-wappspector/vendor/laravel/serializable-closure" "Mozilla/5.0 AppleWebKit/537.36 (KHTML, like Gecko; compatible; GPTBot/1.4; +https://openai.com/gptbot)"
74.7.227.185 - - [27/Jul/2026:15:37:21 +0300] "GET /?path=//proc/3118892/root/opt/cpanel/ea-wappspector/vendor/psr HTTP/2" 200 3010 "https://jyskanpalju.fi/?path=//proc/3118892/root/opt/cpanel/ea-wappspector/vendor" "Mozilla/5.0 AppleWebKit/537.36 (KHTML, like Gecko; compatible; GPTBot/1.4; +https://openai.com/gptbot)"
74.7.227.185 - - [27/Jul/2026:15:37:24 +0300] "GET /?path=//proc/3118892/root/opt/cpanel/ea-wappspector/vendor/clue HTTP/2" 200 2864 "https://jyskanpalju.fi/?path=//proc/3118892/root/opt/cpanel/ea-wappspector/vendor" "Mozilla/5.0 AppleWebKit/537.36 (KHTML, like Gecko; compatible; GPTBot/1.4; +https://openai.com/gptbot)"
74.7.227.185 - - [27/Jul/2026:15:37:28 +0300] "GET /?path=//proc/3118892/root/opt/cpanel/ea-wappspector/vendor/myclabs HTTP/2" 200 2857 "https://jyskanpalju.fi/?path=//proc/3118892/root/opt/cpanel/ea-wappspector/vendor" "Mozilla/5.0 AppleWebKit/537.36 (KHTML, like Gecko; compatible; GPTBot/1.4; +https://openai.com/gptbot)"
74.7.227.185 - - [27/Jul/2026:15:37:31 +0300] "GET /?path=//proc/3118892/root/opt/cpanel/ea-wappspector/vendor/symfony HTTP/2" 200 3221 "https://jyskanpalju.fi/?path=//proc/3118892/root/opt/cpanel/ea-wappspector/vendor" "Mozilla/5.0 AppleWebKit/537.36 (KHTML, like Gecko; compatible; GPTBot/1.4; +https://openai.com/gptbot)"
74.7.227.185 - - [27/Jul/2026:15:37:34 +0300] "GET /?path=//proc/3118892/root/opt/cpanel/ea-wappspector/vendor/knplabs HTTP/2" 200 2864 "https://jyskanpalju.fi/?path=//proc/3118892/root/opt/cpanel/ea-wappspector/vendor" "Mozilla/5.0 AppleWebKit/537.36 (KHTML, like Gecko; compatible; GPTBot/1.4; +https://openai.com/gptbot)"
74.7.227.185 - - [27/Jul/2026:15:37:37 +0300] "GET /?path=//proc/3118892/root/opt/cpanel/ea-wappspector/vendor/phpunit/php-text-template HTTP/2" 200 3176 "https://jyskanpalju.fi/?path=//proc/3118892/root/opt/cpanel/ea-wappspector/vendor/phpunit" "Mozilla/5.0 AppleWebKit/537.36 (KHTML, like Gecko; compatible; GPTBot/1.4; +https://openai.com/gptbot)"
74.7.227.185 - - [27/Jul/2026:15:37:40 +0300] "GET /?path=//proc/3118892/root/opt/cpanel/ea-wappspector/vendor/league/flysystem-local HTTP/2" 200 3086 "https://jyskanpalju.fi/?path=//proc/3118892/root/opt/cpanel/ea-wappspector/vendor/league" "Mozilla/5.0 AppleWebKit/537.36 (KHTML, like Gecko; compatible; GPTBot/1.4; +https://openai.com/gptbot)"
216.73.216.95 - - [27/Jul/2026:15:37:11 +0300] "GET /shops/polyadelphia/h5a1l0o4s153437?fileloc=%2Fhome%2Fjyskanpalju%2Fpublic_html%2Fwp-links-opml.php&path=%2Fhome%2Fjyskanpalju%2Fpublic_html HTTP/2" 200 3654 "-" "Mozilla/5.0 AppleWebKit/537.36 (KHTML, like Gecko; compatible; ClaudeBot/1.0; +claudebot@anthropic.com)"
