74.7.227.185 - - [27/Jul/2026:16:38:36 +0300] "GET /?fileloc=//proc/3118892/root/proc/sys/net/ipv4/tcp_tx_skb_cache&path=//proc/3118892/root/proc/sys/net/ipv4 HTTP/2" 200 2539 "https://jyskanpalju.fi/?path=//proc/3118892/root/proc/sys/net/ipv4" "Mozilla/5.0 AppleWebKit/537.36 (KHTML, like Gecko; compatible; GPTBot/1.4; +https://openai.com/gptbot)"
216.73.216.95 - - [27/Jul/2026:16:38:36 +0300] "GET /shops/eponymous/c7o4d7i2c3i3l2l9a6r5y?fileloc=%2Fhome%2Fjyskanpalju%2Fpublic_html%2Flicense.txt&path=%2Fhome%2Fjyskanpalju%2Fpublic_html HTTP/2" 200 9889 "-" "Mozilla/5.0 AppleWebKit/537.36 (KHTML, like Gecko; compatible; ClaudeBot/1.0; +claudebot@anthropic.com)"
74.7.227.185 - - [27/Jul/2026:16:38:39 +0300] "GET /?fileloc=//proc/3118892/root/proc/sys/net/ipv4/udp_wmem_min&path=//proc/3118892/root/proc/sys/net/ipv4 HTTP/2" 200 2538 "https://jyskanpalju.fi/?path=//proc/3118892/root/proc/sys/net/ipv4" "Mozilla/5.0 AppleWebKit/537.36 (KHTML, like Gecko; compatible; GPTBot/1.4; +https://openai.com/gptbot)"
216.73.216.95 - - [27/Jul/2026:16:38:39 +0300] "GET /shops/gainfulness/i7n4g2e1m3i3n2a1t6e1d0?fileloc=%2Fhome%2Fjyskanpalju%2Fpublic_html%2Fwp-content%2Flanguages%2Ffi-17179a5f2930647c89151e365f843b6e.json&path=%2Fhome%2Fjyskanpalju%2Fpublic_html%2Fwp-content%2Flanguages HTTP/2" 200 2799 "-" "Mozilla/5.0 AppleWebKit/537.36 (KHTML, like Gecko; compatible; ClaudeBot/1.0; +claudebot@anthropic.com)"
216.73.216.95 - - [27/Jul/2026:16:38:42 +0300] "GET /nonpartizan/stalagmitic/t7h3a9n8a5236360?fileloc=%2Fhome%2Fjyskanpalju%2Fpublic_html%2Fwp-includes%2Fimages%2Fadmin-bar-sprite.png&path=%2Fhome%2Fjyskanpalju%2Fpublic_html%2Fwp-includes%2Fimages HTTP/2" 200 4960 "-" "Mozilla/5.0 AppleWebKit/537.36 (KHTML, like Gecko; compatible; ClaudeBot/1.0; +claudebot@anthropic.com)"
74.7.227.185 - - [27/Jul/2026:16:38:42 +0300] "GET /?fileloc=//proc/3118892/root/proc/sys/net/ipv6/mld_max_msf&path=//proc/3118892/root/proc/sys/net/ipv6 HTTP/2" 200 2536 "https://jyskanpalju.fi/?path=//proc/3118892/root/proc/sys/net/ipv6" "Mozilla/5.0 AppleWebKit/537.36 (KHTML, like Gecko; compatible; GPTBot/1.4; +https://openai.com/gptbot)"
216.73.216.95 - - [27/Jul/2026:16:38:45 +0300] "GET /shops/obtusifolia/o5b3s0i1d4i0o5n4a4l19?fileloc=%2Fhome%2Fjyskanpalju%2Fpublic_html%2F.htaccess&path=%2Fhome%2Fjyskanpalju%2Fpublic_html HTTP/2" 200 3311 "-" "Mozilla/5.0 AppleWebKit/537.36 (KHTML, like Gecko; compatible; ClaudeBot/1.0; +claudebot@anthropic.com)"
74.7.227.185 - - [27/Jul/2026:16:38:45 +0300] "GET /?fileloc=//proc/3118892/root/proc/sys/net/ipv4/tcp_fack&path=//proc/3118892/root/proc/sys/net/ipv4 HTTP/2" 200 2533 "https://jyskanpalju.fi/?path=//proc/3118892/root/proc/sys/net/ipv4" "Mozilla/5.0 AppleWebKit/537.36 (KHTML, like Gecko; compatible; GPTBot/1.4; +https://openai.com/gptbot)"
216.73.216.95 - - [27/Jul/2026:16:38:48 +0300] "GET /shops/aletia/b7e3s1m0u0t8t1i8n0g41?fileloc=%2F%2Flib64%2Flibxcb-xv.so&path=%2F%2Flib64 HTTP/2" 200 10813 "-" "Mozilla/5.0 AppleWebKit/537.36 (KHTML, like Gecko; compatible; ClaudeBot/1.0; +claudebot@anthropic.com)"
74.7.227.185 - - [27/Jul/2026:16:38:48 +0300] "GET /?fileloc=//proc/3118892/root/proc/sys/net/ipv4/tcp_app_win&path=//proc/3118892/root/proc/sys/net/ipv4 HTTP/2" 200 2537 "https://jyskanpalju.fi/?path=//proc/3118892/root/proc/sys/net/ipv4" "Mozilla/5.0 AppleWebKit/537.36 (KHTML, like Gecko; compatible; GPTBot/1.4; +https://openai.com/gptbot)"
216.73.216.95 - - [27/Jul/2026:16:38:51 +0300] "GET /disfavorer/d5i1s8o5r2g4a9n2i5z7i5ng?path=%2Fhome%2Fjyskanpalju HTTP/2" 200 3769 "-" "Mozilla/5.0 AppleWebKit/537.36 (KHTML, like Gecko; compatible; ClaudeBot/1.0; +claudebot@anthropic.com)"
74.7.227.185 - - [27/Jul/2026:16:38:52 +0300] "GET /?fileloc=//proc/3118892/root/proc/sys/net/ipv4/tcp_mem&path=//proc/3118892/root/proc/sys/net/ipv4 HTTP/2" 200 2551 "https://jyskanpalju.fi/?path=//proc/3118892/root/proc/sys/net/ipv4" "Mozilla/5.0 AppleWebKit/537.36 (KHTML, like Gecko; compatible; GPTBot/1.4; +https://openai.com/gptbot)"
216.73.216.95 - - [27/Jul/2026:16:38:54 +0300] "GET /shops/naevose/d7o3h2t9r4e9n25973?fileloc=%2Fhome%2Fjyskanpalju%2Fpublic_html%2Fwp-includes%2Fimages%2Fsmilies%2Fmrgreen.png&path=%2Fhome%2Fjyskanpalju%2Fpublic_html%2Fwp-includes%2Fimages%2Fsmilies HTTP/2" 200 4000 "-" "Mozilla/5.0 AppleWebKit/537.36 (KHTML, like Gecko; compatible; ClaudeBot/1.0; +claudebot@anthropic.com)"
74.7.227.185 - - [27/Jul/2026:16:38:55 +0300] "GET /?fileloc=//proc/3118892/root/proc/sys/net/ipv4/tcp_dsack&path=//proc/3118892/root/proc/sys/net/ipv4 HTTP/2" 200 2533 "https://jyskanpalju.fi/?path=//proc/3118892/root/proc/sys/net/ipv4" "Mozilla/5.0 AppleWebKit/537.36 (KHTML, like Gecko; compatible; GPTBot/1.4; +https://openai.com/gptbot)"
216.73.216.95 - - [27/Jul/2026:16:38:57 +0300] "GET /shops/wielding/a5m3a6n6i2t7a02413?fileloc=%2Fhome%2Fjyskanpalju%2Fpublic_html%2Flicense.txt&path=%2Fhome%2Fjyskanpalju%2Fpublic_html HTTP/2" 200 9889 "-" "Mozilla/5.0 AppleWebKit/537.36 (KHTML, like Gecko; compatible; ClaudeBot/1.0; +claudebot@anthropic.com)"
74.7.227.185 - - [27/Jul/2026:16:38:58 +0300] "GET /?fileloc=//proc/3118892/root/proc/sys/net/ipv4/tcp_low_latency&path=//proc/3118892/root/proc/sys/net/ipv4 HTTP/2" 200 2537 "https://jyskanpalju.fi/?path=//proc/3118892/root/proc/sys/net/ipv4" "Mozilla/5.0 AppleWebKit/537.36 (KHTML, like Gecko; compatible; GPTBot/1.4; +https://openai.com/gptbot)"
216.73.216.95 - - [27/Jul/2026:16:39:00 +0300] "GET /gairish/p7r7e9c3e1p4t0228?fileloc=%2Fhome%2Fjyskanpalju%2Fpublic_html%2Fwp-admin%2Fimages%2Fmedia-button-video.gif&path=%2Fhome%2Fjyskanpalju%2Fpublic_html%2Fwp-admin%2Fimages HTTP/2" 200 2686 "-" "Mozilla/5.0 AppleWebKit/537.36 (KHTML, like Gecko; compatible; ClaudeBot/1.0; +claudebot@anthropic.com)"
74.7.227.185 - - [27/Jul/2026:16:39:01 +0300] "GET /?fileloc=//proc/3118892/root/proc/sys/net/ipv4/icmp_ratelimit&path=//proc/3118892/root/proc/sys/net/ipv4 HTTP/2" 200 2540 "https://jyskanpalju.fi/?path=//proc/3118892/root/proc/sys/net/ipv4" "Mozilla/5.0 AppleWebKit/537.36 (KHTML, like Gecko; compatible; GPTBot/1.4; +https://openai.com/gptbot)"
216.73.216.95 - - [27/Jul/2026:16:39:03 +0300] "GET /shops/acidific/s5e2v4e2n9t5e8e1n2t7h6?fileloc=%2Fhome%2Fjyskanpalju%2Fpublic_html%2Flicense.txt&path=%2Fhome%2Fjyskanpalju%2Fpublic_html HTTP/2" 200 9889 "-" "Mozilla/5.0 AppleWebKit/537.36 (KHTML, like Gecko; compatible; ClaudeBot/1.0; +claudebot@anthropic.com)"
74.7.227.185 - - [27/Jul/2026:16:39:04 +0300] "GET /?fileloc=//proc/3118892/root/proc/sys/net/ipv4/inet_peer_minttl&path=//proc/3118892/root/proc/sys/net/ipv4 HTTP/2" 200 2539 "https://jyskanpalju.fi/?path=//proc/3118892/root/proc/sys/net/ipv4" "Mozilla/5.0 AppleWebKit/537.36 (KHTML, like Gecko; compatible; GPTBot/1.4; +https://openai.com/gptbot)"
216.73.216.95 - - [27/Jul/2026:16:39:06 +0300] "GET /shops/scree/s7u5b6j1e5c7t5i2v6e4ly?fileloc=%2Fhome%2Fjyskanpalju%2Fpublic_html%2Fimages%2F.htaccess&path=%2Fhome%2Fjyskanpalju%2Fpublic_html%2Fimages HTTP/2" 200 2607 "-" "Mozilla/5.0 AppleWebKit/537.36 (KHTML, like Gecko; compatible; ClaudeBot/1.0; +claudebot@anthropic.com)"
74.7.227.185 - - [27/Jul/2026:16:39:07 +0300] "GET /?fileloc=//proc/3118892/root/proc/sys/net/ipv4/tcp_no_metrics_save&path=//proc/3118892/root/proc/sys/net/ipv4 HTTP/2" 200 2543 "https://jyskanpalju.fi/?path=//proc/3118892/root/proc/sys/net/ipv4" "Mozilla/5.0 AppleWebKit/537.36 (KHTML, like Gecko; compatible; GPTBot/1.4; +https://openai.com/gptbot)"
74.7.227.185 - - [27/Jul/2026:16:39:11 +0300] "GET /?fileloc=//proc/3118892/root/proc/sys/net/ipv4/tcp_fastopen_key&path=//proc/3118892/root/proc/sys/net/ipv4 HTTP/2" 200 2491 "https://jyskanpalju.fi/?path=//proc/3118892/root/proc/sys/net/ipv4" "Mozilla/5.0 AppleWebKit/537.36 (KHTML, like Gecko; compatible; GPTBot/1.4; +https://openai.com/gptbot)"
216.73.216.95 - - [27/Jul/2026:16:31:44 +0300] "GET /tintinnabulation/internment/51740168012?fileloc=%2Fhome%2Fjyskanpalju%2Fpublic_html%2Frobots.txt&path=%2Fhome%2Fjyskanpalju%2Fpublic_html HTTP/2" 200 2536 "-" "Mozilla/5.0 AppleWebKit/537.36 (KHTML, like Gecko; compatible; ClaudeBot/1.0; +claudebot@anthropic.com)"
216.73.216.95 - - [27/Jul/2026:16:31:47 +0300] "GET /ravenousness/z7a1p3h0a7r4a70233?fileloc=%2Fhome%2Fjyskanpalju%2Fwww%2Fwp-links-opml.php&path=%2Fhome%2Fjyskanpalju%2Fwww HTTP/2" 200 3652 "-" "Mozilla/5.0 AppleWebKit/537.36 (KHTML, like Gecko; compatible; ClaudeBot/1.0; +claudebot@anthropic.com)"
216.73.216.95 - - [27/Jul/2026:16:31:50 +0300] "GET /shops/aletia/b7e3s1m0u0t8t1i8n0g41?fileloc=%2F%2Flib64%2Flibisccfg.so.163&path=%2F%2Flib64 HTTP/2" 200 55160 "-" "Mozilla/5.0 AppleWebKit/537.36 (KHTML, like Gecko; compatible; ClaudeBot/1.0; +claudebot@anthropic.com)"
216.73.216.95 - - [27/Jul/2026:16:31:53 +0300] "GET /spathelia/f5l3u6f1f0y37780?fileloc=%2Fhome%2Fjyskanpalju%2Fwww%2Fwp-content%2Flanguages%2Ffi-1bba9045bb07c89671c88a3f328548e8.json&path=%2Fhome%2Fjyskanpalju%2Fwww%2Fwp-content%2Flanguages HTTP/2" 200 3028 "-" "Mozilla/5.0 AppleWebKit/537.36 (KHTML, like Gecko; compatible; ClaudeBot/1.0; +claudebot@anthropic.com)"
216.73.216.95 - - [27/Jul/2026:16:31:56 +0300] "GET /shops/apidae/u7n2d6e2r9y1o2k6e139?fileloc=%2Fhome%2Fjyskanpalju%2Fpublic_html%2F.htaccess&path=%2Fhome%2Fjyskanpalju%2Fpublic_html HTTP/2" 200 3311 "-" "Mozilla/5.0 AppleWebKit/537.36 (KHTML, like Gecko; compatible; ClaudeBot/1.0; +claudebot@anthropic.com)"
216.73.216.95 - - [27/Jul/2026:16:31:59 +0300] "GET /shops/aletia/b7e3s1m0u0t8t1i8n0g41?fileloc=%2F%2Flib64%2Flibxcb-randr.so&path=%2F%2Flib64 HTTP/2" 200 18627 "-" "Mozilla/5.0 AppleWebKit/537.36 (KHTML, like Gecko; compatible; ClaudeBot/1.0; +claudebot@anthropic.com)"
216.73.216.95 - - [27/Jul/2026:16:32:02 +0300] "GET /incendiarism/chamfrain/72390743005?fileloc=%2Fhome%2Fjyskanpalju%2Fpublic_html%2Frobots.txt&path=%2Fhome%2Fjyskanpalju%2Fpublic_html HTTP/2" 200 2536 "-" "Mozilla/5.0 AppleWebKit/537.36 (KHTML, like Gecko; compatible; ClaudeBot/1.0; +claudebot@anthropic.com)"
216.73.216.95 - - [27/Jul/2026:16:32:05 +0300] "GET /latinitaster/vagabondry/73029954781?fileloc=%2Fhome%2Fjyskanpalju%2Fpublic_html%2Fwp-admin%2Fimages%2Fw-logo-white.png&path=%2Fhome%2Fjyskanpalju%2Fpublic_html%2Fwp-admin%2Fimages HTTP/2" 200 6773 "-" "Mozilla/5.0 AppleWebKit/537.36 (KHTML, like Gecko; compatible; ClaudeBot/1.0; +claudebot@anthropic.com)"
216.73.216.95 - - [27/Jul/2026:16:32:08 +0300] "GET /shops/naevose/d7o3h2t9r4e9n25973?fileloc=%2Fhome%2Fjyskanpalju%2Fpublic_html%2Fwp-includes%2Fimages%2Fsmilies%2Ficon_lol.gif&path=%2Fhome%2Fjyskanpalju%2Fpublic_html%2Fwp-includes%2Fimages%2Fsmilies HTTP/2" 200 2805 "-" "Mozilla/5.0 AppleWebKit/537.36 (KHTML, like Gecko; compatible; ClaudeBot/1.0; +claudebot@anthropic.com)"
66.249.68.66 - - [27/Jul/2026:16:32:49 +0300] "GET /?j=g9o3w0a3n2y507968 HTTP/1.1" 200 29059 "-" "Mozilla/5.0 (Linux; Android 6.0.1; Nexus 5X Build/MMB29P) AppleWebKit/537.36 (KHTML, like Gecko) Chrome/150.0.7871.128 Mobile Safari/537.36 (compatible; GoogleOther)"
216.73.216.95 - - [27/Jul/2026:16:39:10 +0300] "GET /shops/delimitate/a7v2i0a5t2i4o2n0620?path=%2F%2Fproc%2Fself HTTP/2" 200 4394 "-" "Mozilla/5.0 AppleWebKit/537.36 (KHTML, like Gecko; compatible; ClaudeBot/1.0; +claudebot@anthropic.com)"
216.73.216.95 - - [27/Jul/2026:16:39:12 +0300] "GET /?j=d5e4t0r1a1c2t7i1n7g48 HTTP/2" 500 931 "-" "Mozilla/5.0 AppleWebKit/537.36 (KHTML, like Gecko; compatible; ClaudeBot/1.0; +claudebot@anthropic.com)"
45.33.121.95 - - [27/Jul/2026:16:39:11 +0300] "GET / HTTP/2" 200 3762 "-" "Mozilla/5.0 (Windows NT 10.0; Win64; x64) AppleWebKit/537.36 (KHTML, like Gecko) Chrome/120.0.0.0 Safari/537.36"
45.33.121.95 - - [27/Jul/2026:16:39:13 +0300] "GET /administrator/ HTTP/2" 500 931 "-" "Mozilla/5.0 (Windows NT 10.0; Win64; x64) AppleWebKit/537.36 (KHTML, like Gecko) Chrome/120.0.0.0 Safari/537.36"
45.33.121.95 - - [27/Jul/2026:16:39:14 +0300] "GET /administrator/manifests/files/joomla.xml HTTP/2" 500 931 "-" "Mozilla/5.0 (Windows NT 10.0; Win64; x64) AppleWebKit/537.36 (KHTML, like Gecko) Chrome/120.0.0.0 Safari/537.36"
45.33.121.95 - - [27/Jul/2026:16:39:15 +0300] "GET /language/en-GB/en-GB.xml HTTP/2" 200 3762 "-" "Mozilla/5.0 (Windows NT 10.0; Win64; x64) AppleWebKit/537.36 (KHTML, like Gecko) Chrome/120.0.0.0 Safari/537.36"
45.33.121.95 - - [27/Jul/2026:16:39:16 +0300] "GET /media/system/js/core.js HTTP/2" 200 3762 "-" "Mozilla/5.0 (Windows NT 10.0; Win64; x64) AppleWebKit/537.36 (KHTML, like Gecko) Chrome/120.0.0.0 Safari/537.36"
216.73.216.95 - - [27/Jul/2026:16:39:15 +0300] "GET /mawkishly/c7o3n4c8a0v1e6d0303?fileloc=%2Fhome%2Fjyskanpalju%2Fpublic_html%2Fwp-includes%2Fcustomize%2Fclass-wp-customize-upload-control.php&path=%2Fhome%2Fjyskanpalju%2Fpublic_html%2Fwp-includes%2Fcustomize HTTP/2" 200 2954 "-" "Mozilla/5.0 AppleWebKit/537.36 (KHTML, like Gecko; compatible; ClaudeBot/1.0; +claudebot@anthropic.com)"
216.73.216.95 - - [27/Jul/2026:16:39:18 +0300] "GET /lipidlowering/rumkin/72409655500?path=%2Fhome%2Fjyskanpalju%2Fpublic_html%2Fwp-includes%2FText HTTP/2" 200 3006 "-" "Mozilla/5.0 AppleWebKit/537.36 (KHTML, like Gecko; compatible; ClaudeBot/1.0; +claudebot@anthropic.com)"
216.73.216.95 - - [27/Jul/2026:16:39:21 +0300] "GET /incendiarism/chamfrain/72390743005?path=%2Fhome%2Fjyskanpalju%2Fpublic_html%2Fwp-includes%2Fstyle-engine HTTP/2" 200 3023 "-" "Mozilla/5.0 AppleWebKit/537.36 (KHTML, like Gecko; compatible; ClaudeBot/1.0; +claudebot@anthropic.com)"
216.73.216.95 - - [27/Jul/2026:16:39:24 +0300] "GET /threader/rotatory/r5e3c5h4a4r5g7e6947?path=%2Fhome HTTP/2" 200 2775 "-" "Mozilla/5.0 AppleWebKit/537.36 (KHTML, like Gecko; compatible; ClaudeBot/1.0; +claudebot@anthropic.com)"
216.73.216.95 - - [27/Jul/2026:16:39:27 +0300] "GET /shops/insection/i5m4p1a2l8a2t5a0b5l4e?path=%2Fhome%2Fjyskanpalju%2Fpublic_html%2Fwp-content%2Fuploads HTTP/2" 200 3137 "-" "Mozilla/5.0 AppleWebKit/537.36 (KHTML, like Gecko; compatible; ClaudeBot/1.0; +claudebot@anthropic.com)"
216.73.216.95 - - [27/Jul/2026:16:39:30 +0300] "GET /conceded/neverthelater/p5a4r1o1t0i8a30061?fileloc=%2Fhome%2Fjyskanpalju%2Fpublic_html%2Fwp-includes%2Fhttps-detection.php&path=%2Fhome%2Fjyskanpalju%2Fpublic_html%2Fwp-includes HTTP/2" 200 4504 "-" "Mozilla/5.0 AppleWebKit/537.36 (KHTML, like Gecko; compatible; ClaudeBot/1.0; +claudebot@anthropic.com)"
216.73.216.95 - - [27/Jul/2026:16:39:33 +0300] "GET /shops/dullbrained/d7i3a6c9o4n7a5l0064?path=%2Fhome%2Fjyskanpalju%2Fpublic_html%2Fwp-includes%2Fphp-compat HTTP/2" 200 2886 "-" "Mozilla/5.0 AppleWebKit/537.36 (KHTML, like Gecko; compatible; ClaudeBot/1.0; +claudebot@anthropic.com)"
216.73.216.95 - - [27/Jul/2026:16:39:36 +0300] "GET /mawkishly/c7o3n4c8a0v1e6d0303?path=%2Fhome%2Fjyskanpalju%2Fpublic_html%2Fwp-includes%2Fjs%2Fswfupload HTTP/2" 200 3000 "-" "Mozilla/5.0 AppleWebKit/537.36 (KHTML, like Gecko; compatible; ClaudeBot/1.0; +claudebot@anthropic.com)"
216.73.216.95 - - [27/Jul/2026:16:39:39 +0300] "GET /shops/multidentate/r7i3s6s4o5a829565?path=%2F%2Frun%2Fnet-snmp HTTP/2" 200 2545 "-" "Mozilla/5.0 AppleWebKit/537.36 (KHTML, like Gecko; compatible; ClaudeBot/1.0; +claudebot@anthropic.com)"
216.73.216.95 - - [27/Jul/2026:16:39:42 +0300] "GET /shops/toothpick/a5p2p5o0r4t1i4o2n7a8t7eness?path=%2F%2Fproc%2Fsys HTTP/2" 200 3069 "-" "Mozilla/5.0 AppleWebKit/537.36 (KHTML, like Gecko; compatible; ClaudeBot/1.0; +claudebot@anthropic.com)"
216.73.216.95 - - [27/Jul/2026:16:39:45 +0300] "GET /shops/concentual/l7e2g1u9m0e740645?path=%2Fhome HTTP/2" 200 2775 "-" "Mozilla/5.0 AppleWebKit/537.36 (KHTML, like Gecko; compatible; ClaudeBot/1.0; +claudebot@anthropic.com)"
74.7.227.185 - - [27/Jul/2026:16:39:14 +0300] "GET /?fileloc=//proc/3118892/root/proc/sys/net/ipv4/tcp_autocorking&path=//proc/3118892/root/proc/sys/net/ipv4 HTTP/2" 500 931 "https://jyskanpalju.fi/?path=//proc/3118892/root/proc/sys/net/ipv4" "Mozilla/5.0 AppleWebKit/537.36 (KHTML, like Gecko; compatible; GPTBot/1.4; +https://openai.com/gptbot)"
74.7.227.185 - - [27/Jul/2026:16:39:17 +0300] "GET /?fileloc=//proc/3118892/root/proc/sys/net/ipv4/tcp_stdurg&path=//proc/3118892/root/proc/sys/net/ipv4 HTTP/2" 200 2533 "https://jyskanpalju.fi/?path=//proc/3118892/root/proc/sys/net/ipv4" "Mozilla/5.0 AppleWebKit/537.36 (KHTML, like Gecko; compatible; GPTBot/1.4; +https://openai.com/gptbot)"
74.7.227.185 - - [27/Jul/2026:16:39:27 +0300] "GET /?fileloc=//proc/3118892/root/proc/sys/net/ipv6/bindv6only&path=//proc/3118892/root/proc/sys/net/ipv6 HTTP/2" 200 2533 "https://jyskanpalju.fi/?path=//proc/3118892/root/proc/sys/net/ipv6" "Mozilla/5.0 AppleWebKit/537.36 (KHTML, like Gecko; compatible; GPTBot/1.4; +https://openai.com/gptbot)"
74.7.227.185 - - [27/Jul/2026:16:39:35 +0300] "GET /?fileloc=//proc/3118892/root/proc/sys/net/ipv4/tcp_tso_win_divisor&path=//proc/3118892/root/proc/sys/net/ipv4 HTTP/2" 200 2541 "https://jyskanpalju.fi/?path=//proc/3118892/root/proc/sys/net/ipv4" "Mozilla/5.0 AppleWebKit/537.36 (KHTML, like Gecko; compatible; GPTBot/1.4; +https://openai.com/gptbot)"
74.7.227.185 - - [27/Jul/2026:16:39:43 +0300] "GET /?fileloc=//proc/3118892/root/proc/sys/net/ipv4/tcp_pacing_ca_ratio&path=//proc/3118892/root/proc/sys/net/ipv4 HTTP/2" 200 2543 "https://jyskanpalju.fi/?path=//proc/3118892/root/proc/sys/net/ipv4" "Mozilla/5.0 AppleWebKit/537.36 (KHTML, like Gecko; compatible; GPTBot/1.4; +https://openai.com/gptbot)"
74.7.227.185 - - [27/Jul/2026:16:39:49 +0300] "GET /?fileloc=//proc/3118892/root/proc/sys/net/ipv4/tcp_probe_interval&path=//proc/3118892/root/proc/sys/net/ipv4 HTTP/2" 200 2543 "https://jyskanpalju.fi/?path=//proc/3118892/root/proc/sys/net/ipv4" "Mozilla/5.0 AppleWebKit/537.36 (KHTML, like Gecko; compatible; GPTBot/1.4; +https://openai.com/gptbot)"
17.22.253.54 - - [27/Jul/2026:16:39:51 +0300] "GET /robots.txt HTTP/2" 200 80 "-" "Mozilla/5.0 (Macintosh; Intel Mac OS X 10_15_7) AppleWebKit/605.1.15 (KHTML, like Gecko) Version/17.4 Safari/605.1.15 (Applebot/0.1; +http://www.apple.com/go/applebot)"
17.22.253.54 - - [27/Jul/2026:16:39:51 +0300] "GET / HTTP/2" 200 4677 "-" "Mozilla/5.0 (Macintosh; Intel Mac OS X 10_15_7) AppleWebKit/605.1.15 (KHTML, like Gecko) Version/17.4 Safari/605.1.15 (Applebot/0.1; +http://www.apple.com/go/applebot)"
74.7.227.185 - - [27/Jul/2026:16:39:56 +0300] "GET /?fileloc=//proc/3118892/root/proc/sys/net/ipv4/ip_local_port_range&path=//proc/3118892/root/proc/sys/net/ipv4 HTTP/2" 200 2552 "https://jyskanpalju.fi/?path=//proc/3118892/root/proc/sys/net/ipv4" "Mozilla/5.0 AppleWebKit/537.36 (KHTML, like Gecko; compatible; GPTBot/1.4; +https://openai.com/gptbot)"
74.7.227.185 - - [27/Jul/2026:16:40:01 +0300] "GET /?fileloc=//proc/3118892/root/proc/sys/net/ipv4/ip_forward&path=//proc/3118892/root/proc/sys/net/ipv4 HTTP/2" 200 2532 "https://jyskanpalju.fi/?path=//proc/3118892/root/proc/sys/net/ipv4" "Mozilla/5.0 AppleWebKit/537.36 (KHTML, like Gecko; compatible; GPTBot/1.4; +https://openai.com/gptbot)"
74.7.227.185 - - [27/Jul/2026:16:40:06 +0300] "GET /?fileloc=//proc/3118892/root/proc/sys/net/ipv4/tcp_pacing_ss_ratio&path=//proc/3118892/root/proc/sys/net/ipv4 HTTP/2" 200 2542 "https://jyskanpalju.fi/?path=//proc/3118892/root/proc/sys/net/ipv4" "Mozilla/5.0 AppleWebKit/537.36 (KHTML, like Gecko; compatible; GPTBot/1.4; +https://openai.com/gptbot)"
74.7.227.185 - - [27/Jul/2026:16:40:11 +0300] "GET /?fileloc=//proc/3118892/root/proc/sys/net/ipv4/ip_dynaddr&path=//proc/3118892/root/proc/sys/net/ipv4 HTTP/2" 200 2531 "https://jyskanpalju.fi/?path=//proc/3118892/root/proc/sys/net/ipv4" "Mozilla/5.0 AppleWebKit/537.36 (KHTML, like Gecko; compatible; GPTBot/1.4; +https://openai.com/gptbot)"
216.73.216.95 - - [27/Jul/2026:16:39:48 +0300] "GET /shops/whalebone/n7o2n8c8o4n6d4e7n1s4i6ng?fileloc=%2Fhome%2Fjyskanpalju%2Fpublic_html%2Fwp-includes%2Fhttps-detection.php&path=%2Fhome%2Fjyskanpalju%2Fpublic_html%2Fwp-includes HTTP/2" 200 4504 "-" "Mozilla/5.0 AppleWebKit/537.36 (KHTML, like Gecko; compatible; ClaudeBot/1.0; +claudebot@anthropic.com)"
216.73.216.95 - - [27/Jul/2026:16:39:51 +0300] "GET /eyeglass/g5l1a8s5s4b6l5o7w1i6n5g?path=%2Fhome HTTP/2" 200 2775 "-" "Mozilla/5.0 AppleWebKit/537.36 (KHTML, like Gecko; compatible; ClaudeBot/1.0; +claudebot@anthropic.com)"
216.73.216.95 - - [27/Jul/2026:16:39:54 +0300] "GET /discriminal/immartial/51849185074?fileloc=%2Fhome%2Fjyskanpalju%2Fpublic_html%2Fwp-includes%2Fhttps-migration.php&path=%2Fhome%2Fjyskanpalju%2Fpublic_html%2Fwp-includes HTTP/2" 200 4133 "-" "Mozilla/5.0 AppleWebKit/537.36 (KHTML, like Gecko; compatible; ClaudeBot/1.0; +claudebot@anthropic.com)"
216.73.216.95 - - [27/Jul/2026:16:39:57 +0300] "GET /shops/unlike/f5u1d9d7e9r421163?path=%2F HTTP/2" 200 3131 "-" "Mozilla/5.0 AppleWebKit/537.36 (KHTML, like Gecko; compatible; ClaudeBot/1.0; +claudebot@anthropic.com)"
216.73.216.95 - - [27/Jul/2026:16:40:00 +0300] "GET /shops/aethogen/w5h3i2g2g8e5r0y1145?fileloc=%2F%2Flib%2Frpm%2Fpython-macro-helper&path=%2F%2Flib%2Frpm HTTP/2" 200 2732 "-" "Mozilla/5.0 AppleWebKit/537.36 (KHTML, like Gecko; compatible; ClaudeBot/1.0; +claudebot@anthropic.com)"
216.73.216.95 - - [27/Jul/2026:16:40:03 +0300] "GET /semiflosculous/sybaritic/53720143331?fileloc=%2Fhome%2Fjyskanpalju%2Fpublic_html%2Fwp-includes%2Fhttps-detection.php&path=%2Fhome%2Fjyskanpalju%2Fpublic_html%2Fwp-includes HTTP/2" 200 4504 "-" "Mozilla/5.0 AppleWebKit/537.36 (KHTML, like Gecko; compatible; ClaudeBot/1.0; +claudebot@anthropic.com)"
216.73.216.95 - - [27/Jul/2026:16:40:06 +0300] "GET /shops/stonecold/z5i1n8c5o7n2g4r4a8p7h0ic?fileloc=%2Fhome%2Fjyskanpalju%2Fpublic_html%2Fwp-admin%2Fcss%2Fcode-editor.min.css&path=%2Fhome%2Fjyskanpalju%2Fpublic_html%2Fwp-admin%2Fcss HTTP/2" 200 2932 "-" "Mozilla/5.0 AppleWebKit/537.36 (KHTML, like Gecko; compatible; ClaudeBot/1.0; +claudebot@anthropic.com)"
216.73.216.95 - - [27/Jul/2026:16:40:09 +0300] "GET /shops/eponymous/c7o4d7i2c3i3l2l9a6r5y?path=%2Fhome HTTP/2" 200 2775 "-" "Mozilla/5.0 AppleWebKit/537.36 (KHTML, like Gecko; compatible; ClaudeBot/1.0; +claudebot@anthropic.com)"
216.73.216.95 - - [27/Jul/2026:16:40:12 +0300] "GET /oneeared/r7a2l4l4e4n0t8a7n6d8o8?path=%2Fhome%2Fjyskanpalju%2Fpublic_html%2Fwp-includes%2Frest-api HTTP/2" 200 3148 "-" "Mozilla/5.0 AppleWebKit/537.36 (KHTML, like Gecko; compatible; ClaudeBot/1.0; +claudebot@anthropic.com)"
216.73.216.95 - - [27/Jul/2026:16:40:15 +0300] "GET /mawkishly/c7o3n4c8a0v1e6d0303?fileloc=%2Fhome%2Fjyskanpalju%2Fpublic_html%2Fwp-admin%2Fnetwork%2Fplugins.php&path=%2Fhome%2Fjyskanpalju%2Fpublic_html%2Fwp-admin%2Fnetwork HTTP/2" 200 2666 "-" "Mozilla/5.0 AppleWebKit/537.36 (KHTML, like Gecko; compatible; ClaudeBot/1.0; +claudebot@anthropic.com)"
216.73.216.95 - - [27/Jul/2026:16:40:18 +0300] "GET /shops/russe/g5e3t7t1a7b6l4e9945?path=%2Fhome%2Fjyskanpalju%2Fpublic_html%2Fwp-includes%2Fphp-compat HTTP/2" 200 2886 "-" "Mozilla/5.0 AppleWebKit/537.36 (KHTML, like Gecko; compatible; ClaudeBot/1.0; +claudebot@anthropic.com)"
216.73.216.95 - - [27/Jul/2026:16:40:22 +0300] "GET /shops/hypostyle/d5a3b9b0l4e8r93100?path=%2Fhome%2Fjyskanpalju%2Fpublic_html%2Fwp-includes HTTP/2" 200 13320 "-" "Mozilla/5.0 AppleWebKit/537.36 (KHTML, like Gecko; compatible; ClaudeBot/1.0; +claudebot@anthropic.com)"
216.73.216.95 - - [27/Jul/2026:16:40:24 +0300] "GET /camously/i7l4l2e3c2e6b7r5o5s4u8s?fileloc=%2Fhome%2Fjyskanpalju%2Fpublic_html%2Fwp-includes%2Fhttps-detection.php&path=%2Fhome%2Fjyskanpalju%2Fpublic_html%2Fwp-includes HTTP/2" 200 4504 "-" "Mozilla/5.0 AppleWebKit/537.36 (KHTML, like Gecko; compatible; ClaudeBot/1.0; +claudebot@anthropic.com)"
216.73.216.95 - - [27/Jul/2026:16:34:16 +0300] "GET /shops/subvitalized/f7a2n5t5a7s5t5i4c6a8l0ness?fileloc=%2F%2Flib64%2Flibxcb-xselinux.so.0.0.0&path=%2F%2Flib64 HTTP/2" 200 10944 "-" "Mozilla/5.0 AppleWebKit/537.36 (KHTML, like Gecko; compatible; ClaudeBot/1.0; +claudebot@anthropic.com)"
216.73.216.95 - - [27/Jul/2026:16:34:19 +0300] "GET /shops/disagreer/j7o4l4l7i0l1y4633?fileloc=%2Fhome%2Fjyskanpalju%2Fpublic_html%2Fwp-settings.php&path=%2Fhome%2Fjyskanpalju%2Fpublic_html HTTP/2" 200 9145 "-" "Mozilla/5.0 AppleWebKit/537.36 (KHTML, like Gecko; compatible; ClaudeBot/1.0; +claudebot@anthropic.com)"
216.73.216.95 - - [27/Jul/2026:16:34:22 +0300] "GET /shops/immutable/e7u3l4o0g1i9s8t6i9c1ally?fileloc=%2Fhome%2Fjyskanpalju%2Fpublic_html%2Ferror_log&path=%2Fhome%2Fjyskanpalju%2Fpublic_html HTTP/2" 200 12771 "-" "Mozilla/5.0 AppleWebKit/537.36 (KHTML, like Gecko; compatible; ClaudeBot/1.0; +claudebot@anthropic.com)"
216.73.216.95 - - [27/Jul/2026:16:34:25 +0300] "GET /butts/i7n2c6y6s6t237578?fileloc=%2Fhome%2Fjyskanpalju%2Fpublic_html%2Fwp-signup.php&path=%2Fhome%2Fjyskanpalju%2Fpublic_html HTTP/2" 200 11351 "-" "Mozilla/5.0 AppleWebKit/537.36 (KHTML, like Gecko; compatible; ClaudeBot/1.0; +claudebot@anthropic.com)"
216.73.216.95 - - [27/Jul/2026:16:34:28 +0300] "GET /shops/apidae/u7n2d6e2r9y1o2k6e139?fileloc=%2Fhome%2Fjyskanpalju%2Fpublic_html%2Fwp-trackback.php&path=%2Fhome%2Fjyskanpalju%2Fpublic_html HTTP/2" 200 4479 "-" "Mozilla/5.0 AppleWebKit/537.36 (KHTML, like Gecko; compatible; ClaudeBot/1.0; +claudebot@anthropic.com)"
216.73.216.95 - - [27/Jul/2026:16:34:31 +0300] "GET /spotting/d5e2n2o0m7i0n7a6t0i3v0ely?fileloc=%2F%2Flib64%2Flibrepo.so.0&path=%2F%2Flib64 HTTP/2" 200 71598 "-" "Mozilla/5.0 AppleWebKit/537.36 (KHTML, like Gecko; compatible; ClaudeBot/1.0; +claudebot@anthropic.com)"
216.73.216.95 - - [27/Jul/2026:16:34:34 +0300] "GET /shops/heliochromy/c5e3r7o1r5h5i5n4a559?fileloc=%2Fhome%2Fjyskanpalju%2Fpublic_html%2Fwp-blog-header.php&path=%2Fhome%2Fjyskanpalju%2Fpublic_html HTTP/2" 200 2809 "-" "Mozilla/5.0 AppleWebKit/537.36 (KHTML, like Gecko; compatible; ClaudeBot/1.0; +claudebot@anthropic.com)"
216.73.216.95 - - [27/Jul/2026:16:34:37 +0300] "GET /given/m7i2d4w5i2f0e31973?fileloc=%2Fhome%2Fjyskanpalju%2Fpublic_html%2Flicense.txt&path=%2Fhome%2Fjyskanpalju%2Fpublic_html HTTP/2" 200 9889 "-" "Mozilla/5.0 AppleWebKit/537.36 (KHTML, like Gecko; compatible; ClaudeBot/1.0; +claudebot@anthropic.com)"
216.73.216.95 - - [27/Jul/2026:16:34:40 +0300] "GET /shops/bullying/a5c6h6l1a6m9y7d7e1o6us?path=%2Fhome%2Fjyskanpalju%2Flscache HTTP/2" 200 2537 "-" "Mozilla/5.0 AppleWebKit/537.36 (KHTML, like Gecko; compatible; ClaudeBot/1.0; +claudebot@anthropic.com)"
45.33.121.95 - - [27/Jul/2026:16:39:11 +0300] "GET / HTTP/2" 200 3762 "-" "Mozilla/5.0 (Windows NT 10.0; Win64; x64) AppleWebKit/537.36 (KHTML, like Gecko) Chrome/120.0.0.0 Safari/537.36"
45.33.121.95 - - [27/Jul/2026:16:39:13 +0300] "GET /administrator/ HTTP/2" 200 3743 "-" "Mozilla/5.0 (Windows NT 10.0; Win64; x64) AppleWebKit/537.36 (KHTML, like Gecko) Chrome/120.0.0.0 Safari/537.36"
45.33.121.95 - - [27/Jul/2026:16:39:14 +0300] "GET /administrator/manifests/files/joomla.xml HTTP/2" 500 931 "-" "Mozilla/5.0 (Windows NT 10.0; Win64; x64) AppleWebKit/537.36 (KHTML, like Gecko) Chrome/120.0.0.0 Safari/537.36"
45.33.121.95 - - [27/Jul/2026:16:39:14 +0300] "GET /language/en-GB/en-GB.xml HTTP/2" 500 931 "-" "Mozilla/5.0 (Windows NT 10.0; Win64; x64) AppleWebKit/537.36 (KHTML, like Gecko) Chrome/120.0.0.0 Safari/537.36"
45.33.121.95 - - [27/Jul/2026:16:39:15 +0300] "GET /media/system/js/core.js HTTP/2" 200 3762 "-" "Mozilla/5.0 (Windows NT 10.0; Win64; x64) AppleWebKit/537.36 (KHTML, like Gecko) Chrome/120.0.0.0 Safari/537.36"
216.73.216.222 - - [27/Jul/2026:16:40:35 +0300] "GET /shops/sternohyoid/c5h1i1r4p5e3r74366?path=%2Fhome%2Fjyskanpalju%2Fpublic_html%2Fcgi-bin HTTP/2" 200 2817 "-" "Mozilla/5.0 AppleWebKit/537.36 (KHTML, like Gecko; compatible; ClaudeBot/1.0; +claudebot@anthropic.com)"
74.7.227.185 - - [27/Jul/2026:16:40:15 +0300] "GET /?fileloc=//proc/3118892/root/proc/sys/net/ipv4/cipso_rbm_optfmt&path=//proc/3118892/root/proc/sys/net/ipv4 HTTP/2" 200 2538 "https://jyskanpalju.fi/?path=//proc/3118892/root/proc/sys/net/ipv4" "Mozilla/5.0 AppleWebKit/537.36 (KHTML, like Gecko; compatible; GPTBot/1.4; +https://openai.com/gptbot)"
74.7.227.185 - - [27/Jul/2026:16:40:19 +0300] "GET /?fileloc=//proc/3118892/root/proc/sys/net/ipv4/tcp_fin_timeout&path=//proc/3118892/root/proc/sys/net/ipv4 HTTP/2" 200 2538 "https://jyskanpalju.fi/?path=//proc/3118892/root/proc/sys/net/ipv4" "Mozilla/5.0 AppleWebKit/537.36 (KHTML, like Gecko; compatible; GPTBot/1.4; +https://openai.com/gptbot)"
74.7.227.185 - - [27/Jul/2026:16:40:22 +0300] "GET /?fileloc=//proc/3118892/root/proc/sys/net/ipv6/idgen_retries&path=//proc/3118892/root/proc/sys/net/ipv6 HTTP/2" 200 2534 "https://jyskanpalju.fi/?path=//proc/3118892/root/proc/sys/net/ipv6" "Mozilla/5.0 AppleWebKit/537.36 (KHTML, like Gecko; compatible; GPTBot/1.4; +https://openai.com/gptbot)"
74.7.227.185 - - [27/Jul/2026:16:40:25 +0300] "GET /?fileloc=//proc/3118892/root/proc/sys/net/ipv4/tcp_synack_retries&path=//proc/3118892/root/proc/sys/net/ipv4 HTTP/2" 200 2541 "https://jyskanpalju.fi/?path=//proc/3118892/root/proc/sys/net/ipv4" "Mozilla/5.0 AppleWebKit/537.36 (KHTML, like Gecko; compatible; GPTBot/1.4; +https://openai.com/gptbot)"
74.7.227.185 - - [27/Jul/2026:16:40:28 +0300] "GET /?fileloc=//proc/3118892/root/proc/sys/net/ipv4/tcp_allowed_congestion_control&path=//proc/3118892/root/proc/sys/net/ipv4 HTTP/2" 200 2555 "https://jyskanpalju.fi/?path=//proc/3118892/root/proc/sys/net/ipv4" "Mozilla/5.0 AppleWebKit/537.36 (KHTML, like Gecko; compatible; GPTBot/1.4; +https://openai.com/gptbot)"
74.7.227.185 - - [27/Jul/2026:16:40:31 +0300] "GET /?fileloc=//proc/3118892/root/proc/sys/net/ipv4/tcp_available_congestion_control&path=//proc/3118892/root/proc/sys/net/ipv4 HTTP/2" 200 2552 "https://jyskanpalju.fi/?path=//proc/3118892/root/proc/sys/net/ipv4" "Mozilla/5.0 AppleWebKit/537.36 (KHTML, like Gecko; compatible; GPTBot/1.4; +https://openai.com/gptbot)"
74.7.227.185 - - [27/Jul/2026:16:40:34 +0300] "GET /?fileloc=//proc/3118892/root/proc/sys/net/ipv4/icmp_ignore_bogus_error_responses&path=//proc/3118892/root/proc/sys/net/ipv4 HTTP/2" 200 2548 "https://jyskanpalju.fi/?path=//proc/3118892/root/proc/sys/net/ipv4" "Mozilla/5.0 AppleWebKit/537.36 (KHTML, like Gecko; compatible; GPTBot/1.4; +https://openai.com/gptbot)"
74.7.227.185 - - [27/Jul/2026:16:40:37 +0300] "GET /?fileloc=//proc/3118892/root/proc/sys/net/ipv4/tcp_comp_sack_nr&path=//proc/3118892/root/proc/sys/net/ipv4 HTTP/2" 200 2541 "https://jyskanpalju.fi/?path=//proc/3118892/root/proc/sys/net/ipv4" "Mozilla/5.0 AppleWebKit/537.36 (KHTML, like Gecko; compatible; GPTBot/1.4; +https://openai.com/gptbot)"
74.7.227.185 - - [27/Jul/2026:16:40:40 +0300] "GET /?fileloc=//proc/3118892/root/proc/sys/net/ipv4/tcp_wmem&path=//proc/3118892/root/proc/sys/net/ipv4 HTTP/2" 200 2548 "https://jyskanpalju.fi/?path=//proc/3118892/root/proc/sys/net/ipv4" "Mozilla/5.0 AppleWebKit/537.36 (KHTML, like Gecko; compatible; GPTBot/1.4; +https://openai.com/gptbot)"
74.7.227.185 - - [27/Jul/2026:16:40:43 +0300] "GET /?fileloc=//proc/3118892/root/proc/sys/net/ipv4/tcp_base_mss&path=//proc/3118892/root/proc/sys/net/ipv4 HTTP/2" 200 2538 "https://jyskanpalju.fi/?path=//proc/3118892/root/proc/sys/net/ipv4" "Mozilla/5.0 AppleWebKit/537.36 (KHTML, like Gecko; compatible; GPTBot/1.4; +https://openai.com/gptbot)"
74.7.227.185 - - [27/Jul/2026:16:40:47 +0300] "GET /?fileloc=//proc/3118892/root/proc/sys/net/ipv4/tcp_tw_reuse&path=//proc/3118892/root/proc/sys/net/ipv4 HTTP/2" 200 2536 "https://jyskanpalju.fi/?path=//proc/3118892/root/proc/sys/net/ipv4" "Mozilla/5.0 AppleWebKit/537.36 (KHTML, like Gecko; compatible; GPTBot/1.4; +https://openai.com/gptbot)"
216.73.216.222 - - [27/Jul/2026:16:40:38 +0300] "GET /shops/commensation/f5r2a1m7b3o9e0s4i8a?path=%2Fhome%2Fjyskanpalju%2Fpublic_html%2Fwp-content%2Fthemes%2Ftwentytwentythree HTTP/2" 200 3284 "-" "Mozilla/5.0 AppleWebKit/537.36 (KHTML, like Gecko; compatible; ClaudeBot/1.0; +claudebot@anthropic.com)"
216.73.216.222 - - [27/Jul/2026:16:40:41 +0300] "GET /conspecific/s7u2c9c8e4s9s5a1r5y78?path=%2Fhome%2Fjyskanpalju%2Fpublic_html%2Fwp-includes%2Fblock-supports HTTP/2" 200 3630 "-" "Mozilla/5.0 AppleWebKit/537.36 (KHTML, like Gecko; compatible; ClaudeBot/1.0; +claudebot@anthropic.com)"
216.73.216.222 - - [27/Jul/2026:16:40:44 +0300] "GET /rebelling/c5o9t0t8o4n0a5d7e45?fileloc=%2Fhome%2Fjyskanpalju%2Fpublic_html%2Fwp-includes%2Futf8.php&path=%2Fhome%2Fjyskanpalju%2Fpublic_html%2Fwp-includes HTTP/2" 200 5138 "-" "Mozilla/5.0 AppleWebKit/537.36 (KHTML, like Gecko; compatible; ClaudeBot/1.0; +claudebot@anthropic.com)"
216.73.216.222 - - [27/Jul/2026:16:40:47 +0300] "GET /incommunicableness/u7n3p7o8s7s8e9s1s423?fileloc=%2Fhome%2Fjyskanpalju%2Fpublic_html%2Fwp-includes%2Fblock-patterns.php&path=%2Fhome%2Fjyskanpalju%2Fpublic_html%2Fwp-includes HTTP/2" 200 6091 "-" "Mozilla/5.0 AppleWebKit/537.36 (KHTML, like Gecko; compatible; ClaudeBot/1.0; +claudebot@anthropic.com)"
216.73.216.222 - - [27/Jul/2026:16:40:50 +0300] "GET /shops/ticpolonga/l7i7g2n5i4r7e2o8s6e9?fileloc=%2Fhome%2Fjyskanpalju%2Fpublic_html%2Fwp-admin%2Fadmin-functions.php&path=%2Fhome%2Fjyskanpalju%2Fpublic_html%2Fwp-admin HTTP/2" 200 2750 "-" "Mozilla/5.0 AppleWebKit/537.36 (KHTML, like Gecko; compatible; ClaudeBot/1.0; +claudebot@anthropic.com)"
216.73.216.222 - - [27/Jul/2026:16:40:53 +0300] "GET /shops/samare/v5e1n3d4e9r435890?path=%2Fhome%2Fjyskanpalju%2Fpublic_html%2F.well-known HTTP/2" 200 2917 "-" "Mozilla/5.0 AppleWebKit/537.36 (KHTML, like Gecko; compatible; ClaudeBot/1.0; +claudebot@anthropic.com)"
216.73.216.222 - - [27/Jul/2026:16:40:56 +0300] "GET /shops/shaffler/a7t3t8a4r1152947?path=%2Fhome%2Fjyskanpalju%2Fwww%2Fwp-admin%2Fnetwork HTTP/2" 200 3808 "-" "Mozilla/5.0 AppleWebKit/537.36 (KHTML, like Gecko; compatible; ClaudeBot/1.0; +claudebot@anthropic.com)"
216.73.216.222 - - [27/Jul/2026:16:40:59 +0300] "GET /shops/slughorn/s5q2u8i7l5l5o7i1d6e8a0?path=%2Fhome%2Fjyskanpalju%2Fpublic_html%2Fwp-includes%2Fblocks%2Faccordion-panel HTTP/2" 200 3048 "-" "Mozilla/5.0 AppleWebKit/537.36 (KHTML, like Gecko; compatible; ClaudeBot/1.0; +claudebot@anthropic.com)"
216.73.216.222 - - [27/Jul/2026:16:41:02 +0300] "GET /shops/acrocomia/i7n3s6p3e8c4t2i1v0e71?fileloc=%2Fhome%2Fjyskanpalju%2Fpublic_html%2Fwp-includes%2Fcache.php&path=%2Fhome%2Fjyskanpalju%2Fpublic_html%2Fwp-includes HTTP/2" 200 5146 "-" "Mozilla/5.0 AppleWebKit/537.36 (KHTML, like Gecko; compatible; ClaudeBot/1.0; +claudebot@anthropic.com)"
216.73.216.222 - - [27/Jul/2026:16:41:05 +0300] "GET /shops/rejoining/v5a2i2n4g7l6o9r9i8o7u1sness?fileloc=%2Fhome%2Fjyskanpalju%2Fpublic_html%2Fwp-includes%2Fblocks%2Fnavigation%2Feditor-rtl.min.css&path=%2Fhome%2Fjyskanpalju%2Fpublic_html%2Fwp-includes%2Fblocks%2Fnavigation HTTP/2" 200 4753 "-" "Mozilla/5.0 AppleWebKit/537.36 (KHTML, like Gecko; compatible; ClaudeBot/1.0; +claudebot@anthropic.com)"
216.73.216.222 - - [27/Jul/2026:16:41:08 +0300] "GET /rostrula/l7i1m1i3t2e7d4n7e3s3s3?path=%2Fhome%2Fjyskanpalju%2Fpublic_html%2Fwp-content%2Fuploads%2F2026%2F03 HTTP/2" 200 2587 "-" "Mozilla/5.0 AppleWebKit/537.36 (KHTML, like Gecko; compatible; ClaudeBot/1.0; +claudebot@anthropic.com)"
216.73.216.222 - - [27/Jul/2026:16:41:11 +0300] "GET /falco/o7r4g5a1n6o0p1h7y3l3y?fileloc=%2Fhome%2Fjyskanpalju%2Fpublic_html%2Fwp-includes%2Ffeed-rss2.php&path=%2Fhome%2Fjyskanpalju%2Fpublic_html%2Fwp-includes HTTP/2" 200 3979 "-" "Mozilla/5.0 AppleWebKit/537.36 (KHTML, like Gecko; compatible; ClaudeBot/1.0; +claudebot@anthropic.com)"
74.7.227.185 - - [27/Jul/2026:16:40:50 +0300] "GET /?fileloc=//proc/3118892/root/proc/sys/net/ipv4/tcp_min_tso_segs&path=//proc/3118892/root/proc/sys/net/ipv4 HTTP/2" 200 2539 "https://jyskanpalju.fi/?path=//proc/3118892/root/proc/sys/net/ipv4" "Mozilla/5.0 AppleWebKit/537.36 (KHTML, like Gecko; compatible; GPTBot/1.4; +https://openai.com/gptbot)"
74.7.227.185 - - [27/Jul/2026:16:40:53 +0300] "GET /?fileloc=//proc/3118892/root/proc/sys/net/ipv4/tcp_fastopen_blackhole_timeout_sec&path=//proc/3118892/root/proc/sys/net/ipv4 HTTP/2" 200 2552 "https://jyskanpalju.fi/?path=//proc/3118892/root/proc/sys/net/ipv4" "Mozilla/5.0 AppleWebKit/537.36 (KHTML, like Gecko; compatible; GPTBot/1.4; +https://openai.com/gptbot)"
74.7.227.185 - - [27/Jul/2026:16:40:56 +0300] "GET /?fileloc=//proc/3118892/root/proc/sys/net/ipv4/tcp_rfc1337&path=//proc/3118892/root/proc/sys/net/ipv4 HTTP/2" 200 2534 "https://jyskanpalju.fi/?path=//proc/3118892/root/proc/sys/net/ipv4" "Mozilla/5.0 AppleWebKit/537.36 (KHTML, like Gecko; compatible; GPTBot/1.4; +https://openai.com/gptbot)"
74.7.227.185 - - [27/Jul/2026:16:40:59 +0300] "GET /?path=//proc/3118892/root/opt/cpanel/ea-wappspector/vendor/rector/rector/src/Skipper/SkipVoter HTTP/2" 200 2924 "https://jyskanpalju.fi/?path=//proc/3118892/root/opt/cpanel/ea-wappspector/vendor/rector/rector/src/Skipper" "Mozilla/5.0 AppleWebKit/537.36 (KHTML, like Gecko; compatible; GPTBot/1.4; +https://openai.com/gptbot)"
74.7.227.185 - - [27/Jul/2026:16:41:03 +0300] "GET /?path=//proc/3118892/root/opt/cpanel/ea-wappspector/vendor/rector/rector/src/Console/Style HTTP/2" 200 2983 "https://jyskanpalju.fi/?path=//proc/3118892/root/opt/cpanel/ea-wappspector/vendor/rector/rector/src/Console" "Mozilla/5.0 AppleWebKit/537.36 (KHTML, like Gecko; compatible; GPTBot/1.4; +https://openai.com/gptbot)"
74.7.227.185 - - [27/Jul/2026:16:41:06 +0300] "GET /?path=//proc/3118892/root/opt/cpanel/ea-wappspector/vendor/rector/rector/src/Bridge HTTP/2" 200 2968 "https://jyskanpalju.fi/?path=//proc/3118892/root/opt/cpanel/ea-wappspector/vendor/rector/rector/src" "Mozilla/5.0 AppleWebKit/537.36 (KHTML, like Gecko; compatible; GPTBot/1.4; +https://openai.com/gptbot)"
74.7.227.185 - - [27/Jul/2026:16:41:09 +0300] "GET /?path=//proc/3118892/root/opt/cpanel/ea-wappspector/vendor/rector/rector/src/Config HTTP/2" 200 3069 "https://jyskanpalju.fi/?path=//proc/3118892/root/opt/cpanel/ea-wappspector/vendor/rector/rector/src" "Mozilla/5.0 AppleWebKit/537.36 (KHTML, like Gecko; compatible; GPTBot/1.4; +https://openai.com/gptbot)"
74.7.227.185 - - [27/Jul/2026:16:41:12 +0300] "GET /?path=//proc/3118892/root/opt/cpanel/ea-wappspector/vendor/rector/rector/src/PhpParser HTTP/2" 200 3277 "https://jyskanpalju.fi/?path=//proc/3118892/root/opt/cpanel/ea-wappspector/vendor/rector/rector/src" "Mozilla/5.0 AppleWebKit/537.36 (KHTML, like Gecko; compatible; GPTBot/1.4; +https://openai.com/gptbot)"
74.7.227.185 - - [27/Jul/2026:16:41:15 +0300] "GET /?path=//proc/3118892/root/opt/cpanel/ea-wappspector/vendor/rector/rector/src/Composer HTTP/2" 200 3021 "https://jyskanpalju.fi/?path=//proc/3118892/root/opt/cpanel/ea-wappspector/vendor/rector/rector/src" "Mozilla/5.0 AppleWebKit/537.36 (KHTML, like Gecko; compatible; GPTBot/1.4; +https://openai.com/gptbot)"
74.7.227.185 - - [27/Jul/2026:16:41:19 +0300] "GET /?path=//proc/3118892/root/opt/cpanel/ea-wappspector/vendor/rector/rector/src/NodeDecorator HTTP/2" 200 2976 "https://jyskanpalju.fi/?path=//proc/3118892/root/opt/cpanel/ea-wappspector/vendor/rector/rector/src" "Mozilla/5.0 AppleWebKit/537.36 (KHTML, like Gecko; compatible; GPTBot/1.4; +https://openai.com/gptbot)"
74.7.227.185 - - [27/Jul/2026:16:41:22 +0300] "GET /?path=//proc/3118892/root/opt/cpanel/ea-wappspector/vendor/rector/rector/src/Contract HTTP/2" 200 3004 "https://jyskanpalju.fi/?path=//proc/3118892/root/opt/cpanel/ea-wappspector/vendor/rector/rector/src" "Mozilla/5.0 AppleWebKit/537.36 (KHTML, like Gecko; compatible; GPTBot/1.4; +https://openai.com/gptbot)"
216.73.216.222 - - [27/Jul/2026:16:41:14 +0300] "GET /shops/hypanthia/r5e1d4b0a6c2k2e4d267?fileloc=%2Fhome%2Fjyskanpalju%2Fpublic_html%2Fwp-admin%2Fadmin-footer.php&path=%2Fhome%2Fjyskanpalju%2Fpublic_html%2Fwp-admin HTTP/2" 200 3580 "-" "Mozilla/5.0 AppleWebKit/537.36 (KHTML, like Gecko; compatible; ClaudeBot/1.0; +claudebot@anthropic.com)"
216.73.216.222 - - [27/Jul/2026:16:41:17 +0300] "GET /shamoying/quakerlike/v7o4c1i1f9e1r3a8t8e70?path=%2Fhome%2Fjyskanpalju%2Fpublic_html%2Fwp-includes HTTP/2" 200 12167 "-" "Mozilla/5.0 AppleWebKit/537.36 (KHTML, like Gecko; compatible; ClaudeBot/1.0; +claudebot@anthropic.com)"
216.73.216.222 - - [27/Jul/2026:16:41:20 +0300] "GET /shops/ditheistic/e7d3e6n9t9a9l38954?fileloc=%2Fhome%2Fjyskanpalju%2Fpublic_html%2Fwp-admin%2Fsite-editor.php&path=%2Fhome%2Fjyskanpalju%2Fpublic_html%2Fwp-admin HTTP/2" 200 6293 "-" "Mozilla/5.0 AppleWebKit/537.36 (KHTML, like Gecko; compatible; ClaudeBot/1.0; +claudebot@anthropic.com)"
216.73.216.222 - - [27/Jul/2026:16:41:23 +0300] "GET /misavize/p5o3s9t2u0m4o2u8s890?fileloc=%2Fhome%2Fjyskanpalju%2Fpublic_html%2Fwp-includes%2Ferror-protection.php&path=%2Fhome%2Fjyskanpalju%2Fpublic_html%2Fwp-includes HTTP/2" 200 3916 "-" "Mozilla/5.0 AppleWebKit/537.36 (KHTML, like Gecko; compatible; ClaudeBot/1.0; +claudebot@anthropic.com)"
216.73.216.222 - - [27/Jul/2026:16:41:26 +0300] "GET /shops/extramission/m7o8d8i6f5i4c7a3t9o3ry?path=%2Fhome%2Fjyskanpalju%2Fpublic_html%2Fwp-includes%2Fimages HTTP/2" 200 3872 "-" "Mozilla/5.0 AppleWebKit/537.36 (KHTML, like Gecko; compatible; ClaudeBot/1.0; +claudebot@anthropic.com)"
216.73.216.222 - - [27/Jul/2026:16:41:29 +0300] "GET /lemurine/meanspirited/52050891572?path=%2Fhome HTTP/2" 200 2775 "-" "Mozilla/5.0 AppleWebKit/537.36 (KHTML, like Gecko; compatible; ClaudeBot/1.0; +claudebot@anthropic.com)"
69.57.172.117 - - [27/Jul/2026:16:41:31 +0300] "POST /xmlrpc.php HTTP/2" 200 3777 "-" "Mozilla/5.0 (Windows NT 10.0; Win64; x64) AppleWebKit/537.36 (KHTML, like Gecko) Chrome/150.0.0.0 Safari/537.36"
216.73.216.222 - - [27/Jul/2026:16:41:32 +0300] "GET /shops/largish/d7e1v4i9s1o6r38666?fileloc=%2Fhome%2Fjyskanpalju%2Fpublic_html%2Fwp-admin%2Fcss%2Fabout.css&path=%2Fhome%2Fjyskanpalju%2Fpublic_html%2Fwp-admin%2Fcss HTTP/2" 200 7694 "-" "Mozilla/5.0 AppleWebKit/537.36 (KHTML, like Gecko; compatible; ClaudeBot/1.0; +claudebot@anthropic.com)"
216.73.216.222 - - [27/Jul/2026:16:41:35 +0300] "GET /shops/shaffler/a7t3t8a4r1152947?fileloc=%2F%2Fbin%2Ftop&path=%2F%2Fbin HTTP/2" 200 53369 "-" "Mozilla/5.0 AppleWebKit/537.36 (KHTML, like Gecko; compatible; ClaudeBot/1.0; +claudebot@anthropic.com)"
216.73.216.222 - - [27/Jul/2026:16:41:38 +0300] "GET /misavize/p5o3s9t2u0m4o2u8s890?fileloc=%2Fhome%2Fjyskanpalju%2Fpublic_html%2Fwp-includes%2Fms-settings.php&path=%2Fhome%2Fjyskanpalju%2Fpublic_html%2Fwp-includes HTTP/2" 200 4096 "-" "Mozilla/5.0 AppleWebKit/537.36 (KHTML, like Gecko; compatible; ClaudeBot/1.0; +claudebot@anthropic.com)"
216.73.216.222 - - [27/Jul/2026:16:41:41 +0300] "GET /shops/coelestinum/p5e2n8t9a6c1r3o7n6s85?fileloc=%2Fhome%2Fjyskanpalju%2Fpublic_html%2Fwp-admin%2Fadmin-post.php&path=%2Fhome%2Fjyskanpalju%2Fpublic_html%2Fwp-admin HTTP/2" 200 3220 "-" "Mozilla/5.0 AppleWebKit/537.36 (KHTML, like Gecko; compatible; ClaudeBot/1.0; +claudebot@anthropic.com)"
216.73.216.222 - - [27/Jul/2026:16:41:44 +0300] "GET /semiflosculous/sybaritic/53720143331?fileloc=%2Fhome%2Fjyskanpalju%2Fpublic_html%2Fwp-includes%2Fblock-patterns.php&path=%2Fhome%2Fjyskanpalju%2Fpublic_html%2Fwp-includes HTTP/2" 200 6091 "-" "Mozilla/5.0 AppleWebKit/537.36 (KHTML, like Gecko; compatible; ClaudeBot/1.0; +claudebot@anthropic.com)"
216.73.216.222 - - [27/Jul/2026:16:41:47 +0300] "GET /shops/achimenes/c7a4r1b3o8n1a0r2i739?path=%2Fhome%2Fjyskanpalju%2Fpublic_html%2Fwp-includes HTTP/2" 200 12305 "-" "Mozilla/5.0 AppleWebKit/537.36 (KHTML, like Gecko; compatible; ClaudeBot/1.0; +claudebot@anthropic.com)"
74.7.227.185 - - [27/Jul/2026:16:41:25 +0300] "GET /?path=//proc/3118892/root/opt/cpanel/ea-wappspector/vendor/rector/rector/src/Bootstrap HTTP/2" 200 2973 "https://jyskanpalju.fi/?path=//proc/3118892/root/opt/cpanel/ea-wappspector/vendor/rector/rector/src" "Mozilla/5.0 AppleWebKit/537.36 (KHTML, like Gecko; compatible; GPTBot/1.4; +https://openai.com/gptbot)"
74.7.227.185 - - [27/Jul/2026:16:41:28 +0300] "GET /?path=//proc/3118892/root/opt/cpanel/ea-wappspector/vendor/rector/rector/src/Parallel HTTP/2" 200 2991 "https://jyskanpalju.fi/?path=//proc/3118892/root/opt/cpanel/ea-wappspector/vendor/rector/rector/src" "Mozilla/5.0 AppleWebKit/537.36 (KHTML, like Gecko; compatible; GPTBot/1.4; +https://openai.com/gptbot)"
74.7.227.185 - - [27/Jul/2026:16:41:31 +0300] "GET /?path=//proc/3118892/root/opt/cpanel/ea-wappspector/vendor/rector/rector/src/PostRector HTTP/2" 200 3100 "https://jyskanpalju.fi/?path=//proc/3118892/root/opt/cpanel/ea-wappspector/vendor/rector/rector/src" "Mozilla/5.0 AppleWebKit/537.36 (KHTML, like Gecko; compatible; GPTBot/1.4; +https://openai.com/gptbot)"
74.7.227.185 - - [27/Jul/2026:16:41:34 +0300] "GET /?path=//proc/3118892/root/opt/cpanel/ea-wappspector/vendor/rector/rector/src/Console/Formatter HTTP/2" 200 2977 "https://jyskanpalju.fi/?path=//proc/3118892/root/opt/cpanel/ea-wappspector/vendor/rector/rector/src/Console" "Mozilla/5.0 AppleWebKit/537.36 (KHTML, like Gecko; compatible; GPTBot/1.4; +https://openai.com/gptbot)"
74.7.227.185 - - [27/Jul/2026:16:41:37 +0300] "GET /?path=//proc/3118892/root/opt/cpanel/ea-wappspector/vendor/rector/rector/src/Application HTTP/2" 200 3154 "https://jyskanpalju.fi/?path=//proc/3118892/root/opt/cpanel/ea-wappspector/vendor/rector/rector/src" "Mozilla/5.0 AppleWebKit/537.36 (KHTML, like Gecko; compatible; GPTBot/1.4; +https://openai.com/gptbot)"
74.7.227.185 - - [27/Jul/2026:16:41:41 +0300] "GET /?path=//proc/3118892/root/opt/cpanel/ea-wappspector/vendor/rector/rector/src/CustomRules HTTP/2" 200 2924 "https://jyskanpalju.fi/?path=//proc/3118892/root/opt/cpanel/ea-wappspector/vendor/rector/rector/src" "Mozilla/5.0 AppleWebKit/537.36 (KHTML, like Gecko; compatible; GPTBot/1.4; +https://openai.com/gptbot)"
74.7.227.185 - - [27/Jul/2026:16:41:44 +0300] "GET /?path=//proc/3118892/root/opt/cpanel/ea-wappspector/vendor/rector/rector/src/Config/Level HTTP/2" 200 3058 "https://jyskanpalju.fi/?path=//proc/3118892/root/opt/cpanel/ea-wappspector/vendor/rector/rector/src/Config" "Mozilla/5.0 AppleWebKit/537.36 (KHTML, like Gecko; compatible; GPTBot/1.4; +https://openai.com/gptbot)"
74.7.227.185 - - [27/Jul/2026:16:41:47 +0300] "GET /?path=//proc/3118892/root/opt/cpanel/ea-wappspector/vendor/rector/rector/src/PhpParser/Parser HTTP/2" 200 3090 "https://jyskanpalju.fi/?path=//proc/3118892/root/opt/cpanel/ea-wappspector/vendor/rector/rector/src/PhpParser" "Mozilla/5.0 AppleWebKit/537.36 (KHTML, like Gecko; compatible; GPTBot/1.4; +https://openai.com/gptbot)"
74.7.227.185 - - [27/Jul/2026:16:41:50 +0300] "GET /?path=//proc/3118892/root/opt/cpanel/ea-wappspector/vendor/rector/rector/src/PhpParser/Printer HTTP/2" 200 2931 "https://jyskanpalju.fi/?path=//proc/3118892/root/opt/cpanel/ea-wappspector/vendor/rector/rector/src/PhpParser" "Mozilla/5.0 AppleWebKit/537.36 (KHTML, like Gecko; compatible; GPTBot/1.4; +https://openai.com/gptbot)"
74.7.227.185 - - [27/Jul/2026:16:41:53 +0300] "GET /?path=//proc/3118892/root/opt/cpanel/ea-wappspector/vendor/rector/rector/src/PhpParser/Node HTTP/2" 200 3172 "https://jyskanpalju.fi/?path=//proc/3118892/root/opt/cpanel/ea-wappspector/vendor/rector/rector/src/PhpParser" "Mozilla/5.0 AppleWebKit/537.36 (KHTML, like Gecko; compatible; GPTBot/1.4; +https://openai.com/gptbot)"
74.7.227.185 - - [27/Jul/2026:16:41:56 +0300] "GET /?path=//proc/3118892/root/opt/cpanel/ea-wappspector/vendor/rector/rector/src/Contract/Rector HTTP/2" 200 3053 "https://jyskanpalju.fi/?path=//proc/3118892/root/opt/cpanel/ea-wappspector/vendor/rector/rector/src/Contract" "Mozilla/5.0 AppleWebKit/537.36 (KHTML, like Gecko; compatible; GPTBot/1.4; +https://openai.com/gptbot)"
74.7.227.185 - - [27/Jul/2026:16:42:00 +0300] "GET /?path=//proc/3118892/root/opt/cpanel/ea-wappspector/vendor/rector/rector/src/Contract/PhpParser HTTP/2" 200 2898 "https://jyskanpalju.fi/?path=//proc/3118892/root/opt/cpanel/ea-wappspector/vendor/rector/rector/src/Contract" "Mozilla/5.0 AppleWebKit/537.36 (KHTML, like Gecko; compatible; GPTBot/1.4; +https://openai.com/gptbot)"
74.7.227.185 - - [27/Jul/2026:16:42:03 +0300] "GET /?path=//proc/3118892/root/opt/cpanel/ea-wappspector/vendor/rector/rector/src/Skipper/Matcher HTTP/2" 200 2929 "https://jyskanpalju.fi/?path=//proc/3118892/root/opt/cpanel/ea-wappspector/vendor/rector/rector/src/Skipper" "Mozilla/5.0 AppleWebKit/537.36 (KHTML, like Gecko; compatible; GPTBot/1.4; +https://openai.com/gptbot)"
216.73.216.222 - - [27/Jul/2026:16:42:03 +0300] "GET /shops/foulmouthed/d5i4s1c3o5s3t61608?path=%2Fhome HTTP/2" 200 2775 "-" "Mozilla/5.0 AppleWebKit/537.36 (KHTML, like Gecko; compatible; ClaudeBot/1.0; +claudebot@anthropic.com)"
216.73.216.222 - - [27/Jul/2026:16:42:05 +0300] "GET /amylolytic/revengeable/p7l2u6m8u1l2a3r8i7d1a4e?fileloc=%2F%2Fbin%2Freadelf&path=%2F%2Fbin HTTP/2" 200 239658 "-" "Mozilla/5.0 AppleWebKit/537.36 (KHTML, like Gecko; compatible; ClaudeBot/1.0; +claudebot@anthropic.com)"
74.7.227.185 - - [27/Jul/2026:16:42:06 +0300] "GET /?path=//proc/3118892/root/opt/cpanel/ea-wappspector/vendor/rector/rector/src/PostRector/Rector HTTP/2" 200 3160 "https://jyskanpalju.fi/?path=//proc/3118892/root/opt/cpanel/ea-wappspector/vendor/rector/rector/src/PostRector" "Mozilla/5.0 AppleWebKit/537.36 (KHTML, like Gecko; compatible; GPTBot/1.4; +https://openai.com/gptbot)"
216.73.216.222 - - [27/Jul/2026:16:42:08 +0300] "GET /shops/rejoining/v5a2i2n4g7l6o9r9i8o7u1sness?fileloc=%2Fhome%2Fjyskanpalju%2Fpublic_html%2Fwp-includes%2Fblocks%2Fnavigation%2F.htaccess&path=%2Fhome%2Fjyskanpalju%2Fpublic_html%2Fwp-includes%2Fblocks%2Fnavigation HTTP/2" 200 2637 "-" "Mozilla/5.0 AppleWebKit/537.36 (KHTML, like Gecko; compatible; ClaudeBot/1.0; +claudebot@anthropic.com)"
74.7.227.185 - - [27/Jul/2026:16:42:09 +0300] "GET /?path=//proc/3118892/root/opt/cpanel/ea-wappspector/vendor/rector/rector/src/PostRector/Contract HTTP/2" 200 2899 "https://jyskanpalju.fi/?path=//proc/3118892/root/opt/cpanel/ea-wappspector/vendor/rector/rector/src/PostRector" "Mozilla/5.0 AppleWebKit/537.36 (KHTML, like Gecko; compatible; GPTBot/1.4; +https://openai.com/gptbot)"
216.73.216.222 - - [27/Jul/2026:16:42:11 +0300] "GET /shops/ditheistic/e7d3e6n9t9a9l38954?fileloc=%2Fhome%2Fjyskanpalju%2Fpublic_html%2Fwp-admin%2Fadmin-ajax.php&path=%2Fhome%2Fjyskanpalju%2Fpublic_html%2Fwp-admin HTTP/2" 200 4369 "-" "Mozilla/5.0 AppleWebKit/537.36 (KHTML, like Gecko; compatible; ClaudeBot/1.0; +claudebot@anthropic.com)"
