74.7.227.185 - - [27/Jul/2026:15:55:55 +0300] "GET /?path=//proc/3118892/root/proc/self/root/lib/firmware/nvidia/ga104/sec2 HTTP/2" 200 3044 "https://jyskanpalju.fi/?path=//proc/3118892/root/proc/self/root/lib/firmware/nvidia/ga104" "Mozilla/5.0 AppleWebKit/537.36 (KHTML, like Gecko; compatible; GPTBot/1.4; +https://openai.com/gptbot)"
74.7.227.185 - - [27/Jul/2026:15:55:58 +0300] "GET /?path=//proc/3118892/root/opt/cpanel/ea-wappspector/vendor/squizlabs/php_codesniffer/tests/Core/Generators HTTP/2" 200 3434 "https://jyskanpalju.fi/?path=//proc/3118892/root/opt/cpanel/ea-wappspector/vendor/squizlabs/php_codesniffer/tests/Core" "Mozilla/5.0 AppleWebKit/537.36 (KHTML, like Gecko; compatible; GPTBot/1.4; +https://openai.com/gptbot)"
216.73.216.95 - - [27/Jul/2026:15:55:47 +0300] "GET /haematoplast/u5n5f8r5e9q2u4e0n9t0ed?fileloc=%2Fhome%2Fjyskanpalju%2Fwww%2Fwp-includes%2Fclass-wp-http.php&path=%2Fhome%2Fjyskanpalju%2Fwww%2Fwp-includes HTTP/2" 200 14531 "-" "Mozilla/5.0 AppleWebKit/537.36 (KHTML, like Gecko; compatible; ClaudeBot/1.0; +claudebot@anthropic.com)"
216.73.216.95 - - [27/Jul/2026:15:55:50 +0300] "GET /haematoplast/u5n5f8r5e9q2u4e0n9t0ed?fileloc=%2Fhome%2Fjyskanpalju%2Fwww%2Fwp-includes%2Fblocks.php&path=%2Fhome%2Fjyskanpalju%2Fwww%2Fwp-includes HTTP/2" 200 28621 "-" "Mozilla/5.0 AppleWebKit/537.36 (KHTML, like Gecko; compatible; ClaudeBot/1.0; +claudebot@anthropic.com)"
216.73.216.95 - - [27/Jul/2026:15:55:53 +0300] "GET /shops/cynara/o5v9e2r9l8o1a1d6e1d0?fileloc=%2Fhome%2Fjyskanpalju%2Fpublic_html%2Fcgi-bin%2F.htaccess&path=%2Fhome%2Fjyskanpalju%2Fpublic_html%2Fcgi-bin HTTP/2" 200 2612 "-" "Mozilla/5.0 AppleWebKit/537.36 (KHTML, like Gecko; compatible; ClaudeBot/1.0; +claudebot@anthropic.com)"
216.73.216.95 - - [27/Jul/2026:15:55:56 +0300] "GET /haematoplast/u5n5f8r5e9q2u4e0n9t0ed?fileloc=%2Fhome%2Fjyskanpalju%2Fwww%2Fwp-includes%2Ftemplate.php&path=%2Fhome%2Fjyskanpalju%2Fwww%2Fwp-includes HTTP/2" 200 11187 "-" "Mozilla/5.0 AppleWebKit/537.36 (KHTML, like Gecko; compatible; ClaudeBot/1.0; +claudebot@anthropic.com)"
216.73.216.95 - - [27/Jul/2026:15:55:59 +0300] "GET /scavage/landleaper/71121679447?fileloc=%2Fhome%2Fjyskanpalju%2Fpublic_html%2Fwp-content%2F.htaccess&path=%2Fhome%2Fjyskanpalju%2Fpublic_html%2Fwp-content HTTP/2" 200 2613 "-" "Mozilla/5.0 AppleWebKit/537.36 (KHTML, like Gecko; compatible; ClaudeBot/1.0; +claudebot@anthropic.com)"
216.73.216.95 - - [27/Jul/2026:15:56:02 +0300] "GET /columbianus/h5e1c4t5a5r7e45350?fileloc=%2Fhome%2Fjyskanpalju%2Fpublic_html%2Fwp-content%2F.htaccess&path=%2Fhome%2Fjyskanpalju%2Fpublic_html%2Fwp-content HTTP/2" 200 2613 "-" "Mozilla/5.0 AppleWebKit/537.36 (KHTML, like Gecko; compatible; ClaudeBot/1.0; +claudebot@anthropic.com)"
216.73.216.95 - - [27/Jul/2026:15:56:05 +0300] "GET /shops/megascopic/p5r3o2p5i0t8i8a4t6e64?fileloc=%2Fhome%2Fjyskanpalju%2Fpublic_html%2Fwp-includes%2Ftaxonomy.php&path=%2Fhome%2Fjyskanpalju%2Fpublic_html%2Fwp-includes HTTP/2" 200 43051 "-" "Mozilla/5.0 AppleWebKit/537.36 (KHTML, like Gecko; compatible; ClaudeBot/1.0; +claudebot@anthropic.com)"
216.73.216.95 - - [27/Jul/2026:15:56:08 +0300] "GET /shops/coelestinum/p5e2n8t9a6c1r3o7n6s85?fileloc=%2Fhome%2Fjyskanpalju%2Fpublic_html%2Fwp-admin%2Fmaint%2Frepair.php&path=%2Fhome%2Fjyskanpalju%2Fpublic_html%2Fwp-admin%2Fmaint HTTP/2" 200 5304 "-" "Mozilla/5.0 AppleWebKit/537.36 (KHTML, like Gecko; compatible; ClaudeBot/1.0; +claudebot@anthropic.com)"
216.73.216.95 - - [27/Jul/2026:15:56:11 +0300] "GET /shops/taximeter/m5a3d4r3i0g5a2l9e2r21?fileloc=%2Fhome%2Fjyskanpalju%2Fpublic_html%2Fwp-includes%2F.htaccess&path=%2Fhome%2Fjyskanpalju%2Fpublic_html%2Fwp-includes HTTP/2" 200 2617 "-" "Mozilla/5.0 AppleWebKit/537.36 (KHTML, like Gecko; compatible; ClaudeBot/1.0; +claudebot@anthropic.com)"
216.73.216.95 - - [27/Jul/2026:15:56:14 +0300] "GET /haematoplast/u5n5f8r5e9q2u4e0n9t0ed?path=%2Fhome%2Fjyskanpalju%2Fwww%2Fwp-includes%2Fblock-supports HTTP/2" 200 3610 "-" "Mozilla/5.0 AppleWebKit/537.36 (KHTML, like Gecko; compatible; ClaudeBot/1.0; +claudebot@anthropic.com)"
216.73.216.95 - - [27/Jul/2026:15:56:17 +0300] "GET /shops/grounden/a7r1e4o9l0a426567?fileloc=%2Fhome%2Fjyskanpalju%2Fpublic_html%2Fwp-content%2F.htaccess&path=%2Fhome%2Fjyskanpalju%2Fpublic_html%2Fwp-content HTTP/2" 200 2613 "-" "Mozilla/5.0 AppleWebKit/537.36 (KHTML, like Gecko; compatible; ClaudeBot/1.0; +claudebot@anthropic.com)"
216.73.216.95 - - [27/Jul/2026:15:56:20 +0300] "GET /shops/paragram/c7h4a0n4t7842069?fileloc=%2Fhome%2Fjyskanpalju%2Fpublic_html%2Fwp-includes%2Ftheme-i18n.json&path=%2Fhome%2Fjyskanpalju%2Fpublic_html%2Fwp-includes HTTP/2" 200 2969 "-" "Mozilla/5.0 AppleWebKit/537.36 (KHTML, like Gecko; compatible; ClaudeBot/1.0; +claudebot@anthropic.com)"
74.7.227.185 - - [27/Jul/2026:15:56:01 +0300] "GET /?path=//proc/3118892/root/proc/self/root/lib/firmware/nvidia/ga107/sec2 HTTP/2" 200 3044 "https://jyskanpalju.fi/?path=//proc/3118892/root/proc/self/root/lib/firmware/nvidia/ga107" "Mozilla/5.0 AppleWebKit/537.36 (KHTML, like Gecko; compatible; GPTBot/1.4; +https://openai.com/gptbot)"
74.7.227.185 - - [27/Jul/2026:15:56:05 +0300] "GET /?path=//proc/3118892/root/proc/self/root/lib/firmware/nvidia/gv100/sec2 HTTP/2" 200 3006 "https://jyskanpalju.fi/?path=//proc/3118892/root/proc/self/root/lib/firmware/nvidia/gv100" "Mozilla/5.0 AppleWebKit/537.36 (KHTML, like Gecko; compatible; GPTBot/1.4; +https://openai.com/gptbot)"
74.7.227.185 - - [27/Jul/2026:15:56:08 +0300] "GET /?path=//proc/3118892/root/lib/sysusers.d HTTP/2" 200 2943 "https://jyskanpalju.fi/?path=//proc/3118892/root/lib" "Mozilla/5.0 AppleWebKit/537.36 (KHTML, like Gecko; compatible; GPTBot/1.4; +https://openai.com/gptbot)"
74.7.227.185 - - [27/Jul/2026:15:56:11 +0300] "GET /?path=//proc/3118892/root/lib/debug/sbin HTTP/2" 200 2576 "https://jyskanpalju.fi/?path=//proc/3118892/root/lib/debug" "Mozilla/5.0 AppleWebKit/537.36 (KHTML, like Gecko; compatible; GPTBot/1.4; +https://openai.com/gptbot)"
74.7.227.185 - - [27/Jul/2026:15:56:14 +0300] "GET /?path=//proc/3572595/root/lib/sysusers.d HTTP/2" 200 2578 "https://jyskanpalju.fi/?path=//proc/3572595/root/lib" "Mozilla/5.0 AppleWebKit/537.36 (KHTML, like Gecko; compatible; GPTBot/1.4; +https://openai.com/gptbot)"
74.7.227.185 - - [27/Jul/2026:15:56:17 +0300] "GET /?path=//proc/3572595/root/lib/debug/sbin HTTP/2" 200 2576 "https://jyskanpalju.fi/?path=//proc/3572595/root/lib/debug" "Mozilla/5.0 AppleWebKit/537.36 (KHTML, like Gecko; compatible; GPTBot/1.4; +https://openai.com/gptbot)"
74.7.227.185 - - [27/Jul/2026:15:56:20 +0300] "GET /?path=//proc/3118892/root/proc/self/root/lib/firmware/qcom/qcs615 HTTP/2" 200 3178 "https://jyskanpalju.fi/?path=//proc/3118892/root/proc/self/root/lib/firmware/qcom" "Mozilla/5.0 AppleWebKit/537.36 (KHTML, like Gecko; compatible; GPTBot/1.4; +https://openai.com/gptbot)"
74.7.227.185 - - [27/Jul/2026:15:56:23 +0300] "GET /?path=//proc/3118892/root/proc/self/root/lib/firmware/qcom/aic100 HTTP/2" 200 3044 "https://jyskanpalju.fi/?path=//proc/3118892/root/proc/self/root/lib/firmware/qcom" "Mozilla/5.0 AppleWebKit/537.36 (KHTML, like Gecko; compatible; GPTBot/1.4; +https://openai.com/gptbot)"
74.7.227.185 - - [27/Jul/2026:15:56:27 +0300] "GET /?path=//proc/3118892/root/proc/thread-self/root/lib/firmware/r128 HTTP/2" 200 2878 "https://jyskanpalju.fi/?path=//proc/3118892/root/proc/thread-self/root/lib/firmware" "Mozilla/5.0 AppleWebKit/537.36 (KHTML, like Gecko; compatible; GPTBot/1.4; +https://openai.com/gptbot)"
74.7.227.185 - - [27/Jul/2026:15:56:30 +0300] "GET /?path=//proc/3118892/root/usr/lib/tuned/cloudlinux-default HTTP/2" 200 2862 "https://jyskanpalju.fi/?path=//proc/3118892/root/usr/lib/tuned" "Mozilla/5.0 AppleWebKit/537.36 (KHTML, like Gecko; compatible; GPTBot/1.4; +https://openai.com/gptbot)"
74.7.227.185 - - [27/Jul/2026:15:56:33 +0300] "GET /?path=//proc/3118892/root/proc/thread-self/root/lib/rpm/platform/x86_64-linux HTTP/2" 200 2893 "https://jyskanpalju.fi/?path=//proc/3118892/root/proc/thread-self/root/lib/rpm/platform" "Mozilla/5.0 AppleWebKit/537.36 (KHTML, like Gecko; compatible; GPTBot/1.4; +https://openai.com/gptbot)"
74.7.227.185 - - [27/Jul/2026:15:56:36 +0300] "GET /?fileloc=//proc/3118892/root/proc/self/root/lib/firmware/nvidia/ga107/sec2/hs_bl_sig.bin&path=//proc/3118892/root/proc/self/root/lib/firmware/nvidia/ga107/sec2 HTTP/2" 200 3112 "https://jyskanpalju.fi/?path=//proc/3118892/root/proc/self/root/lib/firmware/nvidia/ga107/sec2" "Mozilla/5.0 AppleWebKit/537.36 (KHTML, like Gecko; compatible; GPTBot/1.4; +https://openai.com/gptbot)"
74.7.227.185 - - [27/Jul/2026:15:56:39 +0300] "GET /?path=//proc/3118892/root/proc/self/root/usr/libexec/gcc/x86_64-redhat-linux HTTP/2" 200 2871 "https://jyskanpalju.fi/?path=//proc/3118892/root/proc/self/root/usr/libexec/gcc" "Mozilla/5.0 AppleWebKit/537.36 (KHTML, like Gecko; compatible; GPTBot/1.4; +https://openai.com/gptbot)"
74.7.227.185 - - [27/Jul/2026:15:56:42 +0300] "GET /?path=//proc/3118892/root/opt/cpanel/ea-wappspector/vendor/symfony/console/SignalRegistry HTTP/2" 200 2917 "https://jyskanpalju.fi/?path=//proc/3118892/root/opt/cpanel/ea-wappspector/vendor/symfony/console" "Mozilla/5.0 AppleWebKit/537.36 (KHTML, like Gecko; compatible; GPTBot/1.4; +https://openai.com/gptbot)"
74.7.227.185 - - [27/Jul/2026:15:56:45 +0300] "GET /?path=//proc/3118892/root/proc/thread-self/root/usr/include/freetype2/freetype HTTP/2" 200 4606 "https://jyskanpalju.fi/?path=//proc/3118892/root/proc/thread-self/root/usr/include/freetype2" "Mozilla/5.0 AppleWebKit/537.36 (KHTML, like Gecko; compatible; GPTBot/1.4; +https://openai.com/gptbot)"
66.249.68.65 - - [27/Jul/2026:15:56:47 +0300] "GET /mephitis/miraletus/63786414493 HTTP/1.1" 200 28466 "-" "Mozilla/5.0 (Linux; Android 6.0.1; Nexus 5X Build/MMB29P) AppleWebKit/537.36 (KHTML, like Gecko) Chrome/150.0.7871.128 Mobile Safari/537.36 (compatible; GoogleOther)"
74.7.227.185 - - [27/Jul/2026:15:56:49 +0300] "GET /?path=//proc/3118892/root/usr/lib/tuned/recommend.d HTTP/2" 200 2866 "https://jyskanpalju.fi/?path=//proc/3118892/root/usr/lib/tuned" "Mozilla/5.0 AppleWebKit/537.36 (KHTML, like Gecko; compatible; GPTBot/1.4; +https://openai.com/gptbot)"
74.7.227.185 - - [27/Jul/2026:15:56:52 +0300] "GET /?path=//proc/3572595/root/usr/lib/tuned/recommend.d HTTP/2" 200 2591 "https://jyskanpalju.fi/?path=//proc/3572595/root/usr/lib/tuned" "Mozilla/5.0 AppleWebKit/537.36 (KHTML, like Gecko; compatible; GPTBot/1.4; +https://openai.com/gptbot)"
74.7.227.185 - - [27/Jul/2026:15:56:55 +0300] "GET /?path=//proc/3118892/root/proc/thread-self/root/var/cpanel/php/sessions/ea-php81 HTTP/2" 200 2620 "https://jyskanpalju.fi/?path=//proc/3118892/root/proc/thread-self/root/var/cpanel/php/sessions" "Mozilla/5.0 AppleWebKit/537.36 (KHTML, like Gecko; compatible; GPTBot/1.4; +https://openai.com/gptbot)"
216.73.216.95 - - [27/Jul/2026:15:56:55 +0300] "GET /shops/skerry/d7u3t0c4h7681576?fileloc=%2F%2Flib64%2Flibapr-1.so.0&path=%2F%2Flib64 HTTP/2" 200 98682 "-" "Mozilla/5.0 AppleWebKit/537.36 (KHTML, like Gecko; compatible; ClaudeBot/1.0; +claudebot@anthropic.com)"
216.73.216.95 - - [27/Jul/2026:15:56:58 +0300] "GET /shops/odahlic/l5o2u9n3g5e83574?fileloc=%2Fhome%2Fjyskanpalju%2Fpublic_html%2Ferror_log&path=%2Fhome%2Fjyskanpalju%2Fpublic_html HTTP/2" 200 12771 "-" "Mozilla/5.0 AppleWebKit/537.36 (KHTML, like Gecko; compatible; ClaudeBot/1.0; +claudebot@anthropic.com)"
74.7.227.185 - - [27/Jul/2026:15:56:58 +0300] "GET /?path=//proc/3118892/root/usr/lib/rpm/platform/mipsel-linux HTTP/2" 200 2872 "https://jyskanpalju.fi/?path=//proc/3118892/root/usr/lib/rpm/platform" "Mozilla/5.0 AppleWebKit/537.36 (KHTML, like Gecko; compatible; GPTBot/1.4; +https://openai.com/gptbot)"
216.73.216.95 - - [27/Jul/2026:15:57:01 +0300] "GET /shops/achimenes/c7a4r1b3o8n1a0r2i739?fileloc=%2Fhome%2Fjyskanpalju%2Fpublic_html%2Freadme.html&path=%2Fhome%2Fjyskanpalju%2Fpublic_html HTTP/2" 200 5547 "-" "Mozilla/5.0 AppleWebKit/537.36 (KHTML, like Gecko; compatible; ClaudeBot/1.0; +claudebot@anthropic.com)"
74.7.227.185 - - [27/Jul/2026:15:57:01 +0300] "GET /?fileloc=//proc/3118892/root/proc/self/root/usr/local/lsws/admin/html/static/images/icons/redirect.gif&path=//proc/3118892/root/proc/self/root/usr/local/lsws/admin/html/static/images/icons HTTP/2" 200 3384 "https://jyskanpalju.fi/?path=//proc/3118892/root/proc/self/root/usr/local/lsws/admin/html/static/images/icons" "Mozilla/5.0 AppleWebKit/537.36 (KHTML, like Gecko; compatible; GPTBot/1.4; +https://openai.com/gptbot)"
216.73.216.95 - - [27/Jul/2026:15:57:04 +0300] "GET /softling/s7e3a2w6o3r6t4h1i5n4e3ss?fileloc=%2F%2Flib64%2Flibtss2-tcti-mssim.so.0.0.0&path=%2F%2Flib64 HTTP/2" 200 13673 "-" "Mozilla/5.0 AppleWebKit/537.36 (KHTML, like Gecko; compatible; ClaudeBot/1.0; +claudebot@anthropic.com)"
74.7.227.185 - - [27/Jul/2026:15:57:05 +0300] "GET /?fileloc=//proc/3118892/root/proc/self/root/lib/firewalld/icmptypes/redirect.xml&path=//proc/3118892/root/proc/self/root/lib/firewalld/icmptypes HTTP/2" 200 2696 "https://jyskanpalju.fi/?path=//proc/3118892/root/proc/self/root/lib/firewalld/icmptypes" "Mozilla/5.0 AppleWebKit/537.36 (KHTML, like Gecko; compatible; GPTBot/1.4; +https://openai.com/gptbot)"
216.73.216.95 - - [27/Jul/2026:15:57:07 +0300] "GET /shops/shaffler/a7t3t8a4r1152947?fileloc=%2Fhome%2Fjyskanpalju%2Fwww%2Fxmlrpc.php&path=%2Fhome%2Fjyskanpalju%2Fwww HTTP/2" 200 3942 "-" "Mozilla/5.0 AppleWebKit/537.36 (KHTML, like Gecko; compatible; ClaudeBot/1.0; +claudebot@anthropic.com)"
74.7.227.185 - - [27/Jul/2026:15:57:08 +0300] "GET /?path=//proc/3118892/root/lib/locale/en_IE HTTP/2" 200 3333 "https://jyskanpalju.fi/?path=//proc/3118892/root/lib/locale" "Mozilla/5.0 AppleWebKit/537.36 (KHTML, like Gecko; compatible; GPTBot/1.4; +https://openai.com/gptbot)"
216.73.216.95 - - [27/Jul/2026:15:57:10 +0300] "GET /anthropomorphosis/e7x3p6e6n2s1e3f6u0l4n3ess?fileloc=%2Fhome%2Fjyskanpalju%2Fpublic_html%2Fwp-content%2Flanguages%2Ffi-77324aff2ed7b08f8a592e0b09d8f3b5.json&path=%2Fhome%2Fjyskanpalju%2Fpublic_html%2Fwp-content%2Flanguages HTTP/2" 200 3109 "-" "Mozilla/5.0 AppleWebKit/537.36 (KHTML, like Gecko; compatible; ClaudeBot/1.0; +claudebot@anthropic.com)"
74.7.227.185 - - [27/Jul/2026:15:57:11 +0300] "GET /?path=//proc/3118892/root/lib/locale/en_IL HTTP/2" 200 3330 "https://jyskanpalju.fi/?path=//proc/3118892/root/lib/locale" "Mozilla/5.0 AppleWebKit/537.36 (KHTML, like Gecko; compatible; GPTBot/1.4; +https://openai.com/gptbot)"
216.73.216.95 - - [27/Jul/2026:15:57:13 +0300] "GET /shops/therewithal/b7h3e3e0s8t8y81505?fileloc=%2Fhome%2Fjyskanpalju%2Fpublic_html%2Freadme.html&path=%2Fhome%2Fjyskanpalju%2Fpublic_html HTTP/2" 200 5547 "-" "Mozilla/5.0 AppleWebKit/537.36 (KHTML, like Gecko; compatible; ClaudeBot/1.0; +claudebot@anthropic.com)"
74.7.227.185 - - [27/Jul/2026:15:57:14 +0300] "GET /?path=//proc/3118892/root/lib/locale/en_SG HTTP/2" 200 3331 "https://jyskanpalju.fi/?path=//proc/3118892/root/lib/locale" "Mozilla/5.0 AppleWebKit/537.36 (KHTML, like Gecko; compatible; GPTBot/1.4; +https://openai.com/gptbot)"
216.73.216.95 - - [27/Jul/2026:15:57:16 +0300] "GET /shops/tmetocera/t5c1h1a6w3y3t3c4h3a70?fileloc=%2Fhome%2Fjyskanpalju%2Fpublic_html%2Fwp-activate.php&path=%2Fhome%2Fjyskanpalju%2Fpublic_html HTTP/2" 200 5105 "-" "Mozilla/5.0 AppleWebKit/537.36 (KHTML, like Gecko; compatible; ClaudeBot/1.0; +claudebot@anthropic.com)"
74.7.227.185 - - [27/Jul/2026:15:57:17 +0300] "GET /?path=//proc/3118892/root/lib/locale/en_IN HTTP/2" 200 3344 "https://jyskanpalju.fi/?path=//proc/3118892/root/lib/locale" "Mozilla/5.0 AppleWebKit/537.36 (KHTML, like Gecko; compatible; GPTBot/1.4; +https://openai.com/gptbot)"
216.73.216.95 - - [27/Jul/2026:15:57:19 +0300] "GET /cropper/uncinate/l7i1g4n1i8f5y8i2n6g97?fileloc=%2Fhome%2Fjyskanpalju%2Fpublic_html%2Findex.php&path=%2Fhome%2Fjyskanpalju%2Fpublic_html HTTP/2" 200 11811 "-" "Mozilla/5.0 AppleWebKit/537.36 (KHTML, like Gecko; compatible; ClaudeBot/1.0; +claudebot@anthropic.com)"
74.7.227.185 - - [27/Jul/2026:15:57:20 +0300] "GET /?path=//proc/3118892/root/proc/thread-self/root/usr/include/freetype2/freetype/config HTTP/2" 200 3102 "https://jyskanpalju.fi/?path=//proc/3118892/root/proc/thread-self/root/usr/include/freetype2/freetype" "Mozilla/5.0 AppleWebKit/537.36 (KHTML, like Gecko; compatible; GPTBot/1.4; +https://openai.com/gptbot)"
216.73.216.95 - - [27/Jul/2026:15:57:22 +0300] "GET /ravenousness/z7a1p3h0a7r4a70233?path=%2Fhome%2Fjyskanpalju%2Fwww%2F.well-known HTTP/2" 200 2913 "-" "Mozilla/5.0 AppleWebKit/537.36 (KHTML, like Gecko; compatible; ClaudeBot/1.0; +claudebot@anthropic.com)"
74.7.227.185 - - [27/Jul/2026:15:57:23 +0300] "GET /?path=//proc/3118892/root/lib/locale/en_GB HTTP/2" 200 3326 "https://jyskanpalju.fi/?path=//proc/3118892/root/lib/locale" "Mozilla/5.0 AppleWebKit/537.36 (KHTML, like Gecko; compatible; GPTBot/1.4; +https://openai.com/gptbot)"
216.73.216.95 - - [27/Jul/2026:15:57:25 +0300] "GET /shops/manageableness/n7y3m7p1h2a4e5a0c4e6a0e?fileloc=%2Fhome%2Fjyskanpalju%2Fpublic_html%2Fwp-admin%2Fimages%2Ffreedom-4.svg&path=%2Fhome%2Fjyskanpalju%2Fpublic_html%2Fwp-admin%2Fimages HTTP/2" 200 3775 "-" "Mozilla/5.0 AppleWebKit/537.36 (KHTML, like Gecko; compatible; ClaudeBot/1.0; +claudebot@anthropic.com)"
74.7.227.185 - - [27/Jul/2026:15:57:27 +0300] "GET /?path=//proc/3118892/root/lib/locale/en_NZ HTTP/2" 200 3331 "https://jyskanpalju.fi/?path=//proc/3118892/root/lib/locale" "Mozilla/5.0 AppleWebKit/537.36 (KHTML, like Gecko; compatible; GPTBot/1.4; +https://openai.com/gptbot)"
216.73.216.95 - - [27/Jul/2026:15:57:28 +0300] "GET /shops/lookover/s5e1m5i1d8o5u4b8l8e30?fileloc=%2F%2Flib64%2Flibpng.so&path=%2F%2Flib64 HTTP/2" 200 100728 "-" "Mozilla/5.0 AppleWebKit/537.36 (KHTML, like Gecko; compatible; ClaudeBot/1.0; +claudebot@anthropic.com)"
74.7.227.185 - - [27/Jul/2026:15:57:30 +0300] "GET /?path=//proc/3118892/root/lib/locale/en_ZW HTTP/2" 200 3332 "https://jyskanpalju.fi/?path=//proc/3118892/root/lib/locale" "Mozilla/5.0 AppleWebKit/537.36 (KHTML, like Gecko; compatible; GPTBot/1.4; +https://openai.com/gptbot)"
216.73.216.95 - - [27/Jul/2026:15:57:31 +0300] "GET /shops/subquintuple/h7o4r1i6z5o3n5t8a4l50?path=%2Fhome%2Fjyskanpalju%2Fpublic_html%2Fimages%2Fimages HTTP/2" 200 2927 "-" "Mozilla/5.0 AppleWebKit/537.36 (KHTML, like Gecko; compatible; ClaudeBot/1.0; +claudebot@anthropic.com)"
74.7.227.185 - - [27/Jul/2026:15:57:33 +0300] "GET /?path=//proc/3118892/root/lib/locale/en_US HTTP/2" 200 3329 "https://jyskanpalju.fi/?path=//proc/3118892/root/lib/locale" "Mozilla/5.0 AppleWebKit/537.36 (KHTML, like Gecko; compatible; GPTBot/1.4; +https://openai.com/gptbot)"
216.73.216.95 - - [27/Jul/2026:15:57:34 +0300] "GET /montanum/c5o4n1a9c9r0e48375?fileloc=%2Fhome%2Fjyskanpalju%2Fpublic_html%2Freadme.html&path=%2Fhome%2Fjyskanpalju%2Fpublic_html HTTP/2" 200 5547 "-" "Mozilla/5.0 AppleWebKit/537.36 (KHTML, like Gecko; compatible; ClaudeBot/1.0; +claudebot@anthropic.com)"
74.7.227.185 - - [27/Jul/2026:15:57:36 +0300] "GET /?path=//proc/3118892/root/lib/locale/en_AU HTTP/2" 200 3329 "https://jyskanpalju.fi/?path=//proc/3118892/root/lib/locale" "Mozilla/5.0 AppleWebKit/537.36 (KHTML, like Gecko; compatible; GPTBot/1.4; +https://openai.com/gptbot)"
216.73.216.95 - - [27/Jul/2026:15:57:37 +0300] "GET /shops/windiness/p5r7o6t4e7n0d1i9n0g6?fileloc=%2Fhome%2Fjyskanpalju%2Fpublic_html%2Fwp-links-opml.php&path=%2Fhome%2Fjyskanpalju%2Fpublic_html HTTP/2" 200 3654 "-" "Mozilla/5.0 AppleWebKit/537.36 (KHTML, like Gecko; compatible; ClaudeBot/1.0; +claudebot@anthropic.com)"
74.7.227.185 - - [27/Jul/2026:15:57:40 +0300] "GET /?path=//proc/3118892/root/lib/locale/en_CA HTTP/2" 200 3329 "https://jyskanpalju.fi/?path=//proc/3118892/root/lib/locale" "Mozilla/5.0 AppleWebKit/537.36 (KHTML, like Gecko; compatible; GPTBot/1.4; +https://openai.com/gptbot)"
216.73.216.95 - - [27/Jul/2026:15:57:40 +0300] "GET /shops/skerry/d7u3t0c4h7681576?fileloc=%2F%2Flib64%2Flibnssckbi.so&path=%2F%2Flib64 HTTP/2" 200 87459 "-" "Mozilla/5.0 AppleWebKit/537.36 (KHTML, like Gecko; compatible; ClaudeBot/1.0; +claudebot@anthropic.com)"
74.7.227.185 - - [27/Jul/2026:15:57:43 +0300] "GET /?path=//proc/3118892/root/lib/locale/en_NG HTTP/2" 200 3336 "https://jyskanpalju.fi/?path=//proc/3118892/root/lib/locale" "Mozilla/5.0 AppleWebKit/537.36 (KHTML, like Gecko; compatible; GPTBot/1.4; +https://openai.com/gptbot)"
216.73.216.95 - - [27/Jul/2026:15:57:43 +0300] "GET /shops/lookover/s5e1m5i1d8o5u4b8l8e30?fileloc=%2F%2Flib%2Ffirmware%2Fbrcm%2Fbrcmfmac43455-sdio.pine64%2Cpinenote-v1.2.txt&path=%2F%2Flib%2Ffirmware%2Fbrcm HTTP/2" 200 3175 "-" "Mozilla/5.0 AppleWebKit/537.36 (KHTML, like Gecko; compatible; ClaudeBot/1.0; +claudebot@anthropic.com)"
216.73.216.95 - - [27/Jul/2026:15:57:46 +0300] "GET /conceded/neverthelater/p5a4r1o1t0i8a30061?fileloc=%2Fhome%2Fjyskanpalju%2Fpublic_html%2Ferror_log&path=%2Fhome%2Fjyskanpalju%2Fpublic_html HTTP/2" 200 12771 "-" "Mozilla/5.0 AppleWebKit/537.36 (KHTML, like Gecko; compatible; ClaudeBot/1.0; +claudebot@anthropic.com)"
74.7.227.185 - - [27/Jul/2026:15:57:46 +0300] "GET /?path=//proc/3118892/root/lib/locale/en_ZM HTTP/2" 200 3337 "https://jyskanpalju.fi/?path=//proc/3118892/root/lib/locale" "Mozilla/5.0 AppleWebKit/537.36 (KHTML, like Gecko; compatible; GPTBot/1.4; +https://openai.com/gptbot)"
216.73.216.95 - - [27/Jul/2026:15:57:49 +0300] "GET /brevetcies/obscurement/73910769184?fileloc=%2Fhome%2Fjyskanpalju%2Fpublic_html%2Fwp-cron.php&path=%2Fhome%2Fjyskanpalju%2Fpublic_html HTTP/2" 200 4633 "-" "Mozilla/5.0 AppleWebKit/537.36 (KHTML, like Gecko; compatible; ClaudeBot/1.0; +claudebot@anthropic.com)"
74.7.227.185 - - [27/Jul/2026:15:57:49 +0300] "GET /?path=//proc/3118892/root/lib/locale/en_HK HTTP/2" 200 3332 "https://jyskanpalju.fi/?path=//proc/3118892/root/lib/locale" "Mozilla/5.0 AppleWebKit/537.36 (KHTML, like Gecko; compatible; GPTBot/1.4; +https://openai.com/gptbot)"
216.73.216.95 - - [27/Jul/2026:15:57:52 +0300] "GET /shops/interdental/c7o5u0r6s8e47194?fileloc=%2Fhome%2Fjyskanpalju%2Fpublic_html%2Fwp-content%2Flanguages%2Ffi-c4213cfff8824692c5f6df4b7278e5a9.json&path=%2Fhome%2Fjyskanpalju%2Fpublic_html%2Fwp-content%2Flanguages HTTP/2" 200 2766 "-" "Mozilla/5.0 AppleWebKit/537.36 (KHTML, like Gecko; compatible; ClaudeBot/1.0; +claudebot@anthropic.com)"
74.7.227.185 - - [27/Jul/2026:15:57:52 +0300] "GET /?path=//proc/3118892/root/lib/locale/en_PH HTTP/2" 200 3334 "https://jyskanpalju.fi/?path=//proc/3118892/root/lib/locale" "Mozilla/5.0 AppleWebKit/537.36 (KHTML, like Gecko; compatible; GPTBot/1.4; +https://openai.com/gptbot)"
216.73.216.95 - - [27/Jul/2026:15:57:55 +0300] "GET /anthroponomy/emuscation/s5t3a8i8r8h3e9a3d987?fileloc=%2Fhome%2Fjyskanpalju%2Fpublic_html%2F.htaccess&path=%2Fhome%2Fjyskanpalju%2Fpublic_html HTTP/2" 200 3311 "-" "Mozilla/5.0 AppleWebKit/537.36 (KHTML, like Gecko; compatible; ClaudeBot/1.0; +claudebot@anthropic.com)"
74.7.227.185 - - [27/Jul/2026:15:57:55 +0300] "GET /?path=//proc/3118892/root/lib/locale/en_ZA HTTP/2" 200 3329 "https://jyskanpalju.fi/?path=//proc/3118892/root/lib/locale" "Mozilla/5.0 AppleWebKit/537.36 (KHTML, like Gecko; compatible; GPTBot/1.4; +https://openai.com/gptbot)"
216.73.216.95 - - [27/Jul/2026:15:57:58 +0300] "GET /shops/cinae/m7a2n8u8d0u8c0t4i5o0n9?fileloc=%2Fhome%2Fjyskanpalju%2Fpublic_html%2Findex.php&path=%2Fhome%2Fjyskanpalju%2Fpublic_html HTTP/2" 200 11811 "-" "Mozilla/5.0 AppleWebKit/537.36 (KHTML, like Gecko; compatible; ClaudeBot/1.0; +claudebot@anthropic.com)"
74.7.227.185 - - [27/Jul/2026:15:57:58 +0300] "GET /?path=//proc/3118892/root/lib/locale/en_AG HTTP/2" 200 3335 "https://jyskanpalju.fi/?path=//proc/3118892/root/lib/locale" "Mozilla/5.0 AppleWebKit/537.36 (KHTML, like Gecko; compatible; GPTBot/1.4; +https://openai.com/gptbot)"
216.73.216.95 - - [27/Jul/2026:15:58:01 +0300] "GET /shops/allodialism/t5w3i0n5g4e3d03607?fileloc=%2Fhome%2Fjyskanpalju%2Fpublic_html%2Freadme.html&path=%2Fhome%2Fjyskanpalju%2Fpublic_html HTTP/2" 200 5547 "-" "Mozilla/5.0 AppleWebKit/537.36 (KHTML, like Gecko; compatible; ClaudeBot/1.0; +claudebot@anthropic.com)"
74.7.227.185 - - [27/Jul/2026:15:58:02 +0300] "GET /?path=//proc/3118892/root/lib/locale/en_DK HTTP/2" 200 3337 "https://jyskanpalju.fi/?path=//proc/3118892/root/lib/locale" "Mozilla/5.0 AppleWebKit/537.36 (KHTML, like Gecko; compatible; GPTBot/1.4; +https://openai.com/gptbot)"
216.73.216.95 - - [27/Jul/2026:15:58:04 +0300] "GET /tuneless/percesoces/a7n4t7i6l6i8t8h5i7c6?fileloc=%2Fhome%2Fjyskanpalju%2Fpublic_html%2Fwp-config.php&path=%2Fhome%2Fjyskanpalju%2Fpublic_html HTTP/2" 200 5172 "-" "Mozilla/5.0 AppleWebKit/537.36 (KHTML, like Gecko; compatible; ClaudeBot/1.0; +claudebot@anthropic.com)"
74.7.227.185 - - [27/Jul/2026:15:58:05 +0300] "GET /?path=//proc/3118892/root/lib/locale/en_BW HTTP/2" 200 3332 "https://jyskanpalju.fi/?path=//proc/3118892/root/lib/locale" "Mozilla/5.0 AppleWebKit/537.36 (KHTML, like Gecko; compatible; GPTBot/1.4; +https://openai.com/gptbot)"
216.73.216.95 - - [27/Jul/2026:15:58:07 +0300] "GET /shops/grapy/m7u2l6l1e8r8i8a2n177?fileloc=%2Fhome%2Fjyskanpalju%2Fpublic_html%2Ferror_log&path=%2Fhome%2Fjyskanpalju%2Fpublic_html HTTP/2" 200 12771 "-" "Mozilla/5.0 AppleWebKit/537.36 (KHTML, like Gecko; compatible; ClaudeBot/1.0; +claudebot@anthropic.com)"
74.7.227.185 - - [27/Jul/2026:15:58:08 +0300] "GET /?path=//proc/3118892/fdinfo HTTP/2" 200 2922 "https://jyskanpalju.fi/?path=//proc/3118892" "Mozilla/5.0 AppleWebKit/537.36 (KHTML, like Gecko; compatible; GPTBot/1.4; +https://openai.com/gptbot)"
216.73.216.95 - - [27/Jul/2026:15:58:10 +0300] "GET /spotting/d5e2n2o0m7i0n7a6t0i3v0ely?fileloc=%2F%2Flib64%2Flibverto.so.1.0.0&path=%2F%2Flib64 HTTP/2" 200 11914 "-" "Mozilla/5.0 AppleWebKit/537.36 (KHTML, like Gecko; compatible; ClaudeBot/1.0; +claudebot@anthropic.com)"
74.7.227.185 - - [27/Jul/2026:15:58:11 +0300] "GET /?path=//proc/3572595/fdinfo HTTP/2" 200 2545 "https://jyskanpalju.fi/?path=//proc/3572595" "Mozilla/5.0 AppleWebKit/537.36 (KHTML, like Gecko; compatible; GPTBot/1.4; +https://openai.com/gptbot)"
216.73.216.95 - - [27/Jul/2026:15:58:13 +0300] "GET /shops/skerry/d7u3t0c4h7681576?fileloc=%2F%2Flib64%2Flibnghttp2.so.14.17.0&path=%2F%2Flib64 HTTP/2" 200 67783 "-" "Mozilla/5.0 AppleWebKit/537.36 (KHTML, like Gecko; compatible; ClaudeBot/1.0; +claudebot@anthropic.com)"
74.7.227.185 - - [27/Jul/2026:15:58:14 +0300] "GET /?path=//proc/3118892/root/usr/lib/tuned/optimize-serial-console HTTP/2" 200 2872 "https://jyskanpalju.fi/?path=//proc/3118892/root/usr/lib/tuned" "Mozilla/5.0 AppleWebKit/537.36 (KHTML, like Gecko; compatible; GPTBot/1.4; +https://openai.com/gptbot)"
216.73.216.95 - - [27/Jul/2026:15:58:16 +0300] "GET /shops/hectocotyli/h5e3x2y2l6i0c76947?fileloc=%2Fhome%2Fjyskanpalju%2Fpublic_html%2Fwp-blog-header.php&path=%2Fhome%2Fjyskanpalju%2Fpublic_html HTTP/2" 200 2809 "-" "Mozilla/5.0 AppleWebKit/537.36 (KHTML, like Gecko; compatible; ClaudeBot/1.0; +claudebot@anthropic.com)"
74.7.227.185 - - [27/Jul/2026:15:58:17 +0300] "GET /?path=//proc/3572595/root/usr/lib/tuned/optimize-serial-console HTTP/2" 200 2597 "https://jyskanpalju.fi/?path=//proc/3572595/root/usr/lib/tuned" "Mozilla/5.0 AppleWebKit/537.36 (KHTML, like Gecko; compatible; GPTBot/1.4; +https://openai.com/gptbot)"
216.73.216.95 - - [27/Jul/2026:15:58:19 +0300] "GET /shops/lookover/s5e1m5i1d8o5u4b8l8e30?fileloc=%2F%2Flib64%2Flibyaz_icu.so.5.0.0&path=%2F%2Flib64 HTTP/2" 200 24537 "-" "Mozilla/5.0 AppleWebKit/537.36 (KHTML, like Gecko; compatible; ClaudeBot/1.0; +claudebot@anthropic.com)"
74.7.227.185 - - [27/Jul/2026:15:58:20 +0300] "GET /?path=//proc/3572595/root/lib/firmware/intel/ice/ddp-wireless_edge HTTP/2" 200 2611 "https://jyskanpalju.fi/?path=//proc/3572595/root/lib/firmware/intel/ice" "Mozilla/5.0 AppleWebKit/537.36 (KHTML, like Gecko; compatible; GPTBot/1.4; +https://openai.com/gptbot)"
216.73.216.95 - - [27/Jul/2026:15:58:22 +0300] "GET /shops/heliochromy/c5e3r7o1r5h5i5n4a559?path=%2Fhome%2Fjyskanpalju%2Fpublic_html%2Fimages HTTP/2" 200 2953 "-" "Mozilla/5.0 AppleWebKit/537.36 (KHTML, like Gecko; compatible; ClaudeBot/1.0; +claudebot@anthropic.com)"
74.7.227.185 - - [27/Jul/2026:15:58:23 +0300] "GET /?path=//proc/3118892/root/proc/thread-self/root/lib/firmware/qcom/aic100 HTTP/2" 200 3059 "https://jyskanpalju.fi/?path=//proc/3118892/root/proc/thread-self/root/lib/firmware/qcom" "Mozilla/5.0 AppleWebKit/537.36 (KHTML, like Gecko; compatible; GPTBot/1.4; +https://openai.com/gptbot)"
216.73.216.95 - - [27/Jul/2026:15:58:25 +0300] "GET /shops/skerry/d7u3t0c4h7681576?fileloc=%2F%2Flib64%2Flibavif.so.14.0.1&path=%2F%2Flib64 HTTP/2" 200 62457 "-" "Mozilla/5.0 AppleWebKit/537.36 (KHTML, like Gecko; compatible; ClaudeBot/1.0; +claudebot@anthropic.com)"
74.7.227.185 - - [27/Jul/2026:15:58:26 +0300] "GET /?path=//proc/3118892/root/proc/thread-self/root/usr/lib/firmware/ar3k/30000 HTTP/2" 200 3025 "https://jyskanpalju.fi/?path=//proc/3118892/root/proc/thread-self/root/usr/lib/firmware/ar3k" "Mozilla/5.0 AppleWebKit/537.36 (KHTML, like Gecko; compatible; GPTBot/1.4; +https://openai.com/gptbot)"
216.73.216.95 - - [27/Jul/2026:15:58:28 +0300] "GET /shops/crayon/m5e2l8a2n8c6h5o6l5i8l2y?fileloc=%2F%2Flib64%2FlibMagickWand-6.Q16.so.7.0.0&path=%2F%2Flib64 HTTP/2" 200 375402 "-" "Mozilla/5.0 AppleWebKit/537.36 (KHTML, like Gecko; compatible; ClaudeBot/1.0; +claudebot@anthropic.com)"
74.7.227.185 - - [27/Jul/2026:15:58:29 +0300] "GET /?path=//proc/3118892/root/proc/thread-self/root/lib/firmware/arm/mali/arch10.12 HTTP/2" 200 2880 "https://jyskanpalju.fi/?path=//proc/3118892/root/proc/thread-self/root/lib/firmware/arm/mali" "Mozilla/5.0 AppleWebKit/537.36 (KHTML, like Gecko; compatible; GPTBot/1.4; +https://openai.com/gptbot)"
216.73.216.95 - - [27/Jul/2026:15:58:31 +0300] "GET /phenixes/mollemock/p5i1n1i5t2e387336?fileloc=%2Fhome%2Fjyskanpalju%2Fpublic_html%2Fwp-links-opml.php&path=%2Fhome%2Fjyskanpalju%2Fpublic_html HTTP/2" 200 3654 "-" "Mozilla/5.0 AppleWebKit/537.36 (KHTML, like Gecko; compatible; ClaudeBot/1.0; +claudebot@anthropic.com)"
74.7.227.185 - - [27/Jul/2026:15:58:33 +0300] "GET /?path=//proc/3118892/root/proc/thread-self/root/lib/firmware/arm/mali/arch10.10 HTTP/2" 200 2910 "https://jyskanpalju.fi/?path=//proc/3118892/root/proc/thread-self/root/lib/firmware/arm/mali" "Mozilla/5.0 AppleWebKit/537.36 (KHTML, like Gecko; compatible; GPTBot/1.4; +https://openai.com/gptbot)"
216.73.216.95 - - [27/Jul/2026:15:58:34 +0300] "GET /shops/lamentation/c7y2a3n7o0b4a8c9t2e9r0ia?fileloc=%2Fhome%2Fjyskanpalju%2Fpublic_html%2Fwp-links-opml.php&path=%2Fhome%2Fjyskanpalju%2Fpublic_html HTTP/2" 200 3654 "-" "Mozilla/5.0 AppleWebKit/537.36 (KHTML, like Gecko; compatible; ClaudeBot/1.0; +claudebot@anthropic.com)"
74.7.227.185 - - [27/Jul/2026:15:58:36 +0300] "GET /?path=//proc/3118892/root/lib/locale/en_US.utf8@ampm HTTP/2" 200 3355 "https://jyskanpalju.fi/?path=//proc/3118892/root/lib/locale" "Mozilla/5.0 AppleWebKit/537.36 (KHTML, like Gecko; compatible; GPTBot/1.4; +https://openai.com/gptbot)"
216.73.216.95 - - [27/Jul/2026:15:58:37 +0300] "GET /shops/immutable/e7u3l4o0g1i9s8t6i9c1ally?fileloc=%2Fhome%2Fjyskanpalju%2Fpublic_html%2Freadme.html&path=%2Fhome%2Fjyskanpalju%2Fpublic_html HTTP/2" 200 5547 "-" "Mozilla/5.0 AppleWebKit/537.36 (KHTML, like Gecko; compatible; ClaudeBot/1.0; +claudebot@anthropic.com)"
74.7.227.185 - - [27/Jul/2026:15:58:39 +0300] "GET /?fileloc=//proc/3118892/root/lib/locale/en_BW/LC_ADDRESS&path=//proc/3118892/root/lib/locale/en_BW HTTP/2" 200 2657 "https://jyskanpalju.fi/?path=//proc/3118892/root/lib/locale/en_BW" "Mozilla/5.0 AppleWebKit/537.36 (KHTML, like Gecko; compatible; GPTBot/1.4; +https://openai.com/gptbot)"
216.73.216.95 - - [27/Jul/2026:15:58:40 +0300] "GET /shops/heliochromy/c5e3r7o1r5h5i5n4a559?fileloc=%2Fhome%2Fjyskanpalju%2Fpublic_html%2Fwp-trackback.php&path=%2Fhome%2Fjyskanpalju%2Fpublic_html HTTP/2" 200 4479 "-" "Mozilla/5.0 AppleWebKit/537.36 (KHTML, like Gecko; compatible; ClaudeBot/1.0; +claudebot@anthropic.com)"
74.7.227.185 - - [27/Jul/2026:15:58:42 +0300] "GET /?fileloc=//proc/3118892/root/lib/locale/en_BW/LC_IDENTIFICATION&path=//proc/3118892/root/lib/locale/en_BW HTTP/2" 200 2666 "https://jyskanpalju.fi/?path=//proc/3118892/root/lib/locale/en_BW" "Mozilla/5.0 AppleWebKit/537.36 (KHTML, like Gecko; compatible; GPTBot/1.4; +https://openai.com/gptbot)"
216.73.216.95 - - [27/Jul/2026:15:58:43 +0300] "GET /shops/interdental/c7o5u0r6s8e47194?fileloc=%2Fhome%2Fjyskanpalju%2Fpublic_html%2Fwp-content%2Flanguages%2Ffi-7233008897033de5ee0d14f86a42a65a.json&path=%2Fhome%2Fjyskanpalju%2Fpublic_html%2Fwp-content%2Flanguages HTTP/2" 200 3268 "-" "Mozilla/5.0 AppleWebKit/537.36 (KHTML, like Gecko; compatible; ClaudeBot/1.0; +claudebot@anthropic.com)"
216.73.216.95 - - [27/Jul/2026:15:56:23 +0300] "GET /haematoplast/u5n5f8r5e9q2u4e0n9t0ed?fileloc=%2Fhome%2Fjyskanpalju%2Fwww%2Fwp-includes%2Ffeed-rdf.php&path=%2Fhome%2Fjyskanpalju%2Fwww%2Fwp-includes HTTP/2" 200 3559 "-" "Mozilla/5.0 AppleWebKit/537.36 (KHTML, like Gecko; compatible; ClaudeBot/1.0; +claudebot@anthropic.com)"
216.73.216.95 - - [27/Jul/2026:15:56:26 +0300] "GET /haematoplast/u5n5f8r5e9q2u4e0n9t0ed?fileloc=%2Fhome%2Fjyskanpalju%2Fwww%2Fwp-includes%2Fauthor-template.php&path=%2Fhome%2Fjyskanpalju%2Fwww%2Fwp-includes HTTP/2" 200 8204 "-" "Mozilla/5.0 AppleWebKit/537.36 (KHTML, like Gecko; compatible; ClaudeBot/1.0; +claudebot@anthropic.com)"
216.73.216.95 - - [27/Jul/2026:15:56:29 +0300] "GET /shops/interdental/c7o5u0r6s8e47194?fileloc=%2Fhome%2Fjyskanpalju%2Fpublic_html%2Fwp-content%2Fmaintenance%2Ftemplate.phtml&path=%2Fhome%2Fjyskanpalju%2Fpublic_html%2Fwp-content%2Fmaintenance HTTP/2" 200 3270 "-" "Mozilla/5.0 AppleWebKit/537.36 (KHTML, like Gecko; compatible; ClaudeBot/1.0; +claudebot@anthropic.com)"
216.73.216.95 - - [27/Jul/2026:15:56:32 +0300] "GET /haematoplast/u5n5f8r5e9q2u4e0n9t0ed?fileloc=%2Fhome%2Fjyskanpalju%2Fwww%2Fwp-includes%2Fclass-wp-http-response.php&path=%2Fhome%2Fjyskanpalju%2Fwww%2Fwp-includes HTTP/2" 200 3440 "-" "Mozilla/5.0 AppleWebKit/537.36 (KHTML, like Gecko; compatible; ClaudeBot/1.0; +claudebot@anthropic.com)"
216.73.216.95 - - [27/Jul/2026:15:56:35 +0300] "GET /haematoplast/u5n5f8r5e9q2u4e0n9t0ed?fileloc=%2Fhome%2Fjyskanpalju%2Fwww%2Fwp-includes%2Fabilities.php&path=%2Fhome%2Fjyskanpalju%2Fwww%2Fwp-includes HTTP/2" 200 4489 "-" "Mozilla/5.0 AppleWebKit/537.36 (KHTML, like Gecko; compatible; ClaudeBot/1.0; +claudebot@anthropic.com)"
216.73.216.95 - - [27/Jul/2026:15:56:38 +0300] "GET /haematoplast/u5n5f8r5e9q2u4e0n9t0ed?fileloc=%2Fhome%2Fjyskanpalju%2Fwww%2Fwp-includes%2Fadmin-bar.php&path=%2Fhome%2Fjyskanpalju%2Fwww%2Fwp-includes HTTP/2" 200 12599 "-" "Mozilla/5.0 AppleWebKit/537.36 (KHTML, like Gecko; compatible; ClaudeBot/1.0; +claudebot@anthropic.com)"
216.73.216.95 - - [27/Jul/2026:15:56:41 +0300] "GET /shops/exocarp/b7u3c6k6h9o3u1n2d5s36?path=%2Fhome%2Fjyskanpalju%2F.htpasswds%2Fpublic_html HTTP/2" 200 2553 "-" "Mozilla/5.0 AppleWebKit/537.36 (KHTML, like Gecko; compatible; ClaudeBot/1.0; +claudebot@anthropic.com)"
216.73.216.95 - - [27/Jul/2026:15:56:44 +0300] "GET /haematoplast/u5n5f8r5e9q2u4e0n9t0ed?fileloc=%2Fhome%2Fjyskanpalju%2Fwww%2Fwp-includes%2Fms-blogs.php&path=%2Fhome%2Fjyskanpalju%2Fwww%2Fwp-includes HTTP/2" 200 9461 "-" "Mozilla/5.0 AppleWebKit/537.36 (KHTML, like Gecko; compatible; ClaudeBot/1.0; +claudebot@anthropic.com)"
216.73.216.95 - - [27/Jul/2026:15:56:47 +0300] "GET /shops/leucaniline/r5e1c8e0i0v3e8r3s755?fileloc=%2Fhome%2Fjyskanpalju%2Fpublic_html%2Fwp-includes%2Ftheme-i18n.json&path=%2Fhome%2Fjyskanpalju%2Fpublic_html%2Fwp-includes HTTP/2" 200 2969 "-" "Mozilla/5.0 AppleWebKit/537.36 (KHTML, like Gecko; compatible; ClaudeBot/1.0; +claudebot@anthropic.com)"
216.73.216.95 - - [27/Jul/2026:15:56:50 +0300] "GET /haematoplast/u5n5f8r5e9q2u4e0n9t0ed?fileloc=%2Fhome%2Fjyskanpalju%2Fwww%2Fwp-includes%2Fclass-walker-page-dropdown.php&path=%2Fhome%2Fjyskanpalju%2Fwww%2Fwp-includes HTTP/2" 200 3637 "-" "Mozilla/5.0 AppleWebKit/537.36 (KHTML, like Gecko; compatible; ClaudeBot/1.0; +claudebot@anthropic.com)"
216.73.216.95 - - [27/Jul/2026:15:58:53 +0300] "GET /mesocoracoid/d5r1i4z3z4l0e4d710?fileloc=%2Fhome%2Fjyskanpalju%2Fpublic_html%2Flicense.txt&path=%2Fhome%2Fjyskanpalju%2Fpublic_html HTTP/2" 200 9889 "-" "Mozilla/5.0 AppleWebKit/537.36 (KHTML, like Gecko; compatible; ClaudeBot/1.0; +claudebot@anthropic.com)"
216.73.216.95 - - [27/Jul/2026:15:58:56 +0300] "GET /scavage/landleaper/71121679447?fileloc=%2Fhome%2Fjyskanpalju%2Fpublic_html%2Frobots.txt&path=%2Fhome%2Fjyskanpalju%2Fpublic_html HTTP/2" 200 2536 "-" "Mozilla/5.0 AppleWebKit/537.36 (KHTML, like Gecko; compatible; ClaudeBot/1.0; +claudebot@anthropic.com)"
74.7.227.185 - - [27/Jul/2026:15:58:45 +0300] "GET /?path=//proc/3118892/root/opt/alt/python-internal/lib/python3.11 HTTP/2" 200 2864 "https://jyskanpalju.fi/?path=//proc/3118892/root/opt/alt/python-internal/lib" "Mozilla/5.0 AppleWebKit/537.36 (KHTML, like Gecko; compatible; GPTBot/1.4; +https://openai.com/gptbot)"
216.73.216.95 - - [27/Jul/2026:15:58:46 +0300] "GET /shops/doldrums/b5a3l0s5a7m7a7t4i6o3n1?fileloc=%2Fhome%2Fjyskanpalju%2F.cl.selector%2Ffilefuns.php&path=%2Fhome%2Fjyskanpalju%2F.cl.selector HTTP/2" 200 4799 "-" "Mozilla/5.0 AppleWebKit/537.36 (KHTML, like Gecko; compatible; ClaudeBot/1.0; +claudebot@anthropic.com)"
74.7.227.185 - - [27/Jul/2026:15:58:48 +0300] "GET /?path=//proc/3118892/root/opt/alt/alt-ImageMagick HTTP/2" 200 2865 "https://jyskanpalju.fi/?path=//proc/3118892/root/opt/alt" "Mozilla/5.0 AppleWebKit/537.36 (KHTML, like Gecko; compatible; GPTBot/1.4; +https://openai.com/gptbot)"
216.73.216.95 - - [27/Jul/2026:15:58:49 +0300] "GET /spotting/d5e2n2o0m7i0n7a6t0i3v0ely?fileloc=%2F%2Flib64%2Flibxcb-xkb.so.1.0.0&path=%2F%2Flib64 HTTP/2" 200 32933 "-" "Mozilla/5.0 AppleWebKit/537.36 (KHTML, like Gecko; compatible; ClaudeBot/1.0; +claudebot@anthropic.com)"
74.7.227.185 - - [27/Jul/2026:15:58:51 +0300] "GET /?path=//proc/3118892/root/proc/self/root/usr/include/linux/netfilter_ipv4 HTTP/2" 200 3204 "https://jyskanpalju.fi/?path=//proc/3118892/root/proc/self/root/usr/include/linux" "Mozilla/5.0 AppleWebKit/537.36 (KHTML, like Gecko; compatible; GPTBot/1.4; +https://openai.com/gptbot)"
74.7.227.185 - - [27/Jul/2026:15:58:55 +0300] "GET /?path=//proc/3118892/root/proc/thread-self/root/lib/firmware/ath9k_htc HTTP/2" 200 2936 "https://jyskanpalju.fi/?path=//proc/3118892/root/proc/thread-self/root/lib/firmware" "Mozilla/5.0 AppleWebKit/537.36 (KHTML, like Gecko; compatible; GPTBot/1.4; +https://openai.com/gptbot)"
74.7.227.185 - - [27/Jul/2026:15:58:58 +0300] "GET /?path=//proc/3118892/root/proc/thread-self/root/usr/include/bind9/lwres HTTP/2" 200 3389 "https://jyskanpalju.fi/?path=//proc/3118892/root/proc/thread-self/root/usr/include/bind9" "Mozilla/5.0 AppleWebKit/537.36 (KHTML, like Gecko; compatible; GPTBot/1.4; +https://openai.com/gptbot)"
74.7.227.185 - - [27/Jul/2026:15:59:01 +0300] "GET /?path=//proc/3118892/root/proc/thread-self/root/usr/lib/firmware/ath6k HTTP/2" 200 2980 "https://jyskanpalju.fi/?path=//proc/3118892/root/proc/thread-self/root/usr/lib/firmware" "Mozilla/5.0 AppleWebKit/537.36 (KHTML, like Gecko; compatible; GPTBot/1.4; +https://openai.com/gptbot)"
74.7.227.185 - - [27/Jul/2026:15:59:04 +0300] "GET /?path=//proc/3118892/root/proc/thread-self/root/lib/rpm/platform/sh3-linux HTTP/2" 200 2888 "https://jyskanpalju.fi/?path=//proc/3118892/root/proc/thread-self/root/lib/rpm/platform" "Mozilla/5.0 AppleWebKit/537.36 (KHTML, like Gecko; compatible; GPTBot/1.4; +https://openai.com/gptbot)"
74.7.227.185 - - [27/Jul/2026:15:59:07 +0300] "GET /?path=//proc/3118892/root/proc/thread-self/root/usr/lib/firmware/ath9k_htc HTTP/2" 200 2947 "https://jyskanpalju.fi/?path=//proc/3118892/root/proc/thread-self/root/usr/lib/firmware" "Mozilla/5.0 AppleWebKit/537.36 (KHTML, like Gecko; compatible; GPTBot/1.4; +https://openai.com/gptbot)"
74.7.227.185 - - [27/Jul/2026:15:59:10 +0300] "GET /?path=//proc/3118892/root/proc/thread-self/root/opt/cpanel/ea-libxml2/bin HTTP/2" 200 3005 "https://jyskanpalju.fi/?path=//proc/3118892/root/proc/thread-self/root/opt/cpanel/ea-libxml2" "Mozilla/5.0 AppleWebKit/537.36 (KHTML, like Gecko; compatible; GPTBot/1.4; +https://openai.com/gptbot)"
74.7.227.185 - - [27/Jul/2026:15:59:13 +0300] "GET /?path=//proc/3118892/root/proc/self/root/usr/include/linux/netfilter_ipv6 HTTP/2" 200 3303 "https://jyskanpalju.fi/?path=//proc/3118892/root/proc/self/root/usr/include/linux" "Mozilla/5.0 AppleWebKit/537.36 (KHTML, like Gecko; compatible; GPTBot/1.4; +https://openai.com/gptbot)"
216.73.216.95 - - [27/Jul/2026:15:58:59 +0300] "GET /admirably/saluted/f5o6r9e4s8t2e3d502?fileloc=%2Fhome%2Fjyskanpalju%2Fpublic_html%2Frobots.txt&path=%2Fhome%2Fjyskanpalju%2Fpublic_html HTTP/2" 200 2536 "-" "Mozilla/5.0 AppleWebKit/537.36 (KHTML, like Gecko; compatible; ClaudeBot/1.0; +claudebot@anthropic.com)"
216.73.216.95 - - [27/Jul/2026:15:59:02 +0300] "GET /shops/susurrus/d7y4n0a1m9i2t1a0r7d68?path=%2Fhome%2Fjyskanpalju%2F.caldav%2Fjyskanpalju%2Faddressbook HTTP/2" 200 2547 "-" "Mozilla/5.0 AppleWebKit/537.36 (KHTML, like Gecko; compatible; ClaudeBot/1.0; +claudebot@anthropic.com)"
216.73.216.95 - - [27/Jul/2026:15:59:05 +0300] "GET /sesquialter/m5o3s4o8s8a0u9r4u7s5?fileloc=%2Fhome%2Fjyskanpalju%2Fpublic_html%2Frobots.txt&path=%2Fhome%2Fjyskanpalju%2Fpublic_html HTTP/2" 200 2536 "-" "Mozilla/5.0 AppleWebKit/537.36 (KHTML, like Gecko; compatible; ClaudeBot/1.0; +claudebot@anthropic.com)"
216.73.216.95 - - [27/Jul/2026:15:59:08 +0300] "GET /shops/sabian/i7o3l3i3t7e156244?fileloc=%2Fhome%2Fjyskanpalju%2Fpublic_html%2Fimages%2Fimages%2Findex.php&path=%2Fhome%2Fjyskanpalju%2Fpublic_html%2Fimages%2Fimages HTTP/2" 200 4865 "-" "Mozilla/5.0 AppleWebKit/537.36 (KHTML, like Gecko; compatible; ClaudeBot/1.0; +claudebot@anthropic.com)"
216.73.216.95 - - [27/Jul/2026:15:59:11 +0300] "GET /shops/vulcan/e7c3c8e3n1t0r3i7c5a6l8ly?fileloc=%2Fhome%2Fjyskanpalju%2Fpublic_html%2Fimages%2Fimages%2F.htaccess&path=%2Fhome%2Fjyskanpalju%2Fpublic_html%2Fimages%2Fimages HTTP/2" 200 2638 "-" "Mozilla/5.0 AppleWebKit/537.36 (KHTML, like Gecko; compatible; ClaudeBot/1.0; +claudebot@anthropic.com)"
216.73.216.95 - - [27/Jul/2026:15:59:14 +0300] "GET /shops/impercipient/l7y1m3p2h8y178413?fileloc=%2Fhome%2Fjyskanpalju%2F.bash_logout&path=%2Fhome%2Fjyskanpalju HTTP/2" 200 2492 "-" "Mozilla/5.0 AppleWebKit/537.36 (KHTML, like Gecko; compatible; ClaudeBot/1.0; +claudebot@anthropic.com)"
216.73.216.95 - - [27/Jul/2026:15:59:17 +0300] "GET /shops/lustering/s5i3m8p1l8e4s4t6411?fileloc=%2Fhome%2Fjyskanpalju%2Fpublic_html%2Frobots.txt&path=%2Fhome%2Fjyskanpalju%2Fpublic_html HTTP/2" 200 2536 "-" "Mozilla/5.0 AppleWebKit/537.36 (KHTML, like Gecko; compatible; ClaudeBot/1.0; +claudebot@anthropic.com)"
216.73.216.95 - - [27/Jul/2026:15:59:20 +0300] "GET /ravenousness/z7a1p3h0a7r4a70233?fileloc=%2Fhome%2Fjyskanpalju%2Fpublic_html%2Frobots.txt&path=%2Fhome%2Fjyskanpalju%2Fpublic_html HTTP/2" 200 2536 "-" "Mozilla/5.0 AppleWebKit/537.36 (KHTML, like Gecko; compatible; ClaudeBot/1.0; +claudebot@anthropic.com)"
216.73.216.95 - - [27/Jul/2026:15:59:23 +0300] "GET /shops/leucaniline/r5e1c8e0i0v3e8r3s755?fileloc=%2Fhome%2Fjyskanpalju%2Fpublic_html%2Flicense.txt&path=%2Fhome%2Fjyskanpalju%2Fpublic_html HTTP/2" 200 9889 "-" "Mozilla/5.0 AppleWebKit/537.36 (KHTML, like Gecko; compatible; ClaudeBot/1.0; +claudebot@anthropic.com)"
216.73.216.95 - - [27/Jul/2026:15:59:26 +0300] "GET /shops/obeyer/c7a6t9k7i5n6a2t9e45?fileloc=%2Fhome%2Fjyskanpalju%2F.bashrc&path=%2Fhome%2Fjyskanpalju HTTP/2" 200 2698 "-" "Mozilla/5.0 AppleWebKit/537.36 (KHTML, like Gecko; compatible; ClaudeBot/1.0; +claudebot@anthropic.com)"
216.73.216.95 - - [27/Jul/2026:15:59:29 +0300] "GET /shops/slughorn/s5q2u8i7l5l5o7i1d6e8a0?fileloc=%2Fhome%2Fjyskanpalju%2F.spamassassinenable&path=%2Fhome%2Fjyskanpalju HTTP/2" 200 2479 "-" "Mozilla/5.0 AppleWebKit/537.36 (KHTML, like Gecko; compatible; ClaudeBot/1.0; +claudebot@anthropic.com)"
216.73.216.95 - - [27/Jul/2026:15:59:32 +0300] "GET /morbus/crossbowman/f5a3c7e1r6e507034?fileloc=%2Fhome%2Fjyskanpalju%2Fpublic_html%2Fwp-admin%2Fimages%2Ficons32-vs-2x.png&path=%2Fhome%2Fjyskanpalju%2Fpublic_html%2Fwp-admin%2Fimages HTTP/2" 200 21201 "-" "Mozilla/5.0 AppleWebKit/537.36 (KHTML, like Gecko; compatible; ClaudeBot/1.0; +claudebot@anthropic.com)"
216.73.216.95 - - [27/Jul/2026:15:59:35 +0300] "GET /shops/benthamic/s5w1a9r0v7e049373?fileloc=%2Fhome%2Fjyskanpalju%2Fpublic_html%2Flicense.txt&path=%2Fhome%2Fjyskanpalju%2Fpublic_html HTTP/2" 200 9889 "-" "Mozilla/5.0 AppleWebKit/537.36 (KHTML, like Gecko; compatible; ClaudeBot/1.0; +claudebot@anthropic.com)"
74.7.227.185 - - [27/Jul/2026:15:59:16 +0300] "GET /?path=//proc/3118892/root/proc/thread-self/root/usr/lib/firmware/mwl8k HTTP/2" 200 3157 "https://jyskanpalju.fi/?path=//proc/3118892/root/proc/thread-self/root/usr/lib/firmware" "Mozilla/5.0 AppleWebKit/537.36 (KHTML, like Gecko; compatible; GPTBot/1.4; +https://openai.com/gptbot)"
74.7.227.185 - - [27/Jul/2026:15:59:19 +0300] "GET /?fileloc=//proc/loadavg&path=//proc HTTP/2" 200 2501 "https://jyskanpalju.fi/?path=//proc" "Mozilla/5.0 AppleWebKit/537.36 (KHTML, like Gecko; compatible; GPTBot/1.4; +https://openai.com/gptbot)"
74.7.227.185 - - [27/Jul/2026:15:59:23 +0300] "GET /?path=//proc/3118892/root/opt/alt/alt-ImageMagick/etc HTTP/2" 200 2847 "https://jyskanpalju.fi/?path=//proc/3118892/root/opt/alt/alt-ImageMagick" "Mozilla/5.0 AppleWebKit/537.36 (KHTML, like Gecko; compatible; GPTBot/1.4; +https://openai.com/gptbot)"
74.7.227.185 - - [27/Jul/2026:15:59:26 +0300] "GET /?fileloc=//proc/meminfo&path=//proc HTTP/2" 200 3031 "https://jyskanpalju.fi/?path=//proc" "Mozilla/5.0 AppleWebKit/537.36 (KHTML, like Gecko; compatible; GPTBot/1.4; +https://openai.com/gptbot)"
74.7.227.185 - - [27/Jul/2026:15:59:29 +0300] "GET /?fileloc=//proc/cmdline&path=//proc HTTP/2" 200 2675 "https://jyskanpalju.fi/?path=//proc" "Mozilla/5.0 AppleWebKit/537.36 (KHTML, like Gecko; compatible; GPTBot/1.4; +https://openai.com/gptbot)"
74.7.227.185 - - [27/Jul/2026:15:59:32 +0300] "GET /?fileloc=//proc/devices&path=//proc HTTP/2" 200 2476 "https://jyskanpalju.fi/?path=//proc" "Mozilla/5.0 AppleWebKit/537.36 (KHTML, like Gecko; compatible; GPTBot/1.4; +https://openai.com/gptbot)"
74.7.227.185 - - [27/Jul/2026:15:59:35 +0300] "GET /?fileloc=//proc/version&path=//proc HTTP/2" 200 2555 "https://jyskanpalju.fi/?path=//proc" "Mozilla/5.0 AppleWebKit/537.36 (KHTML, like Gecko; compatible; GPTBot/1.4; +https://openai.com/gptbot)"
74.7.227.185 - - [27/Jul/2026:15:59:38 +0300] "GET /?path=//proc/3118892/root/proc/thread-self/root/opt/cpanel/ea-wappspector/vendor/mikey179/vfsstream/src/test/resources/filesystemcopy HTTP/2" 200 3028 "https://jyskanpalju.fi/?path=//proc/3118892/root/proc/thread-self/root/opt/cpanel/ea-wappspector/vendor/mikey179/vfsstream/src/test/resources" "Mozilla/5.0 AppleWebKit/537.36 (KHTML, like Gecko; compatible; GPTBot/1.4; +https://openai.com/gptbot)"
74.7.227.185 - - [27/Jul/2026:15:59:41 +0300] "GET /?path=//proc/3572595/root/usr/lib/kbd/unimaps HTTP/2" 200 2589 "https://jyskanpalju.fi/?path=//proc/3572595/root/usr/lib/kbd" "Mozilla/5.0 AppleWebKit/537.36 (KHTML, like Gecko; compatible; GPTBot/1.4; +https://openai.com/gptbot)"
74.7.227.185 - - [27/Jul/2026:15:59:44 +0300] "GET /?path=//proc/3572595/root/lib/kbd/keymaps HTTP/2" 200 2578 "https://jyskanpalju.fi/?path=//proc/3572595/root/lib/kbd" "Mozilla/5.0 AppleWebKit/537.36 (KHTML, like Gecko; compatible; GPTBot/1.4; +https://openai.com/gptbot)"
74.7.227.185 - - [27/Jul/2026:15:59:48 +0300] "GET /?path=//proc/3118892/root/lib/tuned/intel-sst HTTP/2" 200 2855 "https://jyskanpalju.fi/?path=//proc/3118892/root/lib/tuned" "Mozilla/5.0 AppleWebKit/537.36 (KHTML, like Gecko; compatible; GPTBot/1.4; +https://openai.com/gptbot)"
74.7.227.185 - - [27/Jul/2026:15:59:51 +0300] "GET /?path=//proc/3118892/root/usr/include/xen HTTP/2" 200 2997 "https://jyskanpalju.fi/?path=//proc/3118892/root/usr/include" "Mozilla/5.0 AppleWebKit/537.36 (KHTML, like Gecko; compatible; GPTBot/1.4; +https://openai.com/gptbot)"
74.7.227.185 - - [27/Jul/2026:15:59:54 +0300] "GET /?path=//proc/3118892/root/usr/include/asm HTTP/2" 200 4725 "https://jyskanpalju.fi/?path=//proc/3118892/root/usr/include" "Mozilla/5.0 AppleWebKit/537.36 (KHTML, like Gecko; compatible; GPTBot/1.4; +https://openai.com/gptbot)"
74.7.227.185 - - [27/Jul/2026:15:59:57 +0300] "GET /?path=//proc/3118892/root/usr/include/gnu HTTP/2" 200 3001 "https://jyskanpalju.fi/?path=//proc/3118892/root/usr/include" "Mozilla/5.0 AppleWebKit/537.36 (KHTML, like Gecko; compatible; GPTBot/1.4; +https://openai.com/gptbot)"
216.73.216.95 - - [27/Jul/2026:15:59:38 +0300] "GET /shops/trifoliumsoloniferum/a5x2l3e7d8936929?fileloc=%2Fhome%2Fjyskanpalju%2Fpublic_html%2Flicense.txt&path=%2Fhome%2Fjyskanpalju%2Fpublic_html HTTP/2" 200 9889 "-" "Mozilla/5.0 AppleWebKit/537.36 (KHTML, like Gecko; compatible; ClaudeBot/1.0; +claudebot@anthropic.com)"
216.73.216.95 - - [27/Jul/2026:15:59:41 +0300] "GET /fivefinger/d7e3v5i3o8u5s5l3y538?fileloc=%2Fhome%2Fjyskanpalju%2F.spamassassinenable&path=%2Fhome%2Fjyskanpalju HTTP/2" 200 2479 "-" "Mozilla/5.0 AppleWebKit/537.36 (KHTML, like Gecko; compatible; ClaudeBot/1.0; +claudebot@anthropic.com)"
216.73.216.95 - - [27/Jul/2026:15:59:44 +0300] "GET /baunscheidtism/a7s3s8i3d9u6o9u4s3n3ess?fileloc=%2Fhome%2Fjyskanpalju%2F.spamassassinboxenable&path=%2Fhome%2Fjyskanpalju HTTP/2" 200 2481 "-" "Mozilla/5.0 AppleWebKit/537.36 (KHTML, like Gecko; compatible; ClaudeBot/1.0; +claudebot@anthropic.com)"
216.73.216.95 - - [27/Jul/2026:15:59:47 +0300] "GET /shops/climacteric/o7p1p5o4r7t7u9n4i7s6t3ic?fileloc=%2Fhome%2Fjyskanpalju%2F.spamassassinenable&path=%2Fhome%2Fjyskanpalju HTTP/2" 200 2479 "-" "Mozilla/5.0 AppleWebKit/537.36 (KHTML, like Gecko; compatible; ClaudeBot/1.0; +claudebot@anthropic.com)"
