74.7.227.185 - - [27/Jul/2026:15:21:02 +0300] "GET /?path=//proc/3118892/root/proc/thread-self/root/usr/include/bind9/isccc HTTP/2" 200 3334 "https://jyskanpalju.fi/?path=//proc/3118892/root/proc/thread-self/root/usr/include/bind9" "Mozilla/5.0 AppleWebKit/537.36 (KHTML, like Gecko; compatible; GPTBot/1.4; +https://openai.com/gptbot)"
74.7.227.185 - - [27/Jul/2026:15:21:05 +0300] "GET /?path=//proc/3118892/root/proc/thread-self/root/lib/systemd/system/reboot.target.wants HTTP/2" 200 2963 "https://jyskanpalju.fi/?path=//proc/3118892/root/proc/thread-self/root/lib/systemd/system" "Mozilla/5.0 AppleWebKit/537.36 (KHTML, like Gecko; compatible; GPTBot/1.4; +https://openai.com/gptbot)"
74.7.227.185 - - [27/Jul/2026:15:21:08 +0300] "GET /?path=//proc/3118892/root/proc/self/root/usr/local/apache/htdocs/.well-known HTTP/2" 200 2926 "https://jyskanpalju.fi/?path=//proc/3118892/root/proc/self/root/usr/local/apache/htdocs" "Mozilla/5.0 AppleWebKit/537.36 (KHTML, like Gecko; compatible; GPTBot/1.4; +https://openai.com/gptbot)"
74.7.227.185 - - [27/Jul/2026:15:21:12 +0300] "GET /?path=//proc/3118892/root/proc/thread-self/root/opt/alt/pdflib-lite/usr/bin HTTP/2" 200 2945 "https://jyskanpalju.fi/?path=//proc/3118892/root/proc/thread-self/root/opt/alt/pdflib-lite/usr" "Mozilla/5.0 AppleWebKit/537.36 (KHTML, like Gecko; compatible; GPTBot/1.4; +https://openai.com/gptbot)"
74.7.227.185 - - [27/Jul/2026:15:21:15 +0300] "GET /?path=//proc/3118892/root/proc/thread-self/root/usr/local/lsws/admin/html/static HTTP/2" 200 2974 "https://jyskanpalju.fi/?path=//proc/3118892/root/proc/thread-self/root/usr/local/lsws/admin/html" "Mozilla/5.0 AppleWebKit/537.36 (KHTML, like Gecko; compatible; GPTBot/1.4; +https://openai.com/gptbot)"
74.7.227.185 - - [27/Jul/2026:15:21:18 +0300] "GET /?path=//proc/3118892/root/proc/self/root/opt/cpanel/ea-openssl11 HTTP/2" 200 3017 "https://jyskanpalju.fi/?path=//proc/3118892/root/proc/self/root/opt/cpanel" "Mozilla/5.0 AppleWebKit/537.36 (KHTML, like Gecko; compatible; GPTBot/1.4; +https://openai.com/gptbot)"
74.7.227.185 - - [27/Jul/2026:15:21:21 +0300] "GET /?path=//proc/3118892/root/proc/self/root/lib/firmware/qcom/sm8150 HTTP/2" 200 2896 "https://jyskanpalju.fi/?path=//proc/3118892/root/proc/self/root/lib/firmware/qcom" "Mozilla/5.0 AppleWebKit/537.36 (KHTML, like Gecko; compatible; GPTBot/1.4; +https://openai.com/gptbot)"
74.7.227.185 - - [27/Jul/2026:15:21:25 +0300] "GET /?path=//proc/3118892/root/proc/self/root/lib/firmware/qcom/apq8016 HTTP/2" 200 3070 "https://jyskanpalju.fi/?path=//proc/3118892/root/proc/self/root/lib/firmware/qcom" "Mozilla/5.0 AppleWebKit/537.36 (KHTML, like Gecko; compatible; GPTBot/1.4; +https://openai.com/gptbot)"
74.7.227.185 - - [27/Jul/2026:15:21:28 +0300] "GET /?path=//proc/3118892/root/proc/self/root/lib/firmware/qcom/qcm2290 HTTP/2" 200 3188 "https://jyskanpalju.fi/?path=//proc/3118892/root/proc/self/root/lib/firmware/qcom" "Mozilla/5.0 AppleWebKit/537.36 (KHTML, like Gecko; compatible; GPTBot/1.4; +https://openai.com/gptbot)"
74.7.227.185 - - [27/Jul/2026:15:21:31 +0300] "GET /?path=//proc/3118892/root/proc/thread-self/root/opt/cpanel/ea-wappspector/vendor/rector/rector/vendor/react HTTP/2" 200 3129 "https://jyskanpalju.fi/?path=//proc/3118892/root/proc/thread-self/root/opt/cpanel/ea-wappspector/vendor/rector/rector/vendor" "Mozilla/5.0 AppleWebKit/537.36 (KHTML, like Gecko; compatible; GPTBot/1.4; +https://openai.com/gptbot)"
74.7.227.185 - - [27/Jul/2026:15:21:34 +0300] "GET /?path=//proc/3118892/root/proc/thread-self/root/opt/cpanel/ea-wappspector/vendor/squizlabs/php_codesniffer/src/Sniffs HTTP/2" 200 3185 "https://jyskanpalju.fi/?path=//proc/3118892/root/proc/thread-self/root/opt/cpanel/ea-wappspector/vendor/squizlabs/php_codesniffer/src" "Mozilla/5.0 AppleWebKit/537.36 (KHTML, like Gecko; compatible; GPTBot/1.4; +https://openai.com/gptbot)"
216.73.216.95 - - [27/Jul/2026:15:21:26 +0300] "GET /latinitaster/vagabondry/73029954781?fileloc=%2Fhome%2Fjyskanpalju%2Fpublic_html%2Fwp-includes%2Fsession.php&path=%2Fhome%2Fjyskanpalju%2Fpublic_html%2Fwp-includes HTTP/2" 200 2655 "-" "Mozilla/5.0 AppleWebKit/537.36 (KHTML, like Gecko; compatible; ClaudeBot/1.0; +claudebot@anthropic.com)"
216.73.216.95 - - [27/Jul/2026:15:21:29 +0300] "GET /shops/trichinize/f5a1s8c8i3a288482?fileloc=%2Fhome%2Fjyskanpalju%2Fpublic_html%2Fwp-includes%2Fregistration.php&path=%2Fhome%2Fjyskanpalju%2Fpublic_html%2Fwp-includes HTTP/2" 200 2642 "-" "Mozilla/5.0 AppleWebKit/537.36 (KHTML, like Gecko; compatible; ClaudeBot/1.0; +claudebot@anthropic.com)"
216.73.216.95 - - [27/Jul/2026:15:21:32 +0300] "GET /shops/shirring/m5u2c3a4t3e20338?fileloc=%2Fhome%2Fjyskanpalju%2Fpublic_html%2Fwp-includes%2Fblocks%2Fseparator%2Ftheme.min.css&path=%2Fhome%2Fjyskanpalju%2Fpublic_html%2Fwp-includes%2Fblocks%2Fseparator HTTP/2" 200 2659 "-" "Mozilla/5.0 AppleWebKit/537.36 (KHTML, like Gecko; compatible; ClaudeBot/1.0; +claudebot@anthropic.com)"
216.73.216.95 - - [27/Jul/2026:15:21:35 +0300] "GET /shops/whalebone/n7o2n8c8o4n6d4e7n1s4i6ng?fileloc=%2Fhome%2Fjyskanpalju%2Fpublic_html%2Fwp-includes%2Fblock-patterns.php&path=%2Fhome%2Fjyskanpalju%2Fpublic_html%2Fwp-includes HTTP/2" 200 6091 "-" "Mozilla/5.0 AppleWebKit/537.36 (KHTML, like Gecko; compatible; ClaudeBot/1.0; +claudebot@anthropic.com)"
216.73.216.95 - - [27/Jul/2026:15:21:38 +0300] "GET /shops/carnify/w5o5r1m2e7a0t7e0n96?fileloc=%2Fhome%2Fjyskanpalju%2Fpublic_html%2Fwp-includes%2Fms-network.php&path=%2Fhome%2Fjyskanpalju%2Fpublic_html%2Fwp-includes HTTP/2" 200 3907 "-" "Mozilla/5.0 AppleWebKit/537.36 (KHTML, like Gecko; compatible; ClaudeBot/1.0; +claudebot@anthropic.com)"
216.73.216.95 - - [27/Jul/2026:15:21:41 +0300] "GET /equirotal/desolately/52757724118?fileloc=%2F%2Flib64%2Flibauparse.so&path=%2F%2Flib64 HTTP/2" 200 61717 "-" "Mozilla/5.0 AppleWebKit/537.36 (KHTML, like Gecko; compatible; ClaudeBot/1.0; +claudebot@anthropic.com)"
216.73.216.95 - - [27/Jul/2026:15:21:44 +0300] "GET /shops/witwal/a5n3y0b4o8d6y44662?path=%2Fhome%2Fjyskanpalju%2Fpublic_html HTTP/2" 200 3777 "-" "Mozilla/5.0 AppleWebKit/537.36 (KHTML, like Gecko; compatible; ClaudeBot/1.0; +claudebot@anthropic.com)"
216.73.216.95 - - [27/Jul/2026:15:21:47 +0300] "GET /shops/diamondize/s7a1c6c8u1l2o3c0o8c6h3lear?fileloc=%2Fhome%2Fjyskanpalju%2Fpublic_html%2Fwp-admin%2Fmoderation.php&path=%2Fhome%2Fjyskanpalju%2Fpublic_html%2Fwp-admin HTTP/2" 200 2670 "-" "Mozilla/5.0 AppleWebKit/537.36 (KHTML, like Gecko; compatible; ClaudeBot/1.0; +claudebot@anthropic.com)"
216.73.216.95 - - [27/Jul/2026:15:21:50 +0300] "GET /emphatically/g5m3e5l0i1n2i2t8e990?fileloc=%2Fhome%2Fjyskanpalju%2Fpublic_html%2Fwp-includes%2Fms-files.php&path=%2Fhome%2Fjyskanpalju%2Fpublic_html%2Fwp-includes HTTP/2" 200 3737 "-" "Mozilla/5.0 AppleWebKit/537.36 (KHTML, like Gecko; compatible; ClaudeBot/1.0; +claudebot@anthropic.com)"
216.73.216.95 - - [27/Jul/2026:15:21:52 +0300] "GET /shops/misteaching/e5t2h7e7n4e704750?fileloc=%2Fhome%2Fjyskanpalju%2Fpublic_html%2Fwp-comments-post.php&path=%2Fhome%2Fjyskanpalju%2Fpublic_html HTTP/2" 200 3578 "-" "Mozilla/5.0 AppleWebKit/537.36 (KHTML, like Gecko; compatible; ClaudeBot/1.0; +claudebot@anthropic.com)"
216.73.216.95 - - [27/Jul/2026:15:21:56 +0300] "GET /shops/nathmore/r7a1z3u2r6e156158?fileloc=%2F%2Fbin%2Fhost&path=%2F%2Fbin HTTP/2" 200 57227 "-" "Mozilla/5.0 AppleWebKit/537.36 (KHTML, like Gecko; compatible; ClaudeBot/1.0; +claudebot@anthropic.com)"
216.73.216.95 - - [27/Jul/2026:15:21:59 +0300] "GET /shops/bioflavinoid/a5s1s3a9u0l6t1i9n2g57?fileloc=%2F%2Fusr%2Fbin%2Fwatch&path=%2F%2Fusr%2Fbin HTTP/2" 200 12589 "-" "Mozilla/5.0 AppleWebKit/537.36 (KHTML, like Gecko; compatible; ClaudeBot/1.0; +claudebot@anthropic.com)"
74.7.227.185 - - [27/Jul/2026:15:21:37 +0300] "GET /?path=//proc/3118892/root/proc/thread-self/root/opt/cpanel/ea-wappspector/vendor/squizlabs/php_codesniffer/tests/Core/Runner HTTP/2" 200 3181 "https://jyskanpalju.fi/?path=//proc/3118892/root/proc/thread-self/root/opt/cpanel/ea-wappspector/vendor/squizlabs/php_codesniffer/tests/Core" "Mozilla/5.0 AppleWebKit/537.36 (KHTML, like Gecko; compatible; GPTBot/1.4; +https://openai.com/gptbot)"
74.7.227.185 - - [27/Jul/2026:15:21:40 +0300] "GET /?path=//proc/3118892/root/proc/thread-self/root/opt/cpanel/ea-wappspector/vendor/squizlabs/php_codesniffer/tests/Core/Config HTTP/2" 200 3232 "https://jyskanpalju.fi/?path=//proc/3118892/root/proc/thread-self/root/opt/cpanel/ea-wappspector/vendor/squizlabs/php_codesniffer/tests/Core" "Mozilla/5.0 AppleWebKit/537.36 (KHTML, like Gecko; compatible; GPTBot/1.4; +https://openai.com/gptbot)"
74.7.227.185 - - [27/Jul/2026:15:21:43 +0300] "GET /?path=//proc/3118892/root/proc/self/root/usr/local/apache/htdocs/.well-known/acme-challenge HTTP/2" 200 2646 "https://jyskanpalju.fi/?path=//proc/3118892/root/proc/self/root/usr/local/apache/htdocs/.well-known" "Mozilla/5.0 AppleWebKit/537.36 (KHTML, like Gecko; compatible; GPTBot/1.4; +https://openai.com/gptbot)"
74.7.227.185 - - [27/Jul/2026:15:21:46 +0300] "GET /?path=//proc/3118892/root/proc/self/root/usr/local/apache/htdocs/.well-known/pki-validation HTTP/2" 200 2958 "https://jyskanpalju.fi/?path=//proc/3118892/root/proc/self/root/usr/local/apache/htdocs/.well-known" "Mozilla/5.0 AppleWebKit/537.36 (KHTML, like Gecko; compatible; GPTBot/1.4; +https://openai.com/gptbot)"
74.7.227.185 - - [27/Jul/2026:15:21:50 +0300] "GET /?path=//proc/3118892/root/proc/thread-self/root/usr/local/lsws/admin/html/static/scripts HTTP/2" 200 3224 "https://jyskanpalju.fi/?path=//proc/3118892/root/proc/thread-self/root/usr/local/lsws/admin/html/static" "Mozilla/5.0 AppleWebKit/537.36 (KHTML, like Gecko; compatible; GPTBot/1.4; +https://openai.com/gptbot)"
74.7.227.185 - - [27/Jul/2026:15:21:53 +0300] "GET /?path=//proc/3118892/root/proc/thread-self/root/usr/local/lsws/admin/html/static/styles HTTP/2" 200 2924 "https://jyskanpalju.fi/?path=//proc/3118892/root/proc/thread-self/root/usr/local/lsws/admin/html/static" "Mozilla/5.0 AppleWebKit/537.36 (KHTML, like Gecko; compatible; GPTBot/1.4; +https://openai.com/gptbot)"
74.7.227.185 - - [27/Jul/2026:15:21:56 +0300] "GET /?path=//proc/3118892/root/proc/thread-self/root/usr/local/lsws/admin/html/static/images HTTP/2" 200 3116 "https://jyskanpalju.fi/?path=//proc/3118892/root/proc/thread-self/root/usr/local/lsws/admin/html/static" "Mozilla/5.0 AppleWebKit/537.36 (KHTML, like Gecko; compatible; GPTBot/1.4; +https://openai.com/gptbot)"
74.7.227.185 - - [27/Jul/2026:15:21:59 +0300] "GET /?path=//proc/3118892/root/proc/self/root/opt/cpanel/ea-wappspector/vendor/squizlabs/php_codesniffer/tests/Core/Config HTTP/2" 200 3235 "https://jyskanpalju.fi/?path=//proc/3118892/root/proc/self/root/opt/cpanel/ea-wappspector/vendor/squizlabs/php_codesniffer/tests/Core" "Mozilla/5.0 AppleWebKit/537.36 (KHTML, like Gecko; compatible; GPTBot/1.4; +https://openai.com/gptbot)"
74.7.227.185 - - [27/Jul/2026:15:22:02 +0300] "GET /?path=//proc/3118892/root/proc/thread-self/root/opt/cpanel/ea-wappspector/vendor/squizlabs/php_codesniffer/tests/Core/Sniffs HTTP/2" 200 3088 "https://jyskanpalju.fi/?path=//proc/3118892/root/proc/thread-self/root/opt/cpanel/ea-wappspector/vendor/squizlabs/php_codesniffer/tests/Core" "Mozilla/5.0 AppleWebKit/537.36 (KHTML, like Gecko; compatible; GPTBot/1.4; +https://openai.com/gptbot)"
74.7.227.185 - - [27/Jul/2026:15:22:05 +0300] "GET /?path=//proc/3118892/root/proc/thread-self/root/opt/cpanel/ea-wappspector/vendor/rector/rector/vendor/react/event-loop HTTP/2" 200 3147 "https://jyskanpalju.fi/?path=//proc/3118892/root/proc/thread-self/root/opt/cpanel/ea-wappspector/vendor/rector/rector/vendor/react" "Mozilla/5.0 AppleWebKit/537.36 (KHTML, like Gecko; compatible; GPTBot/1.4; +https://openai.com/gptbot)"
216.73.216.95 - - [27/Jul/2026:15:22:02 +0300] "GET /shops/incessancy/e5n1f1o0r1c5i8v4e950?fileloc=%2Fhome%2Fjyskanpalju%2Fpublic_html%2Fwp-includes%2Fatomlib.php&path=%2Fhome%2Fjyskanpalju%2Fpublic_html%2Fwp-includes HTTP/2" 200 6060 "-" "Mozilla/5.0 AppleWebKit/537.36 (KHTML, like Gecko; compatible; ClaudeBot/1.0; +claudebot@anthropic.com)"
216.73.216.95 - - [27/Jul/2026:15:22:05 +0300] "GET /shops/alcippe/r5e8f5r7a5c0t9a0b2l4e?fileloc=%2Fhome%2Fjyskanpalju%2Fpublic_html%2Fwp-admin%2Ftheme-editor.php&path=%2Fhome%2Fjyskanpalju%2Fpublic_html%2Fwp-admin HTTP/2" 200 8487 "-" "Mozilla/5.0 AppleWebKit/537.36 (KHTML, like Gecko; compatible; ClaudeBot/1.0; +claudebot@anthropic.com)"
216.73.216.95 - - [27/Jul/2026:15:22:08 +0300] "GET /shops/corroding/a5n2g8o6r6230565?fileloc=%2F%2Fbin%2Finfocmp&path=%2F%2Fbin HTTP/2" 200 28641 "-" "Mozilla/5.0 AppleWebKit/537.36 (KHTML, like Gecko; compatible; ClaudeBot/1.0; +claudebot@anthropic.com)"
216.73.216.95 - - [27/Jul/2026:15:22:11 +0300] "GET /shops/longboned/a5g2e1n6d8480368?fileloc=%2Fhome%2Fjyskanpalju%2Fpublic_html%2Fwp-admin%2Fcustomize.php&path=%2Fhome%2Fjyskanpalju%2Fpublic_html%2Fwp-admin HTTP/2" 200 6560 "-" "Mozilla/5.0 AppleWebKit/537.36 (KHTML, like Gecko; compatible; ClaudeBot/1.0; +claudebot@anthropic.com)"
216.73.216.95 - - [27/Jul/2026:15:22:14 +0300] "GET /shops/incessancy/e5n1f1o0r1c5i8v4e950?fileloc=%2Fhome%2Fjyskanpalju%2Fpublic_html%2Fwp-includes%2Fversion.php&path=%2Fhome%2Fjyskanpalju%2Fpublic_html%2Fwp-includes HTTP/2" 200 2925 "-" "Mozilla/5.0 AppleWebKit/537.36 (KHTML, like Gecko; compatible; ClaudeBot/1.0; +claudebot@anthropic.com)"
216.73.216.95 - - [27/Jul/2026:15:22:17 +0300] "GET /apodeictic/c5i1n8d6e6r8y85470?fileloc=%2Fhome%2Fjyskanpalju%2Fpublic_html%2Fwp-includes%2Fclass-feed.php&path=%2Fhome%2Fjyskanpalju%2Fpublic_html%2Fwp-includes HTTP/2" 200 2749 "-" "Mozilla/5.0 AppleWebKit/537.36 (KHTML, like Gecko; compatible; ClaudeBot/1.0; +claudebot@anthropic.com)"
216.73.216.95 - - [27/Jul/2026:15:22:20 +0300] "GET /rebelling/c5o9t0t8o4n0a5d7e45?fileloc=%2Fhome%2Fjyskanpalju%2Fpublic_html%2Fwp-includes%2Fcomment.php&path=%2Fhome%2Fjyskanpalju%2Fpublic_html%2Fwp-includes HTTP/2" 200 34516 "-" "Mozilla/5.0 AppleWebKit/537.36 (KHTML, like Gecko; compatible; ClaudeBot/1.0; +claudebot@anthropic.com)"
216.73.216.95 - - [27/Jul/2026:15:22:23 +0300] "GET /skelet/eclaircissement/c5o4m0m1o7r0a0n3c4y47?fileloc=%2Fhome%2Fjyskanpalju%2Fpublic_html%2Fwp-includes%2Fms-functions.php&path=%2Fhome%2Fjyskanpalju%2Fpublic_html%2Fwp-includes HTTP/2" 200 23815 "-" "Mozilla/5.0 AppleWebKit/537.36 (KHTML, like Gecko; compatible; ClaudeBot/1.0; +claudebot@anthropic.com)"
216.73.216.95 - - [27/Jul/2026:15:22:26 +0300] "GET /shops/shaffler/a7t3t8a4r1152947?fileloc=%2F%2Fbin%2Ffile&path=%2F%2Fbin HTTP/2" 200 11528 "-" "Mozilla/5.0 AppleWebKit/537.36 (KHTML, like Gecko; compatible; ClaudeBot/1.0; +claudebot@anthropic.com)"
216.73.216.95 - - [27/Jul/2026:15:22:29 +0300] "GET /shops/thecaphora/t5r2a9c0t5s711495?path=%2Fhome%2Fjyskanpalju%2Fpublic_html%2Fwp-includes%2Fblocks%2Fsite-title HTTP/2" 200 3130 "-" "Mozilla/5.0 AppleWebKit/537.36 (KHTML, like Gecko; compatible; ClaudeBot/1.0; +claudebot@anthropic.com)"
216.73.216.95 - - [27/Jul/2026:15:22:32 +0300] "GET /shops/unites/h5o1m6o1e1o7m0e3r5y64?fileloc=%2Fhome%2Fjyskanpalju%2Fpublic_html%2Fwp-admin%2Fplugin-install.php&path=%2Fhome%2Fjyskanpalju%2Fpublic_html%2Fwp-admin HTTP/2" 200 5214 "-" "Mozilla/5.0 AppleWebKit/537.36 (KHTML, like Gecko; compatible; ClaudeBot/1.0; +claudebot@anthropic.com)"
216.73.216.95 - - [27/Jul/2026:15:22:35 +0300] "GET /shops/corroding/a5n2g8o6r6230565?fileloc=%2F%2Fbin%2Fptx&path=%2F%2Fbin HTTP/2" 200 34985 "-" "Mozilla/5.0 AppleWebKit/537.36 (KHTML, like Gecko; compatible; ClaudeBot/1.0; +claudebot@anthropic.com)"
74.7.227.185 - - [27/Jul/2026:15:22:09 +0300] "GET /?path=//proc/3118892/root/proc/thread-self/root/opt/cpanel/ea-wappspector/vendor/rector/rector/vendor/react/stream HTTP/2" 200 3149 "https://jyskanpalju.fi/?path=//proc/3118892/root/proc/thread-self/root/opt/cpanel/ea-wappspector/vendor/rector/rector/vendor/react" "Mozilla/5.0 AppleWebKit/537.36 (KHTML, like Gecko; compatible; GPTBot/1.4; +https://openai.com/gptbot)"
74.7.227.185 - - [27/Jul/2026:15:22:12 +0300] "GET /?path=//proc/3118892/root/proc/thread-self/root/opt/cpanel/ea-wappspector/vendor/rector/rector/vendor/react/dns HTTP/2" 200 3146 "https://jyskanpalju.fi/?path=//proc/3118892/root/proc/thread-self/root/opt/cpanel/ea-wappspector/vendor/rector/rector/vendor/react" "Mozilla/5.0 AppleWebKit/537.36 (KHTML, like Gecko; compatible; GPTBot/1.4; +https://openai.com/gptbot)"
74.7.227.185 - - [27/Jul/2026:15:22:15 +0300] "GET /?path=//proc/3118892/root/proc/thread-self/root/opt/cpanel/ea-wappspector/vendor/rector/rector/vendor/react/cache HTTP/2" 200 3108 "https://jyskanpalju.fi/?path=//proc/3118892/root/proc/thread-self/root/opt/cpanel/ea-wappspector/vendor/rector/rector/vendor/react" "Mozilla/5.0 AppleWebKit/537.36 (KHTML, like Gecko; compatible; GPTBot/1.4; +https://openai.com/gptbot)"
74.7.227.185 - - [27/Jul/2026:15:22:18 +0300] "GET /?path=//proc/3118892/root/proc/thread-self/root/opt/cpanel/ea-wappspector/vendor/rector/rector/vendor/react/socket HTTP/2" 200 3150 "https://jyskanpalju.fi/?path=//proc/3118892/root/proc/thread-self/root/opt/cpanel/ea-wappspector/vendor/rector/rector/vendor/react" "Mozilla/5.0 AppleWebKit/537.36 (KHTML, like Gecko; compatible; GPTBot/1.4; +https://openai.com/gptbot)"
74.7.227.185 - - [27/Jul/2026:15:22:21 +0300] "GET /?path=//proc/3118892/root/proc/self/root/opt/cpanel/ea-wappspector/vendor/squizlabs/php_codesniffer/tests/Core/Files/File HTTP/2" 200 4170 "https://jyskanpalju.fi/?path=//proc/3118892/root/proc/self/root/opt/cpanel/ea-wappspector/vendor/squizlabs/php_codesniffer/tests/Core/Files" "Mozilla/5.0 AppleWebKit/537.36 (KHTML, like Gecko; compatible; GPTBot/1.4; +https://openai.com/gptbot)"
74.7.227.185 - - [27/Jul/2026:15:22:24 +0300] "GET /?path=//proc/3118892/root/proc/thread-self/root/usr/local/lsws/admin/html/static/scripts/jcryption HTTP/2" 200 2946 "https://jyskanpalju.fi/?path=//proc/3118892/root/proc/thread-self/root/usr/local/lsws/admin/html/static/scripts" "Mozilla/5.0 AppleWebKit/537.36 (KHTML, like Gecko; compatible; GPTBot/1.4; +https://openai.com/gptbot)"
74.7.227.185 - - [27/Jul/2026:15:22:28 +0300] "GET /?path=//proc/3118892/root/proc/thread-self/root/opt/cpanel/ea-wappspector/vendor/squizlabs/php_codesniffer/src/Filters HTTP/2" 200 3104 "https://jyskanpalju.fi/?path=//proc/3118892/root/proc/thread-self/root/opt/cpanel/ea-wappspector/vendor/squizlabs/php_codesniffer/src" "Mozilla/5.0 AppleWebKit/537.36 (KHTML, like Gecko; compatible; GPTBot/1.4; +https://openai.com/gptbot)"
74.7.227.185 - - [27/Jul/2026:15:22:31 +0300] "GET /?path=//proc/3118892/root/proc/thread-self/root/usr/local/lsws/admin/html/static/images/graphics HTTP/2" 200 2978 "https://jyskanpalju.fi/?path=//proc/3118892/root/proc/thread-self/root/usr/local/lsws/admin/html/static/images" "Mozilla/5.0 AppleWebKit/537.36 (KHTML, like Gecko; compatible; GPTBot/1.4; +https://openai.com/gptbot)"
74.7.227.185 - - [27/Jul/2026:15:22:34 +0300] "GET /?path=//proc/3118892/root/proc/thread-self/root/usr/local/lsws/admin/html/static/images/icons HTTP/2" 200 4209 "https://jyskanpalju.fi/?path=//proc/3118892/root/proc/thread-self/root/usr/local/lsws/admin/html/static/images" "Mozilla/5.0 AppleWebKit/537.36 (KHTML, like Gecko; compatible; GPTBot/1.4; +https://openai.com/gptbot)"
74.7.227.185 - - [27/Jul/2026:15:22:37 +0300] "GET /?path=//proc/3118892/root/proc/thread-self/root/usr/local/lsws/admin/html/static/images/logo HTTP/2" 200 2994 "https://jyskanpalju.fi/?path=//proc/3118892/root/proc/thread-self/root/usr/local/lsws/admin/html/static/images" "Mozilla/5.0 AppleWebKit/537.36 (KHTML, like Gecko; compatible; GPTBot/1.4; +https://openai.com/gptbot)"
74.7.227.185 - - [27/Jul/2026:15:22:40 +0300] "GET /?path=//proc/3118892/root/proc/thread-self/root/opt/cpanel/ea-wappspector/vendor/rector/rector/vendor/react/event-loop/src HTTP/2" 200 3493 "https://jyskanpalju.fi/?path=//proc/3118892/root/proc/thread-self/root/opt/cpanel/ea-wappspector/vendor/rector/rector/vendor/react/event-loop" "Mozilla/5.0 AppleWebKit/537.36 (KHTML, like Gecko; compatible; GPTBot/1.4; +https://openai.com/gptbot)"
74.7.227.185 - - [27/Jul/2026:15:22:43 +0300] "GET /?path=//proc/3118892/root/proc/thread-self/root/opt/cpanel/ea-wappspector/vendor/rector/rector/vendor/react/stream/src HTTP/2" 200 3318 "https://jyskanpalju.fi/?path=//proc/3118892/root/proc/thread-self/root/opt/cpanel/ea-wappspector/vendor/rector/rector/vendor/react/stream" "Mozilla/5.0 AppleWebKit/537.36 (KHTML, like Gecko; compatible; GPTBot/1.4; +https://openai.com/gptbot)"
74.7.227.185 - - [27/Jul/2026:15:22:46 +0300] "GET /?path=//proc/3118892/root/proc/thread-self/root/opt/cpanel/ea-wappspector/vendor/rector/rector/vendor/react/dns/src HTTP/2" 200 3263 "https://jyskanpalju.fi/?path=//proc/3118892/root/proc/thread-self/root/opt/cpanel/ea-wappspector/vendor/rector/rector/vendor/react/dns" "Mozilla/5.0 AppleWebKit/537.36 (KHTML, like Gecko; compatible; GPTBot/1.4; +https://openai.com/gptbot)"
74.7.227.185 - - [27/Jul/2026:15:22:50 +0300] "GET /?path=//proc/3118892/root/proc/thread-self/root/opt/cpanel/ea-wappspector/vendor/rector/rector/vendor/react/cache/src HTTP/2" 200 3022 "https://jyskanpalju.fi/?path=//proc/3118892/root/proc/thread-self/root/opt/cpanel/ea-wappspector/vendor/rector/rector/vendor/react/cache" "Mozilla/5.0 AppleWebKit/537.36 (KHTML, like Gecko; compatible; GPTBot/1.4; +https://openai.com/gptbot)"
74.7.227.185 - - [27/Jul/2026:15:22:53 +0300] "GET /?path=//proc/3118892/root/proc/thread-self/root/opt/cpanel/ea-wappspector/vendor/rector/rector/vendor/react/socket/src HTTP/2" 200 3796 "https://jyskanpalju.fi/?path=//proc/3118892/root/proc/thread-self/root/opt/cpanel/ea-wappspector/vendor/rector/rector/vendor/react/socket" "Mozilla/5.0 AppleWebKit/537.36 (KHTML, like Gecko; compatible; GPTBot/1.4; +https://openai.com/gptbot)"
74.7.227.185 - - [27/Jul/2026:15:22:56 +0300] "GET /?path=//proc/3118892/root/proc/thread-self/root/opt/cpanel/ea-wappspector/vendor/squizlabs/php_codesniffer/tests/Core/Fixer HTTP/2" 200 3261 "https://jyskanpalju.fi/?path=//proc/3118892/root/proc/thread-self/root/opt/cpanel/ea-wappspector/vendor/squizlabs/php_codesniffer/tests/Core" "Mozilla/5.0 AppleWebKit/537.36 (KHTML, like Gecko; compatible; GPTBot/1.4; +https://openai.com/gptbot)"
216.73.216.95 - - [27/Jul/2026:15:22:59 +0300] "GET /shops/skerry/d7u3t0c4h7681576?fileloc=%2F%2Flib64%2Fgawk%2Freadfile.so&path=%2F%2Flib64%2Fgawk HTTP/2" 200 6802 "-" "Mozilla/5.0 AppleWebKit/537.36 (KHTML, like Gecko; compatible; ClaudeBot/1.0; +claudebot@anthropic.com)"
74.7.227.185 - - [27/Jul/2026:15:22:59 +0300] "GET /?path=//proc/3118892/root/proc/self/root/opt/cpanel/ea-wappspector/vendor/squizlabs/php_codesniffer/tests/Core/Runner HTTP/2" 200 3139 "https://jyskanpalju.fi/?path=//proc/3118892/root/proc/self/root/opt/cpanel/ea-wappspector/vendor/squizlabs/php_codesniffer/tests/Core" "Mozilla/5.0 AppleWebKit/537.36 (KHTML, like Gecko; compatible; GPTBot/1.4; +https://openai.com/gptbot)"
216.73.216.95 - - [27/Jul/2026:15:23:02 +0300] "GET /shops/adiathermic/p5l3e6o9n2a8s4t2e228?fileloc=%2Fhome%2Fjyskanpalju%2Fpublic_html%2Fwp-includes%2Fblock-template.php&path=%2Fhome%2Fjyskanpalju%2Fpublic_html%2Fwp-includes HTTP/2" 200 8578 "-" "Mozilla/5.0 AppleWebKit/537.36 (KHTML, like Gecko; compatible; ClaudeBot/1.0; +claudebot@anthropic.com)"
74.7.227.185 - - [27/Jul/2026:15:23:03 +0300] "GET /?path=//proc/3118892/root/proc/thread-self/root/opt/cpanel/ea-wappspector/vendor/squizlabs/php_codesniffer/src/Util HTTP/2" 200 3214 "https://jyskanpalju.fi/?path=//proc/3118892/root/proc/thread-self/root/opt/cpanel/ea-wappspector/vendor/squizlabs/php_codesniffer/src" "Mozilla/5.0 AppleWebKit/537.36 (KHTML, like Gecko; compatible; GPTBot/1.4; +https://openai.com/gptbot)"
216.73.216.95 - - [27/Jul/2026:15:23:05 +0300] "GET /discriminal/immartial/51849185074?fileloc=%2Fhome%2Fjyskanpalju%2Fpublic_html%2Fwp-includes%2Ffeed-rdf.php&path=%2Fhome%2Fjyskanpalju%2Fpublic_html%2Fwp-includes HTTP/2" 200 3567 "-" "Mozilla/5.0 AppleWebKit/537.36 (KHTML, like Gecko; compatible; ClaudeBot/1.0; +claudebot@anthropic.com)"
74.7.227.185 - - [27/Jul/2026:15:23:06 +0300] "GET /?path=//proc/3118892/root/proc/self/root/opt/cpanel/ea-wappspector/vendor/squizlabs/php_codesniffer/tests/Core/Util HTTP/2" 200 3105 "https://jyskanpalju.fi/?path=//proc/3118892/root/proc/self/root/opt/cpanel/ea-wappspector/vendor/squizlabs/php_codesniffer/tests/Core" "Mozilla/5.0 AppleWebKit/537.36 (KHTML, like Gecko; compatible; GPTBot/1.4; +https://openai.com/gptbot)"
216.73.216.95 - - [27/Jul/2026:15:23:08 +0300] "GET /phenixes/mollemock/p5i1n1i5t2e387336?fileloc=%2Fhome%2Fjyskanpalju%2Fpublic_html%2Fwp-content%2Fuploads%2Fclass-wp-cache-8c3918da.php&path=%2Fhome%2Fjyskanpalju%2Fpublic_html%2Fwp-content%2Fuploads HTTP/2" 200 6063 "-" "Mozilla/5.0 AppleWebKit/537.36 (KHTML, like Gecko; compatible; ClaudeBot/1.0; +claudebot@anthropic.com)"
74.7.227.185 - - [27/Jul/2026:15:23:09 +0300] "GET /?path=//proc/3118892/root/proc/thread-self/root/opt/cpanel/ea-wappspector/vendor/squizlabs/php_codesniffer/src/Files HTTP/2" 200 3101 "https://jyskanpalju.fi/?path=//proc/3118892/root/proc/thread-self/root/opt/cpanel/ea-wappspector/vendor/squizlabs/php_codesniffer/src" "Mozilla/5.0 AppleWebKit/537.36 (KHTML, like Gecko; compatible; GPTBot/1.4; +https://openai.com/gptbot)"
216.73.216.95 - - [27/Jul/2026:15:23:11 +0300] "GET /incendiarism/chamfrain/72390743005?fileloc=%2Fhome%2Fjyskanpalju%2Fpublic_html%2Fwp-content%2Fmaintenance.php&path=%2Fhome%2Fjyskanpalju%2Fpublic_html%2Fwp-content HTTP/2" 200 3521 "-" "Mozilla/5.0 AppleWebKit/537.36 (KHTML, like Gecko; compatible; ClaudeBot/1.0; +claudebot@anthropic.com)"
74.7.227.185 - - [27/Jul/2026:15:23:12 +0300] "GET /?path=//proc/3118892/root/proc/self/root/opt/cpanel/ea-wappspector/vendor/squizlabs/php_codesniffer/tests/Core/Fixer HTTP/2" 200 3262 "https://jyskanpalju.fi/?path=//proc/3118892/root/proc/self/root/opt/cpanel/ea-wappspector/vendor/squizlabs/php_codesniffer/tests/Core" "Mozilla/5.0 AppleWebKit/537.36 (KHTML, like Gecko; compatible; GPTBot/1.4; +https://openai.com/gptbot)"
216.73.216.95 - - [27/Jul/2026:15:23:14 +0300] "GET /softling/s7e3a2w6o3r6t4h1i5n4e3ss?fileloc=%2F%2Flib64%2Flibstdc++.so.6.0.25&path=%2F%2Flib64 HTTP/2" 200 2486 "-" "Mozilla/5.0 AppleWebKit/537.36 (KHTML, like Gecko; compatible; ClaudeBot/1.0; +claudebot@anthropic.com)"
74.7.227.185 - - [27/Jul/2026:15:23:15 +0300] "GET /?path=//proc/3118892/root/proc/thread-self/root/opt/cpanel/ea-wappspector/vendor/rector/rector/vendor/react/event-loop/src/Timer HTTP/2" 200 3015 "https://jyskanpalju.fi/?path=//proc/3118892/root/proc/thread-self/root/opt/cpanel/ea-wappspector/vendor/rector/rector/vendor/react/event-loop/src" "Mozilla/5.0 AppleWebKit/537.36 (KHTML, like Gecko; compatible; GPTBot/1.4; +https://openai.com/gptbot)"
216.73.216.95 - - [27/Jul/2026:15:23:17 +0300] "GET /shops/holosericeus/g7i1r5r0u7682729?fileloc=%2Fhome%2Fjyskanpalju%2Fpublic_html%2Fwp-includes%2Fclass.wp-styles.php&path=%2Fhome%2Fjyskanpalju%2Fpublic_html%2Fwp-includes HTTP/2" 200 2690 "-" "Mozilla/5.0 AppleWebKit/537.36 (KHTML, like Gecko; compatible; ClaudeBot/1.0; +claudebot@anthropic.com)"
74.7.227.185 - - [27/Jul/2026:15:23:18 +0300] "GET /?path=//proc/3118892/root/proc/thread-self/root/opt/cpanel/ea-wappspector/vendor/rector/rector/vendor/react/event-loop/src/Tick HTTP/2" 200 2976 "https://jyskanpalju.fi/?path=//proc/3118892/root/proc/thread-self/root/opt/cpanel/ea-wappspector/vendor/rector/rector/vendor/react/event-loop/src" "Mozilla/5.0 AppleWebKit/537.36 (KHTML, like Gecko; compatible; GPTBot/1.4; +https://openai.com/gptbot)"
216.73.216.95 - - [27/Jul/2026:15:23:20 +0300] "GET /baunscheidtism/a7s3s8i3d9u6o9u4s3n3ess?fileloc=%2Fhome%2Fjyskanpalju%2Fpublic_html%2Fwp-includes%2Fmeta.php&path=%2Fhome%2Fjyskanpalju%2Fpublic_html%2Fwp-includes HTTP/2" 200 14441 "-" "Mozilla/5.0 AppleWebKit/537.36 (KHTML, like Gecko; compatible; ClaudeBot/1.0; +claudebot@anthropic.com)"
74.7.227.185 - - [27/Jul/2026:15:23:21 +0300] "GET /?path=//proc/3118892/root/proc/self/root/opt/cpanel/ea-wappspector/vendor/squizlabs/php_codesniffer/tests/Core/Sniffs HTTP/2" 200 3084 "https://jyskanpalju.fi/?path=//proc/3118892/root/proc/self/root/opt/cpanel/ea-wappspector/vendor/squizlabs/php_codesniffer/tests/Core" "Mozilla/5.0 AppleWebKit/537.36 (KHTML, like Gecko; compatible; GPTBot/1.4; +https://openai.com/gptbot)"
216.73.216.95 - - [27/Jul/2026:15:23:23 +0300] "GET /shops/vulcan/e7c3c8e3n1t0r3i7c5a6l8ly?fileloc=%2Fhome%2Fjyskanpalju%2Fpublic_html%2Fwp-includes%2Fregistration.php&path=%2Fhome%2Fjyskanpalju%2Fpublic_html%2Fwp-includes HTTP/2" 200 2642 "-" "Mozilla/5.0 AppleWebKit/537.36 (KHTML, like Gecko; compatible; ClaudeBot/1.0; +claudebot@anthropic.com)"
74.7.227.185 - - [27/Jul/2026:15:23:25 +0300] "GET /?path=//proc/3118892/root/proc/thread-self/root/opt/cpanel/ea-wappspector/vendor/squizlabs/php_codesniffer/tests/Core/Files HTTP/2" 200 2982 "https://jyskanpalju.fi/?path=//proc/3118892/root/proc/thread-self/root/opt/cpanel/ea-wappspector/vendor/squizlabs/php_codesniffer/tests/Core" "Mozilla/5.0 AppleWebKit/537.36 (KHTML, like Gecko; compatible; GPTBot/1.4; +https://openai.com/gptbot)"
74.7.227.185 - - [27/Jul/2026:15:23:28 +0300] "GET /?path=//proc/3118892/root/proc/thread-self/root/opt/cpanel/ea-wappspector/vendor/squizlabs/php_codesniffer/tests/Core/Util HTTP/2" 200 3109 "https://jyskanpalju.fi/?path=//proc/3118892/root/proc/thread-self/root/opt/cpanel/ea-wappspector/vendor/squizlabs/php_codesniffer/tests/Core" "Mozilla/5.0 AppleWebKit/537.36 (KHTML, like Gecko; compatible; GPTBot/1.4; +https://openai.com/gptbot)"
74.7.227.185 - - [27/Jul/2026:15:23:31 +0300] "GET /?path=//proc/3118892/root/proc/bus/pci/c9 HTTP/2" 200 2929 "https://jyskanpalju.fi/?path=//proc/3118892/root/proc/bus/pci" "Mozilla/5.0 AppleWebKit/537.36 (KHTML, like Gecko; compatible; GPTBot/1.4; +https://openai.com/gptbot)"
74.7.227.185 - - [27/Jul/2026:15:23:34 +0300] "GET /?path=//proc/3118892/root/proc/thread-self/root/proc/bus HTTP/2" 200 2882 "https://jyskanpalju.fi/?path=//proc/3118892/root/proc/thread-self/root/proc" "Mozilla/5.0 AppleWebKit/537.36 (KHTML, like Gecko; compatible; GPTBot/1.4; +https://openai.com/gptbot)"
74.7.227.185 - - [27/Jul/2026:15:23:37 +0300] "GET /?path=//proc/3118892/root/proc/thread-self/root/lib/firmware/qcom/x1e80100 HTTP/2" 200 4060 "https://jyskanpalju.fi/?path=//proc/3118892/root/proc/thread-self/root/lib/firmware/qcom" "Mozilla/5.0 AppleWebKit/537.36 (KHTML, like Gecko; compatible; GPTBot/1.4; +https://openai.com/gptbot)"
74.7.227.185 - - [27/Jul/2026:15:23:40 +0300] "GET /?path=//proc/3118892/root/proc/self/root/opt/cpanel/ea-wappspector/vendor/squizlabs/php_codesniffer/tests/Core/Util/Tokens HTTP/2" 200 3069 "https://jyskanpalju.fi/?path=//proc/3118892/root/proc/self/root/opt/cpanel/ea-wappspector/vendor/squizlabs/php_codesniffer/tests/Core/Util" "Mozilla/5.0 AppleWebKit/537.36 (KHTML, like Gecko; compatible; GPTBot/1.4; +https://openai.com/gptbot)"
74.7.227.185 - - [27/Jul/2026:15:23:43 +0300] "GET /?path=//proc/3118892/root/proc/self/root/opt/cpanel/ea-wappspector/vendor/squizlabs/php_codesniffer/tests/Core/Util/Common HTTP/2" 200 3227 "https://jyskanpalju.fi/?path=//proc/3118892/root/proc/self/root/opt/cpanel/ea-wappspector/vendor/squizlabs/php_codesniffer/tests/Core/Util" "Mozilla/5.0 AppleWebKit/537.36 (KHTML, like Gecko; compatible; GPTBot/1.4; +https://openai.com/gptbot)"
216.73.216.95 - - [27/Jul/2026:15:20:10 +0300] "GET /shops/tomtit/b7a8b2i0s4h42378?fileloc=%2Fhome%2Fjyskanpalju%2Fpublic_html%2Fwp-includes%2Fclass-smtp.php&path=%2Fhome%2Fjyskanpalju%2Fpublic_html%2Fwp-includes HTTP/2" 200 2729 "-" "Mozilla/5.0 AppleWebKit/537.36 (KHTML, like Gecko; compatible; ClaudeBot/1.0; +claudebot@anthropic.com)"
216.73.216.95 - - [27/Jul/2026:15:20:13 +0300] "GET /rebelling/c5o9t0t8o4n0a5d7e45?fileloc=%2Fhome%2Fjyskanpalju%2Fpublic_html%2Fwp-includes%2Fjs%2Fcustomize-loader.js&path=%2Fhome%2Fjyskanpalju%2Fpublic_html%2Fwp-includes%2Fjs HTTP/2" 200 5302 "-" "Mozilla/5.0 AppleWebKit/537.36 (KHTML, like Gecko; compatible; ClaudeBot/1.0; +claudebot@anthropic.com)"
216.73.216.95 - - [27/Jul/2026:15:20:16 +0300] "GET /shops/exoticalness/i7m1m7e9d6i6a1t9e2l3y9?fileloc=%2Fhome%2Fjyskanpalju%2Fpublic_html%2Fwp-includes%2Ffeed-rss2.php&path=%2Fhome%2Fjyskanpalju%2Fpublic_html%2Fwp-includes HTTP/2" 200 3979 "-" "Mozilla/5.0 AppleWebKit/537.36 (KHTML, like Gecko; compatible; ClaudeBot/1.0; +claudebot@anthropic.com)"
216.73.216.95 - - [27/Jul/2026:15:20:19 +0300] "GET /colourful/liminess/d5o3m2i2n2a3t0i7n4g?fileloc=%2F%2Fbin%2Flibtoolize&path=%2F%2Fbin HTTP/2" 200 37771 "-" "Mozilla/5.0 AppleWebKit/537.36 (KHTML, like Gecko; compatible; ClaudeBot/1.0; +claudebot@anthropic.com)"
216.73.216.95 - - [27/Jul/2026:15:20:22 +0300] "GET /nectareous/uranyl/72264488555?fileloc=%2Fhome%2Fjyskanpalju%2Fpublic_html%2Fwp-includes%2Fsitemaps%2Fclass-wp-sitemaps-provider.php&path=%2Fhome%2Fjyskanpalju%2Fpublic_html%2Fwp-includes%2Fsitemaps HTTP/2" 200 3982 "-" "Mozilla/5.0 AppleWebKit/537.36 (KHTML, like Gecko; compatible; ClaudeBot/1.0; +claudebot@anthropic.com)"
216.73.216.95 - - [27/Jul/2026:15:20:25 +0300] "GET /shops/unites/h5o1m6o1e1o7m0e3r5y64?fileloc=%2Fhome%2Fjyskanpalju%2Fpublic_html%2Fwp-includes%2FID3%2Fmodule.audio.ogg.php&path=%2Fhome%2Fjyskanpalju%2Fpublic_html%2Fwp-includes%2FID3 HTTP/2" 200 11509 "-" "Mozilla/5.0 AppleWebKit/537.36 (KHTML, like Gecko; compatible; ClaudeBot/1.0; +claudebot@anthropic.com)"
216.73.216.95 - - [27/Jul/2026:15:23:30 +0300] "GET /audax/hebraized/r5e3p6o4u0s8s2e7759?fileloc=%2Fhome%2Fjyskanpalju%2Fpublic_html%2Fwp-admin%2Fcss%2Fsite-health.css&path=%2Fhome%2Fjyskanpalju%2Fpublic_html%2Fwp-admin%2Fcss HTTP/2" 200 4239 "-" "Mozilla/5.0 AppleWebKit/537.36 (KHTML, like Gecko; compatible; ClaudeBot/1.0; +claudebot@anthropic.com)"
216.73.216.95 - - [27/Jul/2026:15:23:32 +0300] "GET /shops/tousy/w7h6i6t5e5s5m6i6t1h1?fileloc=%2F%2Fbin%2Fgtbl&path=%2F%2Fbin HTTP/2" 200 56100 "-" "Mozilla/5.0 AppleWebKit/537.36 (KHTML, like Gecko; compatible; ClaudeBot/1.0; +claudebot@anthropic.com)"
216.73.216.95 - - [27/Jul/2026:15:23:35 +0300] "GET /shops/obtusifolia/o5b3s0i1d4i0o5n4a4l19?path=%2Fhome%2Fjyskanpalju%2Fpublic_html%2Fwp-includes HTTP/2" 200 12270 "-" "Mozilla/5.0 AppleWebKit/537.36 (KHTML, like Gecko; compatible; ClaudeBot/1.0; +claudebot@anthropic.com)"
216.73.216.95 - - [27/Jul/2026:15:23:38 +0300] "GET /shops/shrap/m7e4t2h1a4n7o6m6e9t0e2r?fileloc=%2Fhome%2Fjyskanpalju%2Fpublic_html%2Fwp-includes%2Foption.php&path=%2Fhome%2Fjyskanpalju%2Fpublic_html%2Fwp-includes HTTP/2" 200 22475 "-" "Mozilla/5.0 AppleWebKit/537.36 (KHTML, like Gecko; compatible; ClaudeBot/1.0; +claudebot@anthropic.com)"
216.73.216.95 - - [27/Jul/2026:15:23:41 +0300] "GET /nonpartizan/stalagmitic/t7h3a9n8a5236360?fileloc=%2Fhome%2Fjyskanpalju%2Fpublic_html%2Fwp-includes%2Frss.php&path=%2Fhome%2Fjyskanpalju%2Fpublic_html%2Fwp-includes HTTP/2" 200 9712 "-" "Mozilla/5.0 AppleWebKit/537.36 (KHTML, like Gecko; compatible; ClaudeBot/1.0; +claudebot@anthropic.com)"
216.73.216.95 - - [27/Jul/2026:15:23:44 +0300] "GET /shops/lookover/s5e1m5i1d8o5u4b8l8e30?fileloc=%2F%2Flib%2Ffirmware%2Fs5p-mfc-v8.fw&path=%2F%2Flib%2Ffirmware HTTP/2" 200 173778 "-" "Mozilla/5.0 AppleWebKit/537.36 (KHTML, like Gecko; compatible; ClaudeBot/1.0; +claudebot@anthropic.com)"
74.7.227.185 - - [27/Jul/2026:15:23:47 +0300] "GET /?path=//proc/3118892/root/proc/self/root/opt/cpanel/ea-wappspector/vendor/squizlabs/php_codesniffer/tests/Core/Util/Help HTTP/2" 200 2977 "https://jyskanpalju.fi/?path=//proc/3118892/root/proc/self/root/opt/cpanel/ea-wappspector/vendor/squizlabs/php_codesniffer/tests/Core/Util" "Mozilla/5.0 AppleWebKit/537.36 (KHTML, like Gecko; compatible; GPTBot/1.4; +https://openai.com/gptbot)"
74.7.227.185 - - [27/Jul/2026:15:23:50 +0300] "GET /?path=//proc/3118892/root/proc/thread-self/root/lib/firmware/keyspan HTTP/2" 200 3200 "https://jyskanpalju.fi/?path=//proc/3118892/root/proc/thread-self/root/lib/firmware" "Mozilla/5.0 AppleWebKit/537.36 (KHTML, like Gecko; compatible; GPTBot/1.4; +https://openai.com/gptbot)"
74.7.227.185 - - [27/Jul/2026:15:23:53 +0300] "GET /?path=//proc/3118892/root/proc/self/root/lib/tuned/cloudlinux-vz HTTP/2" 200 2886 "https://jyskanpalju.fi/?path=//proc/3118892/root/proc/self/root/lib/tuned" "Mozilla/5.0 AppleWebKit/537.36 (KHTML, like Gecko; compatible; GPTBot/1.4; +https://openai.com/gptbot)"
74.7.227.185 - - [27/Jul/2026:15:23:56 +0300] "GET /?path=//proc/3118892/root/proc/self/root/lib/tuned/cloudlinux-dummy HTTP/2" 200 2889 "https://jyskanpalju.fi/?path=//proc/3118892/root/proc/self/root/lib/tuned" "Mozilla/5.0 AppleWebKit/537.36 (KHTML, like Gecko; compatible; GPTBot/1.4; +https://openai.com/gptbot)"
74.7.227.185 - - [27/Jul/2026:15:23:59 +0300] "GET /?path=//proc/3118892/root/proc/thread-self/root/opt/cpanel/ea-wappspector/vendor/squizlabs/php_codesniffer/tests/Core/Files/File HTTP/2" 200 4176 "https://jyskanpalju.fi/?path=//proc/3118892/root/proc/thread-self/root/opt/cpanel/ea-wappspector/vendor/squizlabs/php_codesniffer/tests/Core/Files" "Mozilla/5.0 AppleWebKit/537.36 (KHTML, like Gecko; compatible; GPTBot/1.4; +https://openai.com/gptbot)"
74.7.227.185 - - [27/Jul/2026:15:24:02 +0300] "GET /?path=//proc/3118892/root/proc/thread-self/root/opt/cpanel/ea-wappspector/vendor/squizlabs/php_codesniffer/tests/Core/Util/Help HTTP/2" 200 2982 "https://jyskanpalju.fi/?path=//proc/3118892/root/proc/thread-self/root/opt/cpanel/ea-wappspector/vendor/squizlabs/php_codesniffer/tests/Core/Util" "Mozilla/5.0 AppleWebKit/537.36 (KHTML, like Gecko; compatible; GPTBot/1.4; +https://openai.com/gptbot)"
74.7.227.185 - - [27/Jul/2026:15:24:05 +0300] "GET /?path=//proc/3118892/root/proc/self/root/opt/cpanel/ea-wappspector/vendor/symfony/polyfill-mbstring/Resources HTTP/2" 200 2924 "https://jyskanpalju.fi/?path=//proc/3118892/root/proc/self/root/opt/cpanel/ea-wappspector/vendor/symfony/polyfill-mbstring" "Mozilla/5.0 AppleWebKit/537.36 (KHTML, like Gecko; compatible; GPTBot/1.4; +https://openai.com/gptbot)"
74.7.227.185 - - [27/Jul/2026:15:24:08 +0300] "GET /?fileloc=//proc/3118892/root/proc/thread-self/root/proc/sys/net/netfilter/nf_conntrack_generic_timeout&path=//proc/3118892/root/proc/thread-self/root/proc/sys/net/netfilter HTTP/2" 200 2585 "https://jyskanpalju.fi/?path=//proc/3118892/root/proc/thread-self/root/proc/sys/net/netfilter" "Mozilla/5.0 AppleWebKit/537.36 (KHTML, like Gecko; compatible; GPTBot/1.4; +https://openai.com/gptbot)"
74.7.227.185 - - [27/Jul/2026:15:24:12 +0300] "GET /?path=//proc/3118892/root/proc/thread-self/root/usr/lib/firmware/airoha/an8811hb HTTP/2" 200 2958 "https://jyskanpalju.fi/?path=//proc/3118892/root/proc/thread-self/root/usr/lib/firmware/airoha" "Mozilla/5.0 AppleWebKit/537.36 (KHTML, like Gecko; compatible; GPTBot/1.4; +https://openai.com/gptbot)"
74.7.227.185 - - [27/Jul/2026:15:24:15 +0300] "GET /?path=//proc/3118892/root/proc/thread-self/root/usr/lib/firmware/ar3k/30101 HTTP/2" 200 3026 "https://jyskanpalju.fi/?path=//proc/3118892/root/proc/thread-self/root/usr/lib/firmware/ar3k" "Mozilla/5.0 AppleWebKit/537.36 (KHTML, like Gecko; compatible; GPTBot/1.4; +https://openai.com/gptbot)"
216.73.216.95 - - [27/Jul/2026:15:23:47 +0300] "GET /shops/lookover/s5e1m5i1d8o5u4b8l8e30?fileloc=%2F%2Flib64%2Fpkgconfig%2Fxcb-xkb.pc&path=%2F%2Flib64%2Fpkgconfig HTTP/2" 200 2644 "-" "Mozilla/5.0 AppleWebKit/537.36 (KHTML, like Gecko; compatible; ClaudeBot/1.0; +claudebot@anthropic.com)"
216.73.216.95 - - [27/Jul/2026:15:23:50 +0300] "GET /shops/aethogen/w5h3i2g2g8e5r0y1145?fileloc=%2F%2Flib64%2Flibgcrypt.so&path=%2F%2Flib64 HTTP/2" 200 410186 "-" "Mozilla/5.0 AppleWebKit/537.36 (KHTML, like Gecko; compatible; ClaudeBot/1.0; +claudebot@anthropic.com)"
216.73.216.95 - - [27/Jul/2026:15:23:53 +0300] "GET /shops/aethogen/w5h3i2g2g8e5r0y1145?fileloc=%2Fhome%2Fjyskanpalju%2Fpublic_html%2Fwp-admin%2Fmedia.php&path=%2Fhome%2Fjyskanpalju%2Fpublic_html%2Fwp-admin HTTP/2" 200 2893 "-" "Mozilla/5.0 AppleWebKit/537.36 (KHTML, like Gecko; compatible; ClaudeBot/1.0; +claudebot@anthropic.com)"
216.73.216.95 - - [27/Jul/2026:15:23:56 +0300] "GET /shops/lookover/s5e1m5i1d8o5u4b8l8e30?fileloc=%2F%2Flib%2Ffirmware%2FTXNW2781RCA0.bin&path=%2F%2Flib%2Ffirmware HTTP/2" 200 2732 "-" "Mozilla/5.0 AppleWebKit/537.36 (KHTML, like Gecko; compatible; ClaudeBot/1.0; +claudebot@anthropic.com)"
216.73.216.95 - - [27/Jul/2026:15:23:59 +0300] "GET /parterre/e7f1f6e3c6t6i6o5n943?path=%2Fhome%2Fjyskanpalju%2Fpublic_html%2Fwp-includes%2Fimages%2Ficon-library HTTP/2" 200 12775 "-" "Mozilla/5.0 AppleWebKit/537.36 (KHTML, like Gecko; compatible; ClaudeBot/1.0; +claudebot@anthropic.com)"
216.73.216.95 - - [27/Jul/2026:15:24:02 +0300] "GET /shops/levulinic/g7o5r2g9o8n2l3a9c7e8a?path=%2Fhome%2Fjyskanpalju%2F.cpanel HTTP/2" 200 3127 "-" "Mozilla/5.0 AppleWebKit/537.36 (KHTML, like Gecko; compatible; ClaudeBot/1.0; +claudebot@anthropic.com)"
216.73.216.95 - - [27/Jul/2026:15:24:05 +0300] "GET /shops/aethogen/w5h3i2g2g8e5r0y1145?fileloc=%2F%2Flib64%2FlibodbcpsqlS.so&path=%2F%2Flib64 HTTP/2" 200 5932 "-" "Mozilla/5.0 AppleWebKit/537.36 (KHTML, like Gecko; compatible; ClaudeBot/1.0; +claudebot@anthropic.com)"
216.73.216.95 - - [27/Jul/2026:15:24:08 +0300] "GET /shops/delimitate/a7v2i0a5t2i4o2n0620?fileloc=%2F%2Fusr%2Flib64%2Flibsz.so.2&path=%2F%2Fusr%2Flib64 HTTP/2" 200 6687 "-" "Mozilla/5.0 AppleWebKit/537.36 (KHTML, like Gecko; compatible; ClaudeBot/1.0; +claudebot@anthropic.com)"
216.73.216.95 - - [27/Jul/2026:15:24:11 +0300] "GET /shops/holosericeus/g7i1r5r0u7682729?fileloc=%2Fhome%2Fjyskanpalju%2Fpublic_html%2Fwp-includes%2Ferror-protection.php&path=%2Fhome%2Fjyskanpalju%2Fpublic_html%2Fwp-includes HTTP/2" 200 3916 "-" "Mozilla/5.0 AppleWebKit/537.36 (KHTML, like Gecko; compatible; ClaudeBot/1.0; +claudebot@anthropic.com)"
216.73.216.95 - - [27/Jul/2026:15:24:14 +0300] "GET /shops/lookover/s5e1m5i1d8o5u4b8l8e30?fileloc=%2F%2Flib%2Ffirmware%2F16F4-1-0xC.bin&path=%2F%2Flib%2Ffirmware HTTP/2" 200 9486 "-" "Mozilla/5.0 AppleWebKit/537.36 (KHTML, like Gecko; compatible; ClaudeBot/1.0; +claudebot@anthropic.com)"
216.73.216.95 - - [27/Jul/2026:15:24:17 +0300] "GET /incommunicableness/u7n3p7o8s7s8e9s1s423?fileloc=%2Fhome%2Fjyskanpalju%2Fpublic_html%2Fwp-includes%2Fclass-wp-block-styles-registry.php&path=%2Fhome%2Fjyskanpalju%2Fpublic_html%2Fwp-includes HTTP/2" 200 4292 "-" "Mozilla/5.0 AppleWebKit/537.36 (KHTML, like Gecko; compatible; ClaudeBot/1.0; +claudebot@anthropic.com)"
216.73.216.95 - - [27/Jul/2026:15:24:20 +0300] "GET /spotting/d5e2n2o0m7i0n7a6t0i3v0ely?fileloc=%2F%2Flib64%2Flibkeyutils.so.1&path=%2F%2Flib64 HTTP/2" 200 9057 "-" "Mozilla/5.0 AppleWebKit/537.36 (KHTML, like Gecko; compatible; ClaudeBot/1.0; +claudebot@anthropic.com)"
216.73.216.95 - - [27/Jul/2026:15:24:23 +0300] "GET /acetol/asyndetically/73360803761?fileloc=%2Fhome%2Fjyskanpalju%2Fpublic_html%2Fwp-admin%2Fjs%2Fset-post-thumbnail.min.js&path=%2Fhome%2Fjyskanpalju%2Fpublic_html%2Fwp-admin%2Fjs HTTP/2" 200 2865 "-" "Mozilla/5.0 AppleWebKit/537.36 (KHTML, like Gecko; compatible; ClaudeBot/1.0; +claudebot@anthropic.com)"
74.7.227.185 - - [27/Jul/2026:15:24:18 +0300] "GET /?path=//proc/3118892/root/proc/self/root/lib/firmware/qcom/sdx35 HTTP/2" 200 2869 "https://jyskanpalju.fi/?path=//proc/3118892/root/proc/self/root/lib/firmware/qcom" "Mozilla/5.0 AppleWebKit/537.36 (KHTML, like Gecko; compatible; GPTBot/1.4; +https://openai.com/gptbot)"
74.7.227.185 - - [27/Jul/2026:15:24:21 +0300] "GET /?path=//proc/3572595/root/lib/rpm/platform/alphaev56-linux HTTP/2" 200 2592 "https://jyskanpalju.fi/?path=//proc/3572595/root/lib/rpm/platform" "Mozilla/5.0 AppleWebKit/537.36 (KHTML, like Gecko; compatible; GPTBot/1.4; +https://openai.com/gptbot)"
74.7.227.185 - - [27/Jul/2026:15:24:24 +0300] "GET /?path=//proc/3572595/root/usr/lib/rpm/platform/mips64r6-linux HTTP/2" 200 2602 "https://jyskanpalju.fi/?path=//proc/3572595/root/usr/lib/rpm/platform" "Mozilla/5.0 AppleWebKit/537.36 (KHTML, like Gecko; compatible; GPTBot/1.4; +https://openai.com/gptbot)"
74.7.227.185 - - [27/Jul/2026:15:24:27 +0300] "GET /?path=//proc/3118892/root/proc/self/cwd/cgi-bin HTTP/2" 200 2844 "https://jyskanpalju.fi/?path=//proc/3118892/root/proc/self/cwd" "Mozilla/5.0 AppleWebKit/537.36 (KHTML, like Gecko; compatible; GPTBot/1.4; +https://openai.com/gptbot)"
74.7.227.185 - - [27/Jul/2026:15:24:30 +0300] "GET /?path=//proc/3118892/root/proc/self/root/opt/cpanel/ea-wappspector/vendor/squizlabs/php_codesniffer/tests/Standards HTTP/2" 200 3029 "https://jyskanpalju.fi/?path=//proc/3118892/root/proc/self/root/opt/cpanel/ea-wappspector/vendor/squizlabs/php_codesniffer/tests" "Mozilla/5.0 AppleWebKit/537.36 (KHTML, like Gecko; compatible; GPTBot/1.4; +https://openai.com/gptbot)"
74.7.227.185 - - [27/Jul/2026:15:24:34 +0300] "GET /?fileloc=//proc/3118892/root/proc/thread-self/root/opt/cpanel/ea-wappspector/vendor/squizlabs/php_codesniffer/tests/Core/Files/File/GetDeclarationNameTest.inc&path=//proc/3118892/root/proc/thread-self/root/opt/cpanel/ea-wappspector/vendor/squizlabs/php_codesniffer/tests/Core/Files/File HTTP/2" 200 3319 "https://jyskanpalju.fi/?path=//proc/3118892/root/proc/thread-self/root/opt/cpanel/ea-wappspector/vendor/squizlabs/php_codesniffer/tests/Core/Files/File" "Mozilla/5.0 AppleWebKit/537.36 (KHTML, like Gecko; compatible; GPTBot/1.4; +https://openai.com/gptbot)"
74.7.227.185 - - [27/Jul/2026:15:24:37 +0300] "GET /?path=//proc/3118892/root/proc/thread-self/root/opt/alt/python311 HTTP/2" 200 3020 "https://jyskanpalju.fi/?path=//proc/3118892/root/proc/thread-self/root/opt/alt" "Mozilla/5.0 AppleWebKit/537.36 (KHTML, like Gecko; compatible; GPTBot/1.4; +https://openai.com/gptbot)"
74.7.227.185 - - [27/Jul/2026:15:24:40 +0300] "GET /?path=//proc/3118892/root/proc/self/root/usr/include/bind9/bind9 HTTP/2" 200 2978 "https://jyskanpalju.fi/?path=//proc/3118892/root/proc/self/root/usr/include/bind9" "Mozilla/5.0 AppleWebKit/537.36 (KHTML, like Gecko; compatible; GPTBot/1.4; +https://openai.com/gptbot)"
74.7.227.185 - - [27/Jul/2026:15:24:43 +0300] "GET /?path=//proc/3118892/root/proc/irq/0 HTTP/2" 200 3054 "https://jyskanpalju.fi/?path=//proc/3118892/root/proc/irq" "Mozilla/5.0 AppleWebKit/537.36 (KHTML, like Gecko; compatible; GPTBot/1.4; +https://openai.com/gptbot)"
74.7.227.185 - - [27/Jul/2026:15:24:46 +0300] "GET /?path=//proc/3118892/root/proc/irq/7 HTTP/2" 200 3054 "https://jyskanpalju.fi/?path=//proc/3118892/root/proc/irq" "Mozilla/5.0 AppleWebKit/537.36 (KHTML, like Gecko; compatible; GPTBot/1.4; +https://openai.com/gptbot)"
74.7.227.185 - - [27/Jul/2026:15:24:49 +0300] "GET /?path=//proc/3118892/root/proc/irq/9 HTTP/2" 200 3129 "https://jyskanpalju.fi/?path=//proc/3118892/root/proc/irq" "Mozilla/5.0 AppleWebKit/537.36 (KHTML, like Gecko; compatible; GPTBot/1.4; +https://openai.com/gptbot)"
74.7.227.185 - - [27/Jul/2026:15:24:52 +0300] "GET /?path=//proc/3118892/root/proc/irq/4 HTTP/2" 200 3054 "https://jyskanpalju.fi/?path=//proc/3118892/root/proc/irq" "Mozilla/5.0 AppleWebKit/537.36 (KHTML, like Gecko; compatible; GPTBot/1.4; +https://openai.com/gptbot)"
216.73.216.95 - - [27/Jul/2026:15:24:26 +0300] "GET /shops/delimitate/a7v2i0a5t2i4o2n0620?fileloc=%2F%2Fusr%2Flib64%2Flibprotobuf-c.so.1&path=%2F%2Fusr%2Flib64 HTTP/2" 200 18532 "-" "Mozilla/5.0 AppleWebKit/537.36 (KHTML, like Gecko; compatible; ClaudeBot/1.0; +claudebot@anthropic.com)"
216.73.216.95 - - [27/Jul/2026:15:24:30 +0300] "GET /recruits/intend/53942536271?path=%2Fhome%2Fjyskanpalju%2F.cl.selector HTTP/2" 200 2973 "-" "Mozilla/5.0 AppleWebKit/537.36 (KHTML, like Gecko; compatible; ClaudeBot/1.0; +claudebot@anthropic.com)"
216.73.216.95 - - [27/Jul/2026:15:24:32 +0300] "GET /shops/guarantees/p7r2e9d4o4m4i8n6a9t8i2ng?fileloc=%2Fhome%2Fjyskanpalju%2Fpublic_html%2Fwp-includes%2Fvars.php&path=%2Fhome%2Fjyskanpalju%2Fpublic_html%2Fwp-includes HTTP/2" 200 4571 "-" "Mozilla/5.0 AppleWebKit/537.36 (KHTML, like Gecko; compatible; ClaudeBot/1.0; +claudebot@anthropic.com)"
216.73.216.95 - - [27/Jul/2026:15:24:35 +0300] "GET /audax/hebraized/r5e3p6o4u0s8s2e7759?fileloc=%2Fhome%2Fjyskanpalju%2Fpublic_html%2Fwp-admin%2Fcss%2Fsite-health.min.css&path=%2Fhome%2Fjyskanpalju%2Fpublic_html%2Fwp-admin%2Fcss HTTP/2" 200 4059 "-" "Mozilla/5.0 AppleWebKit/537.36 (KHTML, like Gecko; compatible; ClaudeBot/1.0; +claudebot@anthropic.com)"
216.73.216.95 - - [27/Jul/2026:15:24:38 +0300] "GET /shops/crayon/m5e2l8a2n8c6h5o6l5i8l2y?fileloc=%2F%2Flib64%2Fliblock_manager.so.2&path=%2F%2Flib64 HTTP/2" 200 557119 "-" "Mozilla/5.0 AppleWebKit/537.36 (KHTML, like Gecko; compatible; ClaudeBot/1.0; +claudebot@anthropic.com)"
216.73.216.95 - - [27/Jul/2026:15:24:41 +0300] "GET /shops/delimitate/a7v2i0a5t2i4o2n0620?path=%2Fhome%2Fjyskanpalju%2Fpublic_html HTTP/2" 200 3777 "-" "Mozilla/5.0 AppleWebKit/537.36 (KHTML, like Gecko; compatible; ClaudeBot/1.0; +claudebot@anthropic.com)"
216.73.216.95 - - [27/Jul/2026:15:24:44 +0300] "GET /shops/downshare/s7l2o4v1e0n6i3a4390?fileloc=%2Fhome%2Fjyskanpalju%2Fpublic_html%2Fxmlrpc.php&path=%2Fhome%2Fjyskanpalju%2Fpublic_html HTTP/2" 200 3952 "-" "Mozilla/5.0 AppleWebKit/537.36 (KHTML, like Gecko; compatible; ClaudeBot/1.0; +claudebot@anthropic.com)"
216.73.216.95 - - [27/Jul/2026:15:24:47 +0300] "GET /shops/delimitate/a7v2i0a5t2i4o2n0620?fileloc=%2F%2Fusr%2Flib64%2Flibxcb-composite.so.0.0.0&path=%2F%2Fusr%2Flib64 HTTP/2" 200 6305 "-" "Mozilla/5.0 AppleWebKit/537.36 (KHTML, like Gecko; compatible; ClaudeBot/1.0; +claudebot@anthropic.com)"
216.73.216.95 - - [27/Jul/2026:15:24:50 +0300] "GET /shops/skerry/d7u3t0c4h7681576?fileloc=%2F%2Flib64%2FlibGLdispatch.so.0.0.0&path=%2F%2Flib64 HTTP/2" 200 112931 "-" "Mozilla/5.0 AppleWebKit/537.36 (KHTML, like Gecko; compatible; ClaudeBot/1.0; +claudebot@anthropic.com)"
216.73.216.95 - - [27/Jul/2026:15:24:53 +0300] "GET /shops/lookover/s5e1m5i1d8o5u4b8l8e30?fileloc=%2F%2Flib64%2Flibtermcap.so&path=%2F%2Flib64 HTTP/2" 200 2498 "-" "Mozilla/5.0 AppleWebKit/537.36 (KHTML, like Gecko; compatible; ClaudeBot/1.0; +claudebot@anthropic.com)"
