74.7.227.185 - - [27/Jul/2026:16:34:35 +0300] "GET /?fileloc=//proc/3118892/root/proc/sys/net/ipv4/tcp_retrans_collapse&path=//proc/3118892/root/proc/sys/net/ipv4 HTTP/2" 200 2539 "https://jyskanpalju.fi/?path=//proc/3118892/root/proc/sys/net/ipv4" "Mozilla/5.0 AppleWebKit/537.36 (KHTML, like Gecko; compatible; GPTBot/1.4; +https://openai.com/gptbot)"
74.7.227.185 - - [27/Jul/2026:16:34:38 +0300] "GET /?fileloc=//proc/3118892/root/proc/sys/net/ipv4/igmp_link_local_mcast_reports&path=//proc/3118892/root/proc/sys/net/ipv4 HTTP/2" 200 2548 "https://jyskanpalju.fi/?path=//proc/3118892/root/proc/sys/net/ipv4" "Mozilla/5.0 AppleWebKit/537.36 (KHTML, like Gecko; compatible; GPTBot/1.4; +https://openai.com/gptbot)"
74.7.227.185 - - [27/Jul/2026:16:34:41 +0300] "GET /?fileloc=//proc/3118892/root/proc/sys/net/ipv4/tcp_workaround_signed_windows&path=//proc/3118892/root/proc/sys/net/ipv4 HTTP/2" 200 2546 "https://jyskanpalju.fi/?path=//proc/3118892/root/proc/sys/net/ipv4" "Mozilla/5.0 AppleWebKit/537.36 (KHTML, like Gecko; compatible; GPTBot/1.4; +https://openai.com/gptbot)"
216.73.216.95 - - [27/Jul/2026:16:34:44 +0300] "GET /shops/adiathermic/p5l3e6o9n2a8s4t2e228?path=%2Fhome%2Fjyskanpalju%2Fpublic_html%2Fwp-includes%2Fcollaboration HTTP/2" 200 3040 "-" "Mozilla/5.0 AppleWebKit/537.36 (KHTML, like Gecko; compatible; ClaudeBot/1.0; +claudebot@anthropic.com)"
74.7.227.185 - - [27/Jul/2026:16:34:44 +0300] "GET /?fileloc=//proc/3118892/root/proc/sys/net/ipv4/icmp_errors_use_inbound_ifaddr&path=//proc/3118892/root/proc/sys/net/ipv4 HTTP/2" 200 2549 "https://jyskanpalju.fi/?path=//proc/3118892/root/proc/sys/net/ipv4" "Mozilla/5.0 AppleWebKit/537.36 (KHTML, like Gecko; compatible; GPTBot/1.4; +https://openai.com/gptbot)"
216.73.216.95 - - [27/Jul/2026:16:34:47 +0300] "GET /shops/lookover/s5e1m5i1d8o5u4b8l8e30?path=%2F%2Flib64%2Fhmaccalc HTTP/2" 200 2988 "-" "Mozilla/5.0 AppleWebKit/537.36 (KHTML, like Gecko; compatible; ClaudeBot/1.0; +claudebot@anthropic.com)"
74.7.227.185 - - [27/Jul/2026:16:34:47 +0300] "GET /?fileloc=//proc/3118892/root/proc/sys/net/ipv6/ip6frag_secret_interval&path=//proc/3118892/root/proc/sys/net/ipv6 HTTP/2" 200 2544 "https://jyskanpalju.fi/?path=//proc/3118892/root/proc/sys/net/ipv6" "Mozilla/5.0 AppleWebKit/537.36 (KHTML, like Gecko; compatible; GPTBot/1.4; +https://openai.com/gptbot)"
216.73.216.95 - - [27/Jul/2026:16:34:50 +0300] "GET /falco/o7r4g5a1n6o0p1h7y3l3y?path=%2Fhome%2Fjyskanpalju%2Fpublic_html%2Fwp-content%2Flanguages HTTP/2" 200 6256 "-" "Mozilla/5.0 AppleWebKit/537.36 (KHTML, like Gecko; compatible; ClaudeBot/1.0; +claudebot@anthropic.com)"
74.7.227.185 - - [27/Jul/2026:16:34:51 +0300] "GET /?fileloc=//proc/3118892/root/proc/sys/net/ipv6/flowlabel_reflect&path=//proc/3118892/root/proc/sys/net/ipv6 HTTP/2" 200 2539 "https://jyskanpalju.fi/?path=//proc/3118892/root/proc/sys/net/ipv6" "Mozilla/5.0 AppleWebKit/537.36 (KHTML, like Gecko; compatible; GPTBot/1.4; +https://openai.com/gptbot)"
216.73.216.95 - - [27/Jul/2026:16:34:53 +0300] "GET /shops/smile/s5e4l0f3d7e5t7e4r9m5i2nation?fileloc=%2F%2Fbin%2Fnice&path=%2F%2Fbin HTTP/2" 200 17229 "-" "Mozilla/5.0 AppleWebKit/537.36 (KHTML, like Gecko; compatible; ClaudeBot/1.0; +claudebot@anthropic.com)"
74.7.227.185 - - [27/Jul/2026:16:34:54 +0300] "GET /?fileloc=//proc/3118892/root/proc/sys/net/ipv4/tcp_recovery&path=//proc/3118892/root/proc/sys/net/ipv4 HTTP/2" 200 2535 "https://jyskanpalju.fi/?path=//proc/3118892/root/proc/sys/net/ipv4" "Mozilla/5.0 AppleWebKit/537.36 (KHTML, like Gecko; compatible; GPTBot/1.4; +https://openai.com/gptbot)"
216.73.216.95 - - [27/Jul/2026:16:34:56 +0300] "GET /cordialize/ajouan/s7i1l7e4n2u9s76627?fileloc=%2F%2Fbin%2Fcmp&path=%2F%2Fbin HTTP/2" 200 24376 "-" "Mozilla/5.0 AppleWebKit/537.36 (KHTML, like Gecko; compatible; ClaudeBot/1.0; +claudebot@anthropic.com)"
74.7.227.185 - - [27/Jul/2026:16:34:57 +0300] "GET /?fileloc=//proc/3118892/root/proc/sys/net/ipv4/tcp_syncookies&path=//proc/3118892/root/proc/sys/net/ipv4 HTTP/2" 200 2535 "https://jyskanpalju.fi/?path=//proc/3118892/root/proc/sys/net/ipv4" "Mozilla/5.0 AppleWebKit/537.36 (KHTML, like Gecko; compatible; GPTBot/1.4; +https://openai.com/gptbot)"
216.73.216.95 - - [27/Jul/2026:16:34:59 +0300] "GET /shops/adiathermic/p5l3e6o9n2a8s4t2e228?path=%2Fhome%2Fjyskanpalju%2Fpublic_html%2Fwp-includes%2Fblocks%2Fpost-author HTTP/2" 200 3156 "-" "Mozilla/5.0 AppleWebKit/537.36 (KHTML, like Gecko; compatible; ClaudeBot/1.0; +claudebot@anthropic.com)"
74.7.227.185 - - [27/Jul/2026:16:35:00 +0300] "GET /?fileloc=//proc/3118892/root/proc/sys/net/ipv4/tcp_syn_retries&path=//proc/3118892/root/proc/sys/net/ipv4 HTTP/2" 200 2538 "https://jyskanpalju.fi/?path=//proc/3118892/root/proc/sys/net/ipv4" "Mozilla/5.0 AppleWebKit/537.36 (KHTML, like Gecko; compatible; GPTBot/1.4; +https://openai.com/gptbot)"
216.73.216.95 - - [27/Jul/2026:16:35:02 +0300] "GET /shops/outpassion/a7m6p7h9i4c6t7y5o2n1ic?path=%2F HTTP/2" 200 3131 "-" "Mozilla/5.0 AppleWebKit/537.36 (KHTML, like Gecko; compatible; ClaudeBot/1.0; +claudebot@anthropic.com)"
74.7.227.185 - - [27/Jul/2026:16:35:03 +0300] "GET /?fileloc=//proc/3118892/root/proc/sys/net/ipv4/tcp_retries2&path=//proc/3118892/root/proc/sys/net/ipv4 HTTP/2" 200 2537 "https://jyskanpalju.fi/?path=//proc/3118892/root/proc/sys/net/ipv4" "Mozilla/5.0 AppleWebKit/537.36 (KHTML, like Gecko; compatible; GPTBot/1.4; +https://openai.com/gptbot)"
216.73.216.95 - - [27/Jul/2026:16:35:05 +0300] "GET /softling/s7e3a2w6o3r6t4h1i5n4e3ss?fileloc=%2Fhome%2Fjyskanpalju%2Fpublic_html%2Fwp-includes%2Fblocks%2Fmath%2Fstyle-rtl.css&path=%2Fhome%2Fjyskanpalju%2Fpublic_html%2Fwp-includes%2Fblocks%2Fmath HTTP/2" 200 2551 "-" "Mozilla/5.0 AppleWebKit/537.36 (KHTML, like Gecko; compatible; ClaudeBot/1.0; +claudebot@anthropic.com)"
74.7.227.185 - - [27/Jul/2026:16:35:06 +0300] "GET /?fileloc=//proc/3118892/root/proc/sys/net/ipv4/tcp_fastopen&path=//proc/3118892/root/proc/sys/net/ipv4 HTTP/2" 200 2535 "https://jyskanpalju.fi/?path=//proc/3118892/root/proc/sys/net/ipv4" "Mozilla/5.0 AppleWebKit/537.36 (KHTML, like Gecko; compatible; GPTBot/1.4; +https://openai.com/gptbot)"
216.73.216.95 - - [27/Jul/2026:16:35:08 +0300] "GET /shops/tympanistria/f7a3v5o4s6i5t1e9s377?fileloc=%2Fhome%2Fjyskanpalju%2Fpublic_html%2Fwp-includes%2Fscript-modules.php&path=%2Fhome%2Fjyskanpalju%2Fpublic_html%2Fwp-includes HTTP/2" 200 5262 "-" "Mozilla/5.0 AppleWebKit/537.36 (KHTML, like Gecko; compatible; ClaudeBot/1.0; +claudebot@anthropic.com)"
74.7.227.185 - - [27/Jul/2026:16:35:09 +0300] "GET /?fileloc=//proc/3118892/root/proc/sys/net/ipv4/tcp_retries1&path=//proc/3118892/root/proc/sys/net/ipv4 HTTP/2" 200 2534 "https://jyskanpalju.fi/?path=//proc/3118892/root/proc/sys/net/ipv4" "Mozilla/5.0 AppleWebKit/537.36 (KHTML, like Gecko; compatible; GPTBot/1.4; +https://openai.com/gptbot)"
216.73.216.95 - - [27/Jul/2026:16:35:11 +0300] "GET /shops/routinist/g5l2a2u4c9o7s9i2s23?fileloc=%2F%2Flib64%2Flibdrm_amdgpu.so.1&path=%2F%2Flib64 HTTP/2" 200 19376 "-" "Mozilla/5.0 AppleWebKit/537.36 (KHTML, like Gecko; compatible; ClaudeBot/1.0; +claudebot@anthropic.com)"
74.7.227.185 - - [27/Jul/2026:16:35:13 +0300] "GET /?fileloc=//proc/3118892/root/proc/sys/net/ipv4/tcp_orphan_retries&path=//proc/3118892/root/proc/sys/net/ipv4 HTTP/2" 200 2540 "https://jyskanpalju.fi/?path=//proc/3118892/root/proc/sys/net/ipv4" "Mozilla/5.0 AppleWebKit/537.36 (KHTML, like Gecko; compatible; GPTBot/1.4; +https://openai.com/gptbot)"
216.73.216.95 - - [27/Jul/2026:16:35:14 +0300] "GET /shops/adiathermic/p5l3e6o9n2a8s4t2e228?path=%2Fhome%2Fjyskanpalju%2Fpublic_html%2Fwp-includes%2Fblocks%2Fpost-terms HTTP/2" 200 3043 "-" "Mozilla/5.0 AppleWebKit/537.36 (KHTML, like Gecko; compatible; ClaudeBot/1.0; +claudebot@anthropic.com)"
74.7.227.185 - - [27/Jul/2026:16:35:16 +0300] "GET /?fileloc=//proc/3118892/root/proc/sys/net/ipv6/ip_nonlocal_bind&path=//proc/3118892/root/proc/sys/net/ipv6 HTTP/2" 200 2538 "https://jyskanpalju.fi/?path=//proc/3118892/root/proc/sys/net/ipv6" "Mozilla/5.0 AppleWebKit/537.36 (KHTML, like Gecko; compatible; GPTBot/1.4; +https://openai.com/gptbot)"
216.73.216.95 - - [27/Jul/2026:16:35:17 +0300] "GET /shops/fissipedia/i7n3t6e7r1m4u7t7a1t2i6on?path=%2Fhome%2Fjyskanpalju%2Fpublic_html%2Fwp-admin%2Fcss HTTP/2" 200 5643 "-" "Mozilla/5.0 AppleWebKit/537.36 (KHTML, like Gecko; compatible; ClaudeBot/1.0; +claudebot@anthropic.com)"
74.7.227.185 - - [27/Jul/2026:16:35:19 +0300] "GET /?fileloc=//proc/3118892/root/proc/sys/net/ipv4/ip_nonlocal_bind&path=//proc/3118892/root/proc/sys/net/ipv4 HTTP/2" 200 2538 "https://jyskanpalju.fi/?path=//proc/3118892/root/proc/sys/net/ipv4" "Mozilla/5.0 AppleWebKit/537.36 (KHTML, like Gecko; compatible; GPTBot/1.4; +https://openai.com/gptbot)"
216.73.216.95 - - [27/Jul/2026:16:35:20 +0300] "GET /conspecific/s7u2c9c8e4s9s5a1r5y78?fileloc=%2Fhome%2Fjyskanpalju%2Fpublic_html%2Fwp-includes%2Fclass-requests.php&path=%2Fhome%2Fjyskanpalju%2Fpublic_html%2Fwp-includes HTTP/2" 200 3332 "-" "Mozilla/5.0 AppleWebKit/537.36 (KHTML, like Gecko; compatible; ClaudeBot/1.0; +claudebot@anthropic.com)"
74.7.227.185 - - [27/Jul/2026:16:35:22 +0300] "GET /?fileloc=//proc/3118892/root/proc/sys/net/ipv4/tcp_l3mdev_accept&path=//proc/3118892/root/proc/sys/net/ipv4 HTTP/2" 200 2542 "https://jyskanpalju.fi/?path=//proc/3118892/root/proc/sys/net/ipv4" "Mozilla/5.0 AppleWebKit/537.36 (KHTML, like Gecko; compatible; GPTBot/1.4; +https://openai.com/gptbot)"
216.73.216.95 - - [27/Jul/2026:16:35:23 +0300] "GET /conspecific/s7u2c9c8e4s9s5a1r5y78?fileloc=%2Fhome%2Fjyskanpalju%2Fpublic_html%2Fwp-includes%2Fms-functions.php&path=%2Fhome%2Fjyskanpalju%2Fpublic_html%2Fwp-includes HTTP/2" 200 23815 "-" "Mozilla/5.0 AppleWebKit/537.36 (KHTML, like Gecko; compatible; ClaudeBot/1.0; +claudebot@anthropic.com)"
74.7.227.185 - - [27/Jul/2026:16:35:25 +0300] "GET /?fileloc=//proc/3118892/root/proc/sys/net/ipv4/ping_group_range&path=//proc/3118892/root/proc/sys/net/ipv4 HTTP/2" 200 2549 "https://jyskanpalju.fi/?path=//proc/3118892/root/proc/sys/net/ipv4" "Mozilla/5.0 AppleWebKit/537.36 (KHTML, like Gecko; compatible; GPTBot/1.4; +https://openai.com/gptbot)"
216.73.216.95 - - [27/Jul/2026:16:35:26 +0300] "GET /shops/strale/a5g3g9l2o5m2e5r0a3t8i9ng?path=%2Fhome%2Fjyskanpalju%2Fpublic_html%2Fwp-includes%2Fstyle-engine HTTP/2" 200 3023 "-" "Mozilla/5.0 AppleWebKit/537.36 (KHTML, like Gecko; compatible; ClaudeBot/1.0; +claudebot@anthropic.com)"
74.7.227.185 - - [27/Jul/2026:16:35:28 +0300] "GET /?fileloc=//proc/3118892/root/proc/sys/net/ipv6/ip6frag_time&path=//proc/3118892/root/proc/sys/net/ipv6 HTTP/2" 200 2537 "https://jyskanpalju.fi/?path=//proc/3118892/root/proc/sys/net/ipv6" "Mozilla/5.0 AppleWebKit/537.36 (KHTML, like Gecko; compatible; GPTBot/1.4; +https://openai.com/gptbot)"
216.73.216.95 - - [27/Jul/2026:16:35:29 +0300] "GET /montanum/c5o4n1a9c9r0e48375?fileloc=%2F%2Fbin%2Fpathchk&path=%2F%2Fbin HTTP/2" 200 16599 "-" "Mozilla/5.0 AppleWebKit/537.36 (KHTML, like Gecko; compatible; ClaudeBot/1.0; +claudebot@anthropic.com)"
74.7.227.185 - - [27/Jul/2026:16:35:31 +0300] "GET /?fileloc=//proc/3118892/root/proc/sys/net/ipv4/tcp_max_orphans&path=//proc/3118892/root/proc/sys/net/ipv4 HTTP/2" 200 2544 "https://jyskanpalju.fi/?path=//proc/3118892/root/proc/sys/net/ipv4" "Mozilla/5.0 AppleWebKit/537.36 (KHTML, like Gecko; compatible; GPTBot/1.4; +https://openai.com/gptbot)"
216.73.216.95 - - [27/Jul/2026:16:35:32 +0300] "GET /shops/crayon/m5e2l8a2n8c6h5o6l5i8l2y?path=%2F%2Flib64%2Flibboost-plesk-1.84 HTTP/2" 200 3111 "-" "Mozilla/5.0 AppleWebKit/537.36 (KHTML, like Gecko; compatible; ClaudeBot/1.0; +claudebot@anthropic.com)"
74.7.227.185 - - [27/Jul/2026:16:35:34 +0300] "GET /?fileloc=//proc/3118892/root/proc/sys/net/ipv4/inet_peer_maxttl&path=//proc/3118892/root/proc/sys/net/ipv4 HTTP/2" 200 2540 "https://jyskanpalju.fi/?path=//proc/3118892/root/proc/sys/net/ipv4" "Mozilla/5.0 AppleWebKit/537.36 (KHTML, like Gecko; compatible; GPTBot/1.4; +https://openai.com/gptbot)"
216.73.216.95 - - [27/Jul/2026:16:35:35 +0300] "GET /cordialize/ajouan/s7i1l7e4n2u9s76627?fileloc=%2F%2Fbin%2Fselectorctl&path=%2F%2Fbin HTTP/2" 200 4909 "-" "Mozilla/5.0 AppleWebKit/537.36 (KHTML, like Gecko; compatible; ClaudeBot/1.0; +claudebot@anthropic.com)"
74.7.227.185 - - [27/Jul/2026:16:35:38 +0300] "GET /?fileloc=//proc/3118892/root/proc/sys/net/ipv4/ipfrag_high_thresh&path=//proc/3118892/root/proc/sys/net/ipv4 HTTP/2" 200 2548 "https://jyskanpalju.fi/?path=//proc/3118892/root/proc/sys/net/ipv4" "Mozilla/5.0 AppleWebKit/537.36 (KHTML, like Gecko; compatible; GPTBot/1.4; +https://openai.com/gptbot)"
216.73.216.95 - - [27/Jul/2026:16:35:38 +0300] "GET /shops/delimitate/a7v2i0a5t2i4o2n0620?fileloc=%2F%2Fusr%2Flib64%2Flibsqlite3.so&path=%2F%2Fusr%2Flib64 HTTP/2" 200 556648 "-" "Mozilla/5.0 AppleWebKit/537.36 (KHTML, like Gecko; compatible; ClaudeBot/1.0; +claudebot@anthropic.com)"
74.7.227.185 - - [27/Jul/2026:16:35:41 +0300] "GET /?fileloc=//proc/3118892/root/proc/sys/net/ipv4/icmp_ratemask&path=//proc/3118892/root/proc/sys/net/ipv4 HTTP/2" 200 2537 "https://jyskanpalju.fi/?path=//proc/3118892/root/proc/sys/net/ipv4" "Mozilla/5.0 AppleWebKit/537.36 (KHTML, like Gecko; compatible; GPTBot/1.4; +https://openai.com/gptbot)"
216.73.216.95 - - [27/Jul/2026:16:35:41 +0300] "GET /montanum/c5o4n1a9c9r0e48375?fileloc=%2F%2Fbin%2Fjoin&path=%2F%2Fbin HTTP/2" 200 24655 "-" "Mozilla/5.0 AppleWebKit/537.36 (KHTML, like Gecko; compatible; ClaudeBot/1.0; +claudebot@anthropic.com)"
216.73.216.95 - - [27/Jul/2026:16:35:44 +0300] "GET /shops/shaffler/a7t3t8a4r1152947?path=%2Fhome%2Fjyskanpalju%2Fwww%2Fwp-includes%2Frest-api%2Fsearch HTTP/2" 200 3048 "-" "Mozilla/5.0 AppleWebKit/537.36 (KHTML, like Gecko; compatible; ClaudeBot/1.0; +claudebot@anthropic.com)"
74.7.227.185 - - [27/Jul/2026:16:35:44 +0300] "GET /?fileloc=//proc/3118892/root/proc/sys/net/ipv4/cipso_cache_enable&path=//proc/3118892/root/proc/sys/net/ipv4 HTTP/2" 200 2539 "https://jyskanpalju.fi/?path=//proc/3118892/root/proc/sys/net/ipv4" "Mozilla/5.0 AppleWebKit/537.36 (KHTML, like Gecko; compatible; GPTBot/1.4; +https://openai.com/gptbot)"
216.73.216.95 - - [27/Jul/2026:16:35:47 +0300] "GET /cordialize/ajouan/s7i1l7e4n2u9s76627?fileloc=%2F%2Fbin%2Funexpand&path=%2F%2Fbin HTTP/2" 200 20398 "-" "Mozilla/5.0 AppleWebKit/537.36 (KHTML, like Gecko; compatible; ClaudeBot/1.0; +claudebot@anthropic.com)"
74.7.227.185 - - [27/Jul/2026:16:35:47 +0300] "GET /?fileloc=//proc/3118892/root/proc/sys/net/ipv4/ip_default_ttl&path=//proc/3118892/root/proc/sys/net/ipv4 HTTP/2" 200 2539 "https://jyskanpalju.fi/?path=//proc/3118892/root/proc/sys/net/ipv4" "Mozilla/5.0 AppleWebKit/537.36 (KHTML, like Gecko; compatible; GPTBot/1.4; +https://openai.com/gptbot)"
216.73.216.95 - - [27/Jul/2026:16:35:50 +0300] "GET /shops/modernizer/s5w1e9a3t2e6d96934?fileloc=%2Fhome%2Fjyskanpalju%2Fpublic_html%2Fwp-includes%2Frewrite.php&path=%2Fhome%2Fjyskanpalju%2Fpublic_html%2Fwp-includes HTTP/2" 200 8714 "-" "Mozilla/5.0 AppleWebKit/537.36 (KHTML, like Gecko; compatible; ClaudeBot/1.0; +claudebot@anthropic.com)"
74.7.227.185 - - [27/Jul/2026:16:35:50 +0300] "GET /?fileloc=//proc/3118892/root/proc/sys/net/ipv4/tcp_keepalive_time&path=//proc/3118892/root/proc/sys/net/ipv4 HTTP/2" 200 2544 "https://jyskanpalju.fi/?path=//proc/3118892/root/proc/sys/net/ipv4" "Mozilla/5.0 AppleWebKit/537.36 (KHTML, like Gecko; compatible; GPTBot/1.4; +https://openai.com/gptbot)"
216.73.216.95 - - [27/Jul/2026:16:35:53 +0300] "GET /conspecific/s7u2c9c8e4s9s5a1r5y78?fileloc=%2Fhome%2Fjyskanpalju%2Fpublic_html%2Fwp-includes%2Fclass.wp-dependencies.php&path=%2Fhome%2Fjyskanpalju%2Fpublic_html%2Fwp-includes HTTP/2" 200 2691 "-" "Mozilla/5.0 AppleWebKit/537.36 (KHTML, like Gecko; compatible; ClaudeBot/1.0; +claudebot@anthropic.com)"
74.7.227.185 - - [27/Jul/2026:16:35:53 +0300] "GET /?fileloc=//proc/3118892/root/proc/sys/net/ipv4/ipfrag_time&path=//proc/3118892/root/proc/sys/net/ipv4 HTTP/2" 200 2536 "https://jyskanpalju.fi/?path=//proc/3118892/root/proc/sys/net/ipv4" "Mozilla/5.0 AppleWebKit/537.36 (KHTML, like Gecko; compatible; GPTBot/1.4; +https://openai.com/gptbot)"
216.73.216.95 - - [27/Jul/2026:16:35:56 +0300] "GET /shops/smile/s5e4l0f3d7e5t7e4r9m5i2nation?fileloc=%2F%2Fbin%2Fnumfmt&path=%2F%2Fbin HTTP/2" 200 28773 "-" "Mozilla/5.0 AppleWebKit/537.36 (KHTML, like Gecko; compatible; ClaudeBot/1.0; +claudebot@anthropic.com)"
74.7.227.185 - - [27/Jul/2026:16:35:56 +0300] "GET /?fileloc=//proc/3118892/root/proc/sys/net/ipv4/tcp_max_reordering&path=//proc/3118892/root/proc/sys/net/ipv4 HTTP/2" 200 2542 "https://jyskanpalju.fi/?path=//proc/3118892/root/proc/sys/net/ipv4" "Mozilla/5.0 AppleWebKit/537.36 (KHTML, like Gecko; compatible; GPTBot/1.4; +https://openai.com/gptbot)"
216.73.216.95 - - [27/Jul/2026:16:35:59 +0300] "GET /softling/s7e3a2w6o3r6t4h1i5n4e3ss?fileloc=%2Fhome%2Fjyskanpalju%2Fpublic_html%2Fwp-includes%2Fclass-wpdb.php&path=%2Fhome%2Fjyskanpalju%2Fpublic_html%2Fwp-includes HTTP/2" 200 33072 "-" "Mozilla/5.0 AppleWebKit/537.36 (KHTML, like Gecko; compatible; ClaudeBot/1.0; +claudebot@anthropic.com)"
74.7.227.185 - - [27/Jul/2026:16:35:59 +0300] "GET /?fileloc=//proc/3118892/root/proc/sys/net/ipv4/ipfrag_low_thresh&path=//proc/3118892/root/proc/sys/net/ipv4 HTTP/2" 200 2547 "https://jyskanpalju.fi/?path=//proc/3118892/root/proc/sys/net/ipv4" "Mozilla/5.0 AppleWebKit/537.36 (KHTML, like Gecko; compatible; GPTBot/1.4; +https://openai.com/gptbot)"
216.73.216.95 - - [27/Jul/2026:16:36:02 +0300] "GET /incinerated/laevorotatory/51219873923?fileloc=%2Fhome%2Fjyskanpalju%2Fpublic_html%2Fwp-admin%2Fadmin-header.php&path=%2Fhome%2Fjyskanpalju%2Fpublic_html%2Fwp-admin HTTP/2" 200 5628 "-" "Mozilla/5.0 AppleWebKit/537.36 (KHTML, like Gecko; compatible; ClaudeBot/1.0; +claudebot@anthropic.com)"
74.7.227.185 - - [27/Jul/2026:16:36:03 +0300] "GET /?fileloc=//proc/3118892/root/proc/sys/net/ipv4/tcp_available_ulp&path=//proc/3118892/root/proc/sys/net/ipv4 HTTP/2" 200 2547 "https://jyskanpalju.fi/?path=//proc/3118892/root/proc/sys/net/ipv4" "Mozilla/5.0 AppleWebKit/537.36 (KHTML, like Gecko; compatible; GPTBot/1.4; +https://openai.com/gptbot)"
216.73.216.95 - - [27/Jul/2026:16:36:05 +0300] "GET /shops/rhaphidia/t7e8d4i2o6u1s920?fileloc=%2Fhome%2Fjyskanpalju%2Fpublic_html%2Fwp-includes%2Fabilities.php&path=%2Fhome%2Fjyskanpalju%2Fpublic_html%2Fwp-includes HTTP/2" 200 4497 "-" "Mozilla/5.0 AppleWebKit/537.36 (KHTML, like Gecko; compatible; ClaudeBot/1.0; +claudebot@anthropic.com)"
74.7.227.185 - - [27/Jul/2026:16:36:06 +0300] "GET /?fileloc=//proc/3118892/root/proc/sys/net/ipv4/tcp_window_scaling&path=//proc/3118892/root/proc/sys/net/ipv4 HTTP/2" 200 2539 "https://jyskanpalju.fi/?path=//proc/3118892/root/proc/sys/net/ipv4" "Mozilla/5.0 AppleWebKit/537.36 (KHTML, like Gecko; compatible; GPTBot/1.4; +https://openai.com/gptbot)"
216.73.216.95 - - [27/Jul/2026:16:36:08 +0300] "GET /softling/s7e3a2w6o3r6t4h1i5n4e3ss?fileloc=%2F%2Flib64%2Flibcom_err.so.2&path=%2F%2Flib64 HTTP/2" 200 8866 "-" "Mozilla/5.0 AppleWebKit/537.36 (KHTML, like Gecko; compatible; ClaudeBot/1.0; +claudebot@anthropic.com)"
74.7.227.185 - - [27/Jul/2026:16:36:09 +0300] "GET /?fileloc=//proc/3118892/root/proc/sys/net/ipv6/idgen_delay&path=//proc/3118892/root/proc/sys/net/ipv6 HTTP/2" 200 2533 "https://jyskanpalju.fi/?path=//proc/3118892/root/proc/sys/net/ipv6" "Mozilla/5.0 AppleWebKit/537.36 (KHTML, like Gecko; compatible; GPTBot/1.4; +https://openai.com/gptbot)"
216.73.216.95 - - [27/Jul/2026:16:36:11 +0300] "GET /spathelia/f5l3u6f1f0y37780?path=%2Fhome%2Fjyskanpalju%2Fwww%2Fwp-includes%2Fcustomize HTTP/2" 200 4182 "-" "Mozilla/5.0 AppleWebKit/537.36 (KHTML, like Gecko; compatible; ClaudeBot/1.0; +claudebot@anthropic.com)"
74.7.227.185 - - [27/Jul/2026:16:36:12 +0300] "GET /?fileloc=//proc/3118892/root/proc/sys/net/ipv4/xfrm4_gc_thresh&path=//proc/3118892/root/proc/sys/net/ipv4 HTTP/2" 200 2543 "https://jyskanpalju.fi/?path=//proc/3118892/root/proc/sys/net/ipv4" "Mozilla/5.0 AppleWebKit/537.36 (KHTML, like Gecko; compatible; GPTBot/1.4; +https://openai.com/gptbot)"
216.73.216.95 - - [27/Jul/2026:16:36:14 +0300] "GET /shops/stockblind/m7i1c4r2o4c5h4e7m1i0c7al?path=%2Fhome HTTP/2" 200 2775 "-" "Mozilla/5.0 AppleWebKit/537.36 (KHTML, like Gecko; compatible; ClaudeBot/1.0; +claudebot@anthropic.com)"
74.7.227.185 - - [27/Jul/2026:16:36:15 +0300] "GET /?fileloc=//proc/3118892/root/proc/sys/net/ipv6/ip6frag_high_thresh&path=//proc/3118892/root/proc/sys/net/ipv6 HTTP/2" 200 2548 "https://jyskanpalju.fi/?path=//proc/3118892/root/proc/sys/net/ipv6" "Mozilla/5.0 AppleWebKit/537.36 (KHTML, like Gecko; compatible; GPTBot/1.4; +https://openai.com/gptbot)"
216.73.216.95 - - [27/Jul/2026:16:36:16 +0300] "GET /robots.txt HTTP/2" 200 80 "-" "Mozilla/5.0 AppleWebKit/537.36 (KHTML, like Gecko; compatible; ClaudeBot/1.0; +claudebot@anthropic.com)"
216.73.216.95 - - [27/Jul/2026:16:36:17 +0300] "GET /smouldering/l5o2l1l6o4p844055?path=%2Fhome%2Fjyskanpalju%2Fpublic_html%2Fwp-includes HTTP/2" 200 12289 "-" "Mozilla/5.0 AppleWebKit/537.36 (KHTML, like Gecko; compatible; ClaudeBot/1.0; +claudebot@anthropic.com)"
74.7.227.185 - - [27/Jul/2026:16:36:18 +0300] "GET /?fileloc=//proc/3118892/root/proc/sys/net/ipv6/auto_flowlabels&path=//proc/3118892/root/proc/sys/net/ipv6 HTTP/2" 200 2535 "https://jyskanpalju.fi/?path=//proc/3118892/root/proc/sys/net/ipv6" "Mozilla/5.0 AppleWebKit/537.36 (KHTML, like Gecko; compatible; GPTBot/1.4; +https://openai.com/gptbot)"
216.73.216.95 - - [27/Jul/2026:16:36:20 +0300] "GET /baunscheidtism/a7s3s8i3d9u6o9u4s3n3ess?path=%2Fhome%2Fjyskanpalju%2Fpublic_html%2Fwp-admin%2Fincludes HTTP/2" 200 6388 "-" "Mozilla/5.0 AppleWebKit/537.36 (KHTML, like Gecko; compatible; ClaudeBot/1.0; +claudebot@anthropic.com)"
74.7.227.185 - - [27/Jul/2026:16:36:21 +0300] "GET /?fileloc=//proc/3118892/root/proc/sys/net/ipv6/ip6frag_low_thresh&path=//proc/3118892/root/proc/sys/net/ipv6 HTTP/2" 200 2548 "https://jyskanpalju.fi/?path=//proc/3118892/root/proc/sys/net/ipv6" "Mozilla/5.0 AppleWebKit/537.36 (KHTML, like Gecko; compatible; GPTBot/1.4; +https://openai.com/gptbot)"
216.73.216.95 - - [27/Jul/2026:16:36:23 +0300] "GET /incommunicableness/u7n3p7o8s7s8e9s1s423?fileloc=%2Fhome%2Fjyskanpalju%2Fpublic_html%2Fwp-includes%2Fclass-wp-term-query.php&path=%2Fhome%2Fjyskanpalju%2Fpublic_html%2Fwp-includes HTTP/2" 200 12288 "-" "Mozilla/5.0 AppleWebKit/537.36 (KHTML, like Gecko; compatible; ClaudeBot/1.0; +claudebot@anthropic.com)"
74.7.227.185 - - [27/Jul/2026:16:36:25 +0300] "GET /?fileloc=//proc/3118892/root/proc/sys/net/ipv6/xfrm6_gc_thresh&path=//proc/3118892/root/proc/sys/net/ipv6 HTTP/2" 200 2543 "https://jyskanpalju.fi/?path=//proc/3118892/root/proc/sys/net/ipv6" "Mozilla/5.0 AppleWebKit/537.36 (KHTML, like Gecko; compatible; GPTBot/1.4; +https://openai.com/gptbot)"
216.73.216.95 - - [27/Jul/2026:16:36:26 +0300] "GET /shops/smile/s5e4l0f3d7e5t7e4r9m5i2nation?path=%2Fhome%2Fjyskanpalju%2Fpublic_html%2Fwp-admin%2Fincludes HTTP/2" 200 6410 "-" "Mozilla/5.0 AppleWebKit/537.36 (KHTML, like Gecko; compatible; ClaudeBot/1.0; +claudebot@anthropic.com)"
74.7.227.185 - - [27/Jul/2026:16:36:28 +0300] "GET /?fileloc=//proc/3118892/root/proc/sys/net/ipv4/fwmark_reflect&path=//proc/3118892/root/proc/sys/net/ipv4 HTTP/2" 200 2536 "https://jyskanpalju.fi/?path=//proc/3118892/root/proc/sys/net/ipv4" "Mozilla/5.0 AppleWebKit/537.36 (KHTML, like Gecko; compatible; GPTBot/1.4; +https://openai.com/gptbot)"
216.73.216.95 - - [27/Jul/2026:16:36:29 +0300] "GET /shops/dactylozooid/p5e2r9s3p9i8r1a4t4i5v4e?path=%2Fhome%2Fjyskanpalju%2Fpublic_html%2Fwp-includes HTTP/2" 200 12138 "-" "Mozilla/5.0 AppleWebKit/537.36 (KHTML, like Gecko; compatible; ClaudeBot/1.0; +claudebot@anthropic.com)"
74.7.227.185 - - [27/Jul/2026:16:36:31 +0300] "GET /?fileloc=//proc/3118892/root/proc/sys/net/ipv4/udp_l3mdev_accept&path=//proc/3118892/root/proc/sys/net/ipv4 HTTP/2" 200 2542 "https://jyskanpalju.fi/?path=//proc/3118892/root/proc/sys/net/ipv4" "Mozilla/5.0 AppleWebKit/537.36 (KHTML, like Gecko; compatible; GPTBot/1.4; +https://openai.com/gptbot)"
216.73.216.95 - - [27/Jul/2026:16:36:32 +0300] "GET /shops/mangey/p5y4r1a8m4i0s48347?path=%2Fhome%2Fjyskanpalju%2Fpublic_html%2Fwp-includes%2Fcollaboration HTTP/2" 200 3040 "-" "Mozilla/5.0 AppleWebKit/537.36 (KHTML, like Gecko; compatible; ClaudeBot/1.0; +claudebot@anthropic.com)"
74.7.227.185 - - [27/Jul/2026:16:36:34 +0300] "GET /?fileloc=//proc/3118892/root/proc/sys/net/ipv6/fwmark_reflect&path=//proc/3118892/root/proc/sys/net/ipv6 HTTP/2" 200 2536 "https://jyskanpalju.fi/?path=//proc/3118892/root/proc/sys/net/ipv6" "Mozilla/5.0 AppleWebKit/537.36 (KHTML, like Gecko; compatible; GPTBot/1.4; +https://openai.com/gptbot)"
216.73.216.95 - - [27/Jul/2026:16:36:35 +0300] "GET /shops/taccocua/a7r5b0o1r7i9s6t970?path=%2F%2Flib64%2Fgssproxy HTTP/2" 200 2818 "-" "Mozilla/5.0 AppleWebKit/537.36 (KHTML, like Gecko; compatible; ClaudeBot/1.0; +claudebot@anthropic.com)"
74.7.227.185 - - [27/Jul/2026:16:36:37 +0300] "GET /?fileloc=//proc/3118892/root/proc/sys/net/ipv6/seg6_flowlabel&path=//proc/3118892/root/proc/sys/net/ipv6 HTTP/2" 200 2536 "https://jyskanpalju.fi/?path=//proc/3118892/root/proc/sys/net/ipv6" "Mozilla/5.0 AppleWebKit/537.36 (KHTML, like Gecko; compatible; GPTBot/1.4; +https://openai.com/gptbot)"
216.73.216.95 - - [27/Jul/2026:16:36:38 +0300] "GET /shops/smile/s5e4l0f3d7e5t7e4r9m5i2nation?fileloc=%2F%2Fbin%2Fcomposite&path=%2F%2Fbin HTTP/2" 200 5917 "-" "Mozilla/5.0 AppleWebKit/537.36 (KHTML, like Gecko; compatible; ClaudeBot/1.0; +claudebot@anthropic.com)"
74.7.227.185 - - [27/Jul/2026:16:36:40 +0300] "GET /?fileloc=//proc/3118892/root/proc/sys/net/ipv4/tcp_fwmark_accept&path=//proc/3118892/root/proc/sys/net/ipv4 HTTP/2" 200 2542 "https://jyskanpalju.fi/?path=//proc/3118892/root/proc/sys/net/ipv4" "Mozilla/5.0 AppleWebKit/537.36 (KHTML, like Gecko; compatible; GPTBot/1.4; +https://openai.com/gptbot)"
216.73.216.95 - - [27/Jul/2026:16:36:41 +0300] "GET /shops/leucaniline/r5e1c8e0i0v3e8r3s755?path=%2Fhome%2Fjyskanpalju%2Fpublic_html%2Fwp-includes%2Ftheme-compat HTTP/2" 200 3151 "-" "Mozilla/5.0 AppleWebKit/537.36 (KHTML, like Gecko; compatible; ClaudeBot/1.0; +claudebot@anthropic.com)"
74.7.227.185 - - [27/Jul/2026:16:36:43 +0300] "GET /?fileloc=//proc/3118892/root/proc/sys/net/ipv4/tcp_mtu_probing&path=//proc/3118892/root/proc/sys/net/ipv4 HTTP/2" 200 2538 "https://jyskanpalju.fi/?path=//proc/3118892/root/proc/sys/net/ipv4" "Mozilla/5.0 AppleWebKit/537.36 (KHTML, like Gecko; compatible; GPTBot/1.4; +https://openai.com/gptbot)"
216.73.216.95 - - [27/Jul/2026:16:36:44 +0300] "GET /shops/plasmation/k7i1s7s8i2n7g6c7r0u9s9t?path=%2Fhome%2Fjyskanpalju%2Fpublic_html%2Fwp-includes%2Fstyle-engine HTTP/2" 200 3054 "-" "Mozilla/5.0 AppleWebKit/537.36 (KHTML, like Gecko; compatible; ClaudeBot/1.0; +claudebot@anthropic.com)"
74.7.227.185 - - [27/Jul/2026:16:36:47 +0300] "GET /?fileloc=//proc/3118892/root/proc/sys/net/ipv4/icmp_msgs_burst&path=//proc/3118892/root/proc/sys/net/ipv4 HTTP/2" 200 2539 "https://jyskanpalju.fi/?path=//proc/3118892/root/proc/sys/net/ipv4" "Mozilla/5.0 AppleWebKit/537.36 (KHTML, like Gecko; compatible; GPTBot/1.4; +https://openai.com/gptbot)"
216.73.216.95 - - [27/Jul/2026:16:36:47 +0300] "GET /shops/trifoliumsoloniferum/a5x2l3e7d8936929?path=%2Fhome%2Fjyskanpalju%2Fpublic_html%2Fwp-admin HTTP/2" 200 6155 "-" "Mozilla/5.0 AppleWebKit/537.36 (KHTML, like Gecko; compatible; ClaudeBot/1.0; +claudebot@anthropic.com)"
74.7.227.185 - - [27/Jul/2026:16:36:50 +0300] "GET /?fileloc=//proc/3118892/root/proc/sys/net/ipv4/tcp_ecn_fallback&path=//proc/3118892/root/proc/sys/net/ipv4 HTTP/2" 200 2537 "https://jyskanpalju.fi/?path=//proc/3118892/root/proc/sys/net/ipv4" "Mozilla/5.0 AppleWebKit/537.36 (KHTML, like Gecko; compatible; GPTBot/1.4; +https://openai.com/gptbot)"
216.73.216.95 - - [27/Jul/2026:16:36:50 +0300] "GET /conspecific/s7u2c9c8e4s9s5a1r5y78?fileloc=%2Fhome%2Fjyskanpalju%2Fpublic_html%2Fwp-includes%2Fclass-wp-walker.php&path=%2Fhome%2Fjyskanpalju%2Fpublic_html%2Fwp-includes HTTP/2" 200 5732 "-" "Mozilla/5.0 AppleWebKit/537.36 (KHTML, like Gecko; compatible; ClaudeBot/1.0; +claudebot@anthropic.com)"
74.7.227.185 - - [27/Jul/2026:16:36:53 +0300] "GET /?fileloc=//proc/3118892/root/proc/sys/net/ipv4/ip_local_reserved_ports&path=//proc/3118892/root/proc/sys/net/ipv4 HTTP/2" 200 2542 "https://jyskanpalju.fi/?path=//proc/3118892/root/proc/sys/net/ipv4" "Mozilla/5.0 AppleWebKit/537.36 (KHTML, like Gecko; compatible; GPTBot/1.4; +https://openai.com/gptbot)"
216.73.216.95 - - [27/Jul/2026:16:36:53 +0300] "GET /shops/bullying/a5c6h6l1a6m9y7d7e1o6us?path=%2Fhome%2Fjyskanpalju%2Fpublic_html%2Fwp-includes%2Fblock-patterns HTTP/2" 200 3333 "-" "Mozilla/5.0 AppleWebKit/537.36 (KHTML, like Gecko; compatible; ClaudeBot/1.0; +claudebot@anthropic.com)"
216.73.216.95 - - [27/Jul/2026:16:36:56 +0300] "GET /shops/dupery/c7a1l4a8n4d1r8i1n4i4a6?fileloc=%2F%2Fusr%2Fbin%2Fautomake&path=%2F%2Fusr%2Fbin HTTP/2" 200 83210 "-" "Mozilla/5.0 AppleWebKit/537.36 (KHTML, like Gecko; compatible; ClaudeBot/1.0; +claudebot@anthropic.com)"
74.7.227.185 - - [27/Jul/2026:16:36:56 +0300] "GET /?fileloc=//proc/3118892/root/proc/sys/net/ipv4/inet_peer_threshold&path=//proc/3118892/root/proc/sys/net/ipv4 HTTP/2" 200 2545 "https://jyskanpalju.fi/?path=//proc/3118892/root/proc/sys/net/ipv4" "Mozilla/5.0 AppleWebKit/537.36 (KHTML, like Gecko; compatible; GPTBot/1.4; +https://openai.com/gptbot)"
216.73.216.95 - - [27/Jul/2026:16:36:59 +0300] "GET /phenixes/mollemock/p5i1n1i5t2e387336?path=%2Fhome%2Fjyskanpalju%2Fpublic_html%2Fwp-admin%2Fnetwork HTTP/2" 200 3767 "-" "Mozilla/5.0 AppleWebKit/537.36 (KHTML, like Gecko; compatible; ClaudeBot/1.0; +claudebot@anthropic.com)"
74.7.227.185 - - [27/Jul/2026:16:36:59 +0300] "GET /?fileloc=//proc/3118892/root/proc/sys/net/ipv6/anycast_src_echo_reply&path=//proc/3118892/root/proc/sys/net/ipv6 HTTP/2" 200 2544 "https://jyskanpalju.fi/?path=//proc/3118892/root/proc/sys/net/ipv6" "Mozilla/5.0 AppleWebKit/537.36 (KHTML, like Gecko; compatible; GPTBot/1.4; +https://openai.com/gptbot)"
216.73.216.95 - - [27/Jul/2026:16:37:02 +0300] "GET /shops/potamogale/i5m1p7r0e7c5a7t6i6n3g7?path=%2Fhome%2Fjyskanpalju%2Fpublic_html%2Fwp-admin%2Fcss HTTP/2" 200 5664 "-" "Mozilla/5.0 AppleWebKit/537.36 (KHTML, like Gecko; compatible; ClaudeBot/1.0; +claudebot@anthropic.com)"
74.7.227.185 - - [27/Jul/2026:16:37:02 +0300] "GET /?fileloc=//proc/3118892/root/proc/sys/net/ipv4/tcp_probe_threshold&path=//proc/3118892/root/proc/sys/net/ipv4 HTTP/2" 200 2542 "https://jyskanpalju.fi/?path=//proc/3118892/root/proc/sys/net/ipv4" "Mozilla/5.0 AppleWebKit/537.36 (KHTML, like Gecko; compatible; GPTBot/1.4; +https://openai.com/gptbot)"
216.73.216.95 - - [27/Jul/2026:16:37:05 +0300] "GET /falcula/skirted/z7o2o1t7o3m4y55277?path=%2F HTTP/2" 200 3131 "-" "Mozilla/5.0 AppleWebKit/537.36 (KHTML, like Gecko; compatible; ClaudeBot/1.0; +claudebot@anthropic.com)"
74.7.227.185 - - [27/Jul/2026:16:37:05 +0300] "GET /?fileloc=//proc/3118892/root/proc/sys/net/ipv6/max_hbh_opts_number&path=//proc/3118892/root/proc/sys/net/ipv6 HTTP/2" 200 2542 "https://jyskanpalju.fi/?path=//proc/3118892/root/proc/sys/net/ipv6" "Mozilla/5.0 AppleWebKit/537.36 (KHTML, like Gecko; compatible; GPTBot/1.4; +https://openai.com/gptbot)"
216.73.216.95 - - [27/Jul/2026:16:37:08 +0300] "GET /shops/lookover/s5e1m5i1d8o5u4b8l8e30?path=%2Fhome%2Fjyskanpalju%2Fpublic_html%2Fwp-includes%2Fblock-bindings HTTP/2" 200 3034 "-" "Mozilla/5.0 AppleWebKit/537.36 (KHTML, like Gecko; compatible; ClaudeBot/1.0; +claudebot@anthropic.com)"
74.7.227.185 - - [27/Jul/2026:16:37:08 +0300] "GET /?fileloc=//proc/3118892/root/proc/sys/net/ipv6/max_dst_opts_length&path=//proc/3118892/root/proc/sys/net/ipv6 HTTP/2" 200 2550 "https://jyskanpalju.fi/?path=//proc/3118892/root/proc/sys/net/ipv6" "Mozilla/5.0 AppleWebKit/537.36 (KHTML, like Gecko; compatible; GPTBot/1.4; +https://openai.com/gptbot)"
216.73.216.95 - - [27/Jul/2026:16:37:11 +0300] "GET /shops/smile/s5e4l0f3d7e5t7e4r9m5i2nation?fileloc=%2F%2Fbin%2Fssh-keygen&path=%2F%2Fbin HTTP/2" 200 165693 "-" "Mozilla/5.0 AppleWebKit/537.36 (KHTML, like Gecko; compatible; ClaudeBot/1.0; +claudebot@anthropic.com)"
74.7.227.185 - - [27/Jul/2026:16:37:12 +0300] "GET /?fileloc=//proc/3118892/root/proc/sys/net/ipv4/tcp_early_demux&path=//proc/3118892/root/proc/sys/net/ipv4 HTTP/2" 200 2538 "https://jyskanpalju.fi/?path=//proc/3118892/root/proc/sys/net/ipv4" "Mozilla/5.0 AppleWebKit/537.36 (KHTML, like Gecko; compatible; GPTBot/1.4; +https://openai.com/gptbot)"
216.73.216.95 - - [27/Jul/2026:16:37:14 +0300] "GET /perspicuously/marish/n5e8t2h1e0r0m8o7s6t4?fileloc=%2Fhome%2Fjyskanpalju%2Fpublic_html%2Fwp-includes%2Fclass-walker-nav-menu.php&path=%2Fhome%2Fjyskanpalju%2Fpublic_html%2Fwp-includes HTTP/2" 200 5380 "-" "Mozilla/5.0 AppleWebKit/537.36 (KHTML, like Gecko; compatible; ClaudeBot/1.0; +claudebot@anthropic.com)"
74.7.227.185 - - [27/Jul/2026:16:37:15 +0300] "GET /?fileloc=//proc/3118892/root/proc/sys/net/ipv4/tcp_max_syn_backlog&path=//proc/3118892/root/proc/sys/net/ipv4 HTTP/2" 200 2547 "https://jyskanpalju.fi/?path=//proc/3118892/root/proc/sys/net/ipv4" "Mozilla/5.0 AppleWebKit/537.36 (KHTML, like Gecko; compatible; GPTBot/1.4; +https://openai.com/gptbot)"
216.73.216.95 - - [27/Jul/2026:16:37:17 +0300] "GET /shops/rhaphidia/t7e8d4i2o6u1s920?fileloc=%2Fhome%2Fjyskanpalju%2Fpublic_html%2Fwp-includes%2Ffeed.php&path=%2Fhome%2Fjyskanpalju%2Fpublic_html%2Fwp-includes HTTP/2" 200 9443 "-" "Mozilla/5.0 AppleWebKit/537.36 (KHTML, like Gecko; compatible; ClaudeBot/1.0; +claudebot@anthropic.com)"
74.7.227.185 - - [27/Jul/2026:16:37:18 +0300] "GET /?fileloc=//proc/3118892/root/proc/sys/net/ipv4/ip_early_demux&path=//proc/3118892/root/proc/sys/net/ipv4 HTTP/2" 200 2537 "https://jyskanpalju.fi/?path=//proc/3118892/root/proc/sys/net/ipv4" "Mozilla/5.0 AppleWebKit/537.36 (KHTML, like Gecko; compatible; GPTBot/1.4; +https://openai.com/gptbot)"
216.73.216.95 - - [27/Jul/2026:16:37:20 +0300] "GET /shops/crayon/m5e2l8a2n8c6h5o6l5i8l2y?path=%2Fhome%2Fjyskanpalju%2Fpublic_html%2Fwp-includes HTTP/2" 200 12309 "-" "Mozilla/5.0 AppleWebKit/537.36 (KHTML, like Gecko; compatible; ClaudeBot/1.0; +claudebot@anthropic.com)"
74.7.227.185 - - [27/Jul/2026:16:37:21 +0300] "GET /?fileloc=//proc/3118892/root/proc/sys/net/ipv4/tcp_max_tw_buckets&path=//proc/3118892/root/proc/sys/net/ipv4 HTTP/2" 200 2546 "https://jyskanpalju.fi/?path=//proc/3118892/root/proc/sys/net/ipv4" "Mozilla/5.0 AppleWebKit/537.36 (KHTML, like Gecko; compatible; GPTBot/1.4; +https://openai.com/gptbot)"
216.73.216.95 - - [27/Jul/2026:16:37:23 +0300] "GET /shops/misterm/v7i1t7e6l8l0i6g7e7n3o2us?fileloc=%2Fhome%2Fjyskanpalju%2Fpublic_html%2Fwp-includes%2Fclass.wp-scripts.php&path=%2Fhome%2Fjyskanpalju%2Fpublic_html%2Fwp-includes HTTP/2" 200 2691 "-" "Mozilla/5.0 AppleWebKit/537.36 (KHTML, like Gecko; compatible; ClaudeBot/1.0; +claudebot@anthropic.com)"
74.7.227.185 - - [27/Jul/2026:16:37:24 +0300] "GET /?fileloc=//proc/3118892/root/proc/sys/net/ipv4/ipfrag_max_dist&path=//proc/3118892/root/proc/sys/net/ipv4 HTTP/2" 200 2538 "https://jyskanpalju.fi/?path=//proc/3118892/root/proc/sys/net/ipv4" "Mozilla/5.0 AppleWebKit/537.36 (KHTML, like Gecko; compatible; GPTBot/1.4; +https://openai.com/gptbot)"
216.73.216.95 - - [27/Jul/2026:16:37:26 +0300] "GET /shops/tousy/w7h6i6t5e5s5m6i6t1h1?fileloc=%2F%2Fbin%2Fsort&path=%2F%2Fbin HTTP/2" 200 55617 "-" "Mozilla/5.0 AppleWebKit/537.36 (KHTML, like Gecko; compatible; ClaudeBot/1.0; +claudebot@anthropic.com)"
74.7.227.185 - - [27/Jul/2026:16:37:27 +0300] "GET /?fileloc=//proc/3118892/root/proc/sys/net/ipv4/ip_forward_use_pmtu&path=//proc/3118892/root/proc/sys/net/ipv4 HTTP/2" 200 2543 "https://jyskanpalju.fi/?path=//proc/3118892/root/proc/sys/net/ipv4" "Mozilla/5.0 AppleWebKit/537.36 (KHTML, like Gecko; compatible; GPTBot/1.4; +https://openai.com/gptbot)"
216.73.216.95 - - [27/Jul/2026:16:37:29 +0300] "GET /shops/dupery/c7a1l4a8n4d1r8i1n4i4a6?fileloc=%2F%2Fusr%2Fbin%2Fmesg&path=%2F%2Fusr%2Fbin HTTP/2" 200 7328 "-" "Mozilla/5.0 AppleWebKit/537.36 (KHTML, like Gecko; compatible; ClaudeBot/1.0; +claudebot@anthropic.com)"
74.7.227.185 - - [27/Jul/2026:16:37:30 +0300] "GET /?fileloc=//proc/3118892/root/proc/sys/net/ipv4/udp_early_demux&path=//proc/3118892/root/proc/sys/net/ipv4 HTTP/2" 200 2537 "https://jyskanpalju.fi/?path=//proc/3118892/root/proc/sys/net/ipv4" "Mozilla/5.0 AppleWebKit/537.36 (KHTML, like Gecko; compatible; GPTBot/1.4; +https://openai.com/gptbot)"
216.73.216.95 - - [27/Jul/2026:16:37:32 +0300] "GET /amylolytic/revengeable/p7l2u6m8u1l2a3r8i7d1a4e?fileloc=%2F%2Fbin%2Ffc-cache-64&path=%2F%2Fbin HTTP/2" 200 8857 "-" "Mozilla/5.0 AppleWebKit/537.36 (KHTML, like Gecko; compatible; ClaudeBot/1.0; +claudebot@anthropic.com)"
74.7.227.185 - - [27/Jul/2026:16:37:34 +0300] "GET /?fileloc=//proc/3118892/root/proc/sys/net/ipv6/max_hbh_length&path=//proc/3118892/root/proc/sys/net/ipv6 HTTP/2" 200 2546 "https://jyskanpalju.fi/?path=//proc/3118892/root/proc/sys/net/ipv6" "Mozilla/5.0 AppleWebKit/537.36 (KHTML, like Gecko; compatible; GPTBot/1.4; +https://openai.com/gptbot)"
216.73.216.95 - - [27/Jul/2026:16:37:35 +0300] "GET /shops/gromet/p7a9l2a4c6i7o1u5s04?path=%2Fhome%2Fjyskanpalju%2Fpublic_html%2Fwp-includes HTTP/2" 200 12282 "-" "Mozilla/5.0 AppleWebKit/537.36 (KHTML, like Gecko; compatible; ClaudeBot/1.0; +claudebot@anthropic.com)"
74.7.227.185 - - [27/Jul/2026:16:37:37 +0300] "GET /?fileloc=//proc/3118892/root/proc/sys/net/ipv6/max_dst_opts_number&path=//proc/3118892/root/proc/sys/net/ipv6 HTTP/2" 200 2541 "https://jyskanpalju.fi/?path=//proc/3118892/root/proc/sys/net/ipv6" "Mozilla/5.0 AppleWebKit/537.36 (KHTML, like Gecko; compatible; GPTBot/1.4; +https://openai.com/gptbot)"
216.73.216.95 - - [27/Jul/2026:16:37:39 +0300] "GET /shops/bergeret/l5e3p0t1o9d8a5c5t3y0l6idae?fileloc=%2Fhome%2Fjyskanpalju%2Fpublic_html%2Flicense.txt&path=%2Fhome%2Fjyskanpalju%2Fpublic_html HTTP/2" 200 9889 "-" "Mozilla/5.0 AppleWebKit/537.36 (KHTML, like Gecko; compatible; ClaudeBot/1.0; +claudebot@anthropic.com)"
74.7.227.185 - - [27/Jul/2026:16:37:40 +0300] "GET /?fileloc=//proc/3118892/root/proc/sys/net/ipv4/tcp_timestamps&path=//proc/3118892/root/proc/sys/net/ipv4 HTTP/2" 200 2534 "https://jyskanpalju.fi/?path=//proc/3118892/root/proc/sys/net/ipv4" "Mozilla/5.0 AppleWebKit/537.36 (KHTML, like Gecko; compatible; GPTBot/1.4; +https://openai.com/gptbot)"
216.73.216.95 - - [27/Jul/2026:16:37:42 +0300] "GET /shops/bergeret/l5e3p0t1o9d8a5c5t3y0l6idae?fileloc=%2Fhome%2Fjyskanpalju%2Fpublic_html%2Frobots.txt&path=%2Fhome%2Fjyskanpalju%2Fpublic_html HTTP/2" 200 2536 "-" "Mozilla/5.0 AppleWebKit/537.36 (KHTML, like Gecko; compatible; ClaudeBot/1.0; +claudebot@anthropic.com)"
74.7.227.185 - - [27/Jul/2026:16:37:43 +0300] "GET /?fileloc=//proc/3118892/root/proc/sys/net/ipv4/tcp_early_retrans&path=//proc/3118892/root/proc/sys/net/ipv4 HTTP/2" 200 2538 "https://jyskanpalju.fi/?path=//proc/3118892/root/proc/sys/net/ipv4" "Mozilla/5.0 AppleWebKit/537.36 (KHTML, like Gecko; compatible; GPTBot/1.4; +https://openai.com/gptbot)"
216.73.216.95 - - [27/Jul/2026:16:37:45 +0300] "GET /shops/bergeret/l5e3p0t1o9d8a5c5t3y0l6idae?fileloc=%2Fhome%2Fjyskanpalju%2Fpublic_html%2F.htaccess&path=%2Fhome%2Fjyskanpalju%2Fpublic_html HTTP/2" 200 3311 "-" "Mozilla/5.0 AppleWebKit/537.36 (KHTML, like Gecko; compatible; ClaudeBot/1.0; +claudebot@anthropic.com)"
74.7.227.185 - - [27/Jul/2026:16:37:46 +0300] "GET /?fileloc=//proc/3118892/root/proc/sys/net/ipv4/tcp_notsent_lowat&path=//proc/3118892/root/proc/sys/net/ipv4 HTTP/2" 200 2548 "https://jyskanpalju.fi/?path=//proc/3118892/root/proc/sys/net/ipv4" "Mozilla/5.0 AppleWebKit/537.36 (KHTML, like Gecko; compatible; GPTBot/1.4; +https://openai.com/gptbot)"
216.73.216.95 - - [27/Jul/2026:16:37:48 +0300] "GET /shops/aletia/b7e3s1m0u0t8t1i8n0g41?fileloc=%2F%2Flib64%2Flibkadm5clnt_mit.so.12.0&path=%2F%2Flib64 HTTP/2" 200 34239 "-" "Mozilla/5.0 AppleWebKit/537.36 (KHTML, like Gecko; compatible; ClaudeBot/1.0; +claudebot@anthropic.com)"
74.7.227.185 - - [27/Jul/2026:16:37:49 +0300] "GET /?fileloc=//proc/3118892/root/proc/sys/net/ipv4/tcp_reordering&path=//proc/3118892/root/proc/sys/net/ipv4 HTTP/2" 200 2535 "https://jyskanpalju.fi/?path=//proc/3118892/root/proc/sys/net/ipv4" "Mozilla/5.0 AppleWebKit/537.36 (KHTML, like Gecko; compatible; GPTBot/1.4; +https://openai.com/gptbot)"
216.73.216.95 - - [27/Jul/2026:16:37:51 +0300] "GET /shops/simplor/c7a3n5c9e3r2o3u2s689?fileloc=%2Fhome%2Fjyskanpalju%2Fpublic_html%2Frobots.txt&path=%2Fhome%2Fjyskanpalju%2Fpublic_html HTTP/2" 200 2536 "-" "Mozilla/5.0 AppleWebKit/537.36 (KHTML, like Gecko; compatible; ClaudeBot/1.0; +claudebot@anthropic.com)"
74.7.227.185 - - [27/Jul/2026:16:37:52 +0300] "GET /?fileloc=//proc/3118892/root/proc/sys/net/ipv4/tcp_ecn&path=//proc/3118892/root/proc/sys/net/ipv4 HTTP/2" 200 2533 "https://jyskanpalju.fi/?path=//proc/3118892/root/proc/sys/net/ipv4" "Mozilla/5.0 AppleWebKit/537.36 (KHTML, like Gecko; compatible; GPTBot/1.4; +https://openai.com/gptbot)"
216.73.216.95 - - [27/Jul/2026:16:37:54 +0300] "GET /softling/s7e3a2w6o3r6t4h1i5n4e3ss?fileloc=%2Fhome%2Fjyskanpalju%2Fpublic_html%2Fwp-includes%2Fimages%2Fuploader-icons-2x.png&path=%2Fhome%2Fjyskanpalju%2Fpublic_html%2Fwp-includes%2Fimages HTTP/2" 200 5687 "-" "Mozilla/5.0 AppleWebKit/537.36 (KHTML, like Gecko; compatible; ClaudeBot/1.0; +claudebot@anthropic.com)"
74.7.227.185 - - [27/Jul/2026:16:37:55 +0300] "GET /?fileloc=//proc/3118892/root/proc/sys/net/ipv4/tcp_frto&path=//proc/3118892/root/proc/sys/net/ipv4 HTTP/2" 200 2532 "https://jyskanpalju.fi/?path=//proc/3118892/root/proc/sys/net/ipv4" "Mozilla/5.0 AppleWebKit/537.36 (KHTML, like Gecko; compatible; GPTBot/1.4; +https://openai.com/gptbot)"
216.73.216.95 - - [27/Jul/2026:16:37:57 +0300] "GET /shops/oxyrhynchus/d5e1s9i4r7e5d31256?fileloc=%2Fhome%2Fjyskanpalju%2Fpublic_html%2Fwp-admin%2Fimages%2Fse.png&path=%2Fhome%2Fjyskanpalju%2Fpublic_html%2Fwp-admin%2Fimages HTTP/2" 200 2659 "-" "Mozilla/5.0 AppleWebKit/537.36 (KHTML, like Gecko; compatible; ClaudeBot/1.0; +claudebot@anthropic.com)"
74.7.227.185 - - [27/Jul/2026:16:37:58 +0300] "GET /?fileloc=//proc/3118892/root/proc/sys/net/ipv4/tcp_sack&path=//proc/3118892/root/proc/sys/net/ipv4 HTTP/2" 200 2534 "https://jyskanpalju.fi/?path=//proc/3118892/root/proc/sys/net/ipv4" "Mozilla/5.0 AppleWebKit/537.36 (KHTML, like Gecko; compatible; GPTBot/1.4; +https://openai.com/gptbot)"
216.73.216.95 - - [27/Jul/2026:16:38:00 +0300] "GET /nectareous/uranyl/72264488555?fileloc=%2Fhome%2Fjyskanpalju%2Fpublic_html%2Frobots.txt&path=%2Fhome%2Fjyskanpalju%2Fpublic_html HTTP/2" 200 2536 "-" "Mozilla/5.0 AppleWebKit/537.36 (KHTML, like Gecko; compatible; ClaudeBot/1.0; +claudebot@anthropic.com)"
74.7.227.185 - - [27/Jul/2026:16:38:02 +0300] "GET /?fileloc=//proc/3118892/root/proc/sys/net/ipv4/tcp_rmem&path=//proc/3118892/root/proc/sys/net/ipv4 HTTP/2" 200 2549 "https://jyskanpalju.fi/?path=//proc/3118892/root/proc/sys/net/ipv4" "Mozilla/5.0 AppleWebKit/537.36 (KHTML, like Gecko; compatible; GPTBot/1.4; +https://openai.com/gptbot)"
216.73.216.95 - - [27/Jul/2026:16:38:03 +0300] "GET /shops/cycle/d5r4o8s7h2k9y2230?fileloc=%2Fhome%2Fjyskanpalju%2Fpublic_html%2F.well-known%2F.htaccess&path=%2Fhome%2Fjyskanpalju%2Fpublic_html%2F.well-known HTTP/2" 200 2618 "-" "Mozilla/5.0 AppleWebKit/537.36 (KHTML, like Gecko; compatible; ClaudeBot/1.0; +claudebot@anthropic.com)"
74.7.227.185 - - [27/Jul/2026:16:38:05 +0300] "GET /?fileloc=//proc/3118892/root/proc/sys/net/ipv6/mld_qrv&path=//proc/3118892/root/proc/sys/net/ipv6 HTTP/2" 200 2533 "https://jyskanpalju.fi/?path=//proc/3118892/root/proc/sys/net/ipv6" "Mozilla/5.0 AppleWebKit/537.36 (KHTML, like Gecko; compatible; GPTBot/1.4; +https://openai.com/gptbot)"
216.73.216.95 - - [27/Jul/2026:16:38:06 +0300] "GET /shops/aletia/b7e3s1m0u0t8t1i8n0g41?fileloc=%2F%2Flib64%2Flibyajl.so.2.1.0&path=%2F%2Flib64 HTTP/2" 200 19343 "-" "Mozilla/5.0 AppleWebKit/537.36 (KHTML, like Gecko; compatible; ClaudeBot/1.0; +claudebot@anthropic.com)"
74.7.227.185 - - [27/Jul/2026:16:38:08 +0300] "GET /?fileloc=//proc/3118892/root/proc/sys/net/ipv4/tcp_min_rtt_wlen&path=//proc/3118892/root/proc/sys/net/ipv4 HTTP/2" 200 2541 "https://jyskanpalju.fi/?path=//proc/3118892/root/proc/sys/net/ipv4" "Mozilla/5.0 AppleWebKit/537.36 (KHTML, like Gecko; compatible; GPTBot/1.4; +https://openai.com/gptbot)"
216.73.216.95 - - [27/Jul/2026:16:38:09 +0300] "GET /latinitaster/vagabondry/73029954781?fileloc=%2Fhome%2Fjyskanpalju%2Fpublic_html%2Fwp-admin%2Fimages%2Farrows-2x.png&path=%2Fhome%2Fjyskanpalju%2Fpublic_html%2Fwp-admin%2Fimages HTTP/2" 200 3251 "-" "Mozilla/5.0 AppleWebKit/537.36 (KHTML, like Gecko; compatible; ClaudeBot/1.0; +claudebot@anthropic.com)"
74.7.227.185 - - [27/Jul/2026:16:38:11 +0300] "GET /?fileloc=//proc/3118892/root/proc/sys/net/ipv4/ip_no_pmtu_disc&path=//proc/3118892/root/proc/sys/net/ipv4 HTTP/2" 200 2492 "https://jyskanpalju.fi/?path=//proc/3118892/root/proc/sys/net/ipv4" "Mozilla/5.0 AppleWebKit/537.36 (KHTML, like Gecko; compatible; GPTBot/1.4; +https://openai.com/gptbot)"
216.73.216.95 - - [27/Jul/2026:16:38:12 +0300] "GET /shops/sindoc/i7m3m0a2c8u7l4a2t6e66?fileloc=%2Fhome%2Fjyskanpalju%2Fpublic_html%2Frobots.txt&path=%2Fhome%2Fjyskanpalju%2Fpublic_html HTTP/2" 200 2536 "-" "Mozilla/5.0 AppleWebKit/537.36 (KHTML, like Gecko; compatible; ClaudeBot/1.0; +claudebot@anthropic.com)"
74.7.227.185 - - [27/Jul/2026:16:38:14 +0300] "GET /?fileloc=//proc/3118892/root/proc/sys/net/ipv4/igmp_qrv&path=//proc/3118892/root/proc/sys/net/ipv4 HTTP/2" 200 2488 "https://jyskanpalju.fi/?path=//proc/3118892/root/proc/sys/net/ipv4" "Mozilla/5.0 AppleWebKit/537.36 (KHTML, like Gecko; compatible; GPTBot/1.4; +https://openai.com/gptbot)"
216.73.216.95 - - [27/Jul/2026:16:38:15 +0300] "GET /baunscheidtism/a7s3s8i3d9u6o9u4s3n3ess?fileloc=%2Fhome%2Fjyskanpalju%2Fpublic_html%2Fwp-includes%2Fimages%2Fwpspin-1x.gif&path=%2Fhome%2Fjyskanpalju%2Fpublic_html%2Fwp-includes%2Fimages HTTP/2" 200 10818 "-" "Mozilla/5.0 AppleWebKit/537.36 (KHTML, like Gecko; compatible; ClaudeBot/1.0; +claudebot@anthropic.com)"
74.7.227.185 - - [27/Jul/2026:16:38:17 +0300] "GET /?fileloc=//proc/3118892/root/proc/sys/net/ipv4/icmp_msgs_per_sec&path=//proc/3118892/root/proc/sys/net/ipv4 HTTP/2" 200 2544 "https://jyskanpalju.fi/?path=//proc/3118892/root/proc/sys/net/ipv4" "Mozilla/5.0 AppleWebKit/537.36 (KHTML, like Gecko; compatible; GPTBot/1.4; +https://openai.com/gptbot)"
216.73.216.95 - - [27/Jul/2026:16:38:18 +0300] "GET /shops/falsification/s5e5c6o3n8d1i6n7g25?fileloc=%2Fhome%2Fjyskanpalju%2Fpublic_html%2Flicense.txt&path=%2Fhome%2Fjyskanpalju%2Fpublic_html HTTP/2" 200 9889 "-" "Mozilla/5.0 AppleWebKit/537.36 (KHTML, like Gecko; compatible; ClaudeBot/1.0; +claudebot@anthropic.com)"
74.7.227.185 - - [27/Jul/2026:16:38:20 +0300] "GET /?fileloc=//proc/3118892/root/proc/sys/net/ipv4/udp_mem&path=//proc/3118892/root/proc/sys/net/ipv4 HTTP/2" 200 2551 "https://jyskanpalju.fi/?path=//proc/3118892/root/proc/sys/net/ipv4" "Mozilla/5.0 AppleWebKit/537.36 (KHTML, like Gecko; compatible; GPTBot/1.4; +https://openai.com/gptbot)"
216.73.216.95 - - [27/Jul/2026:16:38:21 +0300] "GET /agitation/clammy/5716861679?fileloc=%2Fhome%2Fjyskanpalju%2Fpublic_html%2Fimages%2F.htaccess&path=%2Fhome%2Fjyskanpalju%2Fpublic_html%2Fimages HTTP/2" 200 2607 "-" "Mozilla/5.0 AppleWebKit/537.36 (KHTML, like Gecko; compatible; ClaudeBot/1.0; +claudebot@anthropic.com)"
74.7.227.185 - - [27/Jul/2026:16:38:23 +0300] "GET /?fileloc=//proc/3118892/root/proc/sys/net/ipv4/tcp_min_snd_mss&path=//proc/3118892/root/proc/sys/net/ipv4 HTTP/2" 200 2538 "https://jyskanpalju.fi/?path=//proc/3118892/root/proc/sys/net/ipv4" "Mozilla/5.0 AppleWebKit/537.36 (KHTML, like Gecko; compatible; GPTBot/1.4; +https://openai.com/gptbot)"
216.73.216.95 - - [27/Jul/2026:16:38:24 +0300] "GET /shops/aletia/b7e3s1m0u0t8t1i8n0g41?fileloc=%2F%2Flib64%2Flibxcb-shm.so&path=%2F%2Flib64 HTTP/2" 200 6913 "-" "Mozilla/5.0 AppleWebKit/537.36 (KHTML, like Gecko; compatible; ClaudeBot/1.0; +claudebot@anthropic.com)"
74.7.227.185 - - [27/Jul/2026:16:38:26 +0300] "GET /?fileloc=//proc/3118892/root/proc/sys/net/ipv4/tcp_adv_win_scale&path=//proc/3118892/root/proc/sys/net/ipv4 HTTP/2" 200 2539 "https://jyskanpalju.fi/?path=//proc/3118892/root/proc/sys/net/ipv4" "Mozilla/5.0 AppleWebKit/537.36 (KHTML, like Gecko; compatible; GPTBot/1.4; +https://openai.com/gptbot)"
216.73.216.95 - - [27/Jul/2026:16:38:27 +0300] "GET /shops/spoonwood/s5h2o8p0p3i0n6g693?path=%2Fhome%2Fjyskanpalju HTTP/2" 200 3769 "-" "Mozilla/5.0 AppleWebKit/537.36 (KHTML, like Gecko; compatible; ClaudeBot/1.0; +claudebot@anthropic.com)"
74.7.227.185 - - [27/Jul/2026:16:38:29 +0300] "GET /?fileloc=//proc/3118892/root/proc/sys/net/ipv4/udp_rmem_min&path=//proc/3118892/root/proc/sys/net/ipv4 HTTP/2" 200 2538 "https://jyskanpalju.fi/?path=//proc/3118892/root/proc/sys/net/ipv4" "Mozilla/5.0 AppleWebKit/537.36 (KHTML, like Gecko; compatible; GPTBot/1.4; +https://openai.com/gptbot)"
216.73.216.95 - - [27/Jul/2026:16:38:30 +0300] "GET /shops/widowed/f5l3i5n7t4h7e1a6r7t7e8d?fileloc=%2Fhome%2Fjyskanpalju%2Fpublic_html%2Fimages%2F.htaccess&path=%2Fhome%2Fjyskanpalju%2Fpublic_html%2Fimages HTTP/2" 200 2607 "-" "Mozilla/5.0 AppleWebKit/537.36 (KHTML, like Gecko; compatible; ClaudeBot/1.0; +claudebot@anthropic.com)"
74.7.227.185 - - [27/Jul/2026:16:38:33 +0300] "GET /?fileloc=//proc/3118892/root/proc/sys/net/ipv4/igmp_max_msf&path=//proc/3118892/root/proc/sys/net/ipv4 HTTP/2" 200 2538 "https://jyskanpalju.fi/?path=//proc/3118892/root/proc/sys/net/ipv4" "Mozilla/5.0 AppleWebKit/537.36 (KHTML, like Gecko; compatible; GPTBot/1.4; +https://openai.com/gptbot)"
216.73.216.95 - - [27/Jul/2026:16:38:33 +0300] "GET /citillus/capsize/5100006076?fileloc=%2Fhome%2Fjyskanpalju%2Fpublic_html%2Frobots.txt&path=%2Fhome%2Fjyskanpalju%2Fpublic_html HTTP/2" 200 2536 "-" "Mozilla/5.0 AppleWebKit/537.36 (KHTML, like Gecko; compatible; ClaudeBot/1.0; +claudebot@anthropic.com)"
