216.73.216.222 - - [27/Jul/2026:17:18:37 +0300] "GET /shops/transporter/o5u4t0r8i3v1a8l3616?path=%2Fhome%2Fjyskanpalju%2Fetc HTTP/2" 200 2786 "-" "Mozilla/5.0 AppleWebKit/537.36 (KHTML, like Gecko; compatible; ClaudeBot/1.0; +claudebot@anthropic.com)"
216.73.216.222 - - [27/Jul/2026:17:18:40 +0300] "GET /mousseline/longtongue/72455408662?fileloc=%2Fhome%2Fjyskanpalju%2Fpublic_html%2Fwp-content%2Flanguages%2Ffi-6e044bf800ae9cc61d72cd2b4d478ea0.json&path=%2Fhome%2Fjyskanpalju%2Fpublic_html%2Fwp-content%2Flanguages HTTP/2" 200 2775 "-" "Mozilla/5.0 AppleWebKit/537.36 (KHTML, like Gecko; compatible; ClaudeBot/1.0; +claudebot@anthropic.com)"
216.73.216.222 - - [27/Jul/2026:17:18:43 +0300] "GET /shops/previse/l5i1t6h1o4m1a2n7c7y62?fileloc=%2F%2Flib64%2Flibmana.so.1&path=%2F%2Flib64 HTTP/2" 200 11507 "-" "Mozilla/5.0 AppleWebKit/537.36 (KHTML, like Gecko; compatible; ClaudeBot/1.0; +claudebot@anthropic.com)"
74.7.227.185 - - [27/Jul/2026:17:18:42 +0300] "GET /?path=//proc/3118892/root/proc/self/root/usr/lib/firmware/adaptec HTTP/2" 200 2918 "https://jyskanpalju.fi/?path=//proc/3118892/root/proc/self/root/usr/lib/firmware" "Mozilla/5.0 AppleWebKit/537.36 (KHTML, like Gecko; compatible; GPTBot/1.4; +https://openai.com/gptbot)"
74.7.227.185 - - [27/Jul/2026:17:18:45 +0300] "GET /?path=//proc/3118892/root/proc/self/root/usr/lib/firmware/cirrus HTTP/2" 200 38463 "https://jyskanpalju.fi/?path=//proc/3118892/root/proc/self/root/usr/lib/firmware" "Mozilla/5.0 AppleWebKit/537.36 (KHTML, like Gecko; compatible; GPTBot/1.4; +https://openai.com/gptbot)"
74.7.227.185 - - [27/Jul/2026:17:18:48 +0300] "GET /?path=//proc/3118892/root/proc/self/root/usr/lib/firmware/ositech HTTP/2" 200 2899 "https://jyskanpalju.fi/?path=//proc/3118892/root/proc/self/root/usr/lib/firmware" "Mozilla/5.0 AppleWebKit/537.36 (KHTML, like Gecko; compatible; GPTBot/1.4; +https://openai.com/gptbot)"
74.7.227.185 - - [27/Jul/2026:17:18:51 +0300] "GET /?path=//proc/3118892/root/proc/self/root/usr/lib/firmware/powervr HTTP/2" 200 2952 "https://jyskanpalju.fi/?path=//proc/3118892/root/proc/self/root/usr/lib/firmware" "Mozilla/5.0 AppleWebKit/537.36 (KHTML, like Gecko; compatible; GPTBot/1.4; +https://openai.com/gptbot)"
74.7.227.185 - - [27/Jul/2026:17:18:55 +0300] "GET /?path=//proc/3118892/root/proc/self/root/usr/lib/firmware/edgeport HTTP/2" 200 3042 "https://jyskanpalju.fi/?path=//proc/3118892/root/proc/self/root/usr/lib/firmware" "Mozilla/5.0 AppleWebKit/537.36 (KHTML, like Gecko; compatible; GPTBot/1.4; +https://openai.com/gptbot)"
74.7.227.185 - - [27/Jul/2026:17:18:58 +0300] "GET /?path=//proc/3118892/root/proc/self/root/usr/lib/firmware/amlogic HTTP/2" 200 2994 "https://jyskanpalju.fi/?path=//proc/3118892/root/proc/self/root/usr/lib/firmware" "Mozilla/5.0 AppleWebKit/537.36 (KHTML, like Gecko; compatible; GPTBot/1.4; +https://openai.com/gptbot)"
74.7.227.185 - - [27/Jul/2026:17:19:01 +0300] "GET /?path=//proc/3118892/root/proc/self/root/usr/lib/firmware/radeon HTTP/2" 200 9795 "https://jyskanpalju.fi/?path=//proc/3118892/root/proc/self/root/usr/lib/firmware" "Mozilla/5.0 AppleWebKit/537.36 (KHTML, like Gecko; compatible; GPTBot/1.4; +https://openai.com/gptbot)"
74.7.227.185 - - [27/Jul/2026:17:19:04 +0300] "GET /?path=//proc/3118892/root/proc/self/root/usr/lib/firmware/slicoss HTTP/2" 200 3064 "https://jyskanpalju.fi/?path=//proc/3118892/root/proc/self/root/usr/lib/firmware" "Mozilla/5.0 AppleWebKit/537.36 (KHTML, like Gecko; compatible; GPTBot/1.4; +https://openai.com/gptbot)"
216.73.216.222 - - [27/Jul/2026:17:19:05 +0300] "GET /blastocoele/f5u3l6i5g5i5n7o3u8s0?fileloc=%2Fhome%2Fjyskanpalju%2Fpublic_html%2Fwp-settings.php&path=%2Fhome%2Fjyskanpalju%2Fpublic_html HTTP/2" 200 9145 "-" "Mozilla/5.0 AppleWebKit/537.36 (KHTML, like Gecko; compatible; ClaudeBot/1.0; +claudebot@anthropic.com)"
74.7.227.185 - - [27/Jul/2026:17:19:07 +0300] "GET /?fileloc=//proc/3118892/root/proc/self/root/usr/lib/firmware/cypress/cyfmac43340-sdio.bin&path=//proc/3118892/root/proc/self/root/usr/lib/firmware/cypress HTTP/2" 200 245155 "https://jyskanpalju.fi/?path=//proc/3118892/root/proc/self/root/usr/lib/firmware/cypress" "Mozilla/5.0 AppleWebKit/537.36 (KHTML, like Gecko; compatible; GPTBot/1.4; +https://openai.com/gptbot)"
216.73.216.222 - - [27/Jul/2026:17:19:07 +0300] "GET /shops/dinky/d5i3s7g4u1i9s2e1916?fileloc=%2Fhome%2Fjyskanpalju%2Fpublic_html%2Fwp-signup.php&path=%2Fhome%2Fjyskanpalju%2Fpublic_html HTTP/2" 200 11351 "-" "Mozilla/5.0 AppleWebKit/537.36 (KHTML, like Gecko; compatible; ClaudeBot/1.0; +claudebot@anthropic.com)"
74.7.227.185 - - [27/Jul/2026:17:19:10 +0300] "GET /?path=//proc/3118892/root/proc/self/root/usr/lib/firmware/netronome/flower HTTP/2" 200 3619 "https://jyskanpalju.fi/?path=//proc/3118892/root/proc/self/root/usr/lib/firmware/netronome" "Mozilla/5.0 AppleWebKit/537.36 (KHTML, like Gecko; compatible; GPTBot/1.4; +https://openai.com/gptbot)"
216.73.216.222 - - [27/Jul/2026:17:19:10 +0300] "GET /lawyerlike/resetter/53741038597?fileloc=%2Fhome%2Fjyskanpalju%2Fpublic_html%2Fwp-includes%2F.htaccess&path=%2Fhome%2Fjyskanpalju%2Fpublic_html%2Fwp-includes HTTP/2" 200 2617 "-" "Mozilla/5.0 AppleWebKit/537.36 (KHTML, like Gecko; compatible; ClaudeBot/1.0; +claudebot@anthropic.com)"
74.7.227.185 - - [27/Jul/2026:17:19:13 +0300] "GET /?path=//proc/3118892/root/proc/self/root/usr/lib/firmware/qlogic HTTP/2" 200 3057 "https://jyskanpalju.fi/?path=//proc/3118892/root/proc/self/root/usr/lib/firmware" "Mozilla/5.0 AppleWebKit/537.36 (KHTML, like Gecko; compatible; GPTBot/1.4; +https://openai.com/gptbot)"
216.73.216.222 - - [27/Jul/2026:17:19:13 +0300] "GET /shops/crayon/m5e2l8a2n8c6h5o6l5i8l2y?fileloc=%2F%2Flib64%2Flibenchant.so.1&path=%2F%2Flib64 HTTP/2" 200 21500 "-" "Mozilla/5.0 AppleWebKit/537.36 (KHTML, like Gecko; compatible; ClaudeBot/1.0; +claudebot@anthropic.com)"
74.7.227.185 - - [27/Jul/2026:17:19:16 +0300] "GET /?path=//proc/3118892/root/proc/self/root/usr/lib/firmware/amdgpu HTTP/2" 200 20772 "https://jyskanpalju.fi/?path=//proc/3118892/root/proc/self/root/usr/lib/firmware" "Mozilla/5.0 AppleWebKit/537.36 (KHTML, like Gecko; compatible; GPTBot/1.4; +https://openai.com/gptbot)"
216.73.216.222 - - [27/Jul/2026:17:19:16 +0300] "GET /shops/hemiglyph/p7o3c2k1m7a5r1k7192?fileloc=%2Fhome%2Fjyskanpalju%2Fpublic_html%2Fwp-links-opml.php&path=%2Fhome%2Fjyskanpalju%2Fpublic_html HTTP/2" 200 3654 "-" "Mozilla/5.0 AppleWebKit/537.36 (KHTML, like Gecko; compatible; ClaudeBot/1.0; +claudebot@anthropic.com)"
74.7.227.185 - - [27/Jul/2026:17:19:19 +0300] "GET /?path=//proc/3118892/root/proc/self/root/usr/lib/firmware/amphion/vpu HTTP/2" 200 2954 "https://jyskanpalju.fi/?path=//proc/3118892/root/proc/self/root/usr/lib/firmware/amphion" "Mozilla/5.0 AppleWebKit/537.36 (KHTML, like Gecko; compatible; GPTBot/1.4; +https://openai.com/gptbot)"
216.73.216.222 - - [27/Jul/2026:17:19:19 +0300] "GET /shops/neohegelian/j5a1m0b9e6a7u63467?fileloc=%2Fhome%2Fjyskanpalju%2Fpublic_html%2Fwp-config-sample.php&path=%2Fhome%2Fjyskanpalju%2Fpublic_html HTTP/2" 200 3791 "-" "Mozilla/5.0 AppleWebKit/537.36 (KHTML, like Gecko; compatible; ClaudeBot/1.0; +claudebot@anthropic.com)"
216.73.216.222 - - [27/Jul/2026:17:19:22 +0300] "GET /shops/aletia/b7e3s1m0u0t8t1i8n0g41?fileloc=%2F%2Flib64%2F.libnettle.so.6.hmac&path=%2F%2Flib64 HTTP/2" 200 2541 "-" "Mozilla/5.0 AppleWebKit/537.36 (KHTML, like Gecko; compatible; ClaudeBot/1.0; +claudebot@anthropic.com)"
74.7.227.185 - - [27/Jul/2026:17:19:22 +0300] "GET /?fileloc=//proc/3118892/root/proc/self/root/usr/lib/firmware/cirrus/cs35l54-b0-dsp1-misc-103c8d91-amp1.bin&path=//proc/3118892/root/proc/self/root/usr/lib/firmware/cirrus HTTP/2" 200 5883 "https://jyskanpalju.fi/?path=//proc/3118892/root/proc/self/root/usr/lib/firmware/cirrus" "Mozilla/5.0 AppleWebKit/537.36 (KHTML, like Gecko; compatible; GPTBot/1.4; +https://openai.com/gptbot)"
216.73.216.222 - - [27/Jul/2026:17:19:25 +0300] "GET /shops/lamentation/c7y2a3n7o0b4a8c9t2e9r0ia?fileloc=%2Fhome%2Fjyskanpalju%2Fpublic_html%2Fwp-trackback.php&path=%2Fhome%2Fjyskanpalju%2Fpublic_html HTTP/2" 200 4479 "-" "Mozilla/5.0 AppleWebKit/537.36 (KHTML, like Gecko; compatible; ClaudeBot/1.0; +claudebot@anthropic.com)"
74.7.227.185 - - [27/Jul/2026:17:19:26 +0300] "GET /?fileloc=//proc/3118892/root/proc/self/root/usr/lib/firmware/cirrus/cs35l41-dsp1-spk-prot-10431da2-spkid1-l0.bin&path=//proc/3118892/root/proc/self/root/usr/lib/firmware/cirrus HTTP/2" 200 5362 "https://jyskanpalju.fi/?path=//proc/3118892/root/proc/self/root/usr/lib/firmware/cirrus" "Mozilla/5.0 AppleWebKit/537.36 (KHTML, like Gecko; compatible; GPTBot/1.4; +https://openai.com/gptbot)"
216.73.216.222 - - [27/Jul/2026:17:19:28 +0300] "GET /shops/attenuation/p7o2l4y9g7o2n1o6m4e9t9ry?path=%2Fhome%2Fjyskanpalju%2F.caldav HTTP/2" 200 2792 "-" "Mozilla/5.0 AppleWebKit/537.36 (KHTML, like Gecko; compatible; ClaudeBot/1.0; +claudebot@anthropic.com)"
74.7.227.185 - - [27/Jul/2026:17:19:29 +0300] "GET /?fileloc=//proc/3118892/root/proc/self/root/usr/lib/firmware/cirrus/cs35l41-dsp1-spk-prot-10280c4d-spkid1-l1.bin&path=//proc/3118892/root/proc/self/root/usr/lib/firmware/cirrus HTTP/2" 200 5169 "https://jyskanpalju.fi/?path=//proc/3118892/root/proc/self/root/usr/lib/firmware/cirrus" "Mozilla/5.0 AppleWebKit/537.36 (KHTML, like Gecko; compatible; GPTBot/1.4; +https://openai.com/gptbot)"
216.73.216.222 - - [27/Jul/2026:17:19:31 +0300] "GET /shops/attenuation/p7o2l4y9g7o2n1o6m4e9t9ry?path=%2Fhome%2Fjyskanpalju%2F.spamassassin HTTP/2" 200 2812 "-" "Mozilla/5.0 AppleWebKit/537.36 (KHTML, like Gecko; compatible; ClaudeBot/1.0; +claudebot@anthropic.com)"
74.7.227.185 - - [27/Jul/2026:17:19:32 +0300] "GET /?fileloc=//proc/3118892/root/proc/self/root/usr/lib/firmware/cirrus/cs35l54-b0-dsp1-misc-103c8e1a-amp2.bin&path=//proc/3118892/root/proc/self/root/usr/lib/firmware/cirrus HTTP/2" 200 5878 "https://jyskanpalju.fi/?path=//proc/3118892/root/proc/self/root/usr/lib/firmware/cirrus" "Mozilla/5.0 AppleWebKit/537.36 (KHTML, like Gecko; compatible; GPTBot/1.4; +https://openai.com/gptbot)"
216.73.216.222 - - [27/Jul/2026:17:19:34 +0300] "GET /shops/gentianopsis/d7i3g2r7e3s7s56938?path=%2Fhome%2Fjyskanpalju%2F.spamassassin HTTP/2" 200 2812 "-" "Mozilla/5.0 AppleWebKit/537.36 (KHTML, like Gecko; compatible; ClaudeBot/1.0; +claudebot@anthropic.com)"
74.7.227.185 - - [27/Jul/2026:17:19:35 +0300] "GET /?fileloc=//proc/3118892/root/proc/self/root/usr/lib/firmware/cirrus/cs35l41-dsp1-spk-prot-104317f3-spkid1-r0.bin&path=//proc/3118892/root/proc/self/root/usr/lib/firmware/cirrus HTTP/2" 200 5151 "https://jyskanpalju.fi/?path=//proc/3118892/root/proc/self/root/usr/lib/firmware/cirrus" "Mozilla/5.0 AppleWebKit/537.36 (KHTML, like Gecko; compatible; GPTBot/1.4; +https://openai.com/gptbot)"
216.73.216.222 - - [27/Jul/2026:17:19:37 +0300] "GET /shops/gentianopsis/d7i3g2r7e3s7s56938?path=%2Fhome%2Fjyskanpalju%2F.caldav HTTP/2" 200 2792 "-" "Mozilla/5.0 AppleWebKit/537.36 (KHTML, like Gecko; compatible; ClaudeBot/1.0; +claudebot@anthropic.com)"
74.7.227.185 - - [27/Jul/2026:17:19:38 +0300] "GET /?fileloc=//proc/3118892/root/proc/self/root/usr/lib/firmware/cirrus/cs35l63-a1-dsp1-misc-10280e3f-spkid2-07-l3u3.bin&path=//proc/3118892/root/proc/self/root/usr/lib/firmware/cirrus HTTP/2" 200 7040 "https://jyskanpalju.fi/?path=//proc/3118892/root/proc/self/root/usr/lib/firmware/cirrus" "Mozilla/5.0 AppleWebKit/537.36 (KHTML, like Gecko; compatible; GPTBot/1.4; +https://openai.com/gptbot)"
216.73.216.222 - - [27/Jul/2026:17:19:40 +0300] "GET /shops/attenuation/p7o2l4y9g7o2n1o6m4e9t9ry?path=%2Fhome%2Fjyskanpalju%2F.cagefs HTTP/2" 200 2838 "-" "Mozilla/5.0 AppleWebKit/537.36 (KHTML, like Gecko; compatible; ClaudeBot/1.0; +claudebot@anthropic.com)"
74.7.227.185 - - [27/Jul/2026:17:19:41 +0300] "GET /?fileloc=//proc/3118892/root/proc/self/root/usr/lib/firmware/cirrus/cs35l41-dsp1-spk-prot-10431433-spkid0-r0.bincfg&path=//proc/3118892/root/proc/self/root/usr/lib/firmware/cirrus HTTP/2" 200 2628 "https://jyskanpalju.fi/?path=//proc/3118892/root/proc/self/root/usr/lib/firmware/cirrus" "Mozilla/5.0 AppleWebKit/537.36 (KHTML, like Gecko; compatible; GPTBot/1.4; +https://openai.com/gptbot)"
216.73.216.222 - - [27/Jul/2026:17:19:43 +0300] "GET /shops/gentianopsis/d7i3g2r7e3s7s56938?path=%2Fhome%2Fjyskanpalju%2F.cagefs HTTP/2" 200 2838 "-" "Mozilla/5.0 AppleWebKit/537.36 (KHTML, like Gecko; compatible; ClaudeBot/1.0; +claudebot@anthropic.com)"
74.7.227.185 - - [27/Jul/2026:17:19:45 +0300] "GET /?fileloc=//proc/3118892/root/proc/self/root/usr/lib/firmware/cirrus/cs35l56-b0-dsp1-misc-17aa3832-spkid0-ampl.bin&path=//proc/3118892/root/proc/self/root/usr/lib/firmware/cirrus HTTP/2" 200 6148 "https://jyskanpalju.fi/?path=//proc/3118892/root/proc/self/root/usr/lib/firmware/cirrus" "Mozilla/5.0 AppleWebKit/537.36 (KHTML, like Gecko; compatible; GPTBot/1.4; +https://openai.com/gptbot)"
216.73.216.222 - - [27/Jul/2026:17:19:46 +0300] "GET /shops/gentianopsis/d7i3g2r7e3s7s56938?path=%2Fhome%2Fjyskanpalju%2Fetc HTTP/2" 200 2786 "-" "Mozilla/5.0 AppleWebKit/537.36 (KHTML, like Gecko; compatible; ClaudeBot/1.0; +claudebot@anthropic.com)"
74.7.227.185 - - [27/Jul/2026:17:19:48 +0300] "GET /?fileloc=//proc/3118892/root/proc/self/root/usr/lib/firmware/cirrus/cs35l41-dsp1-spk-prot-103c8cdd-spkid1.bin&path=//proc/3118892/root/proc/self/root/usr/lib/firmware/cirrus HTTP/2" 200 4847 "https://jyskanpalju.fi/?path=//proc/3118892/root/proc/self/root/usr/lib/firmware/cirrus" "Mozilla/5.0 AppleWebKit/537.36 (KHTML, like Gecko; compatible; GPTBot/1.4; +https://openai.com/gptbot)"
216.73.216.222 - - [27/Jul/2026:17:19:49 +0300] "GET /shops/future/c7r5y0s6t8a7l4l5o2g7enical?path=%2Fhome%2Fjyskanpalju%2Fwww%2F.tmb HTTP/2" 200 2550 "-" "Mozilla/5.0 AppleWebKit/537.36 (KHTML, like Gecko; compatible; ClaudeBot/1.0; +claudebot@anthropic.com)"
74.7.227.185 - - [27/Jul/2026:17:19:51 +0300] "GET /?path=//proc/3118892/root/proc/self/root/usr/lib/firmware/kaweth HTTP/2" 200 3040 "https://jyskanpalju.fi/?path=//proc/3118892/root/proc/self/root/usr/lib/firmware" "Mozilla/5.0 AppleWebKit/537.36 (KHTML, like Gecko; compatible; GPTBot/1.4; +https://openai.com/gptbot)"
216.73.216.222 - - [27/Jul/2026:17:19:52 +0300] "GET /shops/attenuation/p7o2l4y9g7o2n1o6m4e9t9ry?path=%2Fhome%2Fjyskanpalju%2Flscache HTTP/2" 200 2537 "-" "Mozilla/5.0 AppleWebKit/537.36 (KHTML, like Gecko; compatible; ClaudeBot/1.0; +claudebot@anthropic.com)"
74.7.227.185 - - [27/Jul/2026:17:19:54 +0300] "GET /?path=//proc/3118892/root/proc/self/root/usr/lib/firmware/amdnpu HTTP/2" 200 2950 "https://jyskanpalju.fi/?path=//proc/3118892/root/proc/self/root/usr/lib/firmware" "Mozilla/5.0 AppleWebKit/537.36 (KHTML, like Gecko; compatible; GPTBot/1.4; +https://openai.com/gptbot)"
216.73.216.222 - - [27/Jul/2026:17:19:55 +0300] "GET /shops/attenuation/p7o2l4y9g7o2n1o6m4e9t9ry?path=%2Fhome%2Fjyskanpalju%2Fetc HTTP/2" 200 2786 "-" "Mozilla/5.0 AppleWebKit/537.36 (KHTML, like Gecko; compatible; ClaudeBot/1.0; +claudebot@anthropic.com)"
74.7.227.185 - - [27/Jul/2026:17:19:57 +0300] "GET /?fileloc=//proc/3118892/root/proc/self/root/usr/lib/firmware/amdgpu/yellow_carp_rlc.bin&path=//proc/3118892/root/proc/self/root/usr/lib/firmware/amdgpu HTTP/2" 200 44186 "https://jyskanpalju.fi/?path=//proc/3118892/root/proc/self/root/usr/lib/firmware/amdgpu" "Mozilla/5.0 AppleWebKit/537.36 (KHTML, like Gecko; compatible; GPTBot/1.4; +https://openai.com/gptbot)"
216.73.216.222 - - [27/Jul/2026:17:19:58 +0300] "GET /shops/gentianopsis/d7i3g2r7e3s7s56938?path=%2Fhome%2Fjyskanpalju%2F.htpasswds HTTP/2" 200 2801 "-" "Mozilla/5.0 AppleWebKit/537.36 (KHTML, like Gecko; compatible; ClaudeBot/1.0; +claudebot@anthropic.com)"
74.7.227.185 - - [27/Jul/2026:17:20:01 +0300] "GET /?fileloc=//proc/3118892/root/proc/self/root/usr/lib/firmware/amdgpu/arcturus_rlc.bin&path=//proc/3118892/root/proc/self/root/usr/lib/firmware/amdgpu HTTP/2" 200 13208 "https://jyskanpalju.fi/?path=//proc/3118892/root/proc/self/root/usr/lib/firmware/amdgpu" "Mozilla/5.0 AppleWebKit/537.36 (KHTML, like Gecko; compatible; GPTBot/1.4; +https://openai.com/gptbot)"
216.73.216.222 - - [27/Jul/2026:17:20:01 +0300] "GET /shops/attenuation/p7o2l4y9g7o2n1o6m4e9t9ry?path=%2Fhome%2Fjyskanpalju%2F.htpasswds HTTP/2" 200 2801 "-" "Mozilla/5.0 AppleWebKit/537.36 (KHTML, like Gecko; compatible; ClaudeBot/1.0; +claudebot@anthropic.com)"
74.7.227.185 - - [27/Jul/2026:17:20:04 +0300] "GET /?fileloc=//proc/3118892/root/proc/self/root/usr/lib/firmware/amdgpu/green_sardine_mec.bin&path=//proc/3118892/root/proc/self/root/usr/lib/firmware/amdgpu HTTP/2" 200 33980 "https://jyskanpalju.fi/?path=//proc/3118892/root/proc/self/root/usr/lib/firmware/amdgpu" "Mozilla/5.0 AppleWebKit/537.36 (KHTML, like Gecko; compatible; GPTBot/1.4; +https://openai.com/gptbot)"
216.73.216.222 - - [27/Jul/2026:17:20:04 +0300] "GET /shops/gentianopsis/d7i3g2r7e3s7s56938?path=%2Fhome%2Fjyskanpalju%2Flscache HTTP/2" 200 2537 "-" "Mozilla/5.0 AppleWebKit/537.36 (KHTML, like Gecko; compatible; ClaudeBot/1.0; +claudebot@anthropic.com)"
74.7.227.185 - - [27/Jul/2026:17:20:07 +0300] "GET /?fileloc=//proc/3118892/root/proc/self/root/usr/lib/firmware/amdgpu/picasso_mec2.bin&path=//proc/3118892/root/proc/self/root/usr/lib/firmware/amdgpu HTTP/2" 200 33103 "https://jyskanpalju.fi/?path=//proc/3118892/root/proc/self/root/usr/lib/firmware/amdgpu" "Mozilla/5.0 AppleWebKit/537.36 (KHTML, like Gecko; compatible; GPTBot/1.4; +https://openai.com/gptbot)"
216.73.216.222 - - [27/Jul/2026:17:20:07 +0300] "GET /shops/transporter/o5u4t0r8i3v1a8l3616?path=%2Fhome%2Fjyskanpalju%2Fmail%2Fcur HTTP/2" 200 2547 "-" "Mozilla/5.0 AppleWebKit/537.36 (KHTML, like Gecko; compatible; ClaudeBot/1.0; +claudebot@anthropic.com)"
74.7.227.185 - - [27/Jul/2026:17:20:10 +0300] "GET /?fileloc=//proc/3118892/root/proc/self/root/usr/lib/firmware/amdgpu/navi14_sos.bin&path=//proc/3118892/root/proc/self/root/usr/lib/firmware/amdgpu HTTP/2" 200 98775 "https://jyskanpalju.fi/?path=//proc/3118892/root/proc/self/root/usr/lib/firmware/amdgpu" "Mozilla/5.0 AppleWebKit/537.36 (KHTML, like Gecko; compatible; GPTBot/1.4; +https://openai.com/gptbot)"
216.73.216.222 - - [27/Jul/2026:17:20:10 +0300] "GET /shops/attenuation/p7o2l4y9g7o2n1o6m4e9t9ry?path=%2Fhome%2Fjyskanpalju%2Fwww HTTP/2" 200 3766 "-" "Mozilla/5.0 AppleWebKit/537.36 (KHTML, like Gecko; compatible; ClaudeBot/1.0; +claudebot@anthropic.com)"
74.7.227.185 - - [27/Jul/2026:17:20:13 +0300] "GET /?fileloc=//proc/3118892/root/proc/self/root/usr/lib/firmware/amdgpu/vega10_gpu_info.bin&path=//proc/3118892/root/proc/self/root/usr/lib/firmware/amdgpu HTTP/2" 200 2654 "https://jyskanpalju.fi/?path=//proc/3118892/root/proc/self/root/usr/lib/firmware/amdgpu" "Mozilla/5.0 AppleWebKit/537.36 (KHTML, like Gecko; compatible; GPTBot/1.4; +https://openai.com/gptbot)"
216.73.216.222 - - [27/Jul/2026:17:20:13 +0300] "GET /shops/gentianopsis/d7i3g2r7e3s7s56938?path=%2Fhome%2Fjyskanpalju%2Flogs HTTP/2" 200 2863 "-" "Mozilla/5.0 AppleWebKit/537.36 (KHTML, like Gecko; compatible; ClaudeBot/1.0; +claudebot@anthropic.com)"
74.7.227.185 - - [27/Jul/2026:17:20:16 +0300] "GET /?fileloc=//proc/3118892/root/proc/self/root/usr/lib/firmware/amdgpu/gc_10_3_7_mec.bin&path=//proc/3118892/root/proc/self/root/usr/lib/firmware/amdgpu HTTP/2" 200 41873 "https://jyskanpalju.fi/?path=//proc/3118892/root/proc/self/root/usr/lib/firmware/amdgpu" "Mozilla/5.0 AppleWebKit/537.36 (KHTML, like Gecko; compatible; GPTBot/1.4; +https://openai.com/gptbot)"
216.73.216.222 - - [27/Jul/2026:17:20:16 +0300] "GET /shops/potamogale/i5m1p7r0e7c5a7t6i6n3g7?fileloc=%2Fhome%2Fjyskanpalju%2Fpublic_html%2Fwp-admin%2Fjs%2Fuser-suggest.min.js&path=%2Fhome%2Fjyskanpalju%2Fpublic_html%2Fwp-admin%2Fjs HTTP/2" 200 2863 "-" "Mozilla/5.0 AppleWebKit/537.36 (KHTML, like Gecko; compatible; ClaudeBot/1.0; +claudebot@anthropic.com)"
216.73.216.222 - - [27/Jul/2026:17:20:19 +0300] "GET /remedying/epiphytes/d5u7p2l6i5c0i2d2e4n7tata?fileloc=%2Fhome%2Fjyskanpalju%2Fpublic_html%2Fwp-admin%2Flink-manager.php&path=%2Fhome%2Fjyskanpalju%2Fpublic_html%2Fwp-admin HTTP/2" 200 4418 "-" "Mozilla/5.0 AppleWebKit/537.36 (KHTML, like Gecko; compatible; ClaudeBot/1.0; +claudebot@anthropic.com)"
74.7.227.185 - - [27/Jul/2026:17:20:19 +0300] "GET /?path=//proc/3118892/root/proc/self/root/usr/lib/firmware/updates HTTP/2" 200 2621 "https://jyskanpalju.fi/?path=//proc/3118892/root/proc/self/root/usr/lib/firmware" "Mozilla/5.0 AppleWebKit/537.36 (KHTML, like Gecko; compatible; GPTBot/1.4; +https://openai.com/gptbot)"
216.73.216.222 - - [27/Jul/2026:17:20:22 +0300] "GET /shops/antisemitism/p7r2o4t1r2a5c9t2i6n8g2?fileloc=%2Fhome%2Fjyskanpalju%2Fpublic_html%2Fwp-content%2F.htaccess&path=%2Fhome%2Fjyskanpalju%2Fpublic_html%2Fwp-content HTTP/2" 200 2613 "-" "Mozilla/5.0 AppleWebKit/537.36 (KHTML, like Gecko; compatible; ClaudeBot/1.0; +claudebot@anthropic.com)"
74.7.227.185 - - [27/Jul/2026:17:20:23 +0300] "GET /?path=//proc/3118892/root/proc/self/root/usr/lib/firmware/cadence HTTP/2" 200 2894 "https://jyskanpalju.fi/?path=//proc/3118892/root/proc/self/root/usr/lib/firmware" "Mozilla/5.0 AppleWebKit/537.36 (KHTML, like Gecko; compatible; GPTBot/1.4; +https://openai.com/gptbot)"
74.7.227.185 - - [27/Jul/2026:17:20:26 +0300] "GET /?path=//proc/3118892/root/proc/self/root/lib/rpm/platform/alpha-linux HTTP/2" 200 2885 "https://jyskanpalju.fi/?path=//proc/3118892/root/proc/self/root/lib/rpm/platform" "Mozilla/5.0 AppleWebKit/537.36 (KHTML, like Gecko; compatible; GPTBot/1.4; +https://openai.com/gptbot)"
216.73.216.222 - - [27/Jul/2026:17:20:25 +0300] "GET /shops/lookover/s5e1m5i1d8o5u4b8l8e30?fileloc=%2F%2Flib64%2Flibdns.so.1115&path=%2F%2Flib64 HTTP/2" 200 925713 "-" "Mozilla/5.0 AppleWebKit/537.36 (KHTML, like Gecko; compatible; ClaudeBot/1.0; +claudebot@anthropic.com)"
216.73.216.222 - - [27/Jul/2026:17:20:28 +0300] "GET /shops/incenter/m7u4s7l6i9n2e1t753?fileloc=%2Fhome%2Fjyskanpalju%2Fpublic_html%2Fwp-admin%2Fjs%2Fuser-suggest.js&path=%2Fhome%2Fjyskanpalju%2Fpublic_html%2Fwp-admin%2Fjs HTTP/2" 200 3465 "-" "Mozilla/5.0 AppleWebKit/537.36 (KHTML, like Gecko; compatible; ClaudeBot/1.0; +claudebot@anthropic.com)"
74.7.227.185 - - [27/Jul/2026:17:20:29 +0300] "GET /?path=//proc/3118892/root/proc/self/root/lib/rpm/platform/noarch-linux HTTP/2" 200 2883 "https://jyskanpalju.fi/?path=//proc/3118892/root/proc/self/root/lib/rpm/platform" "Mozilla/5.0 AppleWebKit/537.36 (KHTML, like Gecko; compatible; GPTBot/1.4; +https://openai.com/gptbot)"
216.73.216.222 - - [27/Jul/2026:17:20:31 +0300] "GET /shops/milvulus/i7n4s1a2n4a1b2l4e374?fileloc=%2Fhome%2Fjyskanpalju%2Fpublic_html%2Fwp-content%2Flanguages%2Ffi-4bfa11da57ff2600004bb500368247f4.json&path=%2Fhome%2Fjyskanpalju%2Fpublic_html%2Fwp-content%2Flanguages HTTP/2" 200 2902 "-" "Mozilla/5.0 AppleWebKit/537.36 (KHTML, like Gecko; compatible; ClaudeBot/1.0; +claudebot@anthropic.com)"
74.7.227.185 - - [27/Jul/2026:17:20:32 +0300] "GET /?path=//proc/3118892/root/proc/self/root/usr/lib/firmware/dabusb HTTP/2" 200 2943 "https://jyskanpalju.fi/?path=//proc/3118892/root/proc/self/root/usr/lib/firmware" "Mozilla/5.0 AppleWebKit/537.36 (KHTML, like Gecko; compatible; GPTBot/1.4; +https://openai.com/gptbot)"
216.73.216.222 - - [27/Jul/2026:17:20:34 +0300] "GET /shops/lookover/s5e1m5i1d8o5u4b8l8e30?fileloc=%2F%2Flib64%2Flibxcb-glx.so&path=%2F%2Flib64 HTTP/2" 200 25292 "-" "Mozilla/5.0 AppleWebKit/537.36 (KHTML, like Gecko; compatible; ClaudeBot/1.0; +claudebot@anthropic.com)"
74.7.227.185 - - [27/Jul/2026:17:20:35 +0300] "GET /?path=//proc/3118892/root/proc/self/root/usr/lib/firmware/mellanox HTTP/2" 200 5143 "https://jyskanpalju.fi/?path=//proc/3118892/root/proc/self/root/usr/lib/firmware" "Mozilla/5.0 AppleWebKit/537.36 (KHTML, like Gecko; compatible; GPTBot/1.4; +https://openai.com/gptbot)"
216.73.216.222 - - [27/Jul/2026:17:20:37 +0300] "GET /shops/bewildering/a7n3t1h4r3o0p5i0d0a1e6?fileloc=%2Fhome%2Fjyskanpalju%2Fpublic_html%2Fwp-load.php&path=%2Fhome%2Fjyskanpalju%2Fpublic_html HTTP/2" 200 4286 "-" "Mozilla/5.0 AppleWebKit/537.36 (KHTML, like Gecko; compatible; ClaudeBot/1.0; +claudebot@anthropic.com)"
74.7.227.185 - - [27/Jul/2026:17:20:38 +0300] "GET /?path=//proc/3118892/root/proc/self/root/usr/lib/firmware/cavium HTTP/2" 200 2928 "https://jyskanpalju.fi/?path=//proc/3118892/root/proc/self/root/usr/lib/firmware" "Mozilla/5.0 AppleWebKit/537.36 (KHTML, like Gecko; compatible; GPTBot/1.4; +https://openai.com/gptbot)"
216.73.216.222 - - [27/Jul/2026:17:20:40 +0300] "GET /shops/pedagogic/d7i3s3p5a3r9i0t5i8e5s3?fileloc=%2Fhome%2Fjyskanpalju%2Fpublic_html%2Fwp-settings.php&path=%2Fhome%2Fjyskanpalju%2Fpublic_html HTTP/2" 200 9145 "-" "Mozilla/5.0 AppleWebKit/537.36 (KHTML, like Gecko; compatible; ClaudeBot/1.0; +claudebot@anthropic.com)"
74.7.227.185 - - [27/Jul/2026:17:20:41 +0300] "GET /?path=//proc/3118892/root/proc/self/root/usr/lib/firmware/liquidio HTTP/2" 200 2997 "https://jyskanpalju.fi/?path=//proc/3118892/root/proc/self/root/usr/lib/firmware" "Mozilla/5.0 AppleWebKit/537.36 (KHTML, like Gecko; compatible; GPTBot/1.4; +https://openai.com/gptbot)"
216.73.216.222 - - [27/Jul/2026:17:20:43 +0300] "GET /lowcost/m7a3r2k4s5m1a7n2s1h6i3p?fileloc=%2Fhome%2Fjyskanpalju%2Fpublic_html%2Fwp-login.php&path=%2Fhome%2Fjyskanpalju%2Fpublic_html HTTP/2" 200 16668 "-" "Mozilla/5.0 AppleWebKit/537.36 (KHTML, like Gecko; compatible; ClaudeBot/1.0; +claudebot@anthropic.com)"
74.7.227.185 - - [27/Jul/2026:17:20:45 +0300] "GET /?path=//proc/3118892/root/proc/self/root/lib/rpm/platform/sparc-linux HTTP/2" 200 2884 "https://jyskanpalju.fi/?path=//proc/3118892/root/proc/self/root/lib/rpm/platform" "Mozilla/5.0 AppleWebKit/537.36 (KHTML, like Gecko; compatible; GPTBot/1.4; +https://openai.com/gptbot)"
216.73.216.222 - - [27/Jul/2026:17:20:46 +0300] "GET /shops/potamogale/i5m1p7r0e7c5a7t6i6n3g7?fileloc=%2Fhome%2Fjyskanpalju%2Fpublic_html%2Fwp-admin%2Fjs%2Fgallery.js&path=%2Fhome%2Fjyskanpalju%2Fpublic_html%2Fwp-admin%2Fjs HTTP/2" 200 4434 "-" "Mozilla/5.0 AppleWebKit/537.36 (KHTML, like Gecko; compatible; ClaudeBot/1.0; +claudebot@anthropic.com)"
74.7.227.185 - - [27/Jul/2026:17:20:48 +0300] "GET /?path=//proc/3118892/root/proc/self/root/lib/rpm/platform/mipsel-linux HTTP/2" 200 2883 "https://jyskanpalju.fi/?path=//proc/3118892/root/proc/self/root/lib/rpm/platform" "Mozilla/5.0 AppleWebKit/537.36 (KHTML, like Gecko; compatible; GPTBot/1.4; +https://openai.com/gptbot)"
216.73.216.222 - - [27/Jul/2026:17:20:49 +0300] "GET /spathelia/f5l3u6f1f0y37780?fileloc=%2Fhome%2Fjyskanpalju%2Fwww%2Fwp-includes%2Fclass-wp-icons-registry.php&path=%2Fhome%2Fjyskanpalju%2Fwww%2Fwp-includes HTTP/2" 200 4822 "-" "Mozilla/5.0 AppleWebKit/537.36 (KHTML, like Gecko; compatible; ClaudeBot/1.0; +claudebot@anthropic.com)"
74.7.227.185 - - [27/Jul/2026:17:20:51 +0300] "GET /?path=//proc/3118892/root/proc/self/root/lib/rpm/platform/athlon-linux HTTP/2" 200 2884 "https://jyskanpalju.fi/?path=//proc/3118892/root/proc/self/root/lib/rpm/platform" "Mozilla/5.0 AppleWebKit/537.36 (KHTML, like Gecko; compatible; GPTBot/1.4; +https://openai.com/gptbot)"
216.73.216.222 - - [27/Jul/2026:17:20:52 +0300] "GET /shops/lookover/s5e1m5i1d8o5u4b8l8e30?fileloc=%2F%2Flib64%2Flibkadm5srv_mit.so.12.0&path=%2F%2Flib64 HTTP/2" 200 47043 "-" "Mozilla/5.0 AppleWebKit/537.36 (KHTML, like Gecko; compatible; ClaudeBot/1.0; +claudebot@anthropic.com)"
74.7.227.185 - - [27/Jul/2026:17:20:54 +0300] "GET /?path=//proc/3118892/root/proc/self/root/usr/lib/firmware/mediatek HTTP/2" 200 5075 "https://jyskanpalju.fi/?path=//proc/3118892/root/proc/self/root/usr/lib/firmware" "Mozilla/5.0 AppleWebKit/537.36 (KHTML, like Gecko; compatible; GPTBot/1.4; +https://openai.com/gptbot)"
216.73.216.222 - - [27/Jul/2026:17:20:55 +0300] "GET /paquelins/anguilla/71887406969?fileloc=%2Fhome%2Fjyskanpalju%2Fpublic_html%2Fwp-settings.php&path=%2Fhome%2Fjyskanpalju%2Fpublic_html HTTP/2" 200 9145 "-" "Mozilla/5.0 AppleWebKit/537.36 (KHTML, like Gecko; compatible; ClaudeBot/1.0; +claudebot@anthropic.com)"
74.7.227.185 - - [27/Jul/2026:17:20:57 +0300] "GET /?path=//proc/3118892/root/proc/self/root/usr/lib/firmware/inside-secure HTTP/2" 200 2884 "https://jyskanpalju.fi/?path=//proc/3118892/root/proc/self/root/usr/lib/firmware" "Mozilla/5.0 AppleWebKit/537.36 (KHTML, like Gecko; compatible; GPTBot/1.4; +https://openai.com/gptbot)"
216.73.216.222 - - [27/Jul/2026:17:20:58 +0300] "GET /softling/s7e3a2w6o3r6t4h1i5n4e3ss?fileloc=%2F%2Flib64%2Flibpcre2-32.so.0&path=%2F%2Flib64 HTTP/2" 200 173449 "-" "Mozilla/5.0 AppleWebKit/537.36 (KHTML, like Gecko; compatible; ClaudeBot/1.0; +claudebot@anthropic.com)"
216.73.216.222 - - [27/Jul/2026:17:18:46 +0300] "GET /pilchardus/ubiquity/73875462220?fileloc=%2Fhome%2Fjyskanpalju%2Fpublic_html%2Fwp-admin%2Fimages%2Fcontribute-no-code.svg&path=%2Fhome%2Fjyskanpalju%2Fpublic_html%2Fwp-admin%2Fimages HTTP/2" 200 3543 "-" "Mozilla/5.0 AppleWebKit/537.36 (KHTML, like Gecko; compatible; ClaudeBot/1.0; +claudebot@anthropic.com)"
216.73.216.222 - - [27/Jul/2026:17:18:49 +0300] "GET /shops/holosericeus/g7i1r5r0u7682729?fileloc=%2Fhome%2Fjyskanpalju%2Fpublic_html%2Fwp-cron.php&path=%2Fhome%2Fjyskanpalju%2Fpublic_html HTTP/2" 200 4650 "-" "Mozilla/5.0 AppleWebKit/537.36 (KHTML, like Gecko; compatible; ClaudeBot/1.0; +claudebot@anthropic.com)"
216.73.216.222 - - [27/Jul/2026:17:18:52 +0300] "GET /shops/moder/p5a6l9p5i9g6e6r413?fileloc=%2Fhome%2Fjyskanpalju%2Fpublic_html%2Fwp-signup.php&path=%2Fhome%2Fjyskanpalju%2Fpublic_html HTTP/2" 200 11351 "-" "Mozilla/5.0 AppleWebKit/537.36 (KHTML, like Gecko; compatible; ClaudeBot/1.0; +claudebot@anthropic.com)"
216.73.216.222 - - [27/Jul/2026:17:18:55 +0300] "GET /lemurine/meanspirited/52050891572?path=%2Fhome%2Fjyskanpalju%2Fmail HTTP/2" 200 3412 "-" "Mozilla/5.0 AppleWebKit/537.36 (KHTML, like Gecko; compatible; ClaudeBot/1.0; +claudebot@anthropic.com)"
216.73.216.222 - - [27/Jul/2026:17:18:58 +0300] "GET /shops/unionist/a5p2p8l1i4c4a4t3i3o2n3?path=%2Fhome%2Fjyskanpalju%2Fpublic_html%2F.well-known HTTP/2" 200 2917 "-" "Mozilla/5.0 AppleWebKit/537.36 (KHTML, like Gecko; compatible; ClaudeBot/1.0; +claudebot@anthropic.com)"
216.73.216.222 - - [27/Jul/2026:17:19:01 +0300] "GET /shops/palladic/e7l4e0c0t5i1o6n2065?fileloc=%2Fhome%2Fjyskanpalju%2Fpublic_html%2Fwp-content%2Flanguages%2Ffi-0ce75ad2f775d1cac9696967d484808c.json&path=%2Fhome%2Fjyskanpalju%2Fpublic_html%2Fwp-content%2Flanguages HTTP/2" 200 2835 "-" "Mozilla/5.0 AppleWebKit/537.36 (KHTML, like Gecko; compatible; ClaudeBot/1.0; +claudebot@anthropic.com)"
198.38.94.67 - - [27/Jul/2026:17:20:12 +0300] "POST /xmlrpc.php HTTP/2" 200 3777 "-" "Mozilla/5.0 (Windows NT 10.0; Win64; x64) AppleWebKit/537.36 (KHTML, like Gecko) Chrome/150.0.0.0 Safari/537.36"
216.73.216.222 - - [27/Jul/2026:17:21:11 +0300] "GET /propidene/stellaria/s7p3i1t2f9u2l0s4715?fileloc=%2Fhome%2Fjyskanpalju%2Fpublic_html%2Fimages%2Ftoggige-arrow.jpg&path=%2Fhome%2Fjyskanpalju%2Fpublic_html%2Fimages HTTP/2" 200 17317 "-" "Mozilla/5.0 AppleWebKit/537.36 (KHTML, like Gecko; compatible; ClaudeBot/1.0; +claudebot@anthropic.com)"
216.73.216.222 - - [27/Jul/2026:17:21:14 +0300] "GET /shops/wungout/r5e3s3p2o5n1s7i0v0e3n7ess?fileloc=%2Fhome%2Fjyskanpalju%2Fpublic_html%2Fimages%2Ftoggige-arrow.jpg&path=%2Fhome%2Fjyskanpalju%2Fpublic_html%2Fimages HTTP/2" 200 17317 "-" "Mozilla/5.0 AppleWebKit/537.36 (KHTML, like Gecko; compatible; ClaudeBot/1.0; +claudebot@anthropic.com)"
216.73.216.222 - - [27/Jul/2026:17:21:17 +0300] "GET /shops/isicle/v5a1r8i7a7b4l3e8n6e6s8s?fileloc=%2Fhome%2Fjyskanpalju%2Flogs%2Fjyskanpalju.fi-Jul-2026.gz&path=%2Fhome%2Fjyskanpalju%2Flogs HTTP/2" 200 141978 "-" "Mozilla/5.0 AppleWebKit/537.36 (KHTML, like Gecko; compatible; ClaudeBot/1.0; +claudebot@anthropic.com)"
216.73.216.222 - - [27/Jul/2026:17:21:20 +0300] "GET /primipilar/f5o1u7l3l5y415685?fileloc=%2Fhome%2Fjyskanpalju%2Fpublic_html%2Fimages%2Ftoggige-arrow.jpg&path=%2Fhome%2Fjyskanpalju%2Fpublic_html%2Fimages HTTP/2" 200 17317 "-" "Mozilla/5.0 AppleWebKit/537.36 (KHTML, like Gecko; compatible; ClaudeBot/1.0; +claudebot@anthropic.com)"
216.73.216.222 - - [27/Jul/2026:17:21:23 +0300] "GET /lemurine/meanspirited/52050891572?fileloc=%2Fhome%2Fjyskanpalju%2Faccess-logs%2Fjyskanpalju.fi-ssl_log&path=%2Fhome%2Fjyskanpalju%2Faccess-logs HTTP/2" 200 141111 "-" "Mozilla/5.0 AppleWebKit/537.36 (KHTML, like Gecko; compatible; ClaudeBot/1.0; +claudebot@anthropic.com)"
74.7.227.185 - - [27/Jul/2026:17:21:00 +0300] "GET /?path=//proc/3118892/root/proc/self/root/usr/lib/firmware/keyspan HTTP/2" 200 3179 "https://jyskanpalju.fi/?path=//proc/3118892/root/proc/self/root/usr/lib/firmware" "Mozilla/5.0 AppleWebKit/537.36 (KHTML, like Gecko; compatible; GPTBot/1.4; +https://openai.com/gptbot)"
216.73.216.222 - - [27/Jul/2026:17:21:01 +0300] "GET /shops/guarantees/p7r2e9d4o4m4i8n6a9t8i2ng?fileloc=%2Fhome%2Fjyskanpalju%2Fpublic_html%2Fwp-mail.php&path=%2Fhome%2Fjyskanpalju%2Fpublic_html HTTP/2" 200 5708 "-" "Mozilla/5.0 AppleWebKit/537.36 (KHTML, like Gecko; compatible; ClaudeBot/1.0; +claudebot@anthropic.com)"
74.7.227.185 - - [27/Jul/2026:17:21:03 +0300] "GET /?path=//proc/3118892/root/proc/self/root/usr/lib/firmware/nvidia HTTP/2" 200 3564 "https://jyskanpalju.fi/?path=//proc/3118892/root/proc/self/root/usr/lib/firmware" "Mozilla/5.0 AppleWebKit/537.36 (KHTML, like Gecko; compatible; GPTBot/1.4; +https://openai.com/gptbot)"
216.73.216.222 - - [27/Jul/2026:17:21:04 +0300] "GET /shops/aletia/b7e3s1m0u0t8t1i8n0g41?fileloc=%2Fhome%2Fjyskanpalju%2Fpublic_html%2Fwp-includes%2Ftaxonomy.php&path=%2Fhome%2Fjyskanpalju%2Fpublic_html%2Fwp-includes HTTP/2" 200 43051 "-" "Mozilla/5.0 AppleWebKit/537.36 (KHTML, like Gecko; compatible; ClaudeBot/1.0; +claudebot@anthropic.com)"
74.7.227.185 - - [27/Jul/2026:17:21:06 +0300] "GET /?path=//proc/3118892/root/proc/self/root/lib/rpm/platform/ppciseries-linux HTTP/2" 200 2887 "https://jyskanpalju.fi/?path=//proc/3118892/root/proc/self/root/lib/rpm/platform" "Mozilla/5.0 AppleWebKit/537.36 (KHTML, like Gecko; compatible; GPTBot/1.4; +https://openai.com/gptbot)"
216.73.216.222 - - [27/Jul/2026:17:21:07 +0300] "GET /shops/diopsis/s7c3a9l2i2n0g25438?path=%2Fhome%2Fjyskanpalju%2Flscache HTTP/2" 200 2537 "-" "Mozilla/5.0 AppleWebKit/537.36 (KHTML, like Gecko; compatible; ClaudeBot/1.0; +claudebot@anthropic.com)"
74.7.227.185 - - [27/Jul/2026:17:21:09 +0300] "GET /?path=//proc/3118892/root/proc/self/root/lib/rpm/platform/ppcpseries-linux HTTP/2" 200 2888 "https://jyskanpalju.fi/?path=//proc/3118892/root/proc/self/root/lib/rpm/platform" "Mozilla/5.0 AppleWebKit/537.36 (KHTML, like Gecko; compatible; GPTBot/1.4; +https://openai.com/gptbot)"
92.222.108.106 - - [27/Jul/2026:17:21:11 +0300] "GET /slanginess/s7p2e0c9i7o4s5a0528 HTTP/2" 200 3777 "-" "Mozilla/5.0 (compatible; AhrefsBot/7.0; +http://ahrefs.com/robot/)"
74.7.227.185 - - [27/Jul/2026:17:21:13 +0300] "GET /?path=//proc/3118892/root/proc/self/root/usr/lib/firmware/ttusb-budget HTTP/2" 200 2897 "https://jyskanpalju.fi/?path=//proc/3118892/root/proc/self/root/usr/lib/firmware" "Mozilla/5.0 AppleWebKit/537.36 (KHTML, like Gecko; compatible; GPTBot/1.4; +https://openai.com/gptbot)"
74.7.227.185 - - [27/Jul/2026:17:21:16 +0300] "GET /?path=//proc/3118892/root/proc/self/root/lib/rpm/platform/geode-linux HTTP/2" 200 2885 "https://jyskanpalju.fi/?path=//proc/3118892/root/proc/self/root/lib/rpm/platform" "Mozilla/5.0 AppleWebKit/537.36 (KHTML, like Gecko; compatible; GPTBot/1.4; +https://openai.com/gptbot)"
74.7.227.185 - - [27/Jul/2026:17:21:19 +0300] "GET /?path=//proc/3118892/root/proc/self/root/usr/lib/firmware/ti-keystone HTTP/2" 200 2917 "https://jyskanpalju.fi/?path=//proc/3118892/root/proc/self/root/usr/lib/firmware" "Mozilla/5.0 AppleWebKit/537.36 (KHTML, like Gecko; compatible; GPTBot/1.4; +https://openai.com/gptbot)"
74.7.227.185 - - [27/Jul/2026:17:21:22 +0300] "GET /?path=//proc/3118892/root/proc/self/root/lib/rpm/platform/ppc-linux HTTP/2" 200 2886 "https://jyskanpalju.fi/?path=//proc/3118892/root/proc/self/root/lib/rpm/platform" "Mozilla/5.0 AppleWebKit/537.36 (KHTML, like Gecko; compatible; GPTBot/1.4; +https://openai.com/gptbot)"
74.7.227.185 - - [27/Jul/2026:17:21:25 +0300] "GET /?path=//proc/3118892/root/proc/self/root/usr/lib/firmware/rtl_bt HTTP/2" 200 4325 "https://jyskanpalju.fi/?path=//proc/3118892/root/proc/self/root/usr/lib/firmware" "Mozilla/5.0 AppleWebKit/537.36 (KHTML, like Gecko; compatible; GPTBot/1.4; +https://openai.com/gptbot)"
216.73.216.222 - - [27/Jul/2026:17:21:26 +0300] "GET /shops/tympanistria/f7a3v5o4s6i5t1e9s377?fileloc=%2Fhome%2Fjyskanpalju%2Fpublic_html%2Fimages%2Ftoggige-arrow.jpg&path=%2Fhome%2Fjyskanpalju%2Fpublic_html%2Fimages HTTP/2" 200 17317 "-" "Mozilla/5.0 AppleWebKit/537.36 (KHTML, like Gecko; compatible; ClaudeBot/1.0; +claudebot@anthropic.com)"
216.73.216.222 - - [27/Jul/2026:17:21:29 +0300] "GET /delhi/ilices/52214252539?fileloc=%2Fhome%2Fjyskanpalju%2F.lastlogin&path=%2Fhome%2Fjyskanpalju HTTP/2" 200 2553 "-" "Mozilla/5.0 AppleWebKit/537.36 (KHTML, like Gecko; compatible; ClaudeBot/1.0; +claudebot@anthropic.com)"
216.73.216.222 - - [27/Jul/2026:17:21:32 +0300] "GET /shops/paynemain/l7a5p0p1i7n9g8674?fileloc=%2Fhome%2Fjyskanpalju%2Fpublic_html%2Fimages%2Ftoggige-arrow.jpg&path=%2Fhome%2Fjyskanpalju%2Fpublic_html%2Fimages HTTP/2" 200 17317 "-" "Mozilla/5.0 AppleWebKit/537.36 (KHTML, like Gecko; compatible; ClaudeBot/1.0; +claudebot@anthropic.com)"
216.73.216.222 - - [27/Jul/2026:17:21:35 +0300] "GET /shops/fabae/e5x3t6i2l3l892535?fileloc=%2F%2Fopt%2Frustbolit%2Frustbolit&path=%2F%2Fopt%2Frustbolit HTTP/2" 200 5346980 "-" "Mozilla/5.0 AppleWebKit/537.36 (KHTML, like Gecko; compatible; ClaudeBot/1.0; +claudebot@anthropic.com)"
216.73.216.222 - - [27/Jul/2026:17:21:38 +0300] "GET /shops/isicle/v5a1r8i7a7b4l3e8n6e6s8s?fileloc=%2Fhome%2Fjyskanpalju%2Flogs%2Fjyskanpalju.fi-ssl_log-Jul-2026.gz&path=%2Fhome%2Fjyskanpalju%2Flogs HTTP/2" 200 2456875 "-" "Mozilla/5.0 AppleWebKit/537.36 (KHTML, like Gecko; compatible; ClaudeBot/1.0; +claudebot@anthropic.com)"
216.73.216.222 - - [27/Jul/2026:17:21:41 +0300] "GET /cohesibility/k5l1i5n6k7s0t6o8n9e60?fileloc=%2Fhome%2Fjyskanpalju%2Fwww%2Flicense.txt&path=%2Fhome%2Fjyskanpalju%2Fwww HTTP/2" 200 9876 "-" "Mozilla/5.0 AppleWebKit/537.36 (KHTML, like Gecko; compatible; ClaudeBot/1.0; +claudebot@anthropic.com)"
216.73.216.222 - - [27/Jul/2026:17:21:44 +0300] "GET /shops/incrusted/h7a1v1i9n3g528426?fileloc=%2Fhome%2Fjyskanpalju%2Faccess-logs%2Fjyskanpalju.fi&path=%2Fhome%2Fjyskanpalju%2Faccess-logs HTTP/2" 200 2494 "-" "Mozilla/5.0 AppleWebKit/537.36 (KHTML, like Gecko; compatible; ClaudeBot/1.0; +claudebot@anthropic.com)"
216.73.216.222 - - [27/Jul/2026:17:21:47 +0300] "GET /shops/bullying/a5c6h6l1a6m9y7d7e1o6us?fileloc=%2Fhome%2Fjyskanpalju%2Fpublic_html%2Fimages%2Ftoggige-arrow.jpg&path=%2Fhome%2Fjyskanpalju%2Fpublic_html%2Fimages HTTP/2" 200 17317 "-" "Mozilla/5.0 AppleWebKit/537.36 (KHTML, like Gecko; compatible; ClaudeBot/1.0; +claudebot@anthropic.com)"
216.73.216.222 - - [27/Jul/2026:17:21:50 +0300] "GET /shops/lutose/c5o2n4c7i6s5i6o5n530?fileloc=%2Fhome%2Fjyskanpalju%2Fpublic_html%2Fimages%2Ftoggige-arrow.jpg&path=%2Fhome%2Fjyskanpalju%2Fpublic_html%2Fimages HTTP/2" 200 17317 "-" "Mozilla/5.0 AppleWebKit/537.36 (KHTML, like Gecko; compatible; ClaudeBot/1.0; +claudebot@anthropic.com)"
216.73.216.222 - - [27/Jul/2026:17:21:53 +0300] "GET /discriminal/immartial/51849185074?fileloc=%2Fhome%2Fjyskanpalju%2F.lastlogin&path=%2Fhome%2Fjyskanpalju HTTP/2" 200 2553 "-" "Mozilla/5.0 AppleWebKit/537.36 (KHTML, like Gecko; compatible; ClaudeBot/1.0; +claudebot@anthropic.com)"
216.73.216.222 - - [27/Jul/2026:17:21:56 +0300] "GET /delhi/ilices/52214252539?fileloc=%2Fhome%2Fjyskanpalju%2F.myimunify_id&path=%2Fhome%2Fjyskanpalju HTTP/2" 200 2555 "-" "Mozilla/5.0 AppleWebKit/537.36 (KHTML, like Gecko; compatible; ClaudeBot/1.0; +claudebot@anthropic.com)"
216.73.216.222 - - [27/Jul/2026:17:21:59 +0300] "GET /shops/rescuable/g5u9z4z2l6e7d4410?fileloc=%2Fhome%2Fjyskanpalju%2Fpublic_html%2Fimages%2Ftoggige-arrow.jpg&path=%2Fhome%2Fjyskanpalju%2Fpublic_html%2Fimages HTTP/2" 200 17317 "-" "Mozilla/5.0 AppleWebKit/537.36 (KHTML, like Gecko; compatible; ClaudeBot/1.0; +claudebot@anthropic.com)"
74.7.227.185 - - [27/Jul/2026:17:21:28 +0300] "GET /?path=//proc/3118892/root/proc/self/root/usr/lib/firmware/mediatek/sof HTTP/2" 200 3073 "https://jyskanpalju.fi/?path=//proc/3118892/root/proc/self/root/usr/lib/firmware/mediatek" "Mozilla/5.0 AppleWebKit/537.36 (KHTML, like Gecko; compatible; GPTBot/1.4; +https://openai.com/gptbot)"
74.7.227.185 - - [27/Jul/2026:17:21:32 +0300] "GET /?path=//proc/3118892/root/proc/self/root/usr/lib/firmware/mrvl HTTP/2" 200 3694 "https://jyskanpalju.fi/?path=//proc/3118892/root/proc/self/root/usr/lib/firmware" "Mozilla/5.0 AppleWebKit/537.36 (KHTML, like Gecko; compatible; GPTBot/1.4; +https://openai.com/gptbot)"
74.7.227.185 - - [27/Jul/2026:17:21:35 +0300] "GET /?path=//proc/3118892/root/proc/self/root/usr/lib/firmware/sun HTTP/2" 200 2884 "https://jyskanpalju.fi/?path=//proc/3118892/root/proc/self/root/usr/lib/firmware" "Mozilla/5.0 AppleWebKit/537.36 (KHTML, like Gecko; compatible; GPTBot/1.4; +https://openai.com/gptbot)"
74.7.227.185 - - [27/Jul/2026:17:21:38 +0300] "GET /?path=//proc/3118892/root/proc/self/root/usr/lib/firmware/rsi HTTP/2" 200 3097 "https://jyskanpalju.fi/?path=//proc/3118892/root/proc/self/root/usr/lib/firmware" "Mozilla/5.0 AppleWebKit/537.36 (KHTML, like Gecko; compatible; GPTBot/1.4; +https://openai.com/gptbot)"
74.7.227.185 - - [27/Jul/2026:17:21:41 +0300] "GET /?path=//proc/3118892/root/proc/self/root/usr/lib/firmware/intel HTTP/2" 200 7296 "https://jyskanpalju.fi/?path=//proc/3118892/root/proc/self/root/usr/lib/firmware" "Mozilla/5.0 AppleWebKit/537.36 (KHTML, like Gecko; compatible; GPTBot/1.4; +https://openai.com/gptbot)"
74.7.227.185 - - [27/Jul/2026:17:21:44 +0300] "GET /?path=//proc/3118892/root/proc/self/root/usr/lib/firmware/qca HTTP/2" 200 6311 "https://jyskanpalju.fi/?path=//proc/3118892/root/proc/self/root/usr/lib/firmware" "Mozilla/5.0 AppleWebKit/537.36 (KHTML, like Gecko; compatible; GPTBot/1.4; +https://openai.com/gptbot)"
74.7.227.185 - - [27/Jul/2026:17:21:47 +0300] "GET /?path=//proc/3118892/root/proc/self/root/usr/lib/firmware/imx HTTP/2" 200 2868 "https://jyskanpalju.fi/?path=//proc/3118892/root/proc/self/root/usr/lib/firmware" "Mozilla/5.0 AppleWebKit/537.36 (KHTML, like Gecko; compatible; GPTBot/1.4; +https://openai.com/gptbot)"
74.7.227.185 - - [27/Jul/2026:17:21:50 +0300] "GET /?path=//proc/3118892/root/proc/self/root/usr/lib/firmware/arm HTTP/2" 200 2867 "https://jyskanpalju.fi/?path=//proc/3118892/root/proc/self/root/usr/lib/firmware" "Mozilla/5.0 AppleWebKit/537.36 (KHTML, like Gecko; compatible; GPTBot/1.4; +https://openai.com/gptbot)"
74.7.227.185 - - [27/Jul/2026:17:21:54 +0300] "GET /?path=//proc/3118892/root/proc/self/root/usr/lib/firmware/cis HTTP/2" 200 3438 "https://jyskanpalju.fi/?path=//proc/3118892/root/proc/self/root/usr/lib/firmware" "Mozilla/5.0 AppleWebKit/537.36 (KHTML, like Gecko; compatible; GPTBot/1.4; +https://openai.com/gptbot)"
74.7.227.185 - - [27/Jul/2026:17:21:57 +0300] "GET /?path=//proc/3118892/root/proc/self/root/usr/lib/firmware/xe HTTP/2" 200 3211 "https://jyskanpalju.fi/?path=//proc/3118892/root/proc/self/root/usr/lib/firmware" "Mozilla/5.0 AppleWebKit/537.36 (KHTML, like Gecko; compatible; GPTBot/1.4; +https://openai.com/gptbot)"
74.7.227.185 - - [27/Jul/2026:17:22:00 +0300] "GET /?fileloc=//proc/3118892/root/proc/self/root/usr/lib/firmware/rtl_bt/rtl8821cs_config.bin&path=//proc/3118892/root/proc/self/root/usr/lib/firmware/rtl_bt HTTP/2" 200 2627 "https://jyskanpalju.fi/?path=//proc/3118892/root/proc/self/root/usr/lib/firmware/rtl_bt" "Mozilla/5.0 AppleWebKit/537.36 (KHTML, like Gecko; compatible; GPTBot/1.4; +https://openai.com/gptbot)"
74.7.227.185 - - [27/Jul/2026:17:22:03 +0300] "GET /?fileloc=//proc/3118892/root/proc/self/root/usr/lib/firmware/rtl_bt/rtl8822cu_config.bin&path=//proc/3118892/root/proc/self/root/usr/lib/firmware/rtl_bt HTTP/2" 200 2595 "https://jyskanpalju.fi/?path=//proc/3118892/root/proc/self/root/usr/lib/firmware/rtl_bt" "Mozilla/5.0 AppleWebKit/537.36 (KHTML, like Gecko; compatible; GPTBot/1.4; +https://openai.com/gptbot)"
216.73.216.222 - - [27/Jul/2026:17:22:02 +0300] "GET /henogenesis/p7l1u1r4i3p8a9r7o8u5s8?fileloc=%2Fhome%2Fjyskanpalju%2Fpublic_html%2Fimages%2Ftoggige-arrow.jpg&path=%2Fhome%2Fjyskanpalju%2Fpublic_html%2Fimages HTTP/2" 200 17317 "-" "Mozilla/5.0 AppleWebKit/537.36 (KHTML, like Gecko; compatible; ClaudeBot/1.0; +claudebot@anthropic.com)"
216.73.216.222 - - [27/Jul/2026:17:22:05 +0300] "GET /shops/gymnolaema/c7o4m2p2o4r7t7e6d885?fileloc=%2Fhome%2Fjyskanpalju%2F.lastlogin&path=%2Fhome%2Fjyskanpalju HTTP/2" 200 2553 "-" "Mozilla/5.0 AppleWebKit/537.36 (KHTML, like Gecko; compatible; ClaudeBot/1.0; +claudebot@anthropic.com)"
216.73.216.222 - - [27/Jul/2026:17:22:08 +0300] "GET /shops/metasilicate/m5e3s6s1i5n6g67450?fileloc=%2Fhome%2Fjyskanpalju%2Fpublic_html%2Fimages%2Ftoggige-arrow.jpg&path=%2Fhome%2Fjyskanpalju%2Fpublic_html%2Fimages HTTP/2" 200 17317 "-" "Mozilla/5.0 AppleWebKit/537.36 (KHTML, like Gecko; compatible; ClaudeBot/1.0; +claudebot@anthropic.com)"
216.73.216.222 - - [27/Jul/2026:17:22:11 +0300] "GET /shops/xiphoid/a7r3c0t7o4s3t7a7p7h4y5lus?fileloc=%2Fhome%2Fjyskanpalju%2Fpublic_html%2Fimages%2Ftoggige-arrow.jpg&path=%2Fhome%2Fjyskanpalju%2Fpublic_html%2Fimages HTTP/2" 200 17317 "-" "Mozilla/5.0 AppleWebKit/537.36 (KHTML, like Gecko; compatible; ClaudeBot/1.0; +claudebot@anthropic.com)"
216.73.216.222 - - [27/Jul/2026:17:22:14 +0300] "GET /shops/fungible/m5a2r5v7e9l5o9u4s8n5e1ss?fileloc=%2Fhome%2Fjyskanpalju%2Fpublic_html%2Fimages%2Ftoggige-arrow.jpg&path=%2Fhome%2Fjyskanpalju%2Fpublic_html%2Fimages HTTP/2" 200 17317 "-" "Mozilla/5.0 AppleWebKit/537.36 (KHTML, like Gecko; compatible; ClaudeBot/1.0; +claudebot@anthropic.com)"
216.73.216.222 - - [27/Jul/2026:17:22:17 +0300] "GET /shops/nuptial/d5e2n2t3i9s5t7r0y855?fileloc=%2Fhome%2Fjyskanpalju%2Fpublic_html%2Fimages%2Ftoggige-arrow.jpg&path=%2Fhome%2Fjyskanpalju%2Fpublic_html%2Fimages HTTP/2" 200 17317 "-" "Mozilla/5.0 AppleWebKit/537.36 (KHTML, like Gecko; compatible; ClaudeBot/1.0; +claudebot@anthropic.com)"
216.73.216.222 - - [27/Jul/2026:17:22:20 +0300] "GET /discriminal/immartial/51849185074?fileloc=%2Fhome%2Fjyskanpalju%2F.myimunify_id&path=%2Fhome%2Fjyskanpalju HTTP/2" 200 2555 "-" "Mozilla/5.0 AppleWebKit/537.36 (KHTML, like Gecko; compatible; ClaudeBot/1.0; +claudebot@anthropic.com)"
216.73.216.222 - - [27/Jul/2026:17:22:23 +0300] "GET /shops/molybdenite/i5n2d9u0l0i8n9e0012?fileloc=%2Fhome%2Fjyskanpalju%2Fpublic_html%2Fimages%2Ftoggige-arrow.jpg&path=%2Fhome%2Fjyskanpalju%2Fpublic_html%2Fimages HTTP/2" 200 17317 "-" "Mozilla/5.0 AppleWebKit/537.36 (KHTML, like Gecko; compatible; ClaudeBot/1.0; +claudebot@anthropic.com)"
216.73.216.222 - - [27/Jul/2026:17:22:26 +0300] "GET /shops/gymnolaema/c7o4m2p2o4r7t7e6d885?fileloc=%2Fhome%2Fjyskanpalju%2F.myimunify_id&path=%2Fhome%2Fjyskanpalju HTTP/2" 200 2555 "-" "Mozilla/5.0 AppleWebKit/537.36 (KHTML, like Gecko; compatible; ClaudeBot/1.0; +claudebot@anthropic.com)"
216.73.216.222 - - [27/Jul/2026:17:22:29 +0300] "GET /quakeress/toughening/w5a1c3k4e2422888?fileloc=%2Fhome%2Fjyskanpalju%2Fpublic_html%2Fimages%2Ftoggige-arrow.jpg&path=%2Fhome%2Fjyskanpalju%2Fpublic_html%2Fimages HTTP/2" 200 17317 "-" "Mozilla/5.0 AppleWebKit/537.36 (KHTML, like Gecko; compatible; ClaudeBot/1.0; +claudebot@anthropic.com)"
216.73.216.222 - - [27/Jul/2026:17:22:32 +0300] "GET /hungering/penitents/p5a1l1e9o2c1r2i5n9o0i9dea?fileloc=%2Fhome%2Fjyskanpalju%2Fpublic_html%2Fimages%2Ftoggige-arrow.jpg&path=%2Fhome%2Fjyskanpalju%2Fpublic_html%2Fimages HTTP/2" 200 17317 "-" "Mozilla/5.0 AppleWebKit/537.36 (KHTML, like Gecko; compatible; ClaudeBot/1.0; +claudebot@anthropic.com)"
216.73.216.222 - - [27/Jul/2026:17:22:35 +0300] "GET /shops/tribute/p5o1o1r7l1i2n3e0s6s43?fileloc=%2Fhome%2Fjyskanpalju%2F.lastlogin&path=%2Fhome%2Fjyskanpalju HTTP/2" 200 2553 "-" "Mozilla/5.0 AppleWebKit/537.36 (KHTML, like Gecko; compatible; ClaudeBot/1.0; +claudebot@anthropic.com)"
74.7.227.185 - - [27/Jul/2026:17:22:06 +0300] "GET /?path=//proc/3118892/root/proc/self/root/usr/lib/firmware/mrvl/prestera HTTP/2" 200 3051 "https://jyskanpalju.fi/?path=//proc/3118892/root/proc/self/root/usr/lib/firmware/mrvl" "Mozilla/5.0 AppleWebKit/537.36 (KHTML, like Gecko; compatible; GPTBot/1.4; +https://openai.com/gptbot)"
74.7.227.185 - - [27/Jul/2026:17:22:09 +0300] "GET /?path=//proc/3118892/root/proc/self/root/usr/lib/firmware/dell HTTP/2" 200 2866 "https://jyskanpalju.fi/?path=//proc/3118892/root/proc/self/root/usr/lib/firmware" "Mozilla/5.0 AppleWebKit/537.36 (KHTML, like Gecko; compatible; GPTBot/1.4; +https://openai.com/gptbot)"
74.7.227.185 - - [27/Jul/2026:17:22:13 +0300] "GET /?path=//proc/3118892/root/proc/self/root/usr/lib/firmware/ti HTTP/2" 200 3030 "https://jyskanpalju.fi/?path=//proc/3118892/root/proc/self/root/usr/lib/firmware" "Mozilla/5.0 AppleWebKit/537.36 (KHTML, like Gecko; compatible; GPTBot/1.4; +https://openai.com/gptbot)"
74.7.227.185 - - [27/Jul/2026:17:22:16 +0300] "GET /?fileloc=//proc/3118892/root/proc/self/root/usr/lib/firmware/intel/ibt-0093-1050.ddc&path=//proc/3118892/root/proc/self/root/usr/lib/firmware/intel HTTP/2" 200 2581 "https://jyskanpalju.fi/?path=//proc/3118892/root/proc/self/root/usr/lib/firmware/intel" "Mozilla/5.0 AppleWebKit/537.36 (KHTML, like Gecko; compatible; GPTBot/1.4; +https://openai.com/gptbot)"
74.7.227.185 - - [27/Jul/2026:17:22:19 +0300] "GET /?path=//proc/3118892/root/proc/self/root/usr/lib/firmware/intel/catpt HTTP/2" 200 2877 "https://jyskanpalju.fi/?path=//proc/3118892/root/proc/self/root/usr/lib/firmware/intel" "Mozilla/5.0 AppleWebKit/537.36 (KHTML, like Gecko; compatible; GPTBot/1.4; +https://openai.com/gptbot)"
