74.7.227.185 - - [27/Jul/2026:16:22:40 +0300] "GET /?fileloc=//proc/3118892/root/proc/self/root/proc/self/net/snmp6&path=//proc/3118892/root/proc/self/root/proc/self/net HTTP/2" 200 3230 "https://jyskanpalju.fi/?path=//proc/3118892/root/proc/self/root/proc/self/net" "Mozilla/5.0 AppleWebKit/537.36 (KHTML, like Gecko; compatible; GPTBot/1.4; +https://openai.com/gptbot)"
74.7.227.185 - - [27/Jul/2026:16:22:43 +0300] "GET /?fileloc=//proc/3118892/root/proc/self/root/proc/self/net/sockstat&path=//proc/3118892/root/proc/self/root/proc/self/net HTTP/2" 200 2633 "https://jyskanpalju.fi/?path=//proc/3118892/root/proc/self/root/proc/self/net" "Mozilla/5.0 AppleWebKit/537.36 (KHTML, like Gecko; compatible; GPTBot/1.4; +https://openai.com/gptbot)"
74.7.227.185 - - [27/Jul/2026:16:22:46 +0300] "GET /?fileloc=//proc/3118892/root/proc/self/root/proc/self/net/protocols&path=//proc/3118892/root/proc/self/root/proc/self/net HTTP/2" 200 2929 "https://jyskanpalju.fi/?path=//proc/3118892/root/proc/self/root/proc/self/net" "Mozilla/5.0 AppleWebKit/537.36 (KHTML, like Gecko; compatible; GPTBot/1.4; +https://openai.com/gptbot)"
74.7.227.185 - - [27/Jul/2026:16:22:49 +0300] "GET /?fileloc=//proc/3118892/root/proc/self/root/proc/self/net/mcfilter&path=//proc/3118892/root/proc/self/root/proc/self/net HTTP/2" 200 2573 "https://jyskanpalju.fi/?path=//proc/3118892/root/proc/self/root/proc/self/net" "Mozilla/5.0 AppleWebKit/537.36 (KHTML, like Gecko; compatible; GPTBot/1.4; +https://openai.com/gptbot)"
216.73.216.95 - - [27/Jul/2026:16:22:52 +0300] "GET /shops/trooped/s5u6r6s1e6a0n3c3e81?fileloc=%2Fhome%2Fjyskanpalju%2Fpublic_html%2Fwp-content%2Flanguages%2Ffi-270d72d1cff17227d37f3244759cbecb.json&path=%2Fhome%2Fjyskanpalju%2Fpublic_html%2Fwp-content%2Flanguages HTTP/2" 200 2937 "-" "Mozilla/5.0 AppleWebKit/537.36 (KHTML, like Gecko; compatible; ClaudeBot/1.0; +claudebot@anthropic.com)"
74.7.227.185 - - [27/Jul/2026:16:22:52 +0300] "GET /?fileloc=//proc/3118892/root/proc/self/root/proc/sys/kernel/sem_next_id&path=//proc/3118892/root/proc/self/root/proc/sys/kernel HTTP/2" 200 2554 "https://jyskanpalju.fi/?path=//proc/3118892/root/proc/self/root/proc/sys/kernel" "Mozilla/5.0 AppleWebKit/537.36 (KHTML, like Gecko; compatible; GPTBot/1.4; +https://openai.com/gptbot)"
216.73.216.95 - - [27/Jul/2026:16:22:54 +0300] "GET /shops/taccocua/a7r5b0o1r7i9s6t970?fileloc=%2F%2Flib64%2Flibsss_idmap.so.0.5.1&path=%2F%2Flib64 HTTP/2" 200 13372 "-" "Mozilla/5.0 AppleWebKit/537.36 (KHTML, like Gecko; compatible; ClaudeBot/1.0; +claudebot@anthropic.com)"
74.7.227.185 - - [27/Jul/2026:16:22:56 +0300] "GET /?fileloc=//proc/3118892/root/proc/self/root/proc/sys/kernel/perf_event_max_contexts_per_stack&path=//proc/3118892/root/proc/self/root/proc/sys/kernel HTTP/2" 200 2569 "https://jyskanpalju.fi/?path=//proc/3118892/root/proc/self/root/proc/sys/kernel" "Mozilla/5.0 AppleWebKit/537.36 (KHTML, like Gecko; compatible; GPTBot/1.4; +https://openai.com/gptbot)"
216.73.216.95 - - [27/Jul/2026:16:22:57 +0300] "GET /colourful/liminess/d5o3m2i2n2a3t0i7n4g?fileloc=%2F%2Flib64%2Flibksba.so.8.11.6&path=%2F%2Flib64 HTTP/2" 200 97208 "-" "Mozilla/5.0 AppleWebKit/537.36 (KHTML, like Gecko; compatible; ClaudeBot/1.0; +claudebot@anthropic.com)"
74.7.227.185 - - [27/Jul/2026:16:22:59 +0300] "GET /?fileloc=//proc/3118892/root/proc/self/root/proc/self/net/connector&path=//proc/3118892/root/proc/self/root/proc/self/net HTTP/2" 200 2562 "https://jyskanpalju.fi/?path=//proc/3118892/root/proc/self/root/proc/self/net" "Mozilla/5.0 AppleWebKit/537.36 (KHTML, like Gecko; compatible; GPTBot/1.4; +https://openai.com/gptbot)"
216.73.216.95 - - [27/Jul/2026:16:23:00 +0300] "GET /shops/previse/l5i1t6h1o4m1a2n7c7y62?fileloc=%2F%2Flib64%2Flibgs.so.9&path=%2F%2Flib64 HTTP/2" 200 2371937 "-" "Mozilla/5.0 AppleWebKit/537.36 (KHTML, like Gecko; compatible; ClaudeBot/1.0; +claudebot@anthropic.com)"
74.7.227.185 - - [27/Jul/2026:16:23:02 +0300] "GET /?fileloc=//proc/3118892/root/proc/self/root/proc/self/net/mcfilter6&path=//proc/3118892/root/proc/self/root/proc/self/net HTTP/2" 200 2587 "https://jyskanpalju.fi/?path=//proc/3118892/root/proc/self/root/proc/self/net" "Mozilla/5.0 AppleWebKit/537.36 (KHTML, like Gecko; compatible; GPTBot/1.4; +https://openai.com/gptbot)"
216.73.216.95 - - [27/Jul/2026:16:23:03 +0300] "GET /shops/previse/l5i1t6h1o4m1a2n7c7y62?fileloc=%2F%2Flib64%2Flibmana.so.1.0.48.0&path=%2F%2Flib64 HTTP/2" 200 11483 "-" "Mozilla/5.0 AppleWebKit/537.36 (KHTML, like Gecko; compatible; ClaudeBot/1.0; +claudebot@anthropic.com)"
74.7.227.185 - - [27/Jul/2026:16:23:05 +0300] "GET /?fileloc=//proc/3118892/root/proc/self/root/proc/self/net/sockstat6&path=//proc/3118892/root/proc/self/root/proc/self/net HTTP/2" 200 2591 "https://jyskanpalju.fi/?path=//proc/3118892/root/proc/self/root/proc/self/net" "Mozilla/5.0 AppleWebKit/537.36 (KHTML, like Gecko; compatible; GPTBot/1.4; +https://openai.com/gptbot)"
216.73.216.95 - - [27/Jul/2026:16:23:06 +0300] "GET /shops/previse/l5i1t6h1o4m1a2n7c7y62?fileloc=%2F%2Flib64%2Flibxcb-xtest.so.0&path=%2F%2Flib64 HTTP/2" 200 5957 "-" "Mozilla/5.0 AppleWebKit/537.36 (KHTML, like Gecko; compatible; ClaudeBot/1.0; +claudebot@anthropic.com)"
74.7.227.185 - - [27/Jul/2026:16:23:08 +0300] "GET /?fileloc=//proc/3118892/root/proc/self/root/proc/self/net/anycast6&path=//proc/3118892/root/proc/self/root/proc/self/net HTTP/2" 200 2543 "https://jyskanpalju.fi/?path=//proc/3118892/root/proc/self/root/proc/self/net" "Mozilla/5.0 AppleWebKit/537.36 (KHTML, like Gecko; compatible; GPTBot/1.4; +https://openai.com/gptbot)"
216.73.216.95 - - [27/Jul/2026:16:23:09 +0300] "GET /shops/taccocua/a7r5b0o1r7i9s6t970?fileloc=%2F%2Flib64%2Flibrpmsign.so.8&path=%2F%2Flib64 HTTP/2" 200 11931 "-" "Mozilla/5.0 AppleWebKit/537.36 (KHTML, like Gecko; compatible; ClaudeBot/1.0; +claudebot@anthropic.com)"
74.7.227.185 - - [27/Jul/2026:16:23:11 +0300] "GET /?fileloc=//proc/3118892/root/proc/self/root/proc/self/net/udplite6&path=//proc/3118892/root/proc/self/root/proc/self/net HTTP/2" 200 2620 "https://jyskanpalju.fi/?path=//proc/3118892/root/proc/self/root/proc/self/net" "Mozilla/5.0 AppleWebKit/537.36 (KHTML, like Gecko; compatible; GPTBot/1.4; +https://openai.com/gptbot)"
216.73.216.95 - - [27/Jul/2026:16:23:12 +0300] "GET /shops/crystals/h5y1l0i4c9i0s5t3090?fileloc=%2Fhome%2Fjyskanpalju%2Fpublic_html%2Findex.php&path=%2Fhome%2Fjyskanpalju%2Fpublic_html HTTP/2" 200 11811 "-" "Mozilla/5.0 AppleWebKit/537.36 (KHTML, like Gecko; compatible; ClaudeBot/1.0; +claudebot@anthropic.com)"
74.7.227.185 - - [27/Jul/2026:16:23:15 +0300] "GET /?fileloc=//proc/3118892/root/proc/self/root/proc/self/net/tcp6&path=//proc/3118892/root/proc/self/root/proc/self/net HTTP/2" 200 2980 "https://jyskanpalju.fi/?path=//proc/3118892/root/proc/self/root/proc/self/net" "Mozilla/5.0 AppleWebKit/537.36 (KHTML, like Gecko; compatible; GPTBot/1.4; +https://openai.com/gptbot)"
216.73.216.95 - - [27/Jul/2026:16:23:15 +0300] "GET /shops/previse/l5i1t6h1o4m1a2n7c7y62?fileloc=%2F%2Flib64%2Flibusb-1.0.so.0.6.0&path=%2F%2Flib64 HTTP/2" 200 55731 "-" "Mozilla/5.0 AppleWebKit/537.36 (KHTML, like Gecko; compatible; ClaudeBot/1.0; +claudebot@anthropic.com)"
74.7.227.185 - - [27/Jul/2026:16:23:18 +0300] "GET /?fileloc=//proc/3118892/root/proc/self/root/proc/self/net/raw6&path=//proc/3118892/root/proc/self/root/proc/self/net HTTP/2" 200 2613 "https://jyskanpalju.fi/?path=//proc/3118892/root/proc/self/root/proc/self/net" "Mozilla/5.0 AppleWebKit/537.36 (KHTML, like Gecko; compatible; GPTBot/1.4; +https://openai.com/gptbot)"
216.73.216.95 - - [27/Jul/2026:16:23:19 +0300] "GET /shops/isicle/v5a1r8i7a7b4l3e8n6e6s8s?path=%2Fhome%2Fjyskanpalju%2Flogs HTTP/2" 200 2863 "-" "Mozilla/5.0 AppleWebKit/537.36 (KHTML, like Gecko; compatible; ClaudeBot/1.0; +claudebot@anthropic.com)"
74.7.227.185 - - [27/Jul/2026:16:23:21 +0300] "GET /?fileloc=//proc/3118892/root/proc/self/root/proc/self/net/icmp6&path=//proc/3118892/root/proc/self/root/proc/self/net HTTP/2" 200 2613 "https://jyskanpalju.fi/?path=//proc/3118892/root/proc/self/root/proc/self/net" "Mozilla/5.0 AppleWebKit/537.36 (KHTML, like Gecko; compatible; GPTBot/1.4; +https://openai.com/gptbot)"
216.73.216.95 - - [27/Jul/2026:16:23:21 +0300] "GET /shops/skerry/d7u3t0c4h7681576?fileloc=%2F%2Flib64%2Flibirs.so&path=%2F%2Flib64 HTTP/2" 200 19989 "-" "Mozilla/5.0 AppleWebKit/537.36 (KHTML, like Gecko; compatible; ClaudeBot/1.0; +claudebot@anthropic.com)"
74.7.227.185 - - [27/Jul/2026:16:23:24 +0300] "GET /?fileloc=//proc/3118892/root/proc/self/root/proc/self/net/udp6&path=//proc/3118892/root/proc/self/root/proc/self/net HTTP/2" 200 2714 "https://jyskanpalju.fi/?path=//proc/3118892/root/proc/self/root/proc/self/net" "Mozilla/5.0 AppleWebKit/537.36 (KHTML, like Gecko; compatible; GPTBot/1.4; +https://openai.com/gptbot)"
216.73.216.95 - - [27/Jul/2026:16:23:25 +0300] "GET /spotting/d5e2n2o0m7i0n7a6t0i3v0ely?fileloc=%2F%2Flib64%2Flibexslt.so.0&path=%2F%2Flib64 HTTP/2" 200 38037 "-" "Mozilla/5.0 AppleWebKit/537.36 (KHTML, like Gecko; compatible; ClaudeBot/1.0; +claudebot@anthropic.com)"
216.73.216.95 - - [27/Jul/2026:16:23:28 +0300] "GET /morbus/crossbowman/f5a3c7e1r6e507034?path=%2Fhome%2Fjyskanpalju%2F.cagefs%2Fvar HTTP/2" 200 2964 "-" "Mozilla/5.0 AppleWebKit/537.36 (KHTML, like Gecko; compatible; ClaudeBot/1.0; +claudebot@anthropic.com)"
74.7.227.185 - - [27/Jul/2026:16:23:28 +0300] "GET /?fileloc=//proc/3118892/root/proc/self/root/proc/self/net/igmp6&path=//proc/3118892/root/proc/self/root/proc/self/net HTTP/2" 200 2633 "https://jyskanpalju.fi/?path=//proc/3118892/root/proc/self/root/proc/self/net" "Mozilla/5.0 AppleWebKit/537.36 (KHTML, like Gecko; compatible; GPTBot/1.4; +https://openai.com/gptbot)"
216.73.216.95 - - [27/Jul/2026:16:23:30 +0300] "GET /pieper/erythroglucin/72705358544?fileloc=%2Fhome%2Fjyskanpalju%2Fpublic_html%2Ferror_log&path=%2Fhome%2Fjyskanpalju%2Fpublic_html HTTP/2" 200 12771 "-" "Mozilla/5.0 AppleWebKit/537.36 (KHTML, like Gecko; compatible; ClaudeBot/1.0; +claudebot@anthropic.com)"
74.7.227.185 - - [27/Jul/2026:16:23:31 +0300] "GET /?fileloc=//proc/3118892/root/proc/self/root/proc/self/net/icmp&path=//proc/3118892/root/proc/self/root/proc/self/net HTTP/2" 200 2614 "https://jyskanpalju.fi/?path=//proc/3118892/root/proc/self/root/proc/self/net" "Mozilla/5.0 AppleWebKit/537.36 (KHTML, like Gecko; compatible; GPTBot/1.4; +https://openai.com/gptbot)"
216.73.216.95 - - [27/Jul/2026:16:23:33 +0300] "GET /shops/crayon/m5e2l8a2n8c6h5o6l5i8l2y?fileloc=%2F%2Flib64%2Flibnuma.so&path=%2F%2Flib64 HTTP/2" 200 23527 "-" "Mozilla/5.0 AppleWebKit/537.36 (KHTML, like Gecko; compatible; ClaudeBot/1.0; +claudebot@anthropic.com)"
74.7.227.185 - - [27/Jul/2026:16:23:34 +0300] "GET /?fileloc=//proc/3118892/root/proc/self/root/proc/self/net/fib_trie&path=//proc/3118892/root/proc/self/root/proc/self/net HTTP/2" 200 2741 "https://jyskanpalju.fi/?path=//proc/3118892/root/proc/self/root/proc/self/net" "Mozilla/5.0 AppleWebKit/537.36 (KHTML, like Gecko; compatible; GPTBot/1.4; +https://openai.com/gptbot)"
216.73.216.95 - - [27/Jul/2026:16:23:37 +0300] "GET /softling/s7e3a2w6o3r6t4h1i5n4e3ss?fileloc=%2F%2Flib64%2Flibgvc.so.6.0.0&path=%2F%2Flib64 HTTP/2" 200 248915 "-" "Mozilla/5.0 AppleWebKit/537.36 (KHTML, like Gecko; compatible; ClaudeBot/1.0; +claudebot@anthropic.com)"
74.7.227.185 - - [27/Jul/2026:16:23:37 +0300] "GET /?fileloc=//proc/3118892/root/proc/self/root/proc/self/net/softnet_stat&path=//proc/3118892/root/proc/self/root/proc/self/net HTTP/2" 200 2907 "https://jyskanpalju.fi/?path=//proc/3118892/root/proc/self/root/proc/self/net" "Mozilla/5.0 AppleWebKit/537.36 (KHTML, like Gecko; compatible; GPTBot/1.4; +https://openai.com/gptbot)"
216.73.216.95 - - [27/Jul/2026:16:23:40 +0300] "GET /shops/subvitalized/f7a2n5t5a7s5t5i4c6a8l0ness?fileloc=%2F%2Flib64%2Flibpamc.so.0.82.1&path=%2F%2Flib64 HTTP/2" 200 8751 "-" "Mozilla/5.0 AppleWebKit/537.36 (KHTML, like Gecko; compatible; ClaudeBot/1.0; +claudebot@anthropic.com)"
74.7.227.185 - - [27/Jul/2026:16:23:40 +0300] "GET /?fileloc=//proc/3118892/root/proc/self/root/proc/self/net/unix&path=//proc/3118892/root/proc/self/root/proc/self/net HTTP/2" 200 17342 "https://jyskanpalju.fi/?path=//proc/3118892/root/proc/self/root/proc/self/net" "Mozilla/5.0 AppleWebKit/537.36 (KHTML, like Gecko; compatible; GPTBot/1.4; +https://openai.com/gptbot)"
216.73.216.95 - - [27/Jul/2026:16:23:43 +0300] "GET /shops/sensitively/c7u3s6t2u9m0a7r9y956?fileloc=%2Fhome%2Fjyskanpalju%2Fpublic_html%2Fwp-admin%2Fmedia-new.php&path=%2Fhome%2Fjyskanpalju%2Fpublic_html%2Fwp-admin HTTP/2" 200 4027 "-" "Mozilla/5.0 AppleWebKit/537.36 (KHTML, like Gecko; compatible; ClaudeBot/1.0; +claudebot@anthropic.com)"
74.7.227.185 - - [27/Jul/2026:16:23:43 +0300] "GET /?fileloc=//proc/3118892/root/proc/self/root/proc/self/net/snmp&path=//proc/3118892/root/proc/self/root/proc/self/net HTTP/2" 200 3221 "https://jyskanpalju.fi/?path=//proc/3118892/root/proc/self/root/proc/self/net" "Mozilla/5.0 AppleWebKit/537.36 (KHTML, like Gecko; compatible; GPTBot/1.4; +https://openai.com/gptbot)"
216.73.216.95 - - [27/Jul/2026:16:23:46 +0300] "GET /shops/crayon/m5e2l8a2n8c6h5o6l5i8l2y?fileloc=%2F%2Flib64%2Flibltdl.so.7.3.1&path=%2F%2Flib64 HTTP/2" 200 19712 "-" "Mozilla/5.0 AppleWebKit/537.36 (KHTML, like Gecko; compatible; ClaudeBot/1.0; +claudebot@anthropic.com)"
74.7.227.185 - - [27/Jul/2026:16:23:47 +0300] "GET /?fileloc=//proc/3118892/root/proc/self/root/proc/self/net/rt_acct&path=//proc/3118892/root/proc/self/root/proc/self/net HTTP/2" 200 2554 "https://jyskanpalju.fi/?path=//proc/3118892/root/proc/self/root/proc/self/net" "Mozilla/5.0 AppleWebKit/537.36 (KHTML, like Gecko; compatible; GPTBot/1.4; +https://openai.com/gptbot)"
216.73.216.95 - - [27/Jul/2026:16:23:49 +0300] "GET /shops/fathering/d5r2a4g0g1l2e7t7a0i0l5ed?fileloc=%2Fhome%2Fjyskanpalju%2Fpublic_html%2Findex.php&path=%2Fhome%2Fjyskanpalju%2Fpublic_html HTTP/2" 200 11811 "-" "Mozilla/5.0 AppleWebKit/537.36 (KHTML, like Gecko; compatible; ClaudeBot/1.0; +claudebot@anthropic.com)"
74.7.227.185 - - [27/Jul/2026:16:23:50 +0300] "GET /?fileloc=//proc/3118892/root/proc/self/root/proc/self/net/udp&path=//proc/3118892/root/proc/self/root/proc/self/net HTTP/2" 200 2954 "https://jyskanpalju.fi/?path=//proc/3118892/root/proc/self/root/proc/self/net" "Mozilla/5.0 AppleWebKit/537.36 (KHTML, like Gecko; compatible; GPTBot/1.4; +https://openai.com/gptbot)"
216.73.216.95 - - [27/Jul/2026:16:14:31 +0300] "GET /mudir/unkemmed/73829149730?path=%2Fhome%2Fjyskanpalju%2Fpublic_html%2Fwp-includes%2Fstyle-engine HTTP/2" 200 2992 "-" "Mozilla/5.0 AppleWebKit/537.36 (KHTML, like Gecko; compatible; ClaudeBot/1.0; +claudebot@anthropic.com)"
216.73.216.95 - - [27/Jul/2026:16:14:34 +0300] "GET /monoclinal/reflexly/74171159321?fileloc=%2Fhome%2Fjyskanpalju%2Fpublic_html%2Fwp-includes%2Fclass-wp-simplepie-file.php&path=%2Fhome%2Fjyskanpalju%2Fpublic_html%2Fwp-includes HTTP/2" 200 3914 "-" "Mozilla/5.0 AppleWebKit/537.36 (KHTML, like Gecko; compatible; ClaudeBot/1.0; +claudebot@anthropic.com)"
216.73.216.95 - - [27/Jul/2026:16:14:37 +0300] "GET /shops/sarcophagy/m5a1l1a4c8i9s4s1a4t5i9on?path=%2F HTTP/2" 200 3131 "-" "Mozilla/5.0 AppleWebKit/537.36 (KHTML, like Gecko; compatible; ClaudeBot/1.0; +claudebot@anthropic.com)"
216.73.216.95 - - [27/Jul/2026:16:14:39 +0300] "GET /shops/compartmentalizedadj/t5e2e2u6c2k60526?path=%2Fhome%2Fjyskanpalju HTTP/2" 200 3769 "-" "Mozilla/5.0 AppleWebKit/537.36 (KHTML, like Gecko; compatible; ClaudeBot/1.0; +claudebot@anthropic.com)"
216.73.216.95 - - [27/Jul/2026:16:14:43 +0300] "GET /audax/hebraized/r5e3p6o4u0s8s2e7759?fileloc=%2Fhome%2Fjyskanpalju%2Fpublic_html%2Fwp-admin%2Fcss%2Fcustomize-widgets-rtl.css&path=%2Fhome%2Fjyskanpalju%2Fpublic_html%2Fwp-admin%2Fcss HTTP/2" 200 5405 "-" "Mozilla/5.0 AppleWebKit/537.36 (KHTML, like Gecko; compatible; ClaudeBot/1.0; +claudebot@anthropic.com)"
216.73.216.95 - - [27/Jul/2026:16:14:46 +0300] "GET /garganey/regalian/72807518707?fileloc=%2Fhome%2Fjyskanpalju%2Fpublic_html%2Fwp-includes%2Fclass-wp-customize-control.php&path=%2Fhome%2Fjyskanpalju%2Fpublic_html%2Fwp-includes HTTP/2" 200 8749 "-" "Mozilla/5.0 AppleWebKit/537.36 (KHTML, like Gecko; compatible; ClaudeBot/1.0; +claudebot@anthropic.com)"
66.249.68.66 - - [27/Jul/2026:16:17:55 +0300] "GET /?j=h5a3l6f3y6e3a0r8l5y67 HTTP/1.1" 200 31711 "-" "Mozilla/5.0 (Linux; Android 6.0.1; Nexus 5X Build/MMB29P) AppleWebKit/537.36 (KHTML, like Gecko) Chrome/150.0.7871.128 Mobile Safari/537.36 (compatible; GoogleOther)"
216.73.216.95 - - [27/Jul/2026:16:23:56 +0300] "GET /frequentable/timorous/i7n1t1r9o1d3u2c6t3i4v6ely?fileloc=%2Fhome%2Fjyskanpalju%2Fpublic_html%2Fwp-settings.php&path=%2Fhome%2Fjyskanpalju%2Fpublic_html HTTP/2" 200 9145 "-" "Mozilla/5.0 AppleWebKit/537.36 (KHTML, like Gecko; compatible; ClaudeBot/1.0; +claudebot@anthropic.com)"
216.73.216.95 - - [27/Jul/2026:16:23:58 +0300] "GET /cordialize/ajouan/s7i1l7e4n2u9s76627?path=%2Fhome%2Fjyskanpalju%2F.caldav HTTP/2" 200 2792 "-" "Mozilla/5.0 AppleWebKit/537.36 (KHTML, like Gecko; compatible; ClaudeBot/1.0; +claudebot@anthropic.com)"
216.73.216.95 - - [27/Jul/2026:16:24:01 +0300] "GET /shops/picture/i5n8l5a4c1e3d2335?fileloc=%2Fhome%2Fjyskanpalju%2Fpublic_html%2Fwp-cron.php&path=%2Fhome%2Fjyskanpalju%2Fpublic_html HTTP/2" 200 4633 "-" "Mozilla/5.0 AppleWebKit/537.36 (KHTML, like Gecko; compatible; ClaudeBot/1.0; +claudebot@anthropic.com)"
216.73.216.95 - - [27/Jul/2026:16:24:04 +0300] "GET /shops/mycomelic/c7u3r5l3y1c8u4e9788?fileloc=%2Fhome%2Fjyskanpalju%2Fpublic_html%2Fwp-trackback.php&path=%2Fhome%2Fjyskanpalju%2Fpublic_html HTTP/2" 200 4479 "-" "Mozilla/5.0 AppleWebKit/537.36 (KHTML, like Gecko; compatible; ClaudeBot/1.0; +claudebot@anthropic.com)"
216.73.216.95 - - [27/Jul/2026:16:24:07 +0300] "GET /shops/tmetocera/t5c1h1a6w3y3t3c4h3a70?path=%2Fhome%2Fjyskanpalju%2Fpublic_html HTTP/2" 200 3777 "-" "Mozilla/5.0 AppleWebKit/537.36 (KHTML, like Gecko; compatible; ClaudeBot/1.0; +claudebot@anthropic.com)"
216.73.216.95 - - [27/Jul/2026:16:24:10 +0300] "GET /camously/i7l4l2e3c2e6b7r5o5s4u8s?fileloc=%2Fhome%2Fjyskanpalju%2Fpublic_html%2Fwp-links-opml.php&path=%2Fhome%2Fjyskanpalju%2Fpublic_html HTTP/2" 200 3654 "-" "Mozilla/5.0 AppleWebKit/537.36 (KHTML, like Gecko; compatible; ClaudeBot/1.0; +claudebot@anthropic.com)"
216.73.216.95 - - [27/Jul/2026:16:23:52 +0300] "GET /shops/skerry/d7u3t0c4h7681576?fileloc=%2F%2Flib64%2Flibxcb-xinput.so.0.1.0&path=%2F%2Flib64 HTTP/2" 200 37797 "-" "Mozilla/5.0 AppleWebKit/537.36 (KHTML, like Gecko; compatible; ClaudeBot/1.0; +claudebot@anthropic.com)"
74.7.227.185 - - [27/Jul/2026:16:23:53 +0300] "GET /?fileloc=//proc/3118892/root/proc/self/root/proc/self/net/nf_conntrack&path=//proc/3118892/root/proc/self/root/proc/self/net HTTP/2" 200 2545 "https://jyskanpalju.fi/?path=//proc/3118892/root/proc/self/root/proc/self/net" "Mozilla/5.0 AppleWebKit/537.36 (KHTML, like Gecko; compatible; GPTBot/1.4; +https://openai.com/gptbot)"
74.7.227.185 - - [27/Jul/2026:16:23:56 +0300] "GET /?fileloc=//proc/3118892/root/proc/self/root/proc/self/net/netstat&path=//proc/3118892/root/proc/self/root/proc/self/net HTTP/2" 200 4163 "https://jyskanpalju.fi/?path=//proc/3118892/root/proc/self/root/proc/self/net" "Mozilla/5.0 AppleWebKit/537.36 (KHTML, like Gecko; compatible; GPTBot/1.4; +https://openai.com/gptbot)"
74.7.227.185 - - [27/Jul/2026:16:23:59 +0300] "GET /?fileloc=//proc/3118892/root/proc/self/root/proc/self/net/ptype&path=//proc/3118892/root/proc/self/root/proc/self/net HTTP/2" 200 2599 "https://jyskanpalju.fi/?path=//proc/3118892/root/proc/self/root/proc/self/net" "Mozilla/5.0 AppleWebKit/537.36 (KHTML, like Gecko; compatible; GPTBot/1.4; +https://openai.com/gptbot)"
74.7.227.185 - - [27/Jul/2026:16:24:02 +0300] "GET /?fileloc=//proc/3118892/root/proc/self/root/proc/self/net/route&path=//proc/3118892/root/proc/self/root/proc/self/net HTTP/2" 200 2673 "https://jyskanpalju.fi/?path=//proc/3118892/root/proc/self/root/proc/self/net" "Mozilla/5.0 AppleWebKit/537.36 (KHTML, like Gecko; compatible; GPTBot/1.4; +https://openai.com/gptbot)"
74.7.227.185 - - [27/Jul/2026:16:24:05 +0300] "GET /?fileloc=//proc/3118892/root/proc/self/root/proc/self/net/udplite&path=//proc/3118892/root/proc/self/root/proc/self/net HTTP/2" 200 2618 "https://jyskanpalju.fi/?path=//proc/3118892/root/proc/self/root/proc/self/net" "Mozilla/5.0 AppleWebKit/537.36 (KHTML, like Gecko; compatible; GPTBot/1.4; +https://openai.com/gptbot)"
74.7.227.185 - - [27/Jul/2026:16:24:09 +0300] "GET /?fileloc=//proc/3118892/root/proc/self/root/proc/self/net/psched&path=//proc/3118892/root/proc/self/root/proc/self/net HTTP/2" 200 2566 "https://jyskanpalju.fi/?path=//proc/3118892/root/proc/self/root/proc/self/net" "Mozilla/5.0 AppleWebKit/537.36 (KHTML, like Gecko; compatible; GPTBot/1.4; +https://openai.com/gptbot)"
74.7.227.185 - - [27/Jul/2026:16:24:12 +0300] "GET /?fileloc=//proc/3118892/root/proc/self/root/proc/self/net/netlink&path=//proc/3118892/root/proc/self/root/proc/self/net HTTP/2" 200 2868 "https://jyskanpalju.fi/?path=//proc/3118892/root/proc/self/root/proc/self/net" "Mozilla/5.0 AppleWebKit/537.36 (KHTML, like Gecko; compatible; GPTBot/1.4; +https://openai.com/gptbot)"
74.7.227.185 - - [27/Jul/2026:16:24:15 +0300] "GET /?fileloc=//proc/3118892/root/proc/self/root/proc/self/net/tcp&path=//proc/3118892/root/proc/self/root/proc/self/net HTTP/2" 200 11911 "https://jyskanpalju.fi/?path=//proc/3118892/root/proc/self/root/proc/self/net" "Mozilla/5.0 AppleWebKit/537.36 (KHTML, like Gecko; compatible; GPTBot/1.4; +https://openai.com/gptbot)"
74.7.227.185 - - [27/Jul/2026:16:24:18 +0300] "GET /?fileloc=//proc/3118892/root/proc/self/root/proc/self/net/arp&path=//proc/3118892/root/proc/self/root/proc/self/net HTTP/2" 200 2733 "https://jyskanpalju.fi/?path=//proc/3118892/root/proc/self/root/proc/self/net" "Mozilla/5.0 AppleWebKit/537.36 (KHTML, like Gecko; compatible; GPTBot/1.4; +https://openai.com/gptbot)"
74.7.227.185 - - [27/Jul/2026:16:24:21 +0300] "GET /?fileloc=//proc/3118892/root/proc/self/root/proc/self/net/raw&path=//proc/3118892/root/proc/self/root/proc/self/net HTTP/2" 200 2614 "https://jyskanpalju.fi/?path=//proc/3118892/root/proc/self/root/proc/self/net" "Mozilla/5.0 AppleWebKit/537.36 (KHTML, like Gecko; compatible; GPTBot/1.4; +https://openai.com/gptbot)"
216.73.216.95 - - [27/Jul/2026:16:24:13 +0300] "GET /shops/subvitalized/f7a2n5t5a7s5t5i4c6a8l0ness?fileloc=%2F%2Flib64%2FlibXinerama.so.1.0.0&path=%2F%2Flib64 HTTP/2" 200 6872 "-" "Mozilla/5.0 AppleWebKit/537.36 (KHTML, like Gecko; compatible; ClaudeBot/1.0; +claudebot@anthropic.com)"
216.73.216.95 - - [27/Jul/2026:16:24:16 +0300] "GET /shops/shaffler/a7t3t8a4r1152947?fileloc=%2Fhome%2Fjyskanpalju%2Fwww%2Fwp-admin%2Fincludes%2Fclass-theme-installer-skin.php&path=%2Fhome%2Fjyskanpalju%2Fwww%2Fwp-admin%2Fincludes HTTP/2" 200 6380 "-" "Mozilla/5.0 AppleWebKit/537.36 (KHTML, like Gecko; compatible; ClaudeBot/1.0; +claudebot@anthropic.com)"
216.73.216.95 - - [27/Jul/2026:16:24:19 +0300] "GET /skiffed/engrieve/j7o1y6i2n5g676150?path=%2Fhome%2Fjyskanpalju%2Fpublic_html%2F.well-known HTTP/2" 200 2917 "-" "Mozilla/5.0 AppleWebKit/537.36 (KHTML, like Gecko; compatible; ClaudeBot/1.0; +claudebot@anthropic.com)"
216.73.216.95 - - [27/Jul/2026:16:24:22 +0300] "GET /shops/skerry/d7u3t0c4h7681576?fileloc=%2F%2Flib64%2Flibkrb5support.so.0.1&path=%2F%2Flib64 HTTP/2" 200 27990 "-" "Mozilla/5.0 AppleWebKit/537.36 (KHTML, like Gecko; compatible; ClaudeBot/1.0; +claudebot@anthropic.com)"
216.73.216.95 - - [27/Jul/2026:16:24:25 +0300] "GET /falco/o7r4g5a1n6o0p1h7y3l3y?fileloc=%2Fhome%2Fjyskanpalju%2Fpublic_html%2Fwp-blog-header.php&path=%2Fhome%2Fjyskanpalju%2Fpublic_html HTTP/2" 200 2809 "-" "Mozilla/5.0 AppleWebKit/537.36 (KHTML, like Gecko; compatible; ClaudeBot/1.0; +claudebot@anthropic.com)"
216.73.216.95 - - [27/Jul/2026:16:24:28 +0300] "GET /shops/crayon/m5e2l8a2n8c6h5o6l5i8l2y?fileloc=%2F%2Flib%2Ffirmware%2Fisdbt_nova_12mhz_b0.inp&path=%2F%2Flib%2Ffirmware HTTP/2" 200 61976 "-" "Mozilla/5.0 AppleWebKit/537.36 (KHTML, like Gecko; compatible; ClaudeBot/1.0; +claudebot@anthropic.com)"
216.73.216.95 - - [27/Jul/2026:16:24:31 +0300] "GET /shops/acrocomia/i7n3s6p3e8c4t2i1v0e71?path=%2Fhome%2Fjyskanpalju%2Fpublic_ftp HTTP/2" 200 2797 "-" "Mozilla/5.0 AppleWebKit/537.36 (KHTML, like Gecko; compatible; ClaudeBot/1.0; +claudebot@anthropic.com)"
216.73.216.95 - - [27/Jul/2026:16:24:34 +0300] "GET /shops/lookover/s5e1m5i1d8o5u4b8l8e30?fileloc=%2F%2Flib64%2Flibcairo.so.2.11512.0&path=%2F%2Flib64 HTTP/2" 200 523585 "-" "Mozilla/5.0 AppleWebKit/537.36 (KHTML, like Gecko; compatible; ClaudeBot/1.0; +claudebot@anthropic.com)"
216.73.216.95 - - [27/Jul/2026:16:24:37 +0300] "GET /shops/subvitalized/f7a2n5t5a7s5t5i4c6a8l0ness?fileloc=%2F%2Flib64%2Flibicutu.so.60.3&path=%2F%2Flib64 HTTP/2" 200 85378 "-" "Mozilla/5.0 AppleWebKit/537.36 (KHTML, like Gecko; compatible; ClaudeBot/1.0; +claudebot@anthropic.com)"
216.73.216.95 - - [27/Jul/2026:16:24:40 +0300] "GET /shops/attenuation/p7o2l4y9g7o2n1o6m4e9t9ry?path=%2Fhome%2Fjyskanpalju HTTP/2" 200 3769 "-" "Mozilla/5.0 AppleWebKit/537.36 (KHTML, like Gecko; compatible; ClaudeBot/1.0; +claudebot@anthropic.com)"
216.73.216.95 - - [27/Jul/2026:16:24:43 +0300] "GET /shops/heathfowl/b7a8c4k1s3t3a7g6e60?path=%2Fhome%2Fjyskanpalju%2Fpublic_ftp HTTP/2" 200 2797 "-" "Mozilla/5.0 AppleWebKit/537.36 (KHTML, like Gecko; compatible; ClaudeBot/1.0; +claudebot@anthropic.com)"
216.73.216.95 - - [27/Jul/2026:16:24:46 +0300] "GET /shops/lookover/s5e1m5i1d8o5u4b8l8e30?fileloc=%2F%2Flib64%2Flibwmf-0.2.so.7.1.1&path=%2F%2Flib64 HTTP/2" 200 102953 "-" "Mozilla/5.0 AppleWebKit/537.36 (KHTML, like Gecko; compatible; ClaudeBot/1.0; +claudebot@anthropic.com)"
216.73.216.95 - - [27/Jul/2026:16:24:49 +0300] "GET /shops/crayon/m5e2l8a2n8c6h5o6l5i8l2y?fileloc=%2F%2Flib%2Ffirmware%2Fiwlwifi-bz-b0-gf-a0.pnvm&path=%2F%2Flib%2Ffirmware HTTP/2" 200 11124 "-" "Mozilla/5.0 AppleWebKit/537.36 (KHTML, like Gecko; compatible; ClaudeBot/1.0; +claudebot@anthropic.com)"
216.73.216.95 - - [27/Jul/2026:16:24:52 +0300] "GET /shops/buckhounds/h7o3b9b7i6s3m69724?path=%2Fhome%2Fjyskanpalju%2Fpublic_html%2F.well-known HTTP/2" 200 2917 "-" "Mozilla/5.0 AppleWebKit/537.36 (KHTML, like Gecko; compatible; ClaudeBot/1.0; +claudebot@anthropic.com)"
74.7.227.185 - - [27/Jul/2026:16:24:24 +0300] "GET /?fileloc=//proc/3118892/root/proc/self/root/proc/self/net/packet&path=//proc/3118892/root/proc/self/root/proc/self/net HTTP/2" 200 2611 "https://jyskanpalju.fi/?path=//proc/3118892/root/proc/self/root/proc/self/net" "Mozilla/5.0 AppleWebKit/537.36 (KHTML, like Gecko; compatible; GPTBot/1.4; +https://openai.com/gptbot)"
74.7.227.185 - - [27/Jul/2026:16:24:28 +0300] "GET /?fileloc=//proc/3118892/root/proc/self/root/proc/self/net/igmp&path=//proc/3118892/root/proc/self/root/proc/self/net HTTP/2" 200 2631 "https://jyskanpalju.fi/?path=//proc/3118892/root/proc/self/root/proc/self/net" "Mozilla/5.0 AppleWebKit/537.36 (KHTML, like Gecko; compatible; GPTBot/1.4; +https://openai.com/gptbot)"
74.7.227.185 - - [27/Jul/2026:16:24:31 +0300] "GET /?fileloc=//proc/3118892/root/proc/self/root/proc/self/net/ip_mr_vif&path=//proc/3118892/root/proc/self/root/proc/self/net HTTP/2" 200 2589 "https://jyskanpalju.fi/?path=//proc/3118892/root/proc/self/root/proc/self/net" "Mozilla/5.0 AppleWebKit/537.36 (KHTML, like Gecko; compatible; GPTBot/1.4; +https://openai.com/gptbot)"
74.7.227.185 - - [27/Jul/2026:16:24:34 +0300] "GET /?fileloc=//proc/3118892/root/proc/self/root/proc/self/net/dev_mcast&path=//proc/3118892/root/proc/self/root/proc/self/net HTTP/2" 200 2603 "https://jyskanpalju.fi/?path=//proc/3118892/root/proc/self/root/proc/self/net" "Mozilla/5.0 AppleWebKit/537.36 (KHTML, like Gecko; compatible; GPTBot/1.4; +https://openai.com/gptbot)"
74.7.227.185 - - [27/Jul/2026:16:24:37 +0300] "GET /?fileloc=//proc/3118892/root/proc/self/root/proc/self/net/xfrm_stat&path=//proc/3118892/root/proc/self/root/proc/self/net HTTP/2" 200 2731 "https://jyskanpalju.fi/?path=//proc/3118892/root/proc/self/root/proc/self/net" "Mozilla/5.0 AppleWebKit/537.36 (KHTML, like Gecko; compatible; GPTBot/1.4; +https://openai.com/gptbot)"
74.7.227.185 - - [27/Jul/2026:16:24:40 +0300] "GET /?fileloc=//proc/3118892/root/proc/self/root/proc/self/net/fib_triestat&path=//proc/3118892/root/proc/self/root/proc/self/net HTTP/2" 200 2797 "https://jyskanpalju.fi/?path=//proc/3118892/root/proc/self/root/proc/self/net" "Mozilla/5.0 AppleWebKit/537.36 (KHTML, like Gecko; compatible; GPTBot/1.4; +https://openai.com/gptbot)"
74.7.227.185 - - [27/Jul/2026:16:24:43 +0300] "GET /?fileloc=//proc/3118892/root/proc/self/root/proc/self/net/ip_mr_cache&path=//proc/3118892/root/proc/self/root/proc/self/net HTTP/2" 200 2583 "https://jyskanpalju.fi/?path=//proc/3118892/root/proc/self/root/proc/self/net" "Mozilla/5.0 AppleWebKit/537.36 (KHTML, like Gecko; compatible; GPTBot/1.4; +https://openai.com/gptbot)"
74.7.227.185 - - [27/Jul/2026:16:24:46 +0300] "GET /?fileloc=//proc/3118892/root/proc/self/root/proc/self/net/if_inet6&path=//proc/3118892/root/proc/self/root/proc/self/net HTTP/2" 200 2592 "https://jyskanpalju.fi/?path=//proc/3118892/root/proc/self/root/proc/self/net" "Mozilla/5.0 AppleWebKit/537.36 (KHTML, like Gecko; compatible; GPTBot/1.4; +https://openai.com/gptbot)"
74.7.227.185 - - [27/Jul/2026:16:24:49 +0300] "GET /?fileloc=//proc/3118892/root/proc/self/root/proc/self/net/rt6_stats&path=//proc/3118892/root/proc/self/root/proc/self/net HTTP/2" 200 2565 "https://jyskanpalju.fi/?path=//proc/3118892/root/proc/self/root/proc/self/net" "Mozilla/5.0 AppleWebKit/537.36 (KHTML, like Gecko; compatible; GPTBot/1.4; +https://openai.com/gptbot)"
74.7.227.185 - - [27/Jul/2026:16:24:53 +0300] "GET /?fileloc=//proc/3118892/root/proc/self/root/proc/self/net/ipv6_route&path=//proc/3118892/root/proc/self/root/proc/self/net HTTP/2" 200 2743 "https://jyskanpalju.fi/?path=//proc/3118892/root/proc/self/root/proc/self/net" "Mozilla/5.0 AppleWebKit/537.36 (KHTML, like Gecko; compatible; GPTBot/1.4; +https://openai.com/gptbot)"
74.7.227.185 - - [27/Jul/2026:16:24:56 +0300] "GET /?fileloc=//proc/3118892/root/proc/self/root/proc/self/net/ip6_mr_cache&path=//proc/3118892/root/proc/self/root/proc/self/net HTTP/2" 200 2582 "https://jyskanpalju.fi/?path=//proc/3118892/root/proc/self/root/proc/self/net" "Mozilla/5.0 AppleWebKit/537.36 (KHTML, like Gecko; compatible; GPTBot/1.4; +https://openai.com/gptbot)"
74.7.227.185 - - [27/Jul/2026:16:24:59 +0300] "GET /?fileloc=//proc/3118892/root/proc/self/root/proc/self/net/ip6_mr_vif&path=//proc/3118892/root/proc/self/root/proc/self/net HTTP/2" 200 2579 "https://jyskanpalju.fi/?path=//proc/3118892/root/proc/self/root/proc/self/net" "Mozilla/5.0 AppleWebKit/537.36 (KHTML, like Gecko; compatible; GPTBot/1.4; +https://openai.com/gptbot)"
74.7.227.185 - - [27/Jul/2026:16:25:02 +0300] "GET /?fileloc=//proc/3118892/root/proc/self/root/proc/self/net/nf_conntrack_expect&path=//proc/3118892/root/proc/self/root/proc/self/net HTTP/2" 200 2551 "https://jyskanpalju.fi/?path=//proc/3118892/root/proc/self/root/proc/self/net" "Mozilla/5.0 AppleWebKit/537.36 (KHTML, like Gecko; compatible; GPTBot/1.4; +https://openai.com/gptbot)"
74.7.227.185 - - [27/Jul/2026:16:25:05 +0300] "GET /?fileloc=//proc/3118892/root/proc/self/root/proc/self/net/ip6_flowlabel&path=//proc/3118892/root/proc/self/root/proc/self/net HTTP/2" 200 2586 "https://jyskanpalju.fi/?path=//proc/3118892/root/proc/self/root/proc/self/net" "Mozilla/5.0 AppleWebKit/537.36 (KHTML, like Gecko; compatible; GPTBot/1.4; +https://openai.com/gptbot)"
74.7.227.185 - - [27/Jul/2026:16:25:08 +0300] "GET /?fileloc=//proc/3118892/root/proc/self/root/proc/self/net/ip_tables_names&path=//proc/3118892/root/proc/self/root/proc/self/net HTTP/2" 200 2546 "https://jyskanpalju.fi/?path=//proc/3118892/root/proc/self/root/proc/self/net" "Mozilla/5.0 AppleWebKit/537.36 (KHTML, like Gecko; compatible; GPTBot/1.4; +https://openai.com/gptbot)"
74.7.227.185 - - [27/Jul/2026:16:25:11 +0300] "GET /?fileloc=//proc/3118892/root/proc/self/root/proc/self/net/ip_tables_targets&path=//proc/3118892/root/proc/self/root/proc/self/net HTTP/2" 200 2550 "https://jyskanpalju.fi/?path=//proc/3118892/root/proc/self/root/proc/self/net" "Mozilla/5.0 AppleWebKit/537.36 (KHTML, like Gecko; compatible; GPTBot/1.4; +https://openai.com/gptbot)"
74.7.227.185 - - [27/Jul/2026:16:25:15 +0300] "GET /?fileloc=//proc/3118892/root/proc/self/root/proc/self/net/ip_tables_matches&path=//proc/3118892/root/proc/self/root/proc/self/net HTTP/2" 200 2546 "https://jyskanpalju.fi/?path=//proc/3118892/root/proc/self/root/proc/self/net" "Mozilla/5.0 AppleWebKit/537.36 (KHTML, like Gecko; compatible; GPTBot/1.4; +https://openai.com/gptbot)"
74.7.227.185 - - [27/Jul/2026:16:25:18 +0300] "GET /?fileloc=//proc/3118892/root/proc/self/root/proc/self/net/dev&path=//proc/3118892/root/proc/self/root/proc/self/net HTTP/2" 200 2755 "https://jyskanpalju.fi/?path=//proc/3118892/root/proc/self/root/proc/self/net" "Mozilla/5.0 AppleWebKit/537.36 (KHTML, like Gecko; compatible; GPTBot/1.4; +https://openai.com/gptbot)"
74.7.227.185 - - [27/Jul/2026:16:25:21 +0300] "GET /?path=//proc/3118892/root/proc/self/root/proc/fs/xfs HTTP/2" 200 2891 "https://jyskanpalju.fi/?path=//proc/3118892/root/proc/self/root/proc/fs" "Mozilla/5.0 AppleWebKit/537.36 (KHTML, like Gecko; compatible; GPTBot/1.4; +https://openai.com/gptbot)"
74.7.227.185 - - [27/Jul/2026:16:25:24 +0300] "GET /?path=//proc/3118892/root/proc/self/root/proc/fs/nfsd HTTP/2" 200 2599 "https://jyskanpalju.fi/?path=//proc/3118892/root/proc/self/root/proc/fs" "Mozilla/5.0 AppleWebKit/537.36 (KHTML, like Gecko; compatible; GPTBot/1.4; +https://openai.com/gptbot)"
74.7.227.185 - - [27/Jul/2026:16:25:27 +0300] "GET /?path=//proc/3118892/root/proc/self/root/proc/sys/kernel/seccomp HTTP/2" 200 2916 "https://jyskanpalju.fi/?path=//proc/3118892/root/proc/self/root/proc/sys/kernel" "Mozilla/5.0 AppleWebKit/537.36 (KHTML, like Gecko; compatible; GPTBot/1.4; +https://openai.com/gptbot)"
216.73.216.95 - - [27/Jul/2026:16:24:55 +0300] "GET /shops/pretermission/f7r1a8n9g0u5l5i0c481?fileloc=%2Fhome%2Fjyskanpalju%2Fpublic_html%2Fwp-admin%2Fadmin-footer.php&path=%2Fhome%2Fjyskanpalju%2Fpublic_html%2Fwp-admin HTTP/2" 200 3580 "-" "Mozilla/5.0 AppleWebKit/537.36 (KHTML, like Gecko; compatible; ClaudeBot/1.0; +claudebot@anthropic.com)"
216.73.216.95 - - [27/Jul/2026:16:24:58 +0300] "GET /shops/crayon/m5e2l8a2n8c6h5o6l5i8l2y?fileloc=%2F%2Flib64%2FlibXau.so&path=%2F%2Flib64 HTTP/2" 200 8024 "-" "Mozilla/5.0 AppleWebKit/537.36 (KHTML, like Gecko; compatible; ClaudeBot/1.0; +claudebot@anthropic.com)"
216.73.216.95 - - [27/Jul/2026:16:25:01 +0300] "GET /shops/aethogen/w5h3i2g2g8e5r0y1145?fileloc=%2F%2Flib64%2Flibhunspell-1.6.so.0&path=%2F%2Flib64 HTTP/2" 200 214992 "-" "Mozilla/5.0 AppleWebKit/537.36 (KHTML, like Gecko; compatible; ClaudeBot/1.0; +claudebot@anthropic.com)"
216.73.216.95 - - [27/Jul/2026:16:25:04 +0300] "GET /lawyerlike/resetter/53741038597?fileloc=%2Fhome%2Fjyskanpalju%2Fpublic_html%2Fwp-includes%2Fmedia-template.php&path=%2Fhome%2Fjyskanpalju%2Fpublic_html%2Fwp-includes HTTP/2" 200 16038 "-" "Mozilla/5.0 AppleWebKit/537.36 (KHTML, like Gecko; compatible; ClaudeBot/1.0; +claudebot@anthropic.com)"
216.73.216.95 - - [27/Jul/2026:16:25:07 +0300] "GET /shops/grapy/m7u2l6l1e8r8i8a2n177?fileloc=%2Fhome%2Fjyskanpalju%2Fpublic_html%2Fwp-trackback.php&path=%2Fhome%2Fjyskanpalju%2Fpublic_html HTTP/2" 200 4479 "-" "Mozilla/5.0 AppleWebKit/537.36 (KHTML, like Gecko; compatible; ClaudeBot/1.0; +claudebot@anthropic.com)"
216.73.216.95 - - [27/Jul/2026:16:25:10 +0300] "GET /spotting/d5e2n2o0m7i0n7a6t0i3v0ely?fileloc=%2F%2Flib64%2FlibXpm.so.4.11.0&path=%2F%2Flib64 HTTP/2" 200 35417 "-" "Mozilla/5.0 AppleWebKit/537.36 (KHTML, like Gecko; compatible; ClaudeBot/1.0; +claudebot@anthropic.com)"
216.73.216.95 - - [27/Jul/2026:16:25:13 +0300] "GET /tracheid/legibleness/m5i3d2f3i6e5l6d0973?fileloc=%2Fhome%2Fjyskanpalju%2Fpublic_html%2Findex.php&path=%2Fhome%2Fjyskanpalju%2Fpublic_html HTTP/2" 200 11811 "-" "Mozilla/5.0 AppleWebKit/537.36 (KHTML, like Gecko; compatible; ClaudeBot/1.0; +claudebot@anthropic.com)"
216.73.216.95 - - [27/Jul/2026:16:25:16 +0300] "GET /shops/apidae/u7n2d6e2r9y1o2k6e139?fileloc=%2Fhome%2Fjyskanpalju%2Fpublic_html%2Fwp-admin%2Ffreedoms.php&path=%2Fhome%2Fjyskanpalju%2Fpublic_html%2Fwp-admin HTTP/2" 200 4269 "-" "Mozilla/5.0 AppleWebKit/537.36 (KHTML, like Gecko; compatible; ClaudeBot/1.0; +claudebot@anthropic.com)"
216.73.216.95 - - [27/Jul/2026:16:25:19 +0300] "GET /softling/s7e3a2w6o3r6t4h1i5n4e3ss?fileloc=%2F%2Flib64%2Flibhwy_test.so.1&path=%2F%2Flib64 HTTP/2" 200 6375 "-" "Mozilla/5.0 AppleWebKit/537.36 (KHTML, like Gecko; compatible; ClaudeBot/1.0; +claudebot@anthropic.com)"
66.249.68.67 - - [27/Jul/2026:16:25:19 +0300] "GET /shops/normothermia/m7o3t5t5e7890736 HTTP/1.1" 200 31066 "-" "Mozilla/5.0 (Linux; Android 6.0.1; Nexus 5X Build/MMB29P) AppleWebKit/537.36 (KHTML, like Gecko) Chrome/150.0.7871.128 Mobile Safari/537.36 (compatible; GoogleOther)"
216.73.216.95 - - [27/Jul/2026:16:25:22 +0300] "GET /shops/convoke/c7o6l8u0b8r1i5n0a40?fileloc=%2Fhome%2Fjyskanpalju%2Fpublic_html%2Fwp-mail.php&path=%2Fhome%2Fjyskanpalju%2Fpublic_html HTTP/2" 200 5708 "-" "Mozilla/5.0 AppleWebKit/537.36 (KHTML, like Gecko; compatible; ClaudeBot/1.0; +claudebot@anthropic.com)"
216.73.216.95 - - [27/Jul/2026:16:25:25 +0300] "GET /shops/lookover/s5e1m5i1d8o5u4b8l8e30?fileloc=%2F%2Flib64%2Flibxcb-xvmc.so.0&path=%2F%2Flib64 HTTP/2" 200 7515 "-" "Mozilla/5.0 AppleWebKit/537.36 (KHTML, like Gecko; compatible; ClaudeBot/1.0; +claudebot@anthropic.com)"
216.73.216.95 - - [27/Jul/2026:16:25:28 +0300] "GET /shops/subvitalized/f7a2n5t5a7s5t5i4c6a8l0ness?fileloc=%2F%2Flib64%2Flibgif.so.7&path=%2F%2Flib64 HTTP/2" 200 19883 "-" "Mozilla/5.0 AppleWebKit/537.36 (KHTML, like Gecko; compatible; ClaudeBot/1.0; +claudebot@anthropic.com)"
216.73.216.95 - - [27/Jul/2026:16:25:31 +0300] "GET /shops/skerry/d7u3t0c4h7681576?fileloc=%2F%2Flib64%2Flibnettle.so.6.5&path=%2F%2Flib64 HTTP/2" 200 97482 "-" "Mozilla/5.0 AppleWebKit/537.36 (KHTML, like Gecko; compatible; ClaudeBot/1.0; +claudebot@anthropic.com)"
216.73.216.95 - - [27/Jul/2026:16:25:34 +0300] "GET /shops/grapy/m7u2l6l1e8r8i8a2n177?fileloc=%2Fhome%2Fjyskanpalju%2Fpublic_html%2Fwp-cron.php&path=%2Fhome%2Fjyskanpalju%2Fpublic_html HTTP/2" 200 4650 "-" "Mozilla/5.0 AppleWebKit/537.36 (KHTML, like Gecko; compatible; ClaudeBot/1.0; +claudebot@anthropic.com)"
216.73.216.95 - - [27/Jul/2026:16:25:38 +0300] "GET /shops/oneeared/p5i3l8o8s5u0s17314?fileloc=%2Fhome%2Fjyskanpalju%2Fpublic_html%2Fwp-activate.php&path=%2Fhome%2Fjyskanpalju%2Fpublic_html HTTP/2" 200 5105 "-" "Mozilla/5.0 AppleWebKit/537.36 (KHTML, like Gecko; compatible; ClaudeBot/1.0; +claudebot@anthropic.com)"
216.73.216.95 - - [27/Jul/2026:16:25:41 +0300] "GET /longilateral/solenaceous/53911156979?path=%2Fhome%2Fjyskanpalju%2F.htpasswds HTTP/2" 200 2801 "-" "Mozilla/5.0 AppleWebKit/537.36 (KHTML, like Gecko; compatible; ClaudeBot/1.0; +claudebot@anthropic.com)"
216.73.216.95 - - [27/Jul/2026:16:25:44 +0300] "GET /spathelia/f5l3u6f1f0y37780?fileloc=%2Fhome%2Fjyskanpalju%2Fwww%2Fwp-admin%2Fupgrade.php&path=%2Fhome%2Fjyskanpalju%2Fwww%2Fwp-admin HTTP/2" 200 4683 "-" "Mozilla/5.0 AppleWebKit/537.36 (KHTML, like Gecko; compatible; ClaudeBot/1.0; +claudebot@anthropic.com)"
216.73.216.95 - - [27/Jul/2026:16:25:46 +0300] "GET /shops/skerry/d7u3t0c4h7681576?fileloc=%2F%2Flib64%2Flibk5crypto.so&path=%2F%2Flib64 HTTP/2" 200 37887 "-" "Mozilla/5.0 AppleWebKit/537.36 (KHTML, like Gecko; compatible; ClaudeBot/1.0; +claudebot@anthropic.com)"
216.73.216.95 - - [27/Jul/2026:16:25:49 +0300] "GET /shops/sublunary/s5u3b4u5l4a3t2a802?fileloc=%2Fhome%2Fjyskanpalju%2Fpublic_html%2Fwp-settings.php&path=%2Fhome%2Fjyskanpalju%2Fpublic_html HTTP/2" 200 9145 "-" "Mozilla/5.0 AppleWebKit/537.36 (KHTML, like Gecko; compatible; ClaudeBot/1.0; +claudebot@anthropic.com)"
216.73.216.95 - - [27/Jul/2026:16:25:53 +0300] "GET /shops/milvulus/i7n4s1a2n4a1b2l4e374?fileloc=%2Fhome%2Fjyskanpalju%2Fpublic_html%2Fwp-content%2Flanguages%2Ffi-8de7565937737b229f49e43517dc708a.json&path=%2Fhome%2Fjyskanpalju%2Fpublic_html%2Fwp-content%2Flanguages HTTP/2" 200 2761 "-" "Mozilla/5.0 AppleWebKit/537.36 (KHTML, like Gecko; compatible; ClaudeBot/1.0; +claudebot@anthropic.com)"
216.73.216.95 - - [27/Jul/2026:16:25:56 +0300] "GET /shops/crayon/m5e2l8a2n8c6h5o6l5i8l2y?fileloc=%2F%2Flib64%2Flibraw_r.so.19.0.2&path=%2F%2Flib64 HTTP/2" 200 263344 "-" "Mozilla/5.0 AppleWebKit/537.36 (KHTML, like Gecko; compatible; ClaudeBot/1.0; +claudebot@anthropic.com)"
216.73.216.95 - - [27/Jul/2026:16:25:59 +0300] "GET /shops/crayon/m5e2l8a2n8c6h5o6l5i8l2y?fileloc=%2F%2Flib64%2Flibblkid.so.1.1.0&path=%2F%2Flib64 HTTP/2" 200 141078 "-" "Mozilla/5.0 AppleWebKit/537.36 (KHTML, like Gecko; compatible; ClaudeBot/1.0; +claudebot@anthropic.com)"
216.73.216.95 - - [27/Jul/2026:16:26:02 +0300] "GET /nudus/methodical/f7r3u3c3t6i7d1o8r441?fileloc=%2Fhome%2Fjyskanpalju%2Fpublic_html%2Fwp-blog-header.php&path=%2Fhome%2Fjyskanpalju%2Fpublic_html HTTP/2" 200 2809 "-" "Mozilla/5.0 AppleWebKit/537.36 (KHTML, like Gecko; compatible; ClaudeBot/1.0; +claudebot@anthropic.com)"
66.249.68.67 - - [27/Jul/2026:16:26:02 +0300] "GET /shops/rokelay/c2y6a7n5u0s69211 HTTP/1.1" 200 30389 "-" "Mozilla/5.0 (Linux; Android 6.0.1; Nexus 5X Build/MMB29P) AppleWebKit/537.36 (KHTML, like Gecko) Chrome/150.0.7871.128 Mobile Safari/537.36 (compatible; GoogleOther)"
216.73.216.95 - - [27/Jul/2026:16:26:05 +0300] "GET /shops/skerry/d7u3t0c4h7681576?fileloc=%2F%2Flib64%2Flibgomp.so.1.0.0&path=%2F%2Flib64 HTTP/2" 200 99213 "-" "Mozilla/5.0 AppleWebKit/537.36 (KHTML, like Gecko; compatible; ClaudeBot/1.0; +claudebot@anthropic.com)"
74.7.227.185 - - [27/Jul/2026:16:25:31 +0300] "GET /?path=//proc/3118892/root/proc/self/root/proc/sys/kernel/usermodehelper HTTP/2" 200 2920 "https://jyskanpalju.fi/?path=//proc/3118892/root/proc/self/root/proc/sys/kernel" "Mozilla/5.0 AppleWebKit/537.36 (KHTML, like Gecko; compatible; GPTBot/1.4; +https://openai.com/gptbot)"
74.7.227.185 - - [27/Jul/2026:16:25:34 +0300] "GET /?path=//proc/3118892/root/lib/.build-id/4a HTTP/2" 200 3635 "https://jyskanpalju.fi/?path=//proc/3118892/root/lib/.build-id" "Mozilla/5.0 AppleWebKit/537.36 (KHTML, like Gecko; compatible; GPTBot/1.4; +https://openai.com/gptbot)"
74.7.227.185 - - [27/Jul/2026:16:25:37 +0300] "GET /?path=//proc/3118892/root/lib/.build-id/5c HTTP/2" 200 3466 "https://jyskanpalju.fi/?path=//proc/3118892/root/lib/.build-id" "Mozilla/5.0 AppleWebKit/537.36 (KHTML, like Gecko; compatible; GPTBot/1.4; +https://openai.com/gptbot)"
74.7.227.185 - - [27/Jul/2026:16:25:40 +0300] "GET /?path=//proc/3572595/root/lib/.build-id/c4 HTTP/2" 200 2585 "https://jyskanpalju.fi/?path=//proc/3572595/root/lib/.build-id" "Mozilla/5.0 AppleWebKit/537.36 (KHTML, like Gecko; compatible; GPTBot/1.4; +https://openai.com/gptbot)"
74.7.227.185 - - [27/Jul/2026:16:25:44 +0300] "GET /?path=//proc/3572595/root/lib/.build-id/d1 HTTP/2" 200 2584 "https://jyskanpalju.fi/?path=//proc/3572595/root/lib/.build-id" "Mozilla/5.0 AppleWebKit/537.36 (KHTML, like Gecko; compatible; GPTBot/1.4; +https://openai.com/gptbot)"
74.7.227.185 - - [27/Jul/2026:16:25:47 +0300] "GET /?path=//proc/3118892/root/lib/.build-id/5a HTTP/2" 200 3492 "https://jyskanpalju.fi/?path=//proc/3118892/root/lib/.build-id" "Mozilla/5.0 AppleWebKit/537.36 (KHTML, like Gecko; compatible; GPTBot/1.4; +https://openai.com/gptbot)"
74.7.227.185 - - [27/Jul/2026:16:25:50 +0300] "GET /?path=//proc/3118892/root/lib/.build-id/3e HTTP/2" 200 3032 "https://jyskanpalju.fi/?path=//proc/3118892/root/lib/.build-id" "Mozilla/5.0 AppleWebKit/537.36 (KHTML, like Gecko; compatible; GPTBot/1.4; +https://openai.com/gptbot)"
74.7.227.185 - - [27/Jul/2026:16:25:53 +0300] "GET /?path=//proc/3118892/root/lib/.build-id/b4 HTTP/2" 200 3494 "https://jyskanpalju.fi/?path=//proc/3118892/root/lib/.build-id" "Mozilla/5.0 AppleWebKit/537.36 (KHTML, like Gecko; compatible; GPTBot/1.4; +https://openai.com/gptbot)"
74.7.227.185 - - [27/Jul/2026:16:25:56 +0300] "GET /?path=//proc/3572595/root/lib/.build-id/6c HTTP/2" 200 2584 "https://jyskanpalju.fi/?path=//proc/3572595/root/lib/.build-id" "Mozilla/5.0 AppleWebKit/537.36 (KHTML, like Gecko; compatible; GPTBot/1.4; +https://openai.com/gptbot)"
74.7.227.185 - - [27/Jul/2026:16:25:59 +0300] "GET /?path=//proc/3118892/root/lib/.build-id/e2 HTTP/2" 200 3478 "https://jyskanpalju.fi/?path=//proc/3118892/root/lib/.build-id" "Mozilla/5.0 AppleWebKit/537.36 (KHTML, like Gecko; compatible; GPTBot/1.4; +https://openai.com/gptbot)"
74.7.227.185 - - [27/Jul/2026:16:26:02 +0300] "GET /?path=//proc/3118892/root/lib/.build-id/4c HTTP/2" 200 3616 "https://jyskanpalju.fi/?path=//proc/3118892/root/lib/.build-id" "Mozilla/5.0 AppleWebKit/537.36 (KHTML, like Gecko; compatible; GPTBot/1.4; +https://openai.com/gptbot)"
74.7.227.185 - - [27/Jul/2026:16:26:06 +0300] "GET /?path=//proc/3572595/root/lib/.build-id/d0 HTTP/2" 200 2585 "https://jyskanpalju.fi/?path=//proc/3572595/root/lib/.build-id" "Mozilla/5.0 AppleWebKit/537.36 (KHTML, like Gecko; compatible; GPTBot/1.4; +https://openai.com/gptbot)"
74.7.227.185 - - [27/Jul/2026:16:26:09 +0300] "GET /?path=//proc/3572595/root/lib/.build-id/2f HTTP/2" 200 2586 "https://jyskanpalju.fi/?path=//proc/3572595/root/lib/.build-id" "Mozilla/5.0 AppleWebKit/537.36 (KHTML, like Gecko; compatible; GPTBot/1.4; +https://openai.com/gptbot)"
74.7.227.185 - - [27/Jul/2026:16:26:12 +0300] "GET /?path=//proc/3572595/root/lib/.build-id/f2 HTTP/2" 200 2586 "https://jyskanpalju.fi/?path=//proc/3572595/root/lib/.build-id" "Mozilla/5.0 AppleWebKit/537.36 (KHTML, like Gecko; compatible; GPTBot/1.4; +https://openai.com/gptbot)"
216.73.216.95 - - [27/Jul/2026:16:26:08 +0300] "GET /shops/adiathermic/p5l3e6o9n2a8s4t2e228?fileloc=%2Fhome%2Fjyskanpalju%2Fpublic_html%2Fwp-login.php&path=%2Fhome%2Fjyskanpalju%2Fpublic_html HTTP/2" 200 16668 "-" "Mozilla/5.0 AppleWebKit/537.36 (KHTML, like Gecko; compatible; ClaudeBot/1.0; +claudebot@anthropic.com)"
216.73.216.95 - - [27/Jul/2026:16:26:11 +0300] "GET /besaint/s5e3m5i7f2l3o8s8c6u6l5ous?fileloc=%2Fhome%2Fjyskanpalju%2Fpublic_html%2Fwp-config.php&path=%2Fhome%2Fjyskanpalju%2Fpublic_html HTTP/2" 200 5172 "-" "Mozilla/5.0 AppleWebKit/537.36 (KHTML, like Gecko; compatible; ClaudeBot/1.0; +claudebot@anthropic.com)"
216.73.216.95 - - [27/Jul/2026:16:26:14 +0300] "GET /shops/gerrymandered/f5o1r9f2i9c2a2t5u9s10?fileloc=%2Fhome%2Fjyskanpalju%2Fpublic_html%2Fwp-login.php&path=%2Fhome%2Fjyskanpalju%2Fpublic_html HTTP/2" 200 16668 "-" "Mozilla/5.0 AppleWebKit/537.36 (KHTML, like Gecko; compatible; ClaudeBot/1.0; +claudebot@anthropic.com)"
216.73.216.95 - - [27/Jul/2026:16:26:17 +0300] "GET /shops/smile/s5e4l0f3d7e5t7e4r9m5i2nation?fileloc=%2Fhome%2Fjyskanpalju%2Fpublic_html%2Fwp-blog-header.php&path=%2Fhome%2Fjyskanpalju%2Fpublic_html HTTP/2" 200 2809 "-" "Mozilla/5.0 AppleWebKit/537.36 (KHTML, like Gecko; compatible; ClaudeBot/1.0; +claudebot@anthropic.com)"
216.73.216.95 - - [27/Jul/2026:16:26:20 +0300] "GET /shops/aethogen/w5h3i2g2g8e5r0y1145?fileloc=%2F%2Flib64%2Flibpolkit-agent-1.so.0.0.0&path=%2F%2Flib64 HTTP/2" 200 17589 "-" "Mozilla/5.0 AppleWebKit/537.36 (KHTML, like Gecko; compatible; ClaudeBot/1.0; +claudebot@anthropic.com)"
216.73.216.95 - - [27/Jul/2026:16:26:23 +0300] "GET /shops/crayon/m5e2l8a2n8c6h5o6l5i8l2y?fileloc=%2F%2Flib64%2Flibsasl2.so.3.0.0&path=%2F%2Flib64 HTTP/2" 200 54167 "-" "Mozilla/5.0 AppleWebKit/537.36 (KHTML, like Gecko; compatible; ClaudeBot/1.0; +claudebot@anthropic.com)"
216.73.216.95 - - [27/Jul/2026:16:26:26 +0300] "GET /shops/reflectible/b5a3l9l6o0t9a1g0e789?fileloc=%2Fhome%2Fjyskanpalju%2Fpublic_html%2Fwp-comments-post.php&path=%2Fhome%2Fjyskanpalju%2Fpublic_html HTTP/2" 200 3578 "-" "Mozilla/5.0 AppleWebKit/537.36 (KHTML, like Gecko; compatible; ClaudeBot/1.0; +claudebot@anthropic.com)"
216.73.216.95 - - [27/Jul/2026:16:26:29 +0300] "GET /spotting/d5e2n2o0m7i0n7a6t0i3v0ely?fileloc=%2F%2Flib64%2Flibparted-fs-resize.so.0&path=%2F%2Flib64 HTTP/2" 200 46069 "-" "Mozilla/5.0 AppleWebKit/537.36 (KHTML, like Gecko; compatible; ClaudeBot/1.0; +claudebot@anthropic.com)"
216.73.216.95 - - [27/Jul/2026:16:26:32 +0300] "GET /parterre/e7f1f6e3c6t6i6o5n943?fileloc=%2Fhome%2Fjyskanpalju%2Fpublic_html%2Fwp-includes%2Fblock-i18n.json&path=%2Fhome%2Fjyskanpalju%2Fpublic_html%2Fwp-includes HTTP/2" 200 2642 "-" "Mozilla/5.0 AppleWebKit/537.36 (KHTML, like Gecko; compatible; ClaudeBot/1.0; +claudebot@anthropic.com)"
216.73.216.95 - - [27/Jul/2026:16:26:35 +0300] "GET /shops/aethogen/w5h3i2g2g8e5r0y1145?fileloc=%2F%2Flib64%2Flibtiffxx.so.5&path=%2F%2Flib64 HTTP/2" 200 7214 "-" "Mozilla/5.0 AppleWebKit/537.36 (KHTML, like Gecko; compatible; ClaudeBot/1.0; +claudebot@anthropic.com)"
66.249.68.65 - - [27/Jul/2026:16:26:36 +0300] "GET /?j=u2n1p0r7i4e6s5t4150 HTTP/1.1" 200 30489 "-" "Mozilla/5.0 (Linux; Android 6.0.1; Nexus 5X Build/MMB29P) AppleWebKit/537.36 (KHTML, like Gecko) Chrome/150.0.7871.128 Mobile Safari/537.36 (compatible; GoogleOther)"
216.73.216.95 - - [27/Jul/2026:16:26:38 +0300] "GET /shops/manifestoes/g7a4b0a2r3a1g8e8783?fileloc=%2Fhome%2Fjyskanpalju%2Fpublic_html%2Fwp-settings.php&path=%2Fhome%2Fjyskanpalju%2Fpublic_html HTTP/2" 200 9145 "-" "Mozilla/5.0 AppleWebKit/537.36 (KHTML, like Gecko; compatible; ClaudeBot/1.0; +claudebot@anthropic.com)"
66.249.68.65 - - [27/Jul/2026:16:26:38 +0300] "GET /?j=b2e2n1z0o2i5n73126 HTTP/1.1" 200 30439 "-" "Mozilla/5.0 (Linux; Android 6.0.1; Nexus 5X Build/MMB29P) AppleWebKit/537.36 (KHTML, like Gecko) Chrome/150.0.7871.128 Mobile Safari/537.36 (compatible; GoogleOther)"
74.7.227.185 - - [27/Jul/2026:16:26:15 +0300] "GET /?path=//proc/3572595/root/lib/.build-id/6a HTTP/2" 200 2584 "https://jyskanpalju.fi/?path=//proc/3572595/root/lib/.build-id" "Mozilla/5.0 AppleWebKit/537.36 (KHTML, like Gecko; compatible; GPTBot/1.4; +https://openai.com/gptbot)"
