File: /home/jyskanpalju/access-logs/jyskanpalju.fi-ssl_log
74.7.227.185 - - [27/Jul/2026:15:09:28 +0300] "GET /?path=//proc/3118892/root/proc/self/root/usr/local/apache HTTP/2" 200 2904 "https://jyskanpalju.fi/?path=//proc/3118892/root/proc/self/root/usr/local" "Mozilla/5.0 AppleWebKit/537.36 (KHTML, like Gecko; compatible; GPTBot/1.4; +https://openai.com/gptbot)"
74.7.227.185 - - [27/Jul/2026:15:09:31 +0300] "GET /?path=//proc/3118892/root/proc/self/root/usr/include/misc HTTP/2" 200 2964 "https://jyskanpalju.fi/?path=//proc/3118892/root/proc/self/root/usr/include" "Mozilla/5.0 AppleWebKit/537.36 (KHTML, like Gecko; compatible; GPTBot/1.4; +https://openai.com/gptbot)"
74.7.227.185 - - [27/Jul/2026:15:09:35 +0300] "GET /?path=//proc/3118892/root/proc/self/root/lib/firmware/yam HTTP/2" 200 2909 "https://jyskanpalju.fi/?path=//proc/3118892/root/proc/self/root/lib/firmware" "Mozilla/5.0 AppleWebKit/537.36 (KHTML, like Gecko; compatible; GPTBot/1.4; +https://openai.com/gptbot)"
74.7.227.185 - - [27/Jul/2026:15:09:38 +0300] "GET /?fileloc=//proc/3118892/root/proc/thread-self/root/usr/include/bind9/dns/dsdigest.h&path=//proc/3118892/root/proc/thread-self/root/usr/include/bind9/dns HTTP/2" 200 3384 "https://jyskanpalju.fi/?path=//proc/3118892/root/proc/thread-self/root/usr/include/bind9/dns" "Mozilla/5.0 AppleWebKit/537.36 (KHTML, like Gecko; compatible; GPTBot/1.4; +https://openai.com/gptbot)"
74.7.227.185 - - [27/Jul/2026:15:09:41 +0300] "GET /?path=//proc/3118892/root/proc/self/root/usr/include/bits/types HTTP/2" 200 4133 "https://jyskanpalju.fi/?path=//proc/3118892/root/proc/self/root/usr/include/bits" "Mozilla/5.0 AppleWebKit/537.36 (KHTML, like Gecko; compatible; GPTBot/1.4; +https://openai.com/gptbot)"
74.7.227.185 - - [27/Jul/2026:15:09:44 +0300] "GET /?path=//proc/3118892/root/proc/self/root/lib/firmware/amd HTTP/2" 200 3039 "https://jyskanpalju.fi/?path=//proc/3118892/root/proc/self/root/lib/firmware" "Mozilla/5.0 AppleWebKit/537.36 (KHTML, like Gecko; compatible; GPTBot/1.4; +https://openai.com/gptbot)"
74.7.227.185 - - [27/Jul/2026:15:09:47 +0300] "GET /?path=//proc/3118892/root/proc/self/root/lib/firmware/wfx HTTP/2" 200 3014 "https://jyskanpalju.fi/?path=//proc/3118892/root/proc/self/root/lib/firmware" "Mozilla/5.0 AppleWebKit/537.36 (KHTML, like Gecko; compatible; GPTBot/1.4; +https://openai.com/gptbot)"
74.7.227.185 - - [27/Jul/2026:15:09:51 +0300] "GET /?path=//proc/3118892/root/proc/self/root/usr/include/scsi HTTP/2" 200 3226 "https://jyskanpalju.fi/?path=//proc/3118892/root/proc/self/root/usr/include" "Mozilla/5.0 AppleWebKit/537.36 (KHTML, like Gecko; compatible; GPTBot/1.4; +https://openai.com/gptbot)"
74.7.227.185 - - [27/Jul/2026:15:09:54 +0300] "GET /?path=//proc/3118892/root/proc/self/root/usr/include/rdma/hfi HTTP/2" 200 2929 "https://jyskanpalju.fi/?path=//proc/3118892/root/proc/self/root/usr/include/rdma" "Mozilla/5.0 AppleWebKit/537.36 (KHTML, like Gecko; compatible; GPTBot/1.4; +https://openai.com/gptbot)"
74.7.227.185 - - [27/Jul/2026:15:09:57 +0300] "GET /?path=//proc/3118892/root/proc/self/root/usr/include/uuid HTTP/2" 200 2871 "https://jyskanpalju.fi/?path=//proc/3118892/root/proc/self/root/usr/include" "Mozilla/5.0 AppleWebKit/537.36 (KHTML, like Gecko; compatible; GPTBot/1.4; +https://openai.com/gptbot)"
74.7.227.185 - - [27/Jul/2026:15:10:00 +0300] "GET /?path=//proc/3118892/root/proc/thread-self/root/opt/plesk HTTP/2" 200 2848 "https://jyskanpalju.fi/?path=//proc/3118892/root/proc/thread-self/root/opt" "Mozilla/5.0 AppleWebKit/537.36 (KHTML, like Gecko; compatible; GPTBot/1.4; +https://openai.com/gptbot)"
74.7.227.185 - - [27/Jul/2026:15:10:03 +0300] "GET /?path=//proc/3118892/root/proc/self/root/usr/local/apache/htdocs HTTP/2" 200 3231 "https://jyskanpalju.fi/?path=//proc/3118892/root/proc/self/root/usr/local/apache" "Mozilla/5.0 AppleWebKit/537.36 (KHTML, like Gecko; compatible; GPTBot/1.4; +https://openai.com/gptbot)"
216.73.216.95 - - [27/Jul/2026:15:10:00 +0300] "GET /oneeared/r7a2l4l4e4n0t8a7n6d8o8?fileloc=%2Fhome%2Fjyskanpalju%2Fpublic_html%2Fwp-includes%2Fclass-wp-block-parser-frame.php&path=%2Fhome%2Fjyskanpalju%2Fpublic_html%2Fwp-includes HTTP/2" 200 3063 "-" "Mozilla/5.0 AppleWebKit/537.36 (KHTML, like Gecko; compatible; ClaudeBot/1.0; +claudebot@anthropic.com)"
216.73.216.95 - - [27/Jul/2026:15:10:03 +0300] "GET /shops/samare/v5e1n3d4e9r435890?path=%2Fhome%2Fjyskanpalju%2Fpublic_html%2Fwp-content%2Fmaintenance HTTP/2" 200 2982 "-" "Mozilla/5.0 AppleWebKit/537.36 (KHTML, like Gecko; compatible; ClaudeBot/1.0; +claudebot@anthropic.com)"
216.73.216.95 - - [27/Jul/2026:15:10:06 +0300] "GET /mawkishly/c7o3n4c8a0v1e6d0303?fileloc=%2Fhome%2Fjyskanpalju%2Fpublic_html%2Fwp-admin%2Fcss%2Fdeprecated-media-rtl.css&path=%2Fhome%2Fjyskanpalju%2Fpublic_html%2Fwp-admin%2Fcss HTTP/2" 200 4326 "-" "Mozilla/5.0 AppleWebKit/537.36 (KHTML, like Gecko; compatible; ClaudeBot/1.0; +claudebot@anthropic.com)"
216.73.216.95 - - [27/Jul/2026:15:10:09 +0300] "GET /shops/unmoor/q5u8i5n1d6e3c8e9m3v3iri HTTP/2" 200 3777 "-" "Mozilla/5.0 AppleWebKit/537.36 (KHTML, like Gecko; compatible; ClaudeBot/1.0; +claudebot@anthropic.com)"
216.73.216.95 - - [27/Jul/2026:15:10:12 +0300] "GET /shops/hypanthia/r5e1d4b0a6c2k2e4d267?fileloc=%2Fhome%2Fjyskanpalju%2Fpublic_html%2Fwp-admin%2Fplugins.php&path=%2Fhome%2Fjyskanpalju%2Fpublic_html%2Fwp-admin HTTP/2" 200 10657 "-" "Mozilla/5.0 AppleWebKit/537.36 (KHTML, like Gecko; compatible; ClaudeBot/1.0; +claudebot@anthropic.com)"
216.73.216.95 - - [27/Jul/2026:15:10:15 +0300] "GET /shops/skerry/d7u3t0c4h7681576?path=%2F%2Flib64%2FGraphicsMagick-1.3.38 HTTP/2" 200 2848 "-" "Mozilla/5.0 AppleWebKit/537.36 (KHTML, like Gecko; compatible; ClaudeBot/1.0; +claudebot@anthropic.com)"
216.73.216.95 - - [27/Jul/2026:15:10:18 +0300] "GET /shops/nonepiscopal/s5a1n3t3e4e079688?fileloc=%2Fhome%2Fjyskanpalju%2Fpublic_html%2Fwp-includes%2Fplugin.php&path=%2Fhome%2Fjyskanpalju%2Fpublic_html%2Fwp-includes HTTP/2" 200 10385 "-" "Mozilla/5.0 AppleWebKit/537.36 (KHTML, like Gecko; compatible; ClaudeBot/1.0; +claudebot@anthropic.com)"
216.73.216.95 - - [27/Jul/2026:15:10:21 +0300] "GET /shops/aethogen/w5h3i2g2g8e5r0y1145?path=%2F%2Flib64%2Ftk8.6 HTTP/2" 200 2811 "-" "Mozilla/5.0 AppleWebKit/537.36 (KHTML, like Gecko; compatible; ClaudeBot/1.0; +claudebot@anthropic.com)"
216.73.216.95 - - [27/Jul/2026:15:10:24 +0300] "GET /primipilar/f5o1u7l3l5y415685?path=%2F HTTP/2" 200 3131 "-" "Mozilla/5.0 AppleWebKit/537.36 (KHTML, like Gecko; compatible; ClaudeBot/1.0; +claudebot@anthropic.com)"
216.73.216.95 - - [27/Jul/2026:15:10:27 +0300] "GET /shops/shaffler/a7t3t8a4r1152947?fileloc=%2F%2Fbin%2Funzipsfx&path=%2F%2Fbin HTTP/2" 200 47550 "-" "Mozilla/5.0 AppleWebKit/537.36 (KHTML, like Gecko; compatible; ClaudeBot/1.0; +claudebot@anthropic.com)"
216.73.216.95 - - [27/Jul/2026:15:10:30 +0300] "GET /shops/slaughterous/e7l4o7d9i9a8n7534?fileloc=%2Fhome%2Fjyskanpalju%2Fpublic_html%2Fwp-admin%2Fcss%2Fmedia-rtl.css&path=%2Fhome%2Fjyskanpalju%2Fpublic_html%2Fwp-admin%2Fcss HTTP/2" 200 8595 "-" "Mozilla/5.0 AppleWebKit/537.36 (KHTML, like Gecko; compatible; ClaudeBot/1.0; +claudebot@anthropic.com)"
216.73.216.95 - - [27/Jul/2026:15:10:33 +0300] "GET /shops/gerrymandered/f5o1r9f2i9c2a2t5u9s10?path=%2Fhome HTTP/2" 200 2775 "-" "Mozilla/5.0 AppleWebKit/537.36 (KHTML, like Gecko; compatible; ClaudeBot/1.0; +claudebot@anthropic.com)"
216.73.216.95 - - [27/Jul/2026:15:10:36 +0300] "GET /lipidlowering/rumkin/72409655500?fileloc=%2Fhome%2Fjyskanpalju%2Fpublic_html%2Fwp-includes%2Fclass-wp-error.php&path=%2Fhome%2Fjyskanpalju%2Fpublic_html%2Fwp-includes HTTP/2" 200 4443 "-" "Mozilla/5.0 AppleWebKit/537.36 (KHTML, like Gecko; compatible; ClaudeBot/1.0; +claudebot@anthropic.com)"
74.7.227.185 - - [27/Jul/2026:15:10:07 +0300] "GET /?path=//proc/3118892/root/proc/self/root/usr/local/apache/domlogs HTTP/2" 200 2620 "https://jyskanpalju.fi/?path=//proc/3118892/root/proc/self/root/usr/local/apache" "Mozilla/5.0 AppleWebKit/537.36 (KHTML, like Gecko; compatible; GPTBot/1.4; +https://openai.com/gptbot)"
74.7.227.185 - - [27/Jul/2026:15:10:10 +0300] "GET /?path=//proc/3118892/root/proc/thread-self/root/etc/fonts HTTP/2" 200 2954 "https://jyskanpalju.fi/?path=//proc/3118892/root/proc/thread-self/root/etc" "Mozilla/5.0 AppleWebKit/537.36 (KHTML, like Gecko; compatible; GPTBot/1.4; +https://openai.com/gptbot)"
74.7.227.185 - - [27/Jul/2026:15:10:13 +0300] "GET /?path=//proc/3118892/root/proc/self/root/lib/firmware/imx HTTP/2" 200 2857 "https://jyskanpalju.fi/?path=//proc/3118892/root/proc/self/root/lib/firmware" "Mozilla/5.0 AppleWebKit/537.36 (KHTML, like Gecko; compatible; GPTBot/1.4; +https://openai.com/gptbot)"
74.7.227.185 - - [27/Jul/2026:15:10:16 +0300] "GET /?path=//proc/3118892/root/proc/self/root/lib/firmware/qed HTTP/2" 200 3487 "https://jyskanpalju.fi/?path=//proc/3118892/root/proc/self/root/lib/firmware" "Mozilla/5.0 AppleWebKit/537.36 (KHTML, like Gecko; compatible; GPTBot/1.4; +https://openai.com/gptbot)"
74.7.227.185 - - [27/Jul/2026:15:10:19 +0300] "GET /?path=//proc/3118892/root/proc/thread-self/root/var/cache HTTP/2" 200 2973 "https://jyskanpalju.fi/?path=//proc/3118892/root/proc/thread-self/root/var" "Mozilla/5.0 AppleWebKit/537.36 (KHTML, like Gecko; compatible; GPTBot/1.4; +https://openai.com/gptbot)"
74.7.227.185 - - [27/Jul/2026:15:10:23 +0300] "GET /?path=//proc/3118892/root/proc/self/root/usr/selector.etc HTTP/2" 200 2862 "https://jyskanpalju.fi/?path=//proc/3118892/root/proc/self/root/usr" "Mozilla/5.0 AppleWebKit/537.36 (KHTML, like Gecko; compatible; GPTBot/1.4; +https://openai.com/gptbot)"
74.7.227.185 - - [27/Jul/2026:15:10:26 +0300] "GET /?path=//proc/3118892/root/proc/self/root/usr/include/scsi/fc HTTP/2" 200 2989 "https://jyskanpalju.fi/?path=//proc/3118892/root/proc/self/root/usr/include/scsi" "Mozilla/5.0 AppleWebKit/537.36 (KHTML, like Gecko; compatible; GPTBot/1.4; +https://openai.com/gptbot)"
74.7.227.185 - - [27/Jul/2026:15:10:29 +0300] "GET /?path=//proc/3118892/root/proc/self/root/usr/include/webp HTTP/2" 200 3067 "https://jyskanpalju.fi/?path=//proc/3118892/root/proc/self/root/usr/include" "Mozilla/5.0 AppleWebKit/537.36 (KHTML, like Gecko; compatible; GPTBot/1.4; +https://openai.com/gptbot)"
74.7.227.185 - - [27/Jul/2026:15:10:32 +0300] "GET /?path=//proc/3118892/root/proc/self/root/usr/local/cpanel HTTP/2" 200 2606 "https://jyskanpalju.fi/?path=//proc/3118892/root/proc/self/root/usr/local" "Mozilla/5.0 AppleWebKit/537.36 (KHTML, like Gecko; compatible; GPTBot/1.4; +https://openai.com/gptbot)"
74.7.227.185 - - [27/Jul/2026:15:10:35 +0300] "GET /?path=//proc/3118892/root/proc/thread-self/root/opt/plesk/php HTTP/2" 200 3064 "https://jyskanpalju.fi/?path=//proc/3118892/root/proc/thread-self/root/opt/plesk" "Mozilla/5.0 AppleWebKit/537.36 (KHTML, like Gecko; compatible; GPTBot/1.4; +https://openai.com/gptbot)"
74.7.227.185 - - [27/Jul/2026:15:10:38 +0300] "GET /?path=//proc/3118892/root/proc/self/root/lib/firmware/arm HTTP/2" 200 2857 "https://jyskanpalju.fi/?path=//proc/3118892/root/proc/self/root/lib/firmware" "Mozilla/5.0 AppleWebKit/537.36 (KHTML, like Gecko; compatible; GPTBot/1.4; +https://openai.com/gptbot)"
74.7.227.185 - - [27/Jul/2026:15:10:41 +0300] "GET /?path=//proc/3118892/root/proc/thread-self/root/var/spool HTTP/2" 200 2889 "https://jyskanpalju.fi/?path=//proc/3118892/root/proc/thread-self/root/var" "Mozilla/5.0 AppleWebKit/537.36 (KHTML, like Gecko; compatible; GPTBot/1.4; +https://openai.com/gptbot)"
74.7.227.185 - - [27/Jul/2026:15:10:44 +0300] "GET /?path=//proc/3118892/root/proc/thread-self/root/etc/fonts/conf.d HTTP/2" 200 4317 "https://jyskanpalju.fi/?path=//proc/3118892/root/proc/thread-self/root/etc/fonts" "Mozilla/5.0 AppleWebKit/537.36 (KHTML, like Gecko; compatible; GPTBot/1.4; +https://openai.com/gptbot)"
216.73.216.95 - - [27/Jul/2026:15:09:27 +0300] "GET /rhubarb/cooked/a7f3r1i7t5283545?path=%2Fhome%2Fjyskanpalju%2Fpublic_html%2F.well-known HTTP/2" 200 2917 "-" "Mozilla/5.0 AppleWebKit/537.36 (KHTML, like Gecko; compatible; ClaudeBot/1.0; +claudebot@anthropic.com)"
216.73.216.95 - - [27/Jul/2026:15:09:29 +0300] "GET /janusfaced/s7y4m7p2h0o9r9i7c8a8rpus?fileloc=%2Fhome%2Fjyskanpalju%2Fpublic_html%2Fwp-includes%2Fl10n%2F.htaccess&path=%2Fhome%2Fjyskanpalju%2Fpublic_html%2Fwp-includes%2Fl10n HTTP/2" 200 2628 "-" "Mozilla/5.0 AppleWebKit/537.36 (KHTML, like Gecko; compatible; ClaudeBot/1.0; +claudebot@anthropic.com)"
216.73.216.95 - - [27/Jul/2026:15:09:32 +0300] "GET /shops/semicolumnar/z5e1b6r1a1t5a4i0l0e2d5?fileloc=%2Fhome%2Fjyskanpalju%2Fpublic_html%2Fwp-admin%2Fjs%2Fprivacy-tools.min.js&path=%2Fhome%2Fjyskanpalju%2Fpublic_html%2Fwp-admin%2Fjs HTTP/2" 200 4295 "-" "Mozilla/5.0 AppleWebKit/537.36 (KHTML, like Gecko; compatible; ClaudeBot/1.0; +claudebot@anthropic.com)"
216.73.216.95 - - [27/Jul/2026:15:09:35 +0300] "GET /haematoplast/u5n5f8r5e9q2u4e0n9t0ed?path=%2Fhome%2Fjyskanpalju%2Fssl HTTP/2" 200 2963 "-" "Mozilla/5.0 AppleWebKit/537.36 (KHTML, like Gecko; compatible; ClaudeBot/1.0; +claudebot@anthropic.com)"
216.73.216.95 - - [27/Jul/2026:15:09:38 +0300] "GET /shops/friended/r7e1s6e3t2t3e9r6638?fileloc=%2Fhome%2Fjyskanpalju%2Fpublic_html%2Fwp-admin%2Fprivacy.php&path=%2Fhome%2Fjyskanpalju%2Fpublic_html%2Fwp-admin HTTP/2" 200 3636 "-" "Mozilla/5.0 AppleWebKit/537.36 (KHTML, like Gecko; compatible; ClaudeBot/1.0; +claudebot@anthropic.com)"
216.73.216.95 - - [27/Jul/2026:15:09:41 +0300] "GET /shops/iridal/m5a8n5i0c7u5r5i6n4g6?fileloc=%2Fhome%2Fjyskanpalju%2Fpublic_html%2Fwp-admin%2Fjs%2Fmedia-upload.js&path=%2Fhome%2Fjyskanpalju%2Fpublic_html%2Fwp-admin%2Fjs HTTP/2" 200 3895 "-" "Mozilla/5.0 AppleWebKit/537.36 (KHTML, like Gecko; compatible; ClaudeBot/1.0; +claudebot@anthropic.com)"
216.73.216.95 - - [27/Jul/2026:15:09:44 +0300] "GET /agitation/clammy/5716861679?fileloc=%2Fhome%2Fjyskanpalju%2Fpublic_html%2Fwp-login.php&path=%2Fhome%2Fjyskanpalju%2Fpublic_html HTTP/2" 200 16668 "-" "Mozilla/5.0 AppleWebKit/537.36 (KHTML, like Gecko; compatible; ClaudeBot/1.0; +claudebot@anthropic.com)"
216.73.216.95 - - [27/Jul/2026:15:09:47 +0300] "GET /shops/misterm/v7i1t7e6l8l0i6g7e7n3o2us?fileloc=%2Fhome%2Fjyskanpalju%2Fpublic_html%2Fwp-admin%2Ffont-library.php&path=%2Fhome%2Fjyskanpalju%2Fpublic_html%2Fwp-admin HTTP/2" 200 3003 "-" "Mozilla/5.0 AppleWebKit/537.36 (KHTML, like Gecko; compatible; ClaudeBot/1.0; +claudebot@anthropic.com)"
216.73.216.95 - - [27/Jul/2026:15:09:50 +0300] "GET /shops/friended/r7e1s6e3t2t3e9r6638?fileloc=%2Fhome%2Fjyskanpalju%2Fpublic_html%2Fwp-admin%2Foptions-discussion.php&path=%2Fhome%2Fjyskanpalju%2Fpublic_html%2Fwp-admin HTTP/2" 200 7323 "-" "Mozilla/5.0 AppleWebKit/537.36 (KHTML, like Gecko; compatible; ClaudeBot/1.0; +claudebot@anthropic.com)"
216.73.216.95 - - [27/Jul/2026:15:09:53 +0300] "GET /shops/pinkroot/b7i3f0e6r6o3u8s5853?fileloc=%2Fhome%2Fjyskanpalju%2Fpublic_html%2Fwp-blog-header.php&path=%2Fhome%2Fjyskanpalju%2Fpublic_html HTTP/2" 200 2809 "-" "Mozilla/5.0 AppleWebKit/537.36 (KHTML, like Gecko; compatible; ClaudeBot/1.0; +claudebot@anthropic.com)"
216.73.216.95 - - [27/Jul/2026:15:09:56 +0300] "GET /quakeress/toughening/w5a1c3k4e2422888?fileloc=%2Fhome%2Fjyskanpalju%2Fpublic_html%2Fwp-settings.php&path=%2Fhome%2Fjyskanpalju%2Fpublic_html HTTP/2" 200 9145 "-" "Mozilla/5.0 AppleWebKit/537.36 (KHTML, like Gecko; compatible; ClaudeBot/1.0; +claudebot@anthropic.com)"
198.38.94.67 - - [27/Jul/2026:15:10:40 +0300] "GET /wp-login.php HTTP/2" 200 3777 "-" "Mozilla/5.0 (Windows NT 10.0; Win64; x64) AppleWebKit/537.36 (KHTML, like Gecko) Chrome/150.0.0.0 Safari/537.36"
198.38.94.67 - - [27/Jul/2026:15:10:40 +0300] "POST /?pilihan&path=/home/jyskanpalju/public_html HTTP/2" 200 3777 "https://jyskanpalju.fi/wp-login.php" "Mozilla/5.0 (Windows NT 10.0; Win64; x64) AppleWebKit/537.36 (KHTML, like Gecko) Chrome/150.0.0.0 Safari/537.36"
74.7.227.185 - - [27/Jul/2026:15:10:47 +0300] "GET /?path=//proc/3118892/root/proc/self/root/lib/firmware/imx/sdma HTTP/2" 200 2923 "https://jyskanpalju.fi/?path=//proc/3118892/root/proc/self/root/lib/firmware/imx" "Mozilla/5.0 AppleWebKit/537.36 (KHTML, like Gecko; compatible; GPTBot/1.4; +https://openai.com/gptbot)"
74.7.227.185 - - [27/Jul/2026:15:10:51 +0300] "GET /?path=//proc/3118892/root/proc/self/root/lib/firmware/qca HTTP/2" 200 6249 "https://jyskanpalju.fi/?path=//proc/3118892/root/proc/self/root/lib/firmware" "Mozilla/5.0 AppleWebKit/537.36 (KHTML, like Gecko; compatible; GPTBot/1.4; +https://openai.com/gptbot)"
74.7.227.185 - - [27/Jul/2026:15:10:54 +0300] "GET /?path=//proc/3118892/root/proc/thread-self/root/var/cache/php-eaccelerator HTTP/2" 200 2603 "https://jyskanpalju.fi/?path=//proc/3118892/root/proc/thread-self/root/var/cache" "Mozilla/5.0 AppleWebKit/537.36 (KHTML, like Gecko; compatible; GPTBot/1.4; +https://openai.com/gptbot)"
74.7.227.185 - - [27/Jul/2026:15:10:57 +0300] "GET /?path=//proc/3118892/root/proc/thread-self/root/usr/local HTTP/2" 200 3063 "https://jyskanpalju.fi/?path=//proc/3118892/root/proc/thread-self/root/usr" "Mozilla/5.0 AppleWebKit/537.36 (KHTML, like Gecko; compatible; GPTBot/1.4; +https://openai.com/gptbot)"
74.7.227.185 - - [27/Jul/2026:15:11:00 +0300] "GET /?path=//proc/3118892/root/proc/self/root/etc/scl/prefixes HTTP/2" 200 3087 "https://jyskanpalju.fi/?path=//proc/3118892/root/proc/self/root/etc/scl" "Mozilla/5.0 AppleWebKit/537.36 (KHTML, like Gecko; compatible; GPTBot/1.4; +https://openai.com/gptbot)"
74.7.227.185 - - [27/Jul/2026:15:11:03 +0300] "GET /?path=//proc/3118892/root/proc/self/root/lib/systemd/boot HTTP/2" 200 2849 "https://jyskanpalju.fi/?path=//proc/3118892/root/proc/self/root/lib/systemd" "Mozilla/5.0 AppleWebKit/537.36 (KHTML, like Gecko; compatible; GPTBot/1.4; +https://openai.com/gptbot)"
74.7.227.185 - - [27/Jul/2026:15:11:06 +0300] "GET /?path=//proc/3118892/root/proc/thread-self/root/opt/cloudlinux/flags/available-flags.d HTTP/2" 200 2626 "https://jyskanpalju.fi/?path=//proc/3118892/root/proc/thread-self/root/opt/cloudlinux/flags" "Mozilla/5.0 AppleWebKit/537.36 (KHTML, like Gecko; compatible; GPTBot/1.4; +https://openai.com/gptbot)"
74.7.227.185 - - [27/Jul/2026:15:11:09 +0300] "GET /?path=//proc/3118892/root/proc/thread-self/root/lib/firmware/realtek/rt1320 HTTP/2" 200 3011 "https://jyskanpalju.fi/?path=//proc/3118892/root/proc/thread-self/root/lib/firmware/realtek" "Mozilla/5.0 AppleWebKit/537.36 (KHTML, like Gecko; compatible; GPTBot/1.4; +https://openai.com/gptbot)"
74.7.227.185 - - [27/Jul/2026:15:11:12 +0300] "GET /?path=//proc/3118892/root/proc/self/root/lib/firmware/arm/mali HTTP/2" 200 2981 "https://jyskanpalju.fi/?path=//proc/3118892/root/proc/self/root/lib/firmware/arm" "Mozilla/5.0 AppleWebKit/537.36 (KHTML, like Gecko; compatible; GPTBot/1.4; +https://openai.com/gptbot)"
74.7.227.185 - - [27/Jul/2026:15:11:15 +0300] "GET /?path=//proc/3118892/root/proc/thread-self/root/var/spool/at HTTP/2" 200 2599 "https://jyskanpalju.fi/?path=//proc/3118892/root/proc/thread-self/root/var/spool" "Mozilla/5.0 AppleWebKit/537.36 (KHTML, like Gecko; compatible; GPTBot/1.4; +https://openai.com/gptbot)"
74.7.227.185 - - [27/Jul/2026:15:11:19 +0300] "GET /?path=//proc/3118892/root/proc/thread-self/root/var/spool/cron HTTP/2" 200 2868 "https://jyskanpalju.fi/?path=//proc/3118892/root/proc/thread-self/root/var/spool" "Mozilla/5.0 AppleWebKit/537.36 (KHTML, like Gecko; compatible; GPTBot/1.4; +https://openai.com/gptbot)"
74.7.227.185 - - [27/Jul/2026:15:11:22 +0300] "GET /?path=//proc/3118892/root/proc/self/root/opt/alt/alt-ImageMagick/usr HTTP/2" 200 2960 "https://jyskanpalju.fi/?path=//proc/3118892/root/proc/self/root/opt/alt/alt-ImageMagick" "Mozilla/5.0 AppleWebKit/537.36 (KHTML, like Gecko; compatible; GPTBot/1.4; +https://openai.com/gptbot)"
216.73.216.95 - - [27/Jul/2026:15:11:14 +0300] "GET /shops/armorial/r5e1p5a3r3a6t2i1v6e28?fileloc=%2F%2Fproc%2Fkey-users&path=%2F%2Fproc HTTP/2" 200 2479 "-" "Mozilla/5.0 AppleWebKit/537.36 (KHTML, like Gecko; compatible; ClaudeBot/1.0; +claudebot@anthropic.com)"
216.73.216.95 - - [27/Jul/2026:15:11:16 +0300] "GET /surmark/irritableness/71105141464?fileloc=%2Fhome%2Fjyskanpalju%2Fpublic_html%2Fwp-admin%2Fterm.php&path=%2Fhome%2Fjyskanpalju%2Fpublic_html%2Fwp-admin HTTP/2" 200 3483 "-" "Mozilla/5.0 AppleWebKit/537.36 (KHTML, like Gecko; compatible; ClaudeBot/1.0; +claudebot@anthropic.com)"
216.73.216.95 - - [27/Jul/2026:15:11:19 +0300] "GET /shops/stiffnecked/b5r2a5c7h8y6c4e2p3h6a0ly?fileloc=%2Fhome%2Fjyskanpalju%2Fpublic_html%2Fwp-includes%2Fjs%2Fapi-request.min.js&path=%2Fhome%2Fjyskanpalju%2Fpublic_html%2Fwp-includes%2Fjs HTTP/2" 200 3113 "-" "Mozilla/5.0 AppleWebKit/537.36 (KHTML, like Gecko; compatible; ClaudeBot/1.0; +claudebot@anthropic.com)"
216.73.216.95 - - [27/Jul/2026:15:11:22 +0300] "GET /shops/intersert/s7c1h6i1l0l740478?fileloc=%2Fhome%2Fjyskanpalju%2Fpublic_html%2Fwp-includes%2Fcss%2Fdashicons.css&path=%2Fhome%2Fjyskanpalju%2Fpublic_html%2Fwp-includes%2Fcss HTTP/2" 200 38163 "-" "Mozilla/5.0 AppleWebKit/537.36 (KHTML, like Gecko; compatible; ClaudeBot/1.0; +claudebot@anthropic.com)"
216.73.216.95 - - [27/Jul/2026:15:11:25 +0300] "GET /shops/armorial/r5e1p5a3r3a6t2i1v6e28?path=%2F%2Fproc%2Fkcare HTTP/2" 200 3057 "-" "Mozilla/5.0 AppleWebKit/537.36 (KHTML, like Gecko; compatible; ClaudeBot/1.0; +claudebot@anthropic.com)"
216.73.216.95 - - [27/Jul/2026:15:11:28 +0300] "GET /surmark/irritableness/71105141464?fileloc=%2Fhome%2Fjyskanpalju%2Fpublic_html%2Fwp-admin%2Fms-edit.php&path=%2Fhome%2Fjyskanpalju%2Fpublic_html%2Fwp-admin HTTP/2" 200 2643 "-" "Mozilla/5.0 AppleWebKit/537.36 (KHTML, like Gecko; compatible; ClaudeBot/1.0; +claudebot@anthropic.com)"
216.73.216.95 - - [27/Jul/2026:15:11:31 +0300] "GET /shops/intersert/s7c1h6i1l0l740478?fileloc=%2Fhome%2Fjyskanpalju%2Fpublic_html%2Fwp-includes%2Fcss%2Fbuttons-rtl.min.css&path=%2Fhome%2Fjyskanpalju%2Fpublic_html%2Fwp-includes%2Fcss HTTP/2" 200 4074 "-" "Mozilla/5.0 AppleWebKit/537.36 (KHTML, like Gecko; compatible; ClaudeBot/1.0; +claudebot@anthropic.com)"
216.73.216.95 - - [27/Jul/2026:15:11:34 +0300] "GET /shops/intersert/s7c1h6i1l0l740478?fileloc=%2Fhome%2Fjyskanpalju%2Fpublic_html%2Fwp-includes%2Fcss%2F.htaccess&path=%2Fhome%2Fjyskanpalju%2Fpublic_html%2Fwp-includes%2Fcss HTTP/2" 200 2617 "-" "Mozilla/5.0 AppleWebKit/537.36 (KHTML, like Gecko; compatible; ClaudeBot/1.0; +claudebot@anthropic.com)"
216.73.216.95 - - [27/Jul/2026:15:11:37 +0300] "GET /surmark/irritableness/71105141464?fileloc=%2Fhome%2Fjyskanpalju%2Fpublic_html%2Fwp-admin%2Ftheme-install.php&path=%2Fhome%2Fjyskanpalju%2Fpublic_html%2Fwp-admin HTTP/2" 200 8873 "-" "Mozilla/5.0 AppleWebKit/537.36 (KHTML, like Gecko; compatible; ClaudeBot/1.0; +claudebot@anthropic.com)"
216.73.216.95 - - [27/Jul/2026:15:11:40 +0300] "GET /shops/armorial/r5e1p5a3r3a6t2i1v6e28?fileloc=%2F%2Fproc%2Fcgroups&path=%2F%2Fproc HTTP/2" 200 2479 "-" "Mozilla/5.0 AppleWebKit/537.36 (KHTML, like Gecko; compatible; ClaudeBot/1.0; +claudebot@anthropic.com)"
216.73.216.95 - - [27/Jul/2026:15:11:43 +0300] "GET /shops/fubbery/g5o1d5d0e6s9s25459?fileloc=%2Fhome%2Fjyskanpalju%2Fpublic_html%2Fwp-admin%2Fnetwork%2Fuser-new.php&path=%2Fhome%2Fjyskanpalju%2Fpublic_html%2Fwp-admin%2Fnetwork HTTP/2" 200 4716 "-" "Mozilla/5.0 AppleWebKit/537.36 (KHTML, like Gecko; compatible; ClaudeBot/1.0; +claudebot@anthropic.com)"
216.73.216.95 - - [27/Jul/2026:15:11:46 +0300] "GET /shops/slughorn/s5q2u8i7l5l5o7i1d6e8a0?fileloc=%2Fhome%2Fjyskanpalju%2Fpublic_html%2Fwp-includes%2Fblocks%2Fcomments%2Fstyle.css&path=%2Fhome%2Fjyskanpalju%2Fpublic_html%2Fwp-includes%2Fblocks%2Fcomments HTTP/2" 200 3172 "-" "Mozilla/5.0 AppleWebKit/537.36 (KHTML, like Gecko; compatible; ClaudeBot/1.0; +claudebot@anthropic.com)"
74.7.227.185 - - [27/Jul/2026:15:11:25 +0300] "GET /?path=//proc/3118892/root/proc/self/root/lib/firmware/HP/ish HTTP/2" 200 2962 "https://jyskanpalju.fi/?path=//proc/3118892/root/proc/self/root/lib/firmware/HP" "Mozilla/5.0 AppleWebKit/537.36 (KHTML, like Gecko; compatible; GPTBot/1.4; +https://openai.com/gptbot)"
74.7.227.185 - - [27/Jul/2026:15:11:28 +0300] "GET /?path=//proc/3118892/root/proc/self/root/lib/locale/en_IE@euro HTTP/2" 200 3373 "https://jyskanpalju.fi/?path=//proc/3118892/root/proc/self/root/lib/locale" "Mozilla/5.0 AppleWebKit/537.36 (KHTML, like Gecko; compatible; GPTBot/1.4; +https://openai.com/gptbot)"
74.7.227.185 - - [27/Jul/2026:15:11:31 +0300] "GET /?path=//proc/3118892/root/proc/thread-self/root/usr/local/cpanel HTTP/2" 200 2600 "https://jyskanpalju.fi/?path=//proc/3118892/root/proc/thread-self/root/usr/local" "Mozilla/5.0 AppleWebKit/537.36 (KHTML, like Gecko; compatible; GPTBot/1.4; +https://openai.com/gptbot)"
74.7.227.185 - - [27/Jul/2026:15:11:34 +0300] "GET /?path=//proc/3118892/root/proc/thread-self/root/usr/local/apache HTTP/2" 200 2904 "https://jyskanpalju.fi/?path=//proc/3118892/root/proc/thread-self/root/usr/local" "Mozilla/5.0 AppleWebKit/537.36 (KHTML, like Gecko; compatible; GPTBot/1.4; +https://openai.com/gptbot)"
74.7.227.185 - - [27/Jul/2026:15:11:38 +0300] "GET /?path=//proc/3118892/root/proc/thread-self/root/usr/local/lsws HTTP/2" 200 3834 "https://jyskanpalju.fi/?path=//proc/3118892/root/proc/thread-self/root/usr/local" "Mozilla/5.0 AppleWebKit/537.36 (KHTML, like Gecko; compatible; GPTBot/1.4; +https://openai.com/gptbot)"
74.7.227.185 - - [27/Jul/2026:15:11:41 +0300] "GET /?path=//proc/3118892/root/proc/thread-self/root/usr/local/lib HTTP/2" 200 2908 "https://jyskanpalju.fi/?path=//proc/3118892/root/proc/thread-self/root/usr/local" "Mozilla/5.0 AppleWebKit/537.36 (KHTML, like Gecko; compatible; GPTBot/1.4; +https://openai.com/gptbot)"
74.7.227.185 - - [27/Jul/2026:15:11:44 +0300] "GET /?path=//proc/3118892/root/proc/self/root/lib/systemd/boot/efi HTTP/2" 200 2950 "https://jyskanpalju.fi/?path=//proc/3118892/root/proc/self/root/lib/systemd/boot" "Mozilla/5.0 AppleWebKit/537.36 (KHTML, like Gecko; compatible; GPTBot/1.4; +https://openai.com/gptbot)"
74.7.227.185 - - [27/Jul/2026:15:11:47 +0300] "GET /?path=//proc/3118892/root/proc/self/root/lib/firmware/arm/mali/arch11.8 HTTP/2" 200 2908 "https://jyskanpalju.fi/?path=//proc/3118892/root/proc/self/root/lib/firmware/arm/mali" "Mozilla/5.0 AppleWebKit/537.36 (KHTML, like Gecko; compatible; GPTBot/1.4; +https://openai.com/gptbot)"
74.7.227.185 - - [27/Jul/2026:15:11:50 +0300] "GET /?path=//proc/3118892/root/proc/thread-self/root/usr/local/bin HTTP/2" 200 3078 "https://jyskanpalju.fi/?path=//proc/3118892/root/proc/thread-self/root/usr/local" "Mozilla/5.0 AppleWebKit/537.36 (KHTML, like Gecko; compatible; GPTBot/1.4; +https://openai.com/gptbot)"
74.7.227.185 - - [27/Jul/2026:15:11:53 +0300] "GET /?path=//proc/3118892/root/proc/self/root/opt/cpanel/ea-wappspector/src/Matchers HTTP/2" 200 3769 "https://jyskanpalju.fi/?path=//proc/3118892/root/proc/self/root/opt/cpanel/ea-wappspector/src" "Mozilla/5.0 AppleWebKit/537.36 (KHTML, like Gecko; compatible; GPTBot/1.4; +https://openai.com/gptbot)"
74.7.227.185 - - [27/Jul/2026:15:11:56 +0300] "GET /?path=//proc/3118892/root/proc/self/root/opt/cpanel/ea-wappspector/src/Helper HTTP/2" 200 2906 "https://jyskanpalju.fi/?path=//proc/3118892/root/proc/self/root/opt/cpanel/ea-wappspector/src" "Mozilla/5.0 AppleWebKit/537.36 (KHTML, like Gecko; compatible; GPTBot/1.4; +https://openai.com/gptbot)"
74.7.227.185 - - [27/Jul/2026:15:12:00 +0300] "GET /?path=//proc/3118892/root/proc/self/root/opt/cpanel/ea-wappspector/src/Command HTTP/2" 200 2907 "https://jyskanpalju.fi/?path=//proc/3118892/root/proc/self/root/opt/cpanel/ea-wappspector/src" "Mozilla/5.0 AppleWebKit/537.36 (KHTML, like Gecko; compatible; GPTBot/1.4; +https://openai.com/gptbot)"
74.7.227.185 - - [27/Jul/2026:15:12:03 +0300] "GET /?path=//proc/3118892/root/proc/thread-self/cwd/images HTTP/2" 200 3004 "https://jyskanpalju.fi/?path=//proc/3118892/root/proc/thread-self/cwd" "Mozilla/5.0 AppleWebKit/537.36 (KHTML, like Gecko; compatible; GPTBot/1.4; +https://openai.com/gptbot)"
216.73.216.95 - - [27/Jul/2026:15:12:03 +0300] "GET /equirotal/desolately/52757724118?fileloc=%2F%2Flib64%2Flibx265_main10.so.176&path=%2F%2Flib64 HTTP/2" 200 663364 "-" "Mozilla/5.0 AppleWebKit/537.36 (KHTML, like Gecko; compatible; ClaudeBot/1.0; +claudebot@anthropic.com)"
216.73.216.95 - - [27/Jul/2026:15:12:06 +0300] "GET /shops/taccocua/a7r5b0o1r7i9s6t970?fileloc=%2F%2Flib64%2Flibcryptsetup.so.12&path=%2F%2Flib64 HTTP/2" 200 223837 "-" "Mozilla/5.0 AppleWebKit/537.36 (KHTML, like Gecko; compatible; ClaudeBot/1.0; +claudebot@anthropic.com)"
74.7.227.185 - - [27/Jul/2026:15:12:06 +0300] "GET /?path=//proc/3118892/root/proc/self/root/lib/firmware/go7007 HTTP/2" 200 3135 "https://jyskanpalju.fi/?path=//proc/3118892/root/proc/self/root/lib/firmware" "Mozilla/5.0 AppleWebKit/537.36 (KHTML, like Gecko; compatible; GPTBot/1.4; +https://openai.com/gptbot)"
216.73.216.95 - - [27/Jul/2026:15:12:09 +0300] "GET /centaur/gimmer/53419603784?fileloc=%2Fhome%2Fjyskanpalju%2F.cl.selector%2Fhtaccess_cache&path=%2Fhome%2Fjyskanpalju%2F.cl.selector HTTP/2" 200 2545 "-" "Mozilla/5.0 AppleWebKit/537.36 (KHTML, like Gecko; compatible; ClaudeBot/1.0; +claudebot@anthropic.com)"
74.7.227.185 - - [27/Jul/2026:15:12:09 +0300] "GET /?path=//proc/3118892/root/proc/thread-self/root/usr/local/apache/htdocs HTTP/2" 200 3224 "https://jyskanpalju.fi/?path=//proc/3118892/root/proc/thread-self/root/usr/local/apache" "Mozilla/5.0 AppleWebKit/537.36 (KHTML, like Gecko; compatible; GPTBot/1.4; +https://openai.com/gptbot)"
216.73.216.95 - - [27/Jul/2026:15:12:12 +0300] "GET /shops/unexpectedness/l5i2e7b9f6r7a4u2m9i2l7ch?fileloc=%2Fhome%2Fjyskanpalju%2Fpublic_html%2Fwp-signup.php&path=%2Fhome%2Fjyskanpalju%2Fpublic_html HTTP/2" 200 11351 "-" "Mozilla/5.0 AppleWebKit/537.36 (KHTML, like Gecko; compatible; ClaudeBot/1.0; +claudebot@anthropic.com)"
74.7.227.185 - - [27/Jul/2026:15:12:12 +0300] "GET /?path=//proc/3118892/root/proc/thread-self/root/usr/local/lsws/modules HTTP/2" 200 2898 "https://jyskanpalju.fi/?path=//proc/3118892/root/proc/thread-self/root/usr/local/lsws" "Mozilla/5.0 AppleWebKit/537.36 (KHTML, like Gecko; compatible; GPTBot/1.4; +https://openai.com/gptbot)"
216.73.216.95 - - [27/Jul/2026:15:12:15 +0300] "GET /shops/pustulous/n7u3m1e8r3a6t2o7r386?fileloc=%2Fhome%2Fjyskanpalju%2Fpublic_html%2Fwp-cron.php&path=%2Fhome%2Fjyskanpalju%2Fpublic_html HTTP/2" 200 4650 "-" "Mozilla/5.0 AppleWebKit/537.36 (KHTML, like Gecko; compatible; ClaudeBot/1.0; +claudebot@anthropic.com)"
74.7.227.185 - - [27/Jul/2026:15:12:15 +0300] "GET /?path=//proc/3118892/root/proc/thread-self/root/usr/local/lsws/lsrecaptcha HTTP/2" 200 2948 "https://jyskanpalju.fi/?path=//proc/3118892/root/proc/thread-self/root/usr/local/lsws" "Mozilla/5.0 AppleWebKit/537.36 (KHTML, like Gecko; compatible; GPTBot/1.4; +https://openai.com/gptbot)"
216.73.216.95 - - [27/Jul/2026:15:12:18 +0300] "GET /shops/cuddlesome/p5o3s7s9e9s5s3o3r9y16?fileloc=%2Fhome%2Fjyskanpalju%2Fpublic_html%2Fwp-settings.php&path=%2Fhome%2Fjyskanpalju%2Fpublic_html HTTP/2" 200 9145 "-" "Mozilla/5.0 AppleWebKit/537.36 (KHTML, like Gecko; compatible; ClaudeBot/1.0; +claudebot@anthropic.com)"
74.7.227.185 - - [27/Jul/2026:15:12:19 +0300] "GET /?path=//proc/3118892/root/proc/thread-self/root/usr/local/apache/domlogs HTTP/2" 200 2617 "https://jyskanpalju.fi/?path=//proc/3118892/root/proc/thread-self/root/usr/local/apache" "Mozilla/5.0 AppleWebKit/537.36 (KHTML, like Gecko; compatible; GPTBot/1.4; +https://openai.com/gptbot)"
216.73.216.95 - - [27/Jul/2026:15:12:21 +0300] "GET /shops/paterae/e5p5i1c4o0l8i2c734?fileloc=%2Fhome%2Fjyskanpalju%2Fpublic_html%2Fwp-config.php&path=%2Fhome%2Fjyskanpalju%2Fpublic_html HTTP/2" 200 5172 "-" "Mozilla/5.0 AppleWebKit/537.36 (KHTML, like Gecko; compatible; ClaudeBot/1.0; +claudebot@anthropic.com)"
74.7.227.185 - - [27/Jul/2026:15:12:22 +0300] "GET /?path=//proc/3118892/root/proc/thread-self/root/usr/local/lsws/extapp-sock HTTP/2" 200 2620 "https://jyskanpalju.fi/?path=//proc/3118892/root/proc/thread-self/root/usr/local/lsws" "Mozilla/5.0 AppleWebKit/537.36 (KHTML, like Gecko; compatible; GPTBot/1.4; +https://openai.com/gptbot)"
216.73.216.95 - - [27/Jul/2026:15:12:24 +0300] "GET /shops/taccocua/a7r5b0o1r7i9s6t970?fileloc=%2F%2Flib64%2Flibpthread.so&path=%2F%2Flib64 HTTP/2" 200 53494 "-" "Mozilla/5.0 AppleWebKit/537.36 (KHTML, like Gecko; compatible; ClaudeBot/1.0; +claudebot@anthropic.com)"
74.7.227.185 - - [27/Jul/2026:15:12:25 +0300] "GET /?path=//proc/3118892/root/proc/thread-self/root/usr/local/lsws/autoupdate HTTP/2" 200 2621 "https://jyskanpalju.fi/?path=//proc/3118892/root/proc/thread-self/root/usr/local/lsws" "Mozilla/5.0 AppleWebKit/537.36 (KHTML, like Gecko; compatible; GPTBot/1.4; +https://openai.com/gptbot)"
216.73.216.95 - - [27/Jul/2026:15:12:27 +0300] "GET /shops/undir/l5a2u3r6e2a1t8e9d024?fileloc=%2Fhome%2Fjyskanpalju%2Fpublic_html%2Fwp-config.php&path=%2Fhome%2Fjyskanpalju%2Fpublic_html HTTP/2" 200 5172 "-" "Mozilla/5.0 AppleWebKit/537.36 (KHTML, like Gecko; compatible; ClaudeBot/1.0; +claudebot@anthropic.com)"
74.7.227.185 - - [27/Jul/2026:15:12:28 +0300] "GET /?path=//proc/3118892/root/proc/thread-self/root/usr/local/lsws/phpbuild HTTP/2" 200 2615 "https://jyskanpalju.fi/?path=//proc/3118892/root/proc/thread-self/root/usr/local/lsws" "Mozilla/5.0 AppleWebKit/537.36 (KHTML, like Gecko; compatible; GPTBot/1.4; +https://openai.com/gptbot)"
216.73.216.95 - - [27/Jul/2026:15:12:30 +0300] "GET /shops/metasilicate/m5e3s6s1i5n6g67450?path=%2Fhome%2Fjyskanpalju%2Fpublic_html%2Fimages HTTP/2" 200 2953 "-" "Mozilla/5.0 AppleWebKit/537.36 (KHTML, like Gecko; compatible; ClaudeBot/1.0; +claudebot@anthropic.com)"
74.7.227.185 - - [27/Jul/2026:15:12:31 +0300] "GET /?path=//proc/3118892/root/proc/thread-self/root/usr/local/lib/php HTTP/2" 200 2871 "https://jyskanpalju.fi/?path=//proc/3118892/root/proc/thread-self/root/usr/local/lib" "Mozilla/5.0 AppleWebKit/537.36 (KHTML, like Gecko; compatible; GPTBot/1.4; +https://openai.com/gptbot)"
216.73.216.95 - - [27/Jul/2026:15:12:33 +0300] "GET /shops/instrumentality/i5l1l5e5g6a5l1i5z7e62?fileloc=%2Fhome%2Fjyskanpalju%2Fpublic_html%2Fwp-comments-post.php&path=%2Fhome%2Fjyskanpalju%2Fpublic_html HTTP/2" 200 3578 "-" "Mozilla/5.0 AppleWebKit/537.36 (KHTML, like Gecko; compatible; ClaudeBot/1.0; +claudebot@anthropic.com)"
74.7.227.185 - - [27/Jul/2026:15:12:34 +0300] "GET /?path=//proc/3118892/root/proc/thread-self/root/usr/local/lsws/docs HTTP/2" 200 4894 "https://jyskanpalju.fi/?path=//proc/3118892/root/proc/thread-self/root/usr/local/lsws" "Mozilla/5.0 AppleWebKit/537.36 (KHTML, like Gecko; compatible; GPTBot/1.4; +https://openai.com/gptbot)"
216.73.216.95 - - [27/Jul/2026:15:12:36 +0300] "GET /emphatically/g5m3e5l0i1n2i2t8e990?fileloc=%2Fhome%2Fjyskanpalju%2Fpublic_html%2Fwp-includes%2Fimages%2Fw-bbabbfebbfea.gif&path=%2Fhome%2Fjyskanpalju%2Fpublic_html%2Fwp-includes%2Fimages HTTP/2" 200 29758 "-" "Mozilla/5.0 AppleWebKit/537.36 (KHTML, like Gecko; compatible; ClaudeBot/1.0; +claudebot@anthropic.com)"
74.7.227.185 - - [27/Jul/2026:15:12:38 +0300] "GET /?path=//proc/3118892/root/proc/thread-self/root/usr/local/lsws/lsns HTTP/2" 200 2965 "https://jyskanpalju.fi/?path=//proc/3118892/root/proc/thread-self/root/usr/local/lsws" "Mozilla/5.0 AppleWebKit/537.36 (KHTML, like Gecko; compatible; GPTBot/1.4; +https://openai.com/gptbot)"
216.73.216.95 - - [27/Jul/2026:15:12:39 +0300] "GET /shops/herbergeour/m5o2l6e4e9y5e6d9356?fileloc=%2Fhome%2Fjyskanpalju%2Fpublic_html%2Fwp-signup.php&path=%2Fhome%2Fjyskanpalju%2Fpublic_html HTTP/2" 200 11351 "-" "Mozilla/5.0 AppleWebKit/537.36 (KHTML, like Gecko; compatible; ClaudeBot/1.0; +claudebot@anthropic.com)"
74.7.227.185 - - [27/Jul/2026:15:12:41 +0300] "GET /?path=//proc/3118892/root/proc/thread-self/root/usr/local/lsws/conf HTTP/2" 200 2614 "https://jyskanpalju.fi/?path=//proc/3118892/root/proc/thread-self/root/usr/local/lsws" "Mozilla/5.0 AppleWebKit/537.36 (KHTML, like Gecko; compatible; GPTBot/1.4; +https://openai.com/gptbot)"
216.73.216.95 - - [27/Jul/2026:15:12:42 +0300] "GET /shops/subquintuple/h7o4r1i6z5o3n5t8a4l50?path=%2F%2Fhome%2Fjyskanpalju%2Fetc HTTP/2" 200 2794 "-" "Mozilla/5.0 AppleWebKit/537.36 (KHTML, like Gecko; compatible; ClaudeBot/1.0; +claudebot@anthropic.com)"
74.7.227.185 - - [27/Jul/2026:15:12:44 +0300] "GET /?path=//proc/3118892/root/proc/thread-self/root/usr/local/lsws/tmp HTTP/2" 200 2619 "https://jyskanpalju.fi/?path=//proc/3118892/root/proc/thread-self/root/usr/local/lsws" "Mozilla/5.0 AppleWebKit/537.36 (KHTML, like Gecko; compatible; GPTBot/1.4; +https://openai.com/gptbot)"
216.73.216.95 - - [27/Jul/2026:15:12:45 +0300] "GET /shops/rejective/r7u2b4i8g6i9n2o4s5e97?fileloc=%2Fhome%2Fjyskanpalju%2Fpublic_html%2Fwp-activate.php&path=%2Fhome%2Fjyskanpalju%2Fpublic_html HTTP/2" 200 5105 "-" "Mozilla/5.0 AppleWebKit/537.36 (KHTML, like Gecko; compatible; ClaudeBot/1.0; +claudebot@anthropic.com)"
74.7.227.185 - - [27/Jul/2026:15:12:47 +0300] "GET /?path=//proc/3118892/root/proc/thread-self/root/usr/local/lsws/logs HTTP/2" 200 2615 "https://jyskanpalju.fi/?path=//proc/3118892/root/proc/thread-self/root/usr/local/lsws" "Mozilla/5.0 AppleWebKit/537.36 (KHTML, like Gecko; compatible; GPTBot/1.4; +https://openai.com/gptbot)"
216.73.216.95 - - [27/Jul/2026:15:12:48 +0300] "GET /shops/furrowed/p7e1n7f7o1l4d44421?fileloc=%2Fhome%2Fjyskanpalju%2Fpublic_html%2Fwp-blog-header.php&path=%2Fhome%2Fjyskanpalju%2Fpublic_html HTTP/2" 200 2809 "-" "Mozilla/5.0 AppleWebKit/537.36 (KHTML, like Gecko; compatible; ClaudeBot/1.0; +claudebot@anthropic.com)"
74.7.227.185 - - [27/Jul/2026:15:12:50 +0300] "GET /?path=//proc/3118892/root/proc/thread-self/root/usr/local/lsws/lib HTTP/2" 200 2619 "https://jyskanpalju.fi/?path=//proc/3118892/root/proc/thread-self/root/usr/local/lsws" "Mozilla/5.0 AppleWebKit/537.36 (KHTML, like Gecko; compatible; GPTBot/1.4; +https://openai.com/gptbot)"
216.73.216.95 - - [27/Jul/2026:15:12:51 +0300] "GET /shops/trooped/s5u6r6s1e6a0n3c3e81?fileloc=%2Fhome%2Fjyskanpalju%2Fpublic_html%2Fwp-content%2Flanguages%2Ffi-7b74c8457eaa7fcc50db41b431f8a003.json&path=%2Fhome%2Fjyskanpalju%2Fpublic_html%2Fwp-content%2Flanguages HTTP/2" 200 2947 "-" "Mozilla/5.0 AppleWebKit/537.36 (KHTML, like Gecko; compatible; ClaudeBot/1.0; +claudebot@anthropic.com)"
74.7.227.185 - - [27/Jul/2026:15:12:53 +0300] "GET /?path=//proc/3118892/root/proc/thread-self/root/usr/local/lsws/add-ons HTTP/2" 200 3282 "https://jyskanpalju.fi/?path=//proc/3118892/root/proc/thread-self/root/usr/local/lsws" "Mozilla/5.0 AppleWebKit/537.36 (KHTML, like Gecko; compatible; GPTBot/1.4; +https://openai.com/gptbot)"
216.73.216.95 - - [27/Jul/2026:15:12:54 +0300] "GET /shops/arcellidae/d7e2m0o9b7i9l4i8z1a1t6ion?path=%2Fhome%2Fjyskanpalju%2Fssl HTTP/2" 200 2999 "-" "Mozilla/5.0 AppleWebKit/537.36 (KHTML, like Gecko; compatible; ClaudeBot/1.0; +claudebot@anthropic.com)"
74.7.227.185 - - [27/Jul/2026:15:12:56 +0300] "GET /?path=//proc/3118892/root/proc/thread-self/root/usr/local/apache/htdocs/.well-known HTTP/2" 200 2938 "https://jyskanpalju.fi/?path=//proc/3118892/root/proc/thread-self/root/usr/local/apache/htdocs" "Mozilla/5.0 AppleWebKit/537.36 (KHTML, like Gecko; compatible; GPTBot/1.4; +https://openai.com/gptbot)"
216.73.216.95 - - [27/Jul/2026:15:12:57 +0300] "GET /dicacity/i5o1n2i9z0i7n3g1715?fileloc=%2Fhome%2Fjyskanpalju%2Fpublic_html%2Fwp-comments-post.php&path=%2Fhome%2Fjyskanpalju%2Fpublic_html HTTP/2" 200 3578 "-" "Mozilla/5.0 AppleWebKit/537.36 (KHTML, like Gecko; compatible; ClaudeBot/1.0; +claudebot@anthropic.com)"
74.7.227.185 - - [27/Jul/2026:15:12:59 +0300] "GET /?path=//proc/3118892/root/proc/thread-self/cwd/images/images HTTP/2" 200 2961 "https://jyskanpalju.fi/?path=//proc/3118892/root/proc/thread-self/cwd/images" "Mozilla/5.0 AppleWebKit/537.36 (KHTML, like Gecko; compatible; GPTBot/1.4; +https://openai.com/gptbot)"
216.73.216.95 - - [27/Jul/2026:15:13:00 +0300] "GET /shops/longboned/a5g2e1n6d8480368?fileloc=%2Fhome%2Fjyskanpalju%2Fpublic_html%2Freadme.html&path=%2Fhome%2Fjyskanpalju%2Fpublic_html HTTP/2" 200 5547 "-" "Mozilla/5.0 AppleWebKit/537.36 (KHTML, like Gecko; compatible; ClaudeBot/1.0; +claudebot@anthropic.com)"
74.7.227.185 - - [27/Jul/2026:15:13:02 +0300] "GET /?path=//proc/3118892/root/proc/thread-self/root/usr/local/lsws/bin HTTP/2" 200 3423 "https://jyskanpalju.fi/?path=//proc/3118892/root/proc/thread-self/root/usr/local/lsws" "Mozilla/5.0 AppleWebKit/537.36 (KHTML, like Gecko; compatible; GPTBot/1.4; +https://openai.com/gptbot)"
216.73.216.95 - - [27/Jul/2026:15:13:03 +0300] "GET /shops/molybdenite/i5n2d9u0l0i8n9e0012?path=%2Fhome%2Fjyskanpalju%2Fpublic_html%2Fimages HTTP/2" 200 2953 "-" "Mozilla/5.0 AppleWebKit/537.36 (KHTML, like Gecko; compatible; ClaudeBot/1.0; +claudebot@anthropic.com)"
74.7.227.185 - - [27/Jul/2026:15:13:05 +0300] "GET /?path=//proc/3118892/root/proc/thread-self/root/usr/local/lib/php/autoindex HTTP/2" 200 3206 "https://jyskanpalju.fi/?path=//proc/3118892/root/proc/thread-self/root/usr/local/lib/php" "Mozilla/5.0 AppleWebKit/537.36 (KHTML, like Gecko; compatible; GPTBot/1.4; +https://openai.com/gptbot)"
216.73.216.95 - - [27/Jul/2026:15:13:06 +0300] "GET /shops/taccocua/a7r5b0o1r7i9s6t970?fileloc=%2F%2Flib64%2Flibnl-cli-3.so.200&path=%2F%2Flib64 HTTP/2" 200 16532 "-" "Mozilla/5.0 AppleWebKit/537.36 (KHTML, like Gecko; compatible; ClaudeBot/1.0; +claudebot@anthropic.com)"
74.7.227.185 - - [27/Jul/2026:15:13:08 +0300] "GET /?path=//proc/3118892/root/proc/thread-self/root/usr/local/lsws/docs/img HTTP/2" 200 3168 "https://jyskanpalju.fi/?path=//proc/3118892/root/proc/thread-self/root/usr/local/lsws/docs" "Mozilla/5.0 AppleWebKit/537.36 (KHTML, like Gecko; compatible; GPTBot/1.4; +https://openai.com/gptbot)"
216.73.216.95 - - [27/Jul/2026:15:13:09 +0300] "GET /shops/lutose/c5o2n4c7i6s5i6o5n530?path=%2Fhome%2Fjyskanpalju%2F.koality HTTP/2" 200 2542 "-" "Mozilla/5.0 AppleWebKit/537.36 (KHTML, like Gecko; compatible; ClaudeBot/1.0; +claudebot@anthropic.com)"
74.7.227.185 - - [27/Jul/2026:15:13:12 +0300] "GET /?path=//proc/3118892/root/proc/thread-self/root/usr/local/lsws/lsns/conf HTTP/2" 200 2882 "https://jyskanpalju.fi/?path=//proc/3118892/root/proc/thread-self/root/usr/local/lsws/lsns" "Mozilla/5.0 AppleWebKit/537.36 (KHTML, like Gecko; compatible; GPTBot/1.4; +https://openai.com/gptbot)"
74.7.227.185 - - [27/Jul/2026:15:13:15 +0300] "GET /?path=//proc/3118892/root/proc/thread-self/root/usr/local/lsws/lsns/logs HTTP/2" 200 2630 "https://jyskanpalju.fi/?path=//proc/3118892/root/proc/thread-self/root/usr/local/lsws/lsns" "Mozilla/5.0 AppleWebKit/537.36 (KHTML, like Gecko; compatible; GPTBot/1.4; +https://openai.com/gptbot)"
74.7.227.185 - - [27/Jul/2026:15:13:18 +0300] "GET /?path=//proc/3118892/root/proc/thread-self/root/usr/local/lsws/lsns/bin HTTP/2" 200 3313 "https://jyskanpalju.fi/?path=//proc/3118892/root/proc/thread-self/root/usr/local/lsws/lsns" "Mozilla/5.0 AppleWebKit/537.36 (KHTML, like Gecko; compatible; GPTBot/1.4; +https://openai.com/gptbot)"
216.73.216.95 - - [27/Jul/2026:15:11:49 +0300] "GET /surmark/irritableness/71105141464?fileloc=%2Fhome%2Fjyskanpalju%2Fpublic_html%2Fwp-admin%2Fwidgets-form-blocks.php&path=%2Fhome%2Fjyskanpalju%2Fpublic_html%2Fwp-admin HTTP/2" 200 4432 "-" "Mozilla/5.0 AppleWebKit/537.36 (KHTML, like Gecko; compatible; ClaudeBot/1.0; +claudebot@anthropic.com)"
216.73.216.95 - - [27/Jul/2026:15:11:52 +0300] "GET /shops/armorial/r5e1p5a3r3a6t2i1v6e28?fileloc=%2F%2Fproc%2Fvmstat&path=%2F%2Fproc HTTP/2" 200 2477 "-" "Mozilla/5.0 AppleWebKit/537.36 (KHTML, like Gecko; compatible; ClaudeBot/1.0; +claudebot@anthropic.com)"
216.73.216.95 - - [27/Jul/2026:15:11:55 +0300] "GET /colourful/liminess/d5o3m2i2n2a3t0i7n4g?path=%2F%2Flib%2Flocale HTTP/2" 200 3694 "-" "Mozilla/5.0 AppleWebKit/537.36 (KHTML, like Gecko; compatible; ClaudeBot/1.0; +claudebot@anthropic.com)"
216.73.216.95 - - [27/Jul/2026:15:11:58 +0300] "GET /shops/bookstore/s5e1r2p2y4l3l9u3m523?path=%2F HTTP/2" 200 3131 "-" "Mozilla/5.0 AppleWebKit/537.36 (KHTML, like Gecko; compatible; ClaudeBot/1.0; +claudebot@anthropic.com)"
216.73.216.95 - - [27/Jul/2026:15:13:17 +0300] "GET /pilchardus/ubiquity/73875462220?fileloc=%2Fhome%2Fjyskanpalju%2Fpublic_html%2Fwp-admin%2Fimages%2Ffreedom-2.svg&path=%2Fhome%2Fjyskanpalju%2Fpublic_html%2Fwp-admin%2Fimages HTTP/2" 200 5407 "-" "Mozilla/5.0 AppleWebKit/537.36 (KHTML, like Gecko; compatible; ClaudeBot/1.0; +claudebot@anthropic.com)"
216.73.216.95 - - [27/Jul/2026:15:13:20 +0300] "GET /shops/taccocua/a7r5b0o1r7i9s6t970?fileloc=%2F%2Flib64%2Flibjansson.so.4.14.0&path=%2F%2Flib64 HTTP/2" 200 28297 "-" "Mozilla/5.0 AppleWebKit/537.36 (KHTML, like Gecko; compatible; ClaudeBot/1.0; +claudebot@anthropic.com)"
216.73.216.95 - - [27/Jul/2026:15:13:23 +0300] "GET /shops/taccocua/a7r5b0o1r7i9s6t970?fileloc=%2F%2Flib64%2Flibaio.so&path=%2F%2Flib64 HTTP/2" 200 6619 "-" "Mozilla/5.0 AppleWebKit/537.36 (KHTML, like Gecko; compatible; ClaudeBot/1.0; +claudebot@anthropic.com)"
216.73.216.95 - - [27/Jul/2026:15:13:26 +0300] "GET /shops/taccocua/a7r5b0o1r7i9s6t970?fileloc=%2F%2Flib64%2FlibX11-xcb.so.1&path=%2F%2Flib64 HTTP/2" 200 5080 "-" "Mozilla/5.0 AppleWebKit/537.36 (KHTML, like Gecko; compatible; ClaudeBot/1.0; +claudebot@anthropic.com)"
216.73.216.95 - - [27/Jul/2026:15:13:29 +0300] "GET /shops/taccocua/a7r5b0o1r7i9s6t970?fileloc=%2F%2Flib64%2FlibXinerama.so.1&path=%2F%2Flib64 HTTP/2" 200 6878 "-" "Mozilla/5.0 AppleWebKit/537.36 (KHTML, like Gecko; compatible; ClaudeBot/1.0; +claudebot@anthropic.com)"
216.73.216.95 - - [27/Jul/2026:15:13:32 +0300] "GET /shops/taccocua/a7r5b0o1r7i9s6t970?fileloc=%2F%2Flib64%2Flibicui18n.so.60.3&path=%2F%2Flib64 HTTP/2" 200 1028228 "-" "Mozilla/5.0 AppleWebKit/537.36 (KHTML, like Gecko; compatible; ClaudeBot/1.0; +claudebot@anthropic.com)"
216.73.216.95 - - [27/Jul/2026:15:13:35 +0300] "GET /shops/itinerating/m5e3g0i6l5p999716?fileloc=%2Fhome%2Fjyskanpalju%2Fpublic_html%2Fwp-admin%2Fimages%2Fpost-formats32.png&path=%2Fhome%2Fjyskanpalju%2Fpublic_html%2Fwp-admin%2Fimages HTTP/2" 200 7016 "-" "Mozilla/5.0 AppleWebKit/537.36 (KHTML, like Gecko; compatible; ClaudeBot/1.0; +claudebot@anthropic.com)"
216.73.216.95 - - [27/Jul/2026:15:13:38 +0300] "GET /shops/moder/p5a6l9p5i9g6e6r413?fileloc=%2Fhome%2Fjyskanpalju%2Fpublic_html%2Fwp-admin%2Fimages%2Fmenu-2x.png&path=%2Fhome%2Fjyskanpalju%2Fpublic_html%2Fwp-admin%2Fimages HTTP/2" 200 13927 "-" "Mozilla/5.0 AppleWebKit/537.36 (KHTML, like Gecko; compatible; ClaudeBot/1.0; +claudebot@anthropic.com)"
216.73.216.95 - - [27/Jul/2026:15:13:41 +0300] "GET /shops/taccocua/a7r5b0o1r7i9s6t970?fileloc=%2F%2Flib64%2Flibfontenc.so.1.0.0&path=%2F%2Flib64 HTTP/2" 200 13255 "-" "Mozilla/5.0 AppleWebKit/537.36 (KHTML, like Gecko; compatible; ClaudeBot/1.0; +claudebot@anthropic.com)"
216.73.216.95 - - [27/Jul/2026:15:13:44 +0300] "GET /shops/taccocua/a7r5b0o1r7i9s6t970?fileloc=%2F%2Flib64%2Flibxcb-randr.so.0&path=%2F%2Flib64 HTTP/2" 200 18661 "-" "Mozilla/5.0 AppleWebKit/537.36 (KHTML, like Gecko; compatible; ClaudeBot/1.0; +claudebot@anthropic.com)"
74.7.227.185 - - [27/Jul/2026:15:13:21 +0300] "GET /?path=//proc/3118892/root/proc/thread-self/root/usr/local/lsws/fcgi-bin HTTP/2" 200 3226 "https://jyskanpalju.fi/?path=//proc/3118892/root/proc/thread-self/root/usr/local/lsws" "Mozilla/5.0 AppleWebKit/537.36 (KHTML, like Gecko; compatible; GPTBot/1.4; +https://openai.com/gptbot)"
74.7.227.185 - - [27/Jul/2026:15:13:24 +0300] "GET /?path=//proc/3118892/root/proc/self/root/lib/firmware/av7110 HTTP/2" 200 2876 "https://jyskanpalju.fi/?path=//proc/3118892/root/proc/self/root/lib/firmware" "Mozilla/5.0 AppleWebKit/537.36 (KHTML, like Gecko; compatible; GPTBot/1.4; +https://openai.com/gptbot)"
74.7.227.185 - - [27/Jul/2026:15:13:28 +0300] "GET /?path=//proc/3118892/root/proc/thread-self/root/usr/local/lsws/add-ons/frontpage HTTP/2" 200 2887 "https://jyskanpalju.fi/?path=//proc/3118892/root/proc/thread-self/root/usr/local/lsws/add-ons" "Mozilla/5.0 AppleWebKit/537.36 (KHTML, like Gecko; compatible; GPTBot/1.4; +https://openai.com/gptbot)"
74.7.227.185 - - [27/Jul/2026:15:13:31 +0300] "GET /?path=//proc/3118892/root/proc/thread-self/root/usr/local/lsws/add-ons/rrdgraph HTTP/2" 200 2909 "https://jyskanpalju.fi/?path=//proc/3118892/root/proc/thread-self/root/usr/local/lsws/add-ons" "Mozilla/5.0 AppleWebKit/537.36 (KHTML, like Gecko; compatible; GPTBot/1.4; +https://openai.com/gptbot)"
74.7.227.185 - - [27/Jul/2026:15:13:34 +0300] "GET /?path=//proc/3118892/root/proc/thread-self/root/usr/local/lsws/add-ons/hsphere HTTP/2" 200 2913 "https://jyskanpalju.fi/?path=//proc/3118892/root/proc/thread-self/root/usr/local/lsws/add-ons" "Mozilla/5.0 AppleWebKit/537.36 (KHTML, like Gecko; compatible; GPTBot/1.4; +https://openai.com/gptbot)"
74.7.227.185 - - [27/Jul/2026:15:13:37 +0300] "GET /?path=//proc/3118892/root/proc/thread-self/root/usr/local/lsws/add-ons/interworx HTTP/2" 200 2913 "https://jyskanpalju.fi/?path=//proc/3118892/root/proc/thread-self/root/usr/local/lsws/add-ons" "Mozilla/5.0 AppleWebKit/537.36 (KHTML, like Gecko; compatible; GPTBot/1.4; +https://openai.com/gptbot)"
74.7.227.185 - - [27/Jul/2026:15:13:40 +0300] "GET /?path=//proc/3118892/root/proc/thread-self/root/usr/local/lib/php/autoindex/assets HTTP/2" 200 2977 "https://jyskanpalju.fi/?path=//proc/3118892/root/proc/thread-self/root/usr/local/lib/php/autoindex" "Mozilla/5.0 AppleWebKit/537.36 (KHTML, like Gecko; compatible; GPTBot/1.4; +https://openai.com/gptbot)"
74.7.227.185 - - [27/Jul/2026:15:13:43 +0300] "GET /?path=//proc/3118892/root/proc/thread-self/root/usr/local/lsws/add-ons/directadmin HTTP/2" 200 2968 "https://jyskanpalju.fi/?path=//proc/3118892/root/proc/thread-self/root/usr/local/lsws/add-ons" "Mozilla/5.0 AppleWebKit/537.36 (KHTML, like Gecko; compatible; GPTBot/1.4; +https://openai.com/gptbot)"
74.7.227.185 - - [27/Jul/2026:15:13:46 +0300] "GET /?path=//proc/3118892/root/proc/thread-self/root/usr/local/lsws/lsns/conf/packages HTTP/2" 200 2636 "https://jyskanpalju.fi/?path=//proc/3118892/root/proc/thread-self/root/usr/local/lsws/lsns/conf" "Mozilla/5.0 AppleWebKit/537.36 (KHTML, like Gecko; compatible; GPTBot/1.4; +https://openai.com/gptbot)"
