74.7.227.185 - - [27/Jul/2026:16:19:00 +0300] "GET /?path=//proc/3118892/root/proc/self/root/proc/scsi/sg HTTP/2" 200 3076 "https://jyskanpalju.fi/?path=//proc/3118892/root/proc/self/root/proc/scsi" "Mozilla/5.0 AppleWebKit/537.36 (KHTML, like Gecko; compatible; GPTBot/1.4; +https://openai.com/gptbot)"
74.7.227.185 - - [27/Jul/2026:16:19:03 +0300] "GET /?path=//proc/3118892/root/proc/self/root/proc/lve/resellers HTTP/2" 200 2595 "https://jyskanpalju.fi/?path=//proc/3118892/root/proc/self/root/proc/lve" "Mozilla/5.0 AppleWebKit/537.36 (KHTML, like Gecko; compatible; GPTBot/1.4; +https://openai.com/gptbot)"
66.249.68.66 - - [27/Jul/2026:16:19:03 +0300] "GET /?j=t5e4l2l8u8r0e7t2t4e0d9 HTTP/1.1" 200 31613 "-" "Mozilla/5.0 (Linux; Android 6.0.1; Nexus 5X Build/MMB29P) AppleWebKit/537.36 (KHTML, like Gecko) Chrome/150.0.7871.128 Mobile Safari/537.36 (compatible; GoogleOther)"
216.73.216.95 - - [27/Jul/2026:16:18:48 +0300] "GET /shops/alcippe/r5e8f5r7a5c0t9a0b2l4e?fileloc=%2Fhome%2Fjyskanpalju%2Fpublic_html%2Fwp-admin%2Fprivacy.php&path=%2Fhome%2Fjyskanpalju%2Fpublic_html%2Fwp-admin HTTP/2" 200 3636 "-" "Mozilla/5.0 AppleWebKit/537.36 (KHTML, like Gecko; compatible; ClaudeBot/1.0; +claudebot@anthropic.com)"
216.73.216.95 - - [27/Jul/2026:16:18:51 +0300] "GET /thyrotomy/relumed/53400691289?path=%2Fhome%2Fjyskanpalju%2Fpublic_ftp HTTP/2" 200 2797 "-" "Mozilla/5.0 AppleWebKit/537.36 (KHTML, like Gecko; compatible; ClaudeBot/1.0; +claudebot@anthropic.com)"
216.73.216.95 - - [27/Jul/2026:16:18:54 +0300] "GET /shops/vulcan/e7c3c8e3n1t0r3i7c5a6l8ly?fileloc=%2Fhome%2Fjyskanpalju%2Fpublic_html%2Fwp-includes%2Ftheme-templates.php&path=%2Fhome%2Fjyskanpalju%2Fpublic_html%2Fwp-includes HTTP/2" 200 4090 "-" "Mozilla/5.0 AppleWebKit/537.36 (KHTML, like Gecko; compatible; ClaudeBot/1.0; +claudebot@anthropic.com)"
216.73.216.95 - - [27/Jul/2026:16:18:57 +0300] "GET /malacodermata/i5n2v3e9s9t1i0g0a9t5ion?fileloc=%2Fhome%2Fjyskanpalju%2Fpublic_html%2Fwp-includes%2Fauthor-template.php&path=%2Fhome%2Fjyskanpalju%2Fpublic_html%2Fwp-includes HTTP/2" 200 8209 "-" "Mozilla/5.0 AppleWebKit/537.36 (KHTML, like Gecko; compatible; ClaudeBot/1.0; +claudebot@anthropic.com)"
216.73.216.95 - - [27/Jul/2026:16:19:00 +0300] "GET /shops/apathistical/r7e1s0u7l6t8a8n7t886?fileloc=%2Fhome%2Fjyskanpalju%2Fpublic_html%2Fwp-admin%2Foptions-general.php&path=%2Fhome%2Fjyskanpalju%2Fpublic_html%2Fwp-admin HTTP/2" 200 9857 "-" "Mozilla/5.0 AppleWebKit/537.36 (KHTML, like Gecko; compatible; ClaudeBot/1.0; +claudebot@anthropic.com)"
216.73.216.95 - - [27/Jul/2026:16:19:03 +0300] "GET /shops/lookover/s5e1m5i1d8o5u4b8l8e30?fileloc=%2F%2Flib64%2Fpkgconfig%2Flibsepol.pc&path=%2F%2Flib64%2Fpkgconfig HTTP/2" 200 2638 "-" "Mozilla/5.0 AppleWebKit/537.36 (KHTML, like Gecko; compatible; ClaudeBot/1.0; +claudebot@anthropic.com)"
216.73.216.95 - - [27/Jul/2026:16:19:06 +0300] "GET /shops/delimitate/a7v2i0a5t2i4o2n0620?fileloc=%2F%2Fusr%2Flib64%2Flibxtables.so.12&path=%2F%2Fusr%2Flib64 HTTP/2" 200 26902 "-" "Mozilla/5.0 AppleWebKit/537.36 (KHTML, like Gecko; compatible; ClaudeBot/1.0; +claudebot@anthropic.com)"
216.73.216.95 - - [27/Jul/2026:16:19:09 +0300] "GET /shops/paynemain/l7a5p0p1i7n9g8674?path=%2Fhome%2Fjyskanpalju%2Fpublic_html%2Fwp-admin HTTP/2" 200 6169 "-" "Mozilla/5.0 AppleWebKit/537.36 (KHTML, like Gecko; compatible; ClaudeBot/1.0; +claudebot@anthropic.com)"
216.73.216.95 - - [27/Jul/2026:16:19:12 +0300] "GET /shops/adiathermic/p5l3e6o9n2a8s4t2e228?fileloc=%2Fhome%2Fjyskanpalju%2Fpublic_html%2Fwp-includes%2Fblocks%2Fgallery.php&path=%2Fhome%2Fjyskanpalju%2Fpublic_html%2Fwp-includes%2Fblocks HTTP/2" 200 5729 "-" "Mozilla/5.0 AppleWebKit/537.36 (KHTML, like Gecko; compatible; ClaudeBot/1.0; +claudebot@anthropic.com)"
216.73.216.95 - - [27/Jul/2026:16:19:15 +0300] "GET /shops/delimitate/a7v2i0a5t2i4o2n0620?fileloc=%2F%2Fusr%2Flib64%2FlibXpm.so&path=%2F%2Fusr%2Flib64 HTTP/2" 200 35427 "-" "Mozilla/5.0 AppleWebKit/537.36 (KHTML, like Gecko; compatible; ClaudeBot/1.0; +claudebot@anthropic.com)"
216.73.216.95 - - [27/Jul/2026:16:19:18 +0300] "GET /shops/subvitalized/f7a2n5t5a7s5t5i4c6a8l0ness?fileloc=%2F%2Flib64%2Flibgmodule-2.0.so.0&path=%2F%2Flib64 HTTP/2" 200 8389 "-" "Mozilla/5.0 AppleWebKit/537.36 (KHTML, like Gecko; compatible; ClaudeBot/1.0; +claudebot@anthropic.com)"
216.73.216.95 - - [27/Jul/2026:16:19:21 +0300] "GET /morbus/crossbowman/f5a3c7e1r6e507034?fileloc=%2Fhome%2Fjyskanpalju%2Fpublic_html%2Fwp-admin%2Fcss%2Frevisions-rtl.min.css&path=%2Fhome%2Fjyskanpalju%2Fpublic_html%2Fwp-admin%2Fcss HTTP/2" 200 4817 "-" "Mozilla/5.0 AppleWebKit/537.36 (KHTML, like Gecko; compatible; ClaudeBot/1.0; +claudebot@anthropic.com)"
216.73.216.95 - - [27/Jul/2026:16:19:24 +0300] "GET /shops/lookover/s5e1m5i1d8o5u4b8l8e30?fileloc=%2F%2Flib64%2Flibauthselect.so.3.1.1&path=%2F%2Flib64 HTTP/2" 200 38385 "-" "Mozilla/5.0 AppleWebKit/537.36 (KHTML, like Gecko; compatible; ClaudeBot/1.0; +claudebot@anthropic.com)"
74.7.227.185 - - [27/Jul/2026:16:19:06 +0300] "GET /?path=//proc/3118892/root/proc/self/root/proc/lve/per-lve HTTP/2" 200 2600 "https://jyskanpalju.fi/?path=//proc/3118892/root/proc/self/root/proc/lve" "Mozilla/5.0 AppleWebKit/537.36 (KHTML, like Gecko; compatible; GPTBot/1.4; +https://openai.com/gptbot)"
74.7.227.185 - - [27/Jul/2026:16:19:09 +0300] "GET /?path=//proc/3118892/root/proc/self/root/proc/sys/vm HTTP/2" 200 4539 "https://jyskanpalju.fi/?path=//proc/3118892/root/proc/self/root/proc/sys" "Mozilla/5.0 AppleWebKit/537.36 (KHTML, like Gecko; compatible; GPTBot/1.4; +https://openai.com/gptbot)"
74.7.227.185 - - [27/Jul/2026:16:19:12 +0300] "GET /?path=//proc/3118892/root/proc/self/root/proc/sys/fs HTTP/2" 200 4307 "https://jyskanpalju.fi/?path=//proc/3118892/root/proc/self/root/proc/sys" "Mozilla/5.0 AppleWebKit/537.36 (KHTML, like Gecko; compatible; GPTBot/1.4; +https://openai.com/gptbot)"
74.7.227.185 - - [27/Jul/2026:16:19:15 +0300] "GET /?path=//proc/3118892/root/proc/self/root/proc/sys/abi HTTP/2" 200 2869 "https://jyskanpalju.fi/?path=//proc/3118892/root/proc/self/root/proc/sys" "Mozilla/5.0 AppleWebKit/537.36 (KHTML, like Gecko; compatible; GPTBot/1.4; +https://openai.com/gptbot)"
74.7.227.185 - - [27/Jul/2026:16:19:19 +0300] "GET /?fileloc=//proc/3118892/root/proc/self/root/proc/net/igmp6&path=//proc/3118892/root/proc/self/root/proc/net HTTP/2" 200 2627 "https://jyskanpalju.fi/?path=//proc/3118892/root/proc/self/root/proc/net" "Mozilla/5.0 AppleWebKit/537.36 (KHTML, like Gecko; compatible; GPTBot/1.4; +https://openai.com/gptbot)"
74.7.227.185 - - [27/Jul/2026:16:19:22 +0300] "GET /?fileloc=//proc/3118892/root/proc/self/root/proc/self/setgroups&path=//proc/3118892/root/proc/self/root/proc/self HTTP/2" 200 2537 "https://jyskanpalju.fi/?path=//proc/3118892/root/proc/self/root/proc/self" "Mozilla/5.0 AppleWebKit/537.36 (KHTML, like Gecko; compatible; GPTBot/1.4; +https://openai.com/gptbot)"
74.7.227.185 - - [27/Jul/2026:16:19:25 +0300] "GET /?fileloc=//proc/3118892/root/proc/self/root/proc/net/mcfilter6&path=//proc/3118892/root/proc/self/root/proc/net HTTP/2" 200 2582 "https://jyskanpalju.fi/?path=//proc/3118892/root/proc/self/root/proc/net" "Mozilla/5.0 AppleWebKit/537.36 (KHTML, like Gecko; compatible; GPTBot/1.4; +https://openai.com/gptbot)"
74.7.227.185 - - [27/Jul/2026:16:19:28 +0300] "GET /?fileloc=//proc/3118892/root/proc/self/root/proc/net/sockstat6&path=//proc/3118892/root/proc/self/root/proc/net HTTP/2" 200 2588 "https://jyskanpalju.fi/?path=//proc/3118892/root/proc/self/root/proc/net" "Mozilla/5.0 AppleWebKit/537.36 (KHTML, like Gecko; compatible; GPTBot/1.4; +https://openai.com/gptbot)"
74.7.227.185 - - [27/Jul/2026:16:19:31 +0300] "GET /?fileloc=//proc/3118892/root/proc/self/root/proc/net/unix&path=//proc/3118892/root/proc/self/root/proc/net HTTP/2" 200 17612 "https://jyskanpalju.fi/?path=//proc/3118892/root/proc/self/root/proc/net" "Mozilla/5.0 AppleWebKit/537.36 (KHTML, like Gecko; compatible; GPTBot/1.4; +https://openai.com/gptbot)"
74.7.227.185 - - [27/Jul/2026:16:19:35 +0300] "GET /?fileloc=//proc/3118892/root/proc/self/root/proc/net/arp&path=//proc/3118892/root/proc/self/root/proc/net HTTP/2" 200 2735 "https://jyskanpalju.fi/?path=//proc/3118892/root/proc/self/root/proc/net" "Mozilla/5.0 AppleWebKit/537.36 (KHTML, like Gecko; compatible; GPTBot/1.4; +https://openai.com/gptbot)"
74.7.227.185 - - [27/Jul/2026:16:19:38 +0300] "GET /?fileloc=//proc/3118892/root/proc/self/root/proc/net/udp&path=//proc/3118892/root/proc/self/root/proc/net HTTP/2" 200 3114 "https://jyskanpalju.fi/?path=//proc/3118892/root/proc/self/root/proc/net" "Mozilla/5.0 AppleWebKit/537.36 (KHTML, like Gecko; compatible; GPTBot/1.4; +https://openai.com/gptbot)"
74.7.227.185 - - [27/Jul/2026:16:19:41 +0300] "GET /?fileloc=//proc/3118892/root/proc/self/root/proc/net/raw&path=//proc/3118892/root/proc/self/root/proc/net HTTP/2" 200 2608 "https://jyskanpalju.fi/?path=//proc/3118892/root/proc/self/root/proc/net" "Mozilla/5.0 AppleWebKit/537.36 (KHTML, like Gecko; compatible; GPTBot/1.4; +https://openai.com/gptbot)"
216.73.216.95 - - [27/Jul/2026:16:19:27 +0300] "GET /shops/aethogen/w5h3i2g2g8e5r0y1145?fileloc=%2F%2Flib64%2Flibsysfs.so.2&path=%2F%2Flib64 HTTP/2" 200 18943 "-" "Mozilla/5.0 AppleWebKit/537.36 (KHTML, like Gecko; compatible; ClaudeBot/1.0; +claudebot@anthropic.com)"
216.73.216.95 - - [27/Jul/2026:16:19:30 +0300] "GET /shops/deprehend/s7m1o1o3r5171547?path=%2Fhome%2Fjyskanpalju%2Fpublic_html%2Fwp-content HTTP/2" 200 3210 "-" "Mozilla/5.0 AppleWebKit/537.36 (KHTML, like Gecko; compatible; ClaudeBot/1.0; +claudebot@anthropic.com)"
216.73.216.95 - - [27/Jul/2026:16:19:33 +0300] "GET /shops/shaffler/a7t3t8a4r1152947?fileloc=%2Fhome%2Fjyskanpalju%2Fwww%2Fwp-includes%2Fclass-wp-term-query.php&path=%2Fhome%2Fjyskanpalju%2Fwww%2Fwp-includes HTTP/2" 200 12284 "-" "Mozilla/5.0 AppleWebKit/537.36 (KHTML, like Gecko; compatible; ClaudeBot/1.0; +claudebot@anthropic.com)"
216.73.216.95 - - [27/Jul/2026:16:19:36 +0300] "GET /shops/subvitalized/f7a2n5t5a7s5t5i4c6a8l0ness?fileloc=%2F%2Flib64%2Flibdnf.so.2&path=%2F%2Flib64 HTTP/2" 200 666733 "-" "Mozilla/5.0 AppleWebKit/537.36 (KHTML, like Gecko; compatible; ClaudeBot/1.0; +claudebot@anthropic.com)"
216.73.216.95 - - [27/Jul/2026:16:19:39 +0300] "GET /shops/delimitate/a7v2i0a5t2i4o2n0620?fileloc=%2F%2Fusr%2Flib64%2Flibfftw3.so.3&path=%2F%2Fusr%2Flib64 HTTP/2" 200 743052 "-" "Mozilla/5.0 AppleWebKit/537.36 (KHTML, like Gecko; compatible; ClaudeBot/1.0; +claudebot@anthropic.com)"
216.73.216.95 - - [27/Jul/2026:16:19:42 +0300] "GET /discriminal/immartial/51849185074?fileloc=%2Fhome%2Fjyskanpalju%2Fpublic_html%2Fwp-includes%2Fcollaboration.php&path=%2Fhome%2Fjyskanpalju%2Fpublic_html%2Fwp-includes HTTP/2" 200 3314 "-" "Mozilla/5.0 AppleWebKit/537.36 (KHTML, like Gecko; compatible; ClaudeBot/1.0; +claudebot@anthropic.com)"
216.73.216.95 - - [27/Jul/2026:16:19:45 +0300] "GET /shops/dijudicate/n5a3i6l4b5r3u4s7h359?fileloc=%2Fhome%2Fjyskanpalju%2Fpublic_html%2Fwp-includes%2Ftheme-templates.php&path=%2Fhome%2Fjyskanpalju%2Fpublic_html%2Fwp-includes HTTP/2" 200 4090 "-" "Mozilla/5.0 AppleWebKit/537.36 (KHTML, like Gecko; compatible; ClaudeBot/1.0; +claudebot@anthropic.com)"
216.73.216.95 - - [27/Jul/2026:16:19:48 +0300] "GET /spotting/d5e2n2o0m7i0n7a6t0i3v0ely?fileloc=%2F%2Flib64%2F.libssl.so.1.1.hmac&path=%2F%2Flib64 HTTP/2" 200 2542 "-" "Mozilla/5.0 AppleWebKit/537.36 (KHTML, like Gecko; compatible; ClaudeBot/1.0; +claudebot@anthropic.com)"
216.73.216.95 - - [27/Jul/2026:16:19:51 +0300] "GET /shops/apathistical/r7e1s0u7l6t8a8n7t886?fileloc=%2Fhome%2Fjyskanpalju%2Fpublic_html%2Fwp-admin%2Foptions-reading.php&path=%2Fhome%2Fjyskanpalju%2Fpublic_html%2Fwp-admin HTTP/2" 200 5814 "-" "Mozilla/5.0 AppleWebKit/537.36 (KHTML, like Gecko; compatible; ClaudeBot/1.0; +claudebot@anthropic.com)"
216.73.216.95 - - [27/Jul/2026:16:19:54 +0300] "GET /shops/coenogenesis/e7l1e3p2h3a3n0t3i9n6a8?fileloc=%2Fhome%2Fjyskanpalju%2Fpublic_html%2Fwp-admin%2Fcustom-header.php&path=%2Fhome%2Fjyskanpalju%2Fpublic_html%2Fwp-admin HTTP/2" 200 2754 "-" "Mozilla/5.0 AppleWebKit/537.36 (KHTML, like Gecko; compatible; ClaudeBot/1.0; +claudebot@anthropic.com)"
216.73.216.95 - - [27/Jul/2026:16:19:57 +0300] "GET /malacodermata/i5n2v3e9s9t1i0g0a9t5ion?fileloc=%2Fhome%2Fjyskanpalju%2Fpublic_html%2Fwp-includes%2Fclass-wp-ajax-response.php&path=%2Fhome%2Fjyskanpalju%2Fpublic_html%2Fwp-includes HTTP/2" 200 4453 "-" "Mozilla/5.0 AppleWebKit/537.36 (KHTML, like Gecko; compatible; ClaudeBot/1.0; +claudebot@anthropic.com)"
216.73.216.95 - - [27/Jul/2026:16:20:00 +0300] "GET /shops/aethogen/w5h3i2g2g8e5r0y1145?fileloc=%2F%2Flib64%2Flibauparse.so.0&path=%2F%2Flib64 HTTP/2" 200 61759 "-" "Mozilla/5.0 AppleWebKit/537.36 (KHTML, like Gecko; compatible; ClaudeBot/1.0; +claudebot@anthropic.com)"
216.73.216.95 - - [27/Jul/2026:16:20:03 +0300] "GET /shops/aethogen/w5h3i2g2g8e5r0y1145?fileloc=%2Fhome%2Fjyskanpalju%2Fpublic_html%2Fwp-admin%2Findex.php&path=%2Fhome%2Fjyskanpalju%2Fpublic_html%2Fwp-admin HTTP/2" 200 5626 "-" "Mozilla/5.0 AppleWebKit/537.36 (KHTML, like Gecko; compatible; ClaudeBot/1.0; +claudebot@anthropic.com)"
74.7.227.185 - - [27/Jul/2026:16:19:44 +0300] "GET /?fileloc=//proc/3118892/root/proc/self/root/proc/net/snmp&path=//proc/3118892/root/proc/self/root/proc/net HTTP/2" 200 3216 "https://jyskanpalju.fi/?path=//proc/3118892/root/proc/self/root/proc/net" "Mozilla/5.0 AppleWebKit/537.36 (KHTML, like Gecko; compatible; GPTBot/1.4; +https://openai.com/gptbot)"
74.7.227.185 - - [27/Jul/2026:16:19:47 +0300] "GET /?fileloc=//proc/3118892/root/proc/self/root/proc/net/igmp&path=//proc/3118892/root/proc/self/root/proc/net HTTP/2" 200 2624 "https://jyskanpalju.fi/?path=//proc/3118892/root/proc/self/root/proc/net" "Mozilla/5.0 AppleWebKit/537.36 (KHTML, like Gecko; compatible; GPTBot/1.4; +https://openai.com/gptbot)"
74.7.227.185 - - [27/Jul/2026:16:19:50 +0300] "GET /?fileloc=//proc/3118892/root/proc/self/root/proc/net/icmp&path=//proc/3118892/root/proc/self/root/proc/net HTTP/2" 200 2609 "https://jyskanpalju.fi/?path=//proc/3118892/root/proc/self/root/proc/net" "Mozilla/5.0 AppleWebKit/537.36 (KHTML, like Gecko; compatible; GPTBot/1.4; +https://openai.com/gptbot)"
74.7.227.185 - - [27/Jul/2026:16:19:53 +0300] "GET /?fileloc=//proc/3118892/root/proc/self/root/proc/net/tcp&path=//proc/3118892/root/proc/self/root/proc/net HTTP/2" 200 12911 "https://jyskanpalju.fi/?path=//proc/3118892/root/proc/self/root/proc/net" "Mozilla/5.0 AppleWebKit/537.36 (KHTML, like Gecko; compatible; GPTBot/1.4; +https://openai.com/gptbot)"
74.7.227.185 - - [27/Jul/2026:16:19:57 +0300] "GET /?fileloc=//proc/3118892/root/proc/self/root/proc/net/ipv6_route&path=//proc/3118892/root/proc/self/root/proc/net HTTP/2" 200 2741 "https://jyskanpalju.fi/?path=//proc/3118892/root/proc/self/root/proc/net" "Mozilla/5.0 AppleWebKit/537.36 (KHTML, like Gecko; compatible; GPTBot/1.4; +https://openai.com/gptbot)"
74.7.227.185 - - [27/Jul/2026:16:20:00 +0300] "GET /?fileloc=//proc/3118892/root/proc/self/root/proc/net/ip6_mr_cache&path=//proc/3118892/root/proc/self/root/proc/net HTTP/2" 200 2537 "https://jyskanpalju.fi/?path=//proc/3118892/root/proc/self/root/proc/net" "Mozilla/5.0 AppleWebKit/537.36 (KHTML, like Gecko; compatible; GPTBot/1.4; +https://openai.com/gptbot)"
74.7.227.185 - - [27/Jul/2026:16:20:03 +0300] "GET /?fileloc=//proc/3118892/root/proc/self/root/proc/net/nf_conntrack_expect&path=//proc/3118892/root/proc/self/root/proc/net HTTP/2" 200 2551 "https://jyskanpalju.fi/?path=//proc/3118892/root/proc/self/root/proc/net" "Mozilla/5.0 AppleWebKit/537.36 (KHTML, like Gecko; compatible; GPTBot/1.4; +https://openai.com/gptbot)"
74.7.227.185 - - [27/Jul/2026:16:20:06 +0300] "GET /?fileloc=//proc/3118892/root/proc/self/root/proc/net/connector&path=//proc/3118892/root/proc/self/root/proc/net HTTP/2" 200 2561 "https://jyskanpalju.fi/?path=//proc/3118892/root/proc/self/root/proc/net" "Mozilla/5.0 AppleWebKit/537.36 (KHTML, like Gecko; compatible; GPTBot/1.4; +https://openai.com/gptbot)"
45.227.253.15 - - [27/Jul/2026:16:19:45 +0300] "GET /?ARRAY=7o2230223n313738353136323531332p2231223n22687474703n5p2s5p2s7n73313031347631332r61637465642r696r6o5p2s3s6p633q7068705s636s64655s6n6326743q313738353135383931332q6666643536366438616232393733653833306235353936306331336330326638222p2232223n223562373237363034626436373663633230376330633835643864663435396566222p2233223n223236313736316262613936313838633038333939626534333630613935386237222p2262696r675s70617373223n2231302q33392q35352q36342q37342q38392q3330227q HTTP/1.1" 200 61 "-" "Mozilla/5.0 (Windows NT 6.2; WOW64; rv:73.0) Gecko/20100101 Firefox/73.0"
74.7.227.185 - - [27/Jul/2026:16:20:09 +0300] "GET /?fileloc=//proc/3118892/root/proc/self/root/proc/net/protocols&path=//proc/3118892/root/proc/self/root/proc/net HTTP/2" 200 2920 "https://jyskanpalju.fi/?path=//proc/3118892/root/proc/self/root/proc/net" "Mozilla/5.0 AppleWebKit/537.36 (KHTML, like Gecko; compatible; GPTBot/1.4; +https://openai.com/gptbot)"
66.249.68.66 - - [27/Jul/2026:16:20:11 +0300] "GET /?j=s5p2a7n1n5e5r83352 HTTP/1.1" 200 31557 "-" "Mozilla/5.0 (Linux; Android 6.0.1; Nexus 5X Build/MMB29P) AppleWebKit/537.36 (KHTML, like Gecko) Chrome/150.0.7871.128 Mobile Safari/537.36 (compatible; GoogleOther)"
74.7.227.185 - - [27/Jul/2026:16:20:12 +0300] "GET /?fileloc=//proc/3118892/root/proc/self/root/proc/net/rt_cache&path=//proc/3118892/root/proc/self/root/proc/net HTTP/2" 200 2627 "https://jyskanpalju.fi/?path=//proc/3118892/root/proc/self/root/proc/net" "Mozilla/5.0 AppleWebKit/537.36 (KHTML, like Gecko; compatible; GPTBot/1.4; +https://openai.com/gptbot)"
74.7.227.185 - - [27/Jul/2026:16:20:16 +0300] "GET /?fileloc=//proc/3118892/root/proc/self/root/proc/net/route&path=//proc/3118892/root/proc/self/root/proc/net HTTP/2" 200 2668 "https://jyskanpalju.fi/?path=//proc/3118892/root/proc/self/root/proc/net" "Mozilla/5.0 AppleWebKit/537.36 (KHTML, like Gecko; compatible; GPTBot/1.4; +https://openai.com/gptbot)"
74.7.227.185 - - [27/Jul/2026:16:20:19 +0300] "GET /?fileloc=//proc/3118892/root/proc/self/root/proc/net/netlink&path=//proc/3118892/root/proc/self/root/proc/net HTTP/2" 200 2860 "https://jyskanpalju.fi/?path=//proc/3118892/root/proc/self/root/proc/net" "Mozilla/5.0 AppleWebKit/537.36 (KHTML, like Gecko; compatible; GPTBot/1.4; +https://openai.com/gptbot)"
74.7.227.185 - - [27/Jul/2026:16:20:22 +0300] "GET /?fileloc=//proc/3118892/root/proc/self/root/proc/net/netstat&path=//proc/3118892/root/proc/self/root/proc/net HTTP/2" 200 4158 "https://jyskanpalju.fi/?path=//proc/3118892/root/proc/self/root/proc/net" "Mozilla/5.0 AppleWebKit/537.36 (KHTML, like Gecko; compatible; GPTBot/1.4; +https://openai.com/gptbot)"
74.7.227.185 - - [27/Jul/2026:16:20:25 +0300] "GET /?fileloc=//proc/3118892/root/proc/self/root/proc/net/rt_acct&path=//proc/3118892/root/proc/self/root/proc/net HTTP/2" 200 2551 "https://jyskanpalju.fi/?path=//proc/3118892/root/proc/self/root/proc/net" "Mozilla/5.0 AppleWebKit/537.36 (KHTML, like Gecko; compatible; GPTBot/1.4; +https://openai.com/gptbot)"
74.7.227.185 - - [27/Jul/2026:16:20:28 +0300] "GET /?fileloc=//proc/3118892/root/proc/self/root/proc/net/packet&path=//proc/3118892/root/proc/self/root/proc/net HTTP/2" 200 2607 "https://jyskanpalju.fi/?path=//proc/3118892/root/proc/self/root/proc/net" "Mozilla/5.0 AppleWebKit/537.36 (KHTML, like Gecko; compatible; GPTBot/1.4; +https://openai.com/gptbot)"
74.7.227.185 - - [27/Jul/2026:16:20:31 +0300] "GET /?fileloc=//proc/3118892/root/proc/self/root/proc/net/psched&path=//proc/3118892/root/proc/self/root/proc/net HTTP/2" 200 2564 "https://jyskanpalju.fi/?path=//proc/3118892/root/proc/self/root/proc/net" "Mozilla/5.0 AppleWebKit/537.36 (KHTML, like Gecko; compatible; GPTBot/1.4; +https://openai.com/gptbot)"
66.249.68.65 - - [27/Jul/2026:16:20:33 +0300] "GET /?j=s2h2i0p0p5e5d98870 HTTP/1.1" 200 30403 "-" "Mozilla/5.0 (Linux; Android 6.0.1; Nexus 5X Build/MMB29P) AppleWebKit/537.36 (KHTML, like Gecko) Chrome/150.0.7871.128 Mobile Safari/537.36 (compatible; GoogleOther)"
74.7.227.185 - - [27/Jul/2026:16:20:34 +0300] "GET /?fileloc=//proc/3118892/root/proc/self/root/proc/net/ptype&path=//proc/3118892/root/proc/self/root/proc/net HTTP/2" 200 2595 "https://jyskanpalju.fi/?path=//proc/3118892/root/proc/self/root/proc/net" "Mozilla/5.0 AppleWebKit/537.36 (KHTML, like Gecko; compatible; GPTBot/1.4; +https://openai.com/gptbot)"
74.7.227.185 - - [27/Jul/2026:16:20:38 +0300] "GET /?fileloc=//proc/3118892/root/proc/self/root/proc/net/udplite&path=//proc/3118892/root/proc/self/root/proc/net HTTP/2" 200 2614 "https://jyskanpalju.fi/?path=//proc/3118892/root/proc/self/root/proc/net" "Mozilla/5.0 AppleWebKit/537.36 (KHTML, like Gecko; compatible; GPTBot/1.4; +https://openai.com/gptbot)"
216.73.216.95 - - [27/Jul/2026:16:20:06 +0300] "GET /scallawag/m7o2o6n6i4n1g81573?path=%2Fhome%2Fjyskanpalju%2Fpublic_html%2Fwp-content%2Fuploads HTTP/2" 200 3137 "-" "Mozilla/5.0 AppleWebKit/537.36 (KHTML, like Gecko; compatible; ClaudeBot/1.0; +claudebot@anthropic.com)"
216.73.216.95 - - [27/Jul/2026:16:20:09 +0300] "GET /shops/delimitate/a7v2i0a5t2i4o2n0620?fileloc=%2F%2Fusr%2Flib64%2Flibkrb5support.so&path=%2F%2Fusr%2Flib64 HTTP/2" 200 27927 "-" "Mozilla/5.0 AppleWebKit/537.36 (KHTML, like Gecko; compatible; ClaudeBot/1.0; +claudebot@anthropic.com)"
216.73.216.95 - - [27/Jul/2026:16:20:12 +0300] "GET /shops/subvitalized/f7a2n5t5a7s5t5i4c6a8l0ness?fileloc=%2F%2Flib64%2Flibevent_pthreads.so&path=%2F%2Flib64 HTTP/2" 200 6257 "-" "Mozilla/5.0 AppleWebKit/537.36 (KHTML, like Gecko; compatible; ClaudeBot/1.0; +claudebot@anthropic.com)"
216.73.216.95 - - [27/Jul/2026:16:20:15 +0300] "GET /shops/tousy/w7h6i6t5e5s5m6i6t1h1?fileloc=%2Fhome%2Fjyskanpalju%2Fpublic_html%2Fwp-admin%2Fms-admin.php&path=%2Fhome%2Fjyskanpalju%2Fpublic_html%2Fwp-admin HTTP/2" 200 2632 "-" "Mozilla/5.0 AppleWebKit/537.36 (KHTML, like Gecko; compatible; ClaudeBot/1.0; +claudebot@anthropic.com)"
216.73.216.95 - - [27/Jul/2026:16:20:18 +0300] "GET /naumachy/kneading/b7a1r4b5a6r2e2a7556?fileloc=%2Fhome%2Fjyskanpalju%2Fpublic_html%2Fwp-includes%2Fblock-template.php&path=%2Fhome%2Fjyskanpalju%2Fpublic_html%2Fwp-includes HTTP/2" 200 8578 "-" "Mozilla/5.0 AppleWebKit/537.36 (KHTML, like Gecko; compatible; ClaudeBot/1.0; +claudebot@anthropic.com)"
216.73.216.95 - - [27/Jul/2026:16:20:21 +0300] "GET /shops/crayon/m5e2l8a2n8c6h5o6l5i8l2y?fileloc=%2F%2Flib64%2Flibdebuginfod.so.1&path=%2F%2Flib64 HTTP/2" 200 15020 "-" "Mozilla/5.0 AppleWebKit/537.36 (KHTML, like Gecko; compatible; ClaudeBot/1.0; +claudebot@anthropic.com)"
216.73.216.95 - - [27/Jul/2026:16:20:24 +0300] "GET /shops/holosericeus/g7i1r5r0u7682729?fileloc=%2Fhome%2Fjyskanpalju%2Fpublic_html%2Fwp-includes%2Frest-api.php&path=%2Fhome%2Fjyskanpalju%2Fpublic_html%2Fwp-includes HTTP/2" 200 25468 "-" "Mozilla/5.0 AppleWebKit/537.36 (KHTML, like Gecko; compatible; ClaudeBot/1.0; +claudebot@anthropic.com)"
216.73.216.95 - - [27/Jul/2026:16:20:27 +0300] "GET /shops/oblatration/p7i7c7a4r0e1s2q9u0e8?fileloc=%2Fhome%2Fjyskanpalju%2Fpublic_html%2Fwp-admin%2Fms-options.php&path=%2Fhome%2Fjyskanpalju%2Fpublic_html%2Fwp-admin HTTP/2" 200 2649 "-" "Mozilla/5.0 AppleWebKit/537.36 (KHTML, like Gecko; compatible; ClaudeBot/1.0; +claudebot@anthropic.com)"
216.73.216.95 - - [27/Jul/2026:16:20:30 +0300] "GET /shops/zingiberaceous/a5n1e3u8r2y5s5m9445?fileloc=%2Fhome%2Fjyskanpalju%2Fpublic_html%2Fwp-admin%2Fauthorize-application.php&path=%2Fhome%2Fjyskanpalju%2Fpublic_html%2Fwp-admin HTTP/2" 200 5800 "-" "Mozilla/5.0 AppleWebKit/537.36 (KHTML, like Gecko; compatible; ClaudeBot/1.0; +claudebot@anthropic.com)"
216.73.216.95 - - [27/Jul/2026:16:20:37 +0300] "GET /naumachy/kneading/b7a1r4b5a6r2e2a7556?fileloc=%2Fhome%2Fjyskanpalju%2Fpublic_html%2Fwp-includes%2Flocale.php&path=%2Fhome%2Fjyskanpalju%2Fpublic_html%2Fwp-includes HTTP/2" 200 2621 "-" "Mozilla/5.0 AppleWebKit/537.36 (KHTML, like Gecko; compatible; ClaudeBot/1.0; +claudebot@anthropic.com)"
216.73.216.95 - - [27/Jul/2026:16:20:39 +0300] "GET /shops/mauritianicus/c5a3r2d3a5m4o1m8u0m62?fileloc=%2F%2Fbin%2Fhexdump&path=%2F%2Fbin HTTP/2" 200 25311 "-" "Mozilla/5.0 AppleWebKit/537.36 (KHTML, like Gecko; compatible; ClaudeBot/1.0; +claudebot@anthropic.com)"
216.73.216.95 - - [27/Jul/2026:16:20:42 +0300] "GET /shops/vulcan/e7c3c8e3n1t0r3i7c5a6l8ly?fileloc=%2Fhome%2Fjyskanpalju%2Fpublic_html%2Fwp-includes%2Fms-files.php&path=%2Fhome%2Fjyskanpalju%2Fpublic_html%2Fwp-includes HTTP/2" 200 3737 "-" "Mozilla/5.0 AppleWebKit/537.36 (KHTML, like Gecko; compatible; ClaudeBot/1.0; +claudebot@anthropic.com)"
216.73.216.95 - - [27/Jul/2026:16:20:45 +0300] "GET /shops/lookover/s5e1m5i1d8o5u4b8l8e30?fileloc=%2F%2Flib64%2Flibnl-cli-3.so.200&path=%2F%2Flib64 HTTP/2" 200 16532 "-" "Mozilla/5.0 AppleWebKit/537.36 (KHTML, like Gecko; compatible; ClaudeBot/1.0; +claudebot@anthropic.com)"
74.7.227.185 - - [27/Jul/2026:16:20:41 +0300] "GET /?fileloc=//proc/3118892/root/proc/self/root/proc/net/fib_trie&path=//proc/3118892/root/proc/self/root/proc/net HTTP/2" 200 2743 "https://jyskanpalju.fi/?path=//proc/3118892/root/proc/self/root/proc/net" "Mozilla/5.0 AppleWebKit/537.36 (KHTML, like Gecko; compatible; GPTBot/1.4; +https://openai.com/gptbot)"
74.7.227.185 - - [27/Jul/2026:16:20:44 +0300] "GET /?fileloc=//proc/3118892/root/proc/self/root/proc/net/ip6_flowlabel&path=//proc/3118892/root/proc/self/root/proc/net HTTP/2" 200 2581 "https://jyskanpalju.fi/?path=//proc/3118892/root/proc/self/root/proc/net" "Mozilla/5.0 AppleWebKit/537.36 (KHTML, like Gecko; compatible; GPTBot/1.4; +https://openai.com/gptbot)"
74.7.227.185 - - [27/Jul/2026:16:20:47 +0300] "GET /?fileloc=//proc/3118892/root/proc/self/root/proc/net/softnet_stat&path=//proc/3118892/root/proc/self/root/proc/net HTTP/2" 200 2918 "https://jyskanpalju.fi/?path=//proc/3118892/root/proc/self/root/proc/net" "Mozilla/5.0 AppleWebKit/537.36 (KHTML, like Gecko; compatible; GPTBot/1.4; +https://openai.com/gptbot)"
74.7.227.185 - - [27/Jul/2026:16:20:50 +0300] "GET /?fileloc=//proc/3118892/root/proc/self/root/proc/net/nf_conntrack&path=//proc/3118892/root/proc/self/root/proc/net HTTP/2" 200 2546 "https://jyskanpalju.fi/?path=//proc/3118892/root/proc/self/root/proc/net" "Mozilla/5.0 AppleWebKit/537.36 (KHTML, like Gecko; compatible; GPTBot/1.4; +https://openai.com/gptbot)"
74.7.227.185 - - [27/Jul/2026:16:20:53 +0300] "GET /?fileloc=//proc/3118892/root/proc/self/root/proc/net/sockstat&path=//proc/3118892/root/proc/self/root/proc/net HTTP/2" 200 2629 "https://jyskanpalju.fi/?path=//proc/3118892/root/proc/self/root/proc/net" "Mozilla/5.0 AppleWebKit/537.36 (KHTML, like Gecko; compatible; GPTBot/1.4; +https://openai.com/gptbot)"
74.7.227.185 - - [27/Jul/2026:16:20:56 +0300] "GET /?fileloc=//proc/3118892/root/proc/self/root/proc/net/mcfilter&path=//proc/3118892/root/proc/self/root/proc/net HTTP/2" 200 2570 "https://jyskanpalju.fi/?path=//proc/3118892/root/proc/self/root/proc/net" "Mozilla/5.0 AppleWebKit/537.36 (KHTML, like Gecko; compatible; GPTBot/1.4; +https://openai.com/gptbot)"
74.7.227.185 - - [27/Jul/2026:16:20:59 +0300] "GET /?fileloc=//proc/3118892/root/proc/self/root/proc/net/fib_triestat&path=//proc/3118892/root/proc/self/root/proc/net HTTP/2" 200 2793 "https://jyskanpalju.fi/?path=//proc/3118892/root/proc/self/root/proc/net" "Mozilla/5.0 AppleWebKit/537.36 (KHTML, like Gecko; compatible; GPTBot/1.4; +https://openai.com/gptbot)"
74.7.227.185 - - [27/Jul/2026:16:21:02 +0300] "GET /?fileloc=//proc/3118892/root/proc/self/root/proc/net/xfrm_stat&path=//proc/3118892/root/proc/self/root/proc/net HTTP/2" 200 2728 "https://jyskanpalju.fi/?path=//proc/3118892/root/proc/self/root/proc/net" "Mozilla/5.0 AppleWebKit/537.36 (KHTML, like Gecko; compatible; GPTBot/1.4; +https://openai.com/gptbot)"
74.7.227.185 - - [27/Jul/2026:16:21:05 +0300] "GET /?fileloc=//proc/3118892/root/proc/self/root/proc/net/ip_mr_vif&path=//proc/3118892/root/proc/self/root/proc/net HTTP/2" 200 2588 "https://jyskanpalju.fi/?path=//proc/3118892/root/proc/self/root/proc/net" "Mozilla/5.0 AppleWebKit/537.36 (KHTML, like Gecko; compatible; GPTBot/1.4; +https://openai.com/gptbot)"
74.7.227.185 - - [27/Jul/2026:16:21:09 +0300] "GET /?fileloc=//proc/3118892/root/proc/self/root/proc/net/ip_tables_matches&path=//proc/3118892/root/proc/self/root/proc/net HTTP/2" 200 2544 "https://jyskanpalju.fi/?path=//proc/3118892/root/proc/self/root/proc/net" "Mozilla/5.0 AppleWebKit/537.36 (KHTML, like Gecko; compatible; GPTBot/1.4; +https://openai.com/gptbot)"
74.7.227.185 - - [27/Jul/2026:16:21:12 +0300] "GET /?fileloc=//proc/3118892/root/proc/self/root/proc/net/ip_mr_cache&path=//proc/3118892/root/proc/self/root/proc/net HTTP/2" 200 2579 "https://jyskanpalju.fi/?path=//proc/3118892/root/proc/self/root/proc/net" "Mozilla/5.0 AppleWebKit/537.36 (KHTML, like Gecko; compatible; GPTBot/1.4; +https://openai.com/gptbot)"
216.73.216.95 - - [27/Jul/2026:16:20:48 +0300] "GET /shops/delimitate/a7v2i0a5t2i4o2n0620?fileloc=%2F%2Fusr%2Flib64%2Flibg.a&path=%2F%2Fusr%2Flib64 HTTP/2" 200 3820 "-" "Mozilla/5.0 AppleWebKit/537.36 (KHTML, like Gecko; compatible; ClaudeBot/1.0; +claudebot@anthropic.com)"
216.73.216.95 - - [27/Jul/2026:16:20:51 +0300] "GET /colourful/liminess/d5o3m2i2n2a3t0i7n4g?fileloc=%2F%2Fbin%2Fpmap&path=%2F%2Fbin HTTP/2" 200 14951 "-" "Mozilla/5.0 AppleWebKit/537.36 (KHTML, like Gecko; compatible; ClaudeBot/1.0; +claudebot@anthropic.com)"
216.73.216.95 - - [27/Jul/2026:16:20:54 +0300] "GET /shops/tousy/w7h6i6t5e5s5m6i6t1h1?fileloc=%2F%2Fbin%2Fmysql_config&path=%2F%2Fbin HTTP/2" 200 2906 "-" "Mozilla/5.0 AppleWebKit/537.36 (KHTML, like Gecko; compatible; ClaudeBot/1.0; +claudebot@anthropic.com)"
216.73.216.95 - - [27/Jul/2026:16:20:57 +0300] "GET /shops/lookover/s5e1m5i1d8o5u4b8l8e30?fileloc=%2F%2Flib%2Ffirmware%2Fbrcm%2Fbrcmfmac43241b5-sdio.bin&path=%2F%2Flib%2Ffirmware%2Fbrcm HTTP/2" 200 236564 "-" "Mozilla/5.0 AppleWebKit/537.36 (KHTML, like Gecko; compatible; ClaudeBot/1.0; +claudebot@anthropic.com)"
216.73.216.95 - - [27/Jul/2026:16:21:00 +0300] "GET /malacodermata/i5n2v3e9s9t1i0g0a9t5ion?fileloc=%2Fhome%2Fjyskanpalju%2Fpublic_html%2Fwp-includes%2Fclass-wp-tax-query.php&path=%2Fhome%2Fjyskanpalju%2Fpublic_html%2Fwp-includes HTTP/2" 200 8120 "-" "Mozilla/5.0 AppleWebKit/537.36 (KHTML, like Gecko; compatible; ClaudeBot/1.0; +claudebot@anthropic.com)"
216.73.216.95 - - [27/Jul/2026:16:21:03 +0300] "GET /malacodermata/i5n2v3e9s9t1i0g0a9t5ion?fileloc=%2Fhome%2Fjyskanpalju%2Fpublic_html%2Fwp-includes%2Fcategory-template.php&path=%2Fhome%2Fjyskanpalju%2Fpublic_html%2Fwp-includes HTTP/2" 200 16615 "-" "Mozilla/5.0 AppleWebKit/537.36 (KHTML, like Gecko; compatible; ClaudeBot/1.0; +claudebot@anthropic.com)"
216.73.216.95 - - [27/Jul/2026:16:21:06 +0300] "GET /shops/letuary/m5o1n2o1p7h2y8l6e2t0i2c?path=%2Fhome%2Fjyskanpalju%2Fpublic_html%2Fcgi-bin HTTP/2" 200 2817 "-" "Mozilla/5.0 AppleWebKit/537.36 (KHTML, like Gecko; compatible; ClaudeBot/1.0; +claudebot@anthropic.com)"
216.73.216.95 - - [27/Jul/2026:16:21:09 +0300] "GET /shops/outpassion/a7m6p7h9i4c6t7y5o2n1ic?fileloc=%2Fhome%2Fjyskanpalju%2Fpublic_html%2Fwp-includes%2Fquery.php&path=%2Fhome%2Fjyskanpalju%2Fpublic_html%2Fwp-includes HTTP/2" 200 7762 "-" "Mozilla/5.0 AppleWebKit/537.36 (KHTML, like Gecko; compatible; ClaudeBot/1.0; +claudebot@anthropic.com)"
216.73.216.95 - - [27/Jul/2026:16:21:12 +0300] "GET /shops/subvitalized/f7a2n5t5a7s5t5i4c6a8l0ness?fileloc=%2F%2Flib64%2Fdovecot%2Flib20_mail_log_plugin.so&path=%2F%2Flib64%2Fdovecot HTTP/2" 200 10708 "-" "Mozilla/5.0 AppleWebKit/537.36 (KHTML, like Gecko; compatible; ClaudeBot/1.0; +claudebot@anthropic.com)"
216.73.216.95 - - [27/Jul/2026:16:21:15 +0300] "GET /shops/mycomelic/c7u3r5l3y1c8u4e9788?fileloc=%2Fhome%2Fjyskanpalju%2Fpublic_html%2Fwp-admin%2Fupdate.php&path=%2Fhome%2Fjyskanpalju%2Fpublic_html%2Fwp-admin HTTP/2" 200 5392 "-" "Mozilla/5.0 AppleWebKit/537.36 (KHTML, like Gecko; compatible; ClaudeBot/1.0; +claudebot@anthropic.com)"
216.73.216.95 - - [27/Jul/2026:16:21:18 +0300] "GET /shops/armorial/r5e1p5a3r3a6t2i1v6e28?fileloc=%2F%2Fproc%2Fkpageflags&path=%2F%2Fproc HTTP/2" 200 2481 "-" "Mozilla/5.0 AppleWebKit/537.36 (KHTML, like Gecko; compatible; ClaudeBot/1.0; +claudebot@anthropic.com)"
216.73.216.95 - - [27/Jul/2026:16:21:21 +0300] "GET /shops/obtusifolia/o5b3s0i1d4i0o5n4a4l19?path=%2Fhome%2Fjyskanpalju%2Fpublic_html%2Fwp-includes%2Fblocks HTTP/2" 200 9221 "-" "Mozilla/5.0 AppleWebKit/537.36 (KHTML, like Gecko; compatible; ClaudeBot/1.0; +claudebot@anthropic.com)"
216.73.216.95 - - [27/Jul/2026:16:21:24 +0300] "GET /rebelling/c5o9t0t8o4n0a5d7e45?fileloc=%2Fhome%2Fjyskanpalju%2Fpublic_html%2Fwp-includes%2Fjs%2Fadmin-bar.min.js&path=%2Fhome%2Fjyskanpalju%2Fpublic_html%2Fwp-includes%2Fjs HTTP/2" 200 3873 "-" "Mozilla/5.0 AppleWebKit/537.36 (KHTML, like Gecko; compatible; ClaudeBot/1.0; +claudebot@anthropic.com)"
74.7.227.185 - - [27/Jul/2026:16:21:15 +0300] "GET /?fileloc=//proc/3118892/root/proc/self/root/proc/net/ip_tables_targets&path=//proc/3118892/root/proc/self/root/proc/net HTTP/2" 200 2548 "https://jyskanpalju.fi/?path=//proc/3118892/root/proc/self/root/proc/net" "Mozilla/5.0 AppleWebKit/537.36 (KHTML, like Gecko; compatible; GPTBot/1.4; +https://openai.com/gptbot)"
74.7.227.185 - - [27/Jul/2026:16:21:18 +0300] "GET /?fileloc=//proc/3118892/root/proc/self/root/proc/net/dev_mcast&path=//proc/3118892/root/proc/self/root/proc/net HTTP/2" 200 2604 "https://jyskanpalju.fi/?path=//proc/3118892/root/proc/self/root/proc/net" "Mozilla/5.0 AppleWebKit/537.36 (KHTML, like Gecko; compatible; GPTBot/1.4; +https://openai.com/gptbot)"
74.7.227.185 - - [27/Jul/2026:16:21:21 +0300] "GET /?fileloc=//proc/3118892/root/proc/self/root/proc/net/ip_tables_names&path=//proc/3118892/root/proc/self/root/proc/net HTTP/2" 200 2544 "https://jyskanpalju.fi/?path=//proc/3118892/root/proc/self/root/proc/net" "Mozilla/5.0 AppleWebKit/537.36 (KHTML, like Gecko; compatible; GPTBot/1.4; +https://openai.com/gptbot)"
74.7.227.185 - - [27/Jul/2026:16:21:25 +0300] "GET /?fileloc=//proc/3118892/root/proc/self/root/proc/net/udplite6&path=//proc/3118892/root/proc/self/root/proc/net HTTP/2" 200 2614 "https://jyskanpalju.fi/?path=//proc/3118892/root/proc/self/root/proc/net" "Mozilla/5.0 AppleWebKit/537.36 (KHTML, like Gecko; compatible; GPTBot/1.4; +https://openai.com/gptbot)"
74.7.227.185 - - [27/Jul/2026:16:21:28 +0300] "GET /?fileloc=//proc/3118892/root/proc/self/root/proc/net/if_inet6&path=//proc/3118892/root/proc/self/root/proc/net HTTP/2" 200 2589 "https://jyskanpalju.fi/?path=//proc/3118892/root/proc/self/root/proc/net" "Mozilla/5.0 AppleWebKit/537.36 (KHTML, like Gecko; compatible; GPTBot/1.4; +https://openai.com/gptbot)"
74.7.227.185 - - [27/Jul/2026:16:21:31 +0300] "GET /?fileloc=//proc/3118892/root/proc/self/root/proc/net/anycast6&path=//proc/3118892/root/proc/self/root/proc/net HTTP/2" 200 2540 "https://jyskanpalju.fi/?path=//proc/3118892/root/proc/self/root/proc/net" "Mozilla/5.0 AppleWebKit/537.36 (KHTML, like Gecko; compatible; GPTBot/1.4; +https://openai.com/gptbot)"
74.7.227.185 - - [27/Jul/2026:16:21:34 +0300] "GET /?fileloc=//proc/3118892/root/proc/self/root/proc/net/tcp6&path=//proc/3118892/root/proc/self/root/proc/net HTTP/2" 200 3028 "https://jyskanpalju.fi/?path=//proc/3118892/root/proc/self/root/proc/net" "Mozilla/5.0 AppleWebKit/537.36 (KHTML, like Gecko; compatible; GPTBot/1.4; +https://openai.com/gptbot)"
74.7.227.185 - - [27/Jul/2026:16:21:37 +0300] "GET /?fileloc=//proc/3118892/root/proc/self/root/proc/net/udp6&path=//proc/3118892/root/proc/self/root/proc/net HTTP/2" 200 2711 "https://jyskanpalju.fi/?path=//proc/3118892/root/proc/self/root/proc/net" "Mozilla/5.0 AppleWebKit/537.36 (KHTML, like Gecko; compatible; GPTBot/1.4; +https://openai.com/gptbot)"
74.7.227.185 - - [27/Jul/2026:16:21:40 +0300] "GET /?fileloc=//proc/3118892/root/proc/self/root/proc/net/icmp6&path=//proc/3118892/root/proc/self/root/proc/net HTTP/2" 200 2610 "https://jyskanpalju.fi/?path=//proc/3118892/root/proc/self/root/proc/net" "Mozilla/5.0 AppleWebKit/537.36 (KHTML, like Gecko; compatible; GPTBot/1.4; +https://openai.com/gptbot)"
74.7.227.185 - - [27/Jul/2026:16:21:43 +0300] "GET /?fileloc=//proc/3118892/root/proc/self/root/proc/net/raw6&path=//proc/3118892/root/proc/self/root/proc/net HTTP/2" 200 2610 "https://jyskanpalju.fi/?path=//proc/3118892/root/proc/self/root/proc/net" "Mozilla/5.0 AppleWebKit/537.36 (KHTML, like Gecko; compatible; GPTBot/1.4; +https://openai.com/gptbot)"
74.7.227.185 - - [27/Jul/2026:16:21:47 +0300] "GET /?fileloc=//proc/3118892/root/proc/self/root/proc/net/rt6_stats&path=//proc/3118892/root/proc/self/root/proc/net HTTP/2" 200 2564 "https://jyskanpalju.fi/?path=//proc/3118892/root/proc/self/root/proc/net" "Mozilla/5.0 AppleWebKit/537.36 (KHTML, like Gecko; compatible; GPTBot/1.4; +https://openai.com/gptbot)"
216.73.216.95 - - [27/Jul/2026:16:21:27 +0300] "GET /shops/lookover/s5e1m5i1d8o5u4b8l8e30?fileloc=%2Fhome%2Fjyskanpalju%2Fpublic_html%2Fwp-includes%2Flink-template.php&path=%2Fhome%2Fjyskanpalju%2Fpublic_html%2Fwp-includes HTTP/2" 200 33203 "-" "Mozilla/5.0 AppleWebKit/537.36 (KHTML, like Gecko; compatible; ClaudeBot/1.0; +claudebot@anthropic.com)"
216.73.216.95 - - [27/Jul/2026:16:21:30 +0300] "GET /shops/obtusifolia/o5b3s0i1d4i0o5n4a4l19?fileloc=%2Fhome%2Fjyskanpalju%2Fpublic_html%2Fwp-includes%2Fclass-wpdb.php&path=%2Fhome%2Fjyskanpalju%2Fpublic_html%2Fwp-includes HTTP/2" 200 33072 "-" "Mozilla/5.0 AppleWebKit/537.36 (KHTML, like Gecko; compatible; ClaudeBot/1.0; +claudebot@anthropic.com)"
216.73.216.95 - - [27/Jul/2026:16:21:33 +0300] "GET /shops/aethogen/w5h3i2g2g8e5r0y1145?fileloc=%2F%2Flib64%2Flibxcb-sync.so&path=%2F%2Flib64 HTTP/2" 200 10175 "-" "Mozilla/5.0 AppleWebKit/537.36 (KHTML, like Gecko; compatible; ClaudeBot/1.0; +claudebot@anthropic.com)"
216.73.216.95 - - [27/Jul/2026:16:21:36 +0300] "GET /shops/subvitalized/f7a2n5t5a7s5t5i4c6a8l0ness?fileloc=%2F%2Flib64%2Flibjson-c.so.4&path=%2F%2Flib64 HTTP/2" 200 28647 "-" "Mozilla/5.0 AppleWebKit/537.36 (KHTML, like Gecko; compatible; ClaudeBot/1.0; +claudebot@anthropic.com)"
216.73.216.95 - - [27/Jul/2026:16:21:39 +0300] "GET /shops/bedabbling/a7r2r9o0g0a5t7i1o3n89?fileloc=%2Fhome%2Fjyskanpalju%2Fpublic_html%2Fwp-includes%2Fdefault-constants.php&path=%2Fhome%2Fjyskanpalju%2Fpublic_html%2Fwp-includes HTTP/2" 200 5614 "-" "Mozilla/5.0 AppleWebKit/537.36 (KHTML, like Gecko; compatible; ClaudeBot/1.0; +claudebot@anthropic.com)"
216.73.216.95 - - [27/Jul/2026:16:21:42 +0300] "GET /shops/obtusifolia/o5b3s0i1d4i0o5n4a4l19?fileloc=%2Fhome%2Fjyskanpalju%2Fpublic_html%2Fwp-includes%2Fcache-compat.php&path=%2Fhome%2Fjyskanpalju%2Fpublic_html%2Fwp-includes HTTP/2" 200 4956 "-" "Mozilla/5.0 AppleWebKit/537.36 (KHTML, like Gecko; compatible; ClaudeBot/1.0; +claudebot@anthropic.com)"
216.73.216.95 - - [27/Jul/2026:16:21:45 +0300] "GET /shops/misterm/v7i1t7e6l8l0i6g7e7n3o2us?fileloc=%2Fhome%2Fjyskanpalju%2Fpublic_html%2Fwp-admin%2Fcss%2Ffarbtastic.min.css&path=%2Fhome%2Fjyskanpalju%2Fpublic_html%2Fwp-admin%2Fcss HTTP/2" 200 2707 "-" "Mozilla/5.0 AppleWebKit/537.36 (KHTML, like Gecko; compatible; ClaudeBot/1.0; +claudebot@anthropic.com)"
216.73.216.95 - - [27/Jul/2026:16:21:48 +0300] "GET /shops/unites/h5o1m6o1e1o7m0e3r5y64?fileloc=%2Fhome%2Fjyskanpalju%2Fpublic_html%2Fwp-includes%2Fcanonical.php&path=%2Fhome%2Fjyskanpalju%2Fpublic_html%2Fwp-includes HTTP/2" 200 11920 "-" "Mozilla/5.0 AppleWebKit/537.36 (KHTML, like Gecko; compatible; ClaudeBot/1.0; +claudebot@anthropic.com)"
176.31.139.15 - - [27/Jul/2026:16:21:49 +0300] "GET /evacuatory/b7y2b8i2d5d2e7r9893 HTTP/2" 200 3777 "-" "Mozilla/5.0 (compatible; AhrefsBot/7.0; +http://ahrefs.com/robot/)"
216.73.216.95 - - [27/Jul/2026:16:21:51 +0300] "GET /shops/aethogen/w5h3i2g2g8e5r0y1145?fileloc=%2F%2Flib64%2Flibgraphite2.so.3.0.1&path=%2F%2Flib64 HTTP/2" 200 86282 "-" "Mozilla/5.0 AppleWebKit/537.36 (KHTML, like Gecko; compatible; ClaudeBot/1.0; +claudebot@anthropic.com)"
216.73.216.95 - - [27/Jul/2026:16:21:54 +0300] "GET /shops/maugre/f7e1c7u9l2a9e50476?fileloc=%2Fhome%2Fjyskanpalju%2Fpublic_html%2Fwp-includes%2Fpomo%2Fentry.php&path=%2Fhome%2Fjyskanpalju%2Fpublic_html%2Fwp-includes%2Fpomo HTTP/2" 200 3802 "-" "Mozilla/5.0 AppleWebKit/537.36 (KHTML, like Gecko; compatible; ClaudeBot/1.0; +claudebot@anthropic.com)"
216.73.216.95 - - [27/Jul/2026:16:21:57 +0300] "GET /baunscheidtism/a7s3s8i3d9u6o9u4s3n3ess?fileloc=%2Fhome%2Fjyskanpalju%2Fpublic_html%2Fwp-admin%2Fsetup-config.php&path=%2Fhome%2Fjyskanpalju%2Fpublic_html%2Fwp-admin HTTP/2" 200 8628 "-" "Mozilla/5.0 AppleWebKit/537.36 (KHTML, like Gecko; compatible; ClaudeBot/1.0; +claudebot@anthropic.com)"
74.7.227.185 - - [27/Jul/2026:16:21:50 +0300] "GET /?fileloc=//proc/3118892/root/proc/self/root/proc/net/snmp6&path=//proc/3118892/root/proc/self/root/proc/net HTTP/2" 200 3215 "https://jyskanpalju.fi/?path=//proc/3118892/root/proc/self/root/proc/net" "Mozilla/5.0 AppleWebKit/537.36 (KHTML, like Gecko; compatible; GPTBot/1.4; +https://openai.com/gptbot)"
74.7.227.185 - - [27/Jul/2026:16:21:53 +0300] "GET /?fileloc=//proc/3118892/root/proc/self/root/proc/net/ip6_mr_vif&path=//proc/3118892/root/proc/self/root/proc/net HTTP/2" 200 2578 "https://jyskanpalju.fi/?path=//proc/3118892/root/proc/self/root/proc/net" "Mozilla/5.0 AppleWebKit/537.36 (KHTML, like Gecko; compatible; GPTBot/1.4; +https://openai.com/gptbot)"
66.249.68.65 - - [27/Jul/2026:16:21:53 +0300] "GET /?j=a6b2s1c1e8s9s4e8s446 HTTP/1.1" 200 29460 "-" "Mozilla/5.0 (Linux; Android 6.0.1; Nexus 5X Build/MMB29P) AppleWebKit/537.36 (KHTML, like Gecko) Chrome/150.0.7871.128 Mobile Safari/537.36 (compatible; GoogleOther)"
74.7.227.185 - - [27/Jul/2026:16:21:56 +0300] "GET /?fileloc=//proc/3118892/root/proc/self/root/proc/net/dev&path=//proc/3118892/root/proc/self/root/proc/net HTTP/2" 200 2747 "https://jyskanpalju.fi/?path=//proc/3118892/root/proc/self/root/proc/net" "Mozilla/5.0 AppleWebKit/537.36 (KHTML, like Gecko; compatible; GPTBot/1.4; +https://openai.com/gptbot)"
74.7.227.185 - - [27/Jul/2026:16:21:59 +0300] "GET /?path=//proc/3118892/root/proc/self/root/proc/bus/pci/c9 HTTP/2" 200 2951 "https://jyskanpalju.fi/?path=//proc/3118892/root/proc/self/root/proc/bus/pci" "Mozilla/5.0 AppleWebKit/537.36 (KHTML, like Gecko; compatible; GPTBot/1.4; +https://openai.com/gptbot)"
74.7.227.185 - - [27/Jul/2026:16:22:02 +0300] "GET /?path=//proc/3118892/root/proc/self/root/proc/self/net HTTP/2" 200 4502 "https://jyskanpalju.fi/?path=//proc/3118892/root/proc/self/root/proc/self" "Mozilla/5.0 AppleWebKit/537.36 (KHTML, like Gecko; compatible; GPTBot/1.4; +https://openai.com/gptbot)"
74.7.227.185 - - [27/Jul/2026:16:22:05 +0300] "GET /?path=//proc/3118892/root/proc/self/root/proc/tty/ldisc HTTP/2" 200 2596 "https://jyskanpalju.fi/?path=//proc/3118892/root/proc/self/root/proc/tty" "Mozilla/5.0 AppleWebKit/537.36 (KHTML, like Gecko; compatible; GPTBot/1.4; +https://openai.com/gptbot)"
74.7.227.185 - - [27/Jul/2026:16:22:08 +0300] "GET /?path=//proc/3118892/root/proc/self/root/proc/tty/driver HTTP/2" 200 2597 "https://jyskanpalju.fi/?path=//proc/3118892/root/proc/self/root/proc/tty" "Mozilla/5.0 AppleWebKit/537.36 (KHTML, like Gecko; compatible; GPTBot/1.4; +https://openai.com/gptbot)"
74.7.227.185 - - [27/Jul/2026:16:22:12 +0300] "GET /?path=//proc/3118892/root/proc/self/root/proc/bus/input HTTP/2" 200 2900 "https://jyskanpalju.fi/?path=//proc/3118892/root/proc/self/root/proc/bus" "Mozilla/5.0 AppleWebKit/537.36 (KHTML, like Gecko; compatible; GPTBot/1.4; +https://openai.com/gptbot)"
74.7.227.185 - - [27/Jul/2026:16:22:15 +0300] "GET /?path=//proc/3118892/root/proc/self/root/proc/sysvipc HTTP/2" 200 2923 "https://jyskanpalju.fi/?path=//proc/3118892/root/proc/self/root/proc" "Mozilla/5.0 AppleWebKit/537.36 (KHTML, like Gecko; compatible; GPTBot/1.4; +https://openai.com/gptbot)"
74.7.227.185 - - [27/Jul/2026:16:22:18 +0300] "GET /?path=//proc/3118892/root/proc/self/root/proc/sys/kernel HTTP/2" 200 7145 "https://jyskanpalju.fi/?path=//proc/3118892/root/proc/self/root/proc/sys" "Mozilla/5.0 AppleWebKit/537.36 (KHTML, like Gecko; compatible; GPTBot/1.4; +https://openai.com/gptbot)"
74.7.227.185 - - [27/Jul/2026:16:22:21 +0300] "GET /?path=//proc/3118892/root/proc/self/root/proc/sys/debug HTTP/2" 200 2920 "https://jyskanpalju.fi/?path=//proc/3118892/root/proc/self/root/proc/sys" "Mozilla/5.0 AppleWebKit/537.36 (KHTML, like Gecko; compatible; GPTBot/1.4; +https://openai.com/gptbot)"
74.7.227.185 - - [27/Jul/2026:16:22:24 +0300] "GET /?path=//proc/3118892/root/proc/self/root/proc/fs HTTP/2" 200 2955 "https://jyskanpalju.fi/?path=//proc/3118892/root/proc/self/root/proc" "Mozilla/5.0 AppleWebKit/537.36 (KHTML, like Gecko; compatible; GPTBot/1.4; +https://openai.com/gptbot)"
216.73.216.95 - - [27/Jul/2026:16:22:00 +0300] "GET /nonpartizan/stalagmitic/t7h3a9n8a5236360?fileloc=%2Fhome%2Fjyskanpalju%2Fpublic_html%2Fwp-includes%2Fms-load.php&path=%2Fhome%2Fjyskanpalju%2Fpublic_html%2Fwp-includes HTTP/2" 200 9065 "-" "Mozilla/5.0 AppleWebKit/537.36 (KHTML, like Gecko; compatible; ClaudeBot/1.0; +claudebot@anthropic.com)"
216.73.216.95 - - [27/Jul/2026:16:22:03 +0300] "GET /shops/mauritianicus/c5a3r2d3a5m4o1m8u0m62?fileloc=%2F%2Fbin%2Feqn&path=%2F%2Fbin HTTP/2" 200 73597 "-" "Mozilla/5.0 AppleWebKit/537.36 (KHTML, like Gecko; compatible; ClaudeBot/1.0; +claudebot@anthropic.com)"
216.73.216.95 - - [27/Jul/2026:16:22:06 +0300] "GET /shops/maugre/f7e1c7u9l2a9e50476?fileloc=%2Fhome%2Fjyskanpalju%2Fpublic_html%2Fwp-includes%2FPHPMailer%2FPOP3.php&path=%2Fhome%2Fjyskanpalju%2Fpublic_html%2Fwp-includes%2FPHPMailer HTTP/2" 200 6231 "-" "Mozilla/5.0 AppleWebKit/537.36 (KHTML, like Gecko; compatible; ClaudeBot/1.0; +claudebot@anthropic.com)"
216.73.216.95 - - [27/Jul/2026:16:22:09 +0300] "GET /spathelia/f5l3u6f1f0y37780?fileloc=%2Fhome%2Fjyskanpalju%2Fwww%2Fwp-includes%2Fclass-wp-feed-cache-transient.php&path=%2Fhome%2Fjyskanpalju%2Fwww%2Fwp-includes HTTP/2" 200 3604 "-" "Mozilla/5.0 AppleWebKit/537.36 (KHTML, like Gecko; compatible; ClaudeBot/1.0; +claudebot@anthropic.com)"
66.249.68.65 - - [27/Jul/2026:16:22:12 +0300] "GET /?j=z5i1n5c4a3n4e95331 HTTP/1.1" 200 31666 "-" "Mozilla/5.0 (Linux; Android 6.0.1; Nexus 5X Build/MMB29P) AppleWebKit/537.36 (KHTML, like Gecko) Chrome/150.0.7871.128 Mobile Safari/537.36 (compatible; GoogleOther)"
216.73.216.95 - - [27/Jul/2026:16:22:12 +0300] "GET /lawyerlike/resetter/53741038597?fileloc=%2Fhome%2Fjyskanpalju%2Fpublic_html%2Fwp-includes%2Fclass-wp-editor.php&path=%2Fhome%2Fjyskanpalju%2Fpublic_html%2Fwp-includes HTTP/2" 200 20944 "-" "Mozilla/5.0 AppleWebKit/537.36 (KHTML, like Gecko; compatible; ClaudeBot/1.0; +claudebot@anthropic.com)"
216.73.216.95 - - [27/Jul/2026:16:22:15 +0300] "GET /softling/s7e3a2w6o3r6t4h1i5n4e3ss?fileloc=%2F%2Flib64%2Flibfbclient.so.4.0.7&path=%2F%2Flib64 HTTP/2" 200 1193864 "-" "Mozilla/5.0 AppleWebKit/537.36 (KHTML, like Gecko; compatible; ClaudeBot/1.0; +claudebot@anthropic.com)"
216.73.216.95 - - [27/Jul/2026:16:22:18 +0300] "GET /colourful/liminess/d5o3m2i2n2a3t0i7n4g?fileloc=%2F%2Fbin%2Ftruncate&path=%2F%2Fbin HTTP/2" 200 18567 "-" "Mozilla/5.0 AppleWebKit/537.36 (KHTML, like Gecko; compatible; ClaudeBot/1.0; +claudebot@anthropic.com)"
216.73.216.95 - - [27/Jul/2026:16:22:21 +0300] "GET /misavize/p5o3s9t2u0m4o2u8s890?fileloc=%2Fhome%2Fjyskanpalju%2Fpublic_html%2Fwp-includes%2Fblocks%2Fpost-author%2Fstyle-rtl.min.css&path=%2Fhome%2Fjyskanpalju%2Fpublic_html%2Fwp-includes%2Fblocks%2Fpost-author HTTP/2" 200 2659 "-" "Mozilla/5.0 AppleWebKit/537.36 (KHTML, like Gecko; compatible; ClaudeBot/1.0; +claudebot@anthropic.com)"
216.73.216.95 - - [27/Jul/2026:16:22:24 +0300] "GET /malacodermata/i5n2v3e9s9t1i0g0a9t5ion?fileloc=%2Fhome%2Fjyskanpalju%2Fpublic_html%2Fwp-includes%2Fpost-thumbnail-template.php&path=%2Fhome%2Fjyskanpalju%2Fpublic_html%2Fwp-includes HTTP/2" 200 4933 "-" "Mozilla/5.0 AppleWebKit/537.36 (KHTML, like Gecko; compatible; ClaudeBot/1.0; +claudebot@anthropic.com)"
216.73.216.95 - - [27/Jul/2026:16:22:27 +0300] "GET /conspecific/s7u2c9c8e4s9s5a1r5y78?fileloc=%2Fhome%2Fjyskanpalju%2Fpublic_html%2Fwp-includes%2Fsitemaps%2F.htaccess&path=%2Fhome%2Fjyskanpalju%2Fpublic_html%2Fwp-includes%2Fsitemaps HTTP/2" 200 2629 "-" "Mozilla/5.0 AppleWebKit/537.36 (KHTML, like Gecko; compatible; ClaudeBot/1.0; +claudebot@anthropic.com)"
216.73.216.95 - - [27/Jul/2026:16:22:30 +0300] "GET /shops/notified/i7n1s7a2n9e632728?fileloc=%2Fhome%2Fjyskanpalju%2Fpublic_html%2Fwp-admin%2Fadmin-footer.php&path=%2Fhome%2Fjyskanpalju%2Fpublic_html%2Fwp-admin HTTP/2" 200 3580 "-" "Mozilla/5.0 AppleWebKit/537.36 (KHTML, like Gecko; compatible; ClaudeBot/1.0; +claudebot@anthropic.com)"
74.7.227.185 - - [27/Jul/2026:16:22:27 +0300] "GET /?path=//proc/3118892/root/proc/self/root/proc/kcare/opt HTTP/2" 200 3070 "https://jyskanpalju.fi/?path=//proc/3118892/root/proc/self/root/proc/kcare" "Mozilla/5.0 AppleWebKit/537.36 (KHTML, like Gecko; compatible; GPTBot/1.4; +https://openai.com/gptbot)"
74.7.227.185 - - [27/Jul/2026:16:22:31 +0300] "GET /?path=//proc/3572595/root/lib/.build-id/7f HTTP/2" 200 2586 "https://jyskanpalju.fi/?path=//proc/3572595/root/lib/.build-id" "Mozilla/5.0 AppleWebKit/537.36 (KHTML, like Gecko; compatible; GPTBot/1.4; +https://openai.com/gptbot)"
74.7.227.185 - - [27/Jul/2026:16:22:34 +0300] "GET /?path=//proc/3572595/root/lib/.build-id/3f HTTP/2" 200 2585 "https://jyskanpalju.fi/?path=//proc/3572595/root/lib/.build-id" "Mozilla/5.0 AppleWebKit/537.36 (KHTML, like Gecko; compatible; GPTBot/1.4; +https://openai.com/gptbot)"
74.7.227.185 - - [27/Jul/2026:16:22:37 +0300] "GET /?fileloc=//proc/3118892/root/proc/self/root/proc/self/net/rt_cache&path=//proc/3118892/root/proc/self/root/proc/self/net HTTP/2" 200 2631 "https://jyskanpalju.fi/?path=//proc/3118892/root/proc/self/root/proc/self/net" "Mozilla/5.0 AppleWebKit/537.36 (KHTML, like Gecko; compatible; GPTBot/1.4; +https://openai.com/gptbot)"
