74.7.227.185 - - [27/Jul/2026:15:40:49 +0300] "GET /?path=//proc/3118892/root/opt/cpanel/ea-wappspector/vendor/rector/rector/stubs-rector HTTP/2" 200 2919 "https://jyskanpalju.fi/?path=//proc/3118892/root/opt/cpanel/ea-wappspector/vendor/rector/rector" "Mozilla/5.0 AppleWebKit/537.36 (KHTML, like Gecko; compatible; GPTBot/1.4; +https://openai.com/gptbot)"
216.73.216.95 - - [27/Jul/2026:15:40:49 +0300] "GET /shops/routinist/g5l2a2u4c9o7s9i2s23?fileloc=%2F%2Flib64%2Fliblock_manager.so.2&path=%2F%2Flib64 HTTP/2" 200 557119 "-" "Mozilla/5.0 AppleWebKit/537.36 (KHTML, like Gecko; compatible; ClaudeBot/1.0; +claudebot@anthropic.com)"
216.73.216.95 - - [27/Jul/2026:15:40:52 +0300] "GET /tintinnabulation/internment/51740168012?fileloc=%2Fhome%2Fjyskanpalju%2Fpublic_html%2Fwp-admin%2Fms-delete-site.php&path=%2Fhome%2Fjyskanpalju%2Fpublic_html%2Fwp-admin HTTP/2" 200 4538 "-" "Mozilla/5.0 AppleWebKit/537.36 (KHTML, like Gecko; compatible; ClaudeBot/1.0; +claudebot@anthropic.com)"
74.7.227.185 - - [27/Jul/2026:15:40:52 +0300] "GET /?path=//proc/3118892/root/opt/cpanel/ea-wappspector/vendor/rector/rector/rules HTTP/2" 200 3580 "https://jyskanpalju.fi/?path=//proc/3118892/root/opt/cpanel/ea-wappspector/vendor/rector/rector" "Mozilla/5.0 AppleWebKit/537.36 (KHTML, like Gecko; compatible; GPTBot/1.4; +https://openai.com/gptbot)"
216.73.216.95 - - [27/Jul/2026:15:40:55 +0300] "GET /shops/deoxygenize/p7e3o9n6a0g4e2758?fileloc=%2Fhome%2Fjyskanpalju%2Fpublic_html%2Fwp-admin%2Fadmin-footer.php&path=%2Fhome%2Fjyskanpalju%2Fpublic_html%2Fwp-admin HTTP/2" 200 3580 "-" "Mozilla/5.0 AppleWebKit/537.36 (KHTML, like Gecko; compatible; ClaudeBot/1.0; +claudebot@anthropic.com)"
74.7.227.185 - - [27/Jul/2026:15:40:55 +0300] "GET /?path=//proc/3118892/root/opt/cpanel/ea-wappspector/vendor/sebastian/code-unit/src/exceptions HTTP/2" 200 3079 "https://jyskanpalju.fi/?path=//proc/3118892/root/opt/cpanel/ea-wappspector/vendor/sebastian/code-unit/src" "Mozilla/5.0 AppleWebKit/537.36 (KHTML, like Gecko; compatible; GPTBot/1.4; +https://openai.com/gptbot)"
216.73.216.95 - - [27/Jul/2026:15:40:58 +0300] "GET /rostrula/l7i1m1i3t2e7d4n7e3s3s3?fileloc=%2Fhome%2Fjyskanpalju%2Fpublic_html%2Fwp-includes%2Fclass-simplepie.php&path=%2Fhome%2Fjyskanpalju%2Fpublic_html%2Fwp-includes HTTP/2" 200 2778 "-" "Mozilla/5.0 AppleWebKit/537.36 (KHTML, like Gecko; compatible; ClaudeBot/1.0; +claudebot@anthropic.com)"
74.7.227.185 - - [27/Jul/2026:15:40:58 +0300] "GET /?path=//proc/3118892/root/opt/cpanel/ea-wappspector/vendor/rector/rector/vendor HTTP/2" 200 3485 "https://jyskanpalju.fi/?path=//proc/3118892/root/opt/cpanel/ea-wappspector/vendor/rector/rector" "Mozilla/5.0 AppleWebKit/537.36 (KHTML, like Gecko; compatible; GPTBot/1.4; +https://openai.com/gptbot)"
216.73.216.95 - - [27/Jul/2026:15:41:01 +0300] "GET /shops/incessancy/e5n1f1o0r1c5i8v4e950?fileloc=%2Fhome%2Fjyskanpalju%2Fpublic_html%2Fwp-includes%2Fms-settings.php&path=%2Fhome%2Fjyskanpalju%2Fpublic_html%2Fwp-includes HTTP/2" 200 4096 "-" "Mozilla/5.0 AppleWebKit/537.36 (KHTML, like Gecko; compatible; ClaudeBot/1.0; +claudebot@anthropic.com)"
74.7.227.185 - - [27/Jul/2026:15:41:02 +0300] "GET /?path=//proc/3118892/root/opt/cpanel/ea-wappspector/vendor/sebastian/lines-of-code HTTP/2" 200 3174 "https://jyskanpalju.fi/?path=//proc/3118892/root/opt/cpanel/ea-wappspector/vendor/sebastian" "Mozilla/5.0 AppleWebKit/537.36 (KHTML, like Gecko; compatible; GPTBot/1.4; +https://openai.com/gptbot)"
216.73.216.95 - - [27/Jul/2026:15:41:04 +0300] "GET /barracks/o5b1e8l2i9173095?fileloc=%2Fhome%2Fjyskanpalju%2Fpublic_html%2Fwp-admin%2Ffont-library.php&path=%2Fhome%2Fjyskanpalju%2Fpublic_html%2Fwp-admin HTTP/2" 200 3003 "-" "Mozilla/5.0 AppleWebKit/537.36 (KHTML, like Gecko; compatible; ClaudeBot/1.0; +claudebot@anthropic.com)"
74.7.227.185 - - [27/Jul/2026:15:41:05 +0300] "GET /?path=//proc/3118892/root/opt/cpanel/ea-wappspector/vendor/psr/http-client/src HTTP/2" 200 3057 "https://jyskanpalju.fi/?path=//proc/3118892/root/opt/cpanel/ea-wappspector/vendor/psr/http-client" "Mozilla/5.0 AppleWebKit/537.36 (KHTML, like Gecko; compatible; GPTBot/1.4; +https://openai.com/gptbot)"
216.73.216.95 - - [27/Jul/2026:15:41:07 +0300] "GET /shops/russe/g5e3t7t1a7b6l4e9945?fileloc=%2Fhome%2Fjyskanpalju%2Fpublic_html%2Fwp-includes%2Fupdate.php&path=%2Fhome%2Fjyskanpalju%2Fpublic_html%2Fwp-includes HTTP/2" 200 11695 "-" "Mozilla/5.0 AppleWebKit/537.36 (KHTML, like Gecko; compatible; ClaudeBot/1.0; +claudebot@anthropic.com)"
74.7.227.185 - - [27/Jul/2026:15:41:08 +0300] "GET /?path=//proc/3118892/root/opt/cpanel/ea-wappspector/vendor/phar-io/version/src HTTP/2" 200 3248 "https://jyskanpalju.fi/?path=//proc/3118892/root/opt/cpanel/ea-wappspector/vendor/phar-io/version" "Mozilla/5.0 AppleWebKit/537.36 (KHTML, like Gecko; compatible; GPTBot/1.4; +https://openai.com/gptbot)"
216.73.216.95 - - [27/Jul/2026:15:41:10 +0300] "GET /shops/thecaphora/t5r2a9c0t5s711495?fileloc=%2Fhome%2Fjyskanpalju%2Fpublic_html%2Fwp-includes%2Fquery.php&path=%2Fhome%2Fjyskanpalju%2Fpublic_html%2Fwp-includes HTTP/2" 200 7762 "-" "Mozilla/5.0 AppleWebKit/537.36 (KHTML, like Gecko; compatible; ClaudeBot/1.0; +claudebot@anthropic.com)"
74.7.227.185 - - [27/Jul/2026:15:41:11 +0300] "GET /?path=//proc/3118892/root/opt/cpanel/ea-wappspector/vendor/phpunit/php-invoker/.psalm HTTP/2" 200 2959 "https://jyskanpalju.fi/?path=//proc/3118892/root/opt/cpanel/ea-wappspector/vendor/phpunit/php-invoker" "Mozilla/5.0 AppleWebKit/537.36 (KHTML, like Gecko; compatible; GPTBot/1.4; +https://openai.com/gptbot)"
216.73.216.95 - - [27/Jul/2026:15:41:13 +0300] "GET /skelet/eclaircissement/c5o4m0m1o7r0a0n3c4y47?fileloc=%2Fhome%2Fjyskanpalju%2Fpublic_html%2Fwp-includes%2Fformatting.php&path=%2Fhome%2Fjyskanpalju%2Fpublic_html%2Fwp-includes HTTP/2" 200 67722 "-" "Mozilla/5.0 AppleWebKit/537.36 (KHTML, like Gecko; compatible; ClaudeBot/1.0; +claudebot@anthropic.com)"
74.7.227.185 - - [27/Jul/2026:15:41:14 +0300] "GET /?path=//proc/3118892/root/opt/cpanel/ea-wappspector/vendor/phpunit/php-invoker/src HTTP/2" 200 3001 "https://jyskanpalju.fi/?path=//proc/3118892/root/opt/cpanel/ea-wappspector/vendor/phpunit/php-invoker" "Mozilla/5.0 AppleWebKit/537.36 (KHTML, like Gecko; compatible; GPTBot/1.4; +https://openai.com/gptbot)"
216.73.216.95 - - [27/Jul/2026:15:41:16 +0300] "GET /rebelling/c5o9t0t8o4n0a5d7e45?fileloc=%2Fhome%2Fjyskanpalju%2Fpublic_html%2Fwp-includes%2Fwp-db.php&path=%2Fhome%2Fjyskanpalju%2Fpublic_html%2Fwp-includes HTTP/2" 200 2749 "-" "Mozilla/5.0 AppleWebKit/537.36 (KHTML, like Gecko; compatible; ClaudeBot/1.0; +claudebot@anthropic.com)"
74.7.227.185 - - [27/Jul/2026:15:41:17 +0300] "GET /?path=//proc/3118892/root/opt/cpanel/ea-wappspector/vendor/psr/http-message HTTP/2" 200 3152 "https://jyskanpalju.fi/?path=//proc/3118892/root/opt/cpanel/ea-wappspector/vendor/psr" "Mozilla/5.0 AppleWebKit/537.36 (KHTML, like Gecko; compatible; GPTBot/1.4; +https://openai.com/gptbot)"
216.73.216.95 - - [27/Jul/2026:15:41:19 +0300] "GET /shops/mezzotinter/c5a5r2p9o5p2h4a2d0a5?fileloc=%2Fhome%2Fjyskanpalju%2Fpublic_html%2Fwp-includes%2Fupdate.php&path=%2Fhome%2Fjyskanpalju%2Fpublic_html%2Fwp-includes HTTP/2" 200 11695 "-" "Mozilla/5.0 AppleWebKit/537.36 (KHTML, like Gecko; compatible; ClaudeBot/1.0; +claudebot@anthropic.com)"
74.7.227.185 - - [27/Jul/2026:15:41:21 +0300] "GET /?path=//proc/3118892/root/opt/cpanel/ea-wappspector/vendor/rector/rector/templates/custom-rule HTTP/2" 200 2882 "https://jyskanpalju.fi/?path=//proc/3118892/root/opt/cpanel/ea-wappspector/vendor/rector/rector/templates" "Mozilla/5.0 AppleWebKit/537.36 (KHTML, like Gecko; compatible; GPTBot/1.4; +https://openai.com/gptbot)"
216.73.216.95 - - [27/Jul/2026:15:41:22 +0300] "GET /ectobronchia/irrepleviable/54238227422?path=%2Fhome%2Fjyskanpalju%2Fpublic_html%2Fwp-admin%2Fmaint HTTP/2" 200 2885 "-" "Mozilla/5.0 AppleWebKit/537.36 (KHTML, like Gecko; compatible; ClaudeBot/1.0; +claudebot@anthropic.com)"
74.7.227.185 - - [27/Jul/2026:15:41:24 +0300] "GET /?path=//proc/3118892/root/opt/cpanel/ea-wappspector/vendor/myclabs/deep-copy HTTP/2" 200 3093 "https://jyskanpalju.fi/?path=//proc/3118892/root/opt/cpanel/ea-wappspector/vendor/myclabs" "Mozilla/5.0 AppleWebKit/537.36 (KHTML, like Gecko; compatible; GPTBot/1.4; +https://openai.com/gptbot)"
216.73.216.95 - - [27/Jul/2026:15:41:25 +0300] "GET /falco/o7r4g5a1n6o0p1h7y3l3y?fileloc=%2Fhome%2Fjyskanpalju%2Fpublic_html%2Fwp-includes%2Fclass-json.php&path=%2Fhome%2Fjyskanpalju%2Fpublic_html%2Fwp-includes HTTP/2" 200 11401 "-" "Mozilla/5.0 AppleWebKit/537.36 (KHTML, like Gecko; compatible; ClaudeBot/1.0; +claudebot@anthropic.com)"
74.7.227.185 - - [27/Jul/2026:15:41:27 +0300] "GET /?path=//proc/3118892/root/opt/cpanel/ea-wappspector/vendor/sebastian/diff/src HTTP/2" 200 3332 "https://jyskanpalju.fi/?path=//proc/3118892/root/opt/cpanel/ea-wappspector/vendor/sebastian/diff" "Mozilla/5.0 AppleWebKit/537.36 (KHTML, like Gecko; compatible; GPTBot/1.4; +https://openai.com/gptbot)"
216.73.216.95 - - [27/Jul/2026:15:41:28 +0300] "GET /shops/incessancy/e5n1f1o0r1c5i8v4e950?fileloc=%2Fhome%2Fjyskanpalju%2Fpublic_html%2Fwp-includes%2Futf8.php&path=%2Fhome%2Fjyskanpalju%2Fpublic_html%2Fwp-includes HTTP/2" 200 5138 "-" "Mozilla/5.0 AppleWebKit/537.36 (KHTML, like Gecko; compatible; ClaudeBot/1.0; +claudebot@anthropic.com)"
74.7.227.185 - - [27/Jul/2026:15:41:30 +0300] "GET /?path=//proc/3118892/root/opt/cpanel/ea-wappspector/vendor/psr/http-factory HTTP/2" 200 3097 "https://jyskanpalju.fi/?path=//proc/3118892/root/opt/cpanel/ea-wappspector/vendor/psr" "Mozilla/5.0 AppleWebKit/537.36 (KHTML, like Gecko; compatible; GPTBot/1.4; +https://openai.com/gptbot)"
216.73.216.95 - - [27/Jul/2026:15:41:31 +0300] "GET /cordialize/ajouan/s7i1l7e4n2u9s76627?fileloc=%2F%2Fbin%2Fpkill&path=%2F%2Fbin HTTP/2" 200 13284 "-" "Mozilla/5.0 AppleWebKit/537.36 (KHTML, like Gecko; compatible; ClaudeBot/1.0; +claudebot@anthropic.com)"
74.7.227.185 - - [27/Jul/2026:15:41:33 +0300] "GET /?path=//proc/3118892/root/opt/cpanel/ea-wappspector/vendor/rector/rector/vendor/composer HTTP/2" 200 3464 "https://jyskanpalju.fi/?path=//proc/3118892/root/opt/cpanel/ea-wappspector/vendor/rector/rector/vendor" "Mozilla/5.0 AppleWebKit/537.36 (KHTML, like Gecko; compatible; GPTBot/1.4; +https://openai.com/gptbot)"
216.73.216.95 - - [27/Jul/2026:15:41:34 +0300] "GET /supramaxillary/hollyhock/554399627?fileloc=%2Fhome%2Fjyskanpalju%2Fpublic_html%2Fwp-includes%2Fms-default-constants.php&path=%2Fhome%2Fjyskanpalju%2Fpublic_html%2Fwp-includes HTTP/2" 200 4204 "-" "Mozilla/5.0 AppleWebKit/537.36 (KHTML, like Gecko; compatible; ClaudeBot/1.0; +claudebot@anthropic.com)"
74.7.227.185 - - [27/Jul/2026:15:41:36 +0300] "GET /?path=//proc/3118892/root/opt/cpanel/ea-wappspector/vendor/sebastian/lines-of-code/src HTTP/2" 200 3118 "https://jyskanpalju.fi/?path=//proc/3118892/root/opt/cpanel/ea-wappspector/vendor/sebastian/lines-of-code" "Mozilla/5.0 AppleWebKit/537.36 (KHTML, like Gecko; compatible; GPTBot/1.4; +https://openai.com/gptbot)"
216.73.216.95 - - [27/Jul/2026:15:41:37 +0300] "GET /garganey/regalian/72807518707?path=%2Fhome%2Fjyskanpalju%2Fpublic_html%2Fwp-includes%2Fimages HTTP/2" 200 3890 "-" "Mozilla/5.0 AppleWebKit/537.36 (KHTML, like Gecko; compatible; ClaudeBot/1.0; +claudebot@anthropic.com)"
74.7.227.185 - - [27/Jul/2026:15:41:40 +0300] "GET /?path=//proc/3118892/root/opt/cpanel/ea-wappspector/vendor/rector/rector/vendor/ondram HTTP/2" 200 2889 "https://jyskanpalju.fi/?path=//proc/3118892/root/opt/cpanel/ea-wappspector/vendor/rector/rector/vendor" "Mozilla/5.0 AppleWebKit/537.36 (KHTML, like Gecko; compatible; GPTBot/1.4; +https://openai.com/gptbot)"
216.73.216.95 - - [27/Jul/2026:15:41:40 +0300] "GET /shops/itinerating/m5e3g0i6l5p999716?fileloc=%2Fhome%2Fjyskanpalju%2Fpublic_html%2Fwp-admin%2Foptions-permalink.php&path=%2Fhome%2Fjyskanpalju%2Fpublic_html%2Fwp-admin HTTP/2" 200 8723 "-" "Mozilla/5.0 AppleWebKit/537.36 (KHTML, like Gecko; compatible; ClaudeBot/1.0; +claudebot@anthropic.com)"
74.7.227.185 - - [27/Jul/2026:15:41:43 +0300] "GET /?path=//proc/3118892/root/opt/cpanel/ea-wappspector/vendor/phar-io/version/src/exceptions HTTP/2" 200 3153 "https://jyskanpalju.fi/?path=//proc/3118892/root/opt/cpanel/ea-wappspector/vendor/phar-io/version/src" "Mozilla/5.0 AppleWebKit/537.36 (KHTML, like Gecko; compatible; GPTBot/1.4; +https://openai.com/gptbot)"
216.73.216.95 - - [27/Jul/2026:15:41:43 +0300] "GET /camously/i7l4l2e3c2e6b7r5o5s4u8s?fileloc=%2Fhome%2Fjyskanpalju%2Fpublic_html%2Fwp-includes%2Fclass-json.php&path=%2Fhome%2Fjyskanpalju%2Fpublic_html%2Fwp-includes HTTP/2" 200 11401 "-" "Mozilla/5.0 AppleWebKit/537.36 (KHTML, like Gecko; compatible; ClaudeBot/1.0; +claudebot@anthropic.com)"
74.7.227.185 - - [27/Jul/2026:15:41:46 +0300] "GET /?path=//proc/3118892/root/opt/cpanel/ea-wappspector/vendor/phar-io/version/src/constraints HTTP/2" 200 3274 "https://jyskanpalju.fi/?path=//proc/3118892/root/opt/cpanel/ea-wappspector/vendor/phar-io/version/src" "Mozilla/5.0 AppleWebKit/537.36 (KHTML, like Gecko; compatible; GPTBot/1.4; +https://openai.com/gptbot)"
216.73.216.95 - - [27/Jul/2026:15:41:46 +0300] "GET /misavize/p5o3s9t2u0m4o2u8s890?path=%2Fhome%2Fjyskanpalju%2Fpublic_html%2Fwp-includes%2Fimages HTTP/2" 200 3841 "-" "Mozilla/5.0 AppleWebKit/537.36 (KHTML, like Gecko; compatible; ClaudeBot/1.0; +claudebot@anthropic.com)"
74.7.227.185 - - [27/Jul/2026:15:41:49 +0300] "GET /?path=//proc/3118892/root/opt/cpanel/ea-wappspector/vendor/phpunit/php-invoker/src/exceptions HTTP/2" 200 3066 "https://jyskanpalju.fi/?path=//proc/3118892/root/opt/cpanel/ea-wappspector/vendor/phpunit/php-invoker/src" "Mozilla/5.0 AppleWebKit/537.36 (KHTML, like Gecko; compatible; GPTBot/1.4; +https://openai.com/gptbot)"
216.73.216.95 - - [27/Jul/2026:15:41:49 +0300] "GET /shops/rejoining/v5a2i2n4g7l6o9r9i8o7u1sness?fileloc=%2Fhome%2Fjyskanpalju%2Fpublic_html%2Fwp-includes%2Fcomment.php&path=%2Fhome%2Fjyskanpalju%2Fpublic_html%2Fwp-includes HTTP/2" 200 34516 "-" "Mozilla/5.0 AppleWebKit/537.36 (KHTML, like Gecko; compatible; ClaudeBot/1.0; +claudebot@anthropic.com)"
216.73.216.95 - - [27/Jul/2026:15:41:52 +0300] "GET /shops/ichthyodorulite/t7a3m3a3n2o4i0r5621?fileloc=%2Fhome%2Fjyskanpalju%2Fpublic_html%2Fwp-includes%2Fpluggable.php&path=%2Fhome%2Fjyskanpalju%2Fpublic_html%2Fwp-includes HTTP/2" 200 33214 "-" "Mozilla/5.0 AppleWebKit/537.36 (KHTML, like Gecko; compatible; ClaudeBot/1.0; +claudebot@anthropic.com)"
74.7.227.185 - - [27/Jul/2026:15:41:52 +0300] "GET /?path=//proc/3118892/root/opt/cpanel/ea-wappspector/vendor/psr/http-message/docs HTTP/2" 200 2956 "https://jyskanpalju.fi/?path=//proc/3118892/root/opt/cpanel/ea-wappspector/vendor/psr/http-message" "Mozilla/5.0 AppleWebKit/537.36 (KHTML, like Gecko; compatible; GPTBot/1.4; +https://openai.com/gptbot)"
216.73.216.95 - - [27/Jul/2026:15:41:55 +0300] "GET /shops/axillary/b7i5p3a6r8t3i6e9n6t4?path=%2Fhome%2Fjyskanpalju%2Fpublic_html%2Fwp-includes%2Fblocks%2Fverse HTTP/2" 200 3033 "-" "Mozilla/5.0 AppleWebKit/537.36 (KHTML, like Gecko; compatible; ClaudeBot/1.0; +claudebot@anthropic.com)"
74.7.227.185 - - [27/Jul/2026:15:41:55 +0300] "GET /?path=//proc/3118892/root/opt/cpanel/ea-wappspector/vendor/rector/rector/vendor/phpstan HTTP/2" 200 2888 "https://jyskanpalju.fi/?path=//proc/3118892/root/opt/cpanel/ea-wappspector/vendor/rector/rector/vendor" "Mozilla/5.0 AppleWebKit/537.36 (KHTML, like Gecko; compatible; GPTBot/1.4; +https://openai.com/gptbot)"
216.73.216.95 - - [27/Jul/2026:15:41:58 +0300] "GET /audient/c7r3o2c3u4t3a85788?fileloc=%2Fhome%2Fjyskanpalju%2Fpublic_html%2Fwp-includes%2Fms-default-constants.php&path=%2Fhome%2Fjyskanpalju%2Fpublic_html%2Fwp-includes HTTP/2" 200 4204 "-" "Mozilla/5.0 AppleWebKit/537.36 (KHTML, like Gecko; compatible; ClaudeBot/1.0; +claudebot@anthropic.com)"
74.7.227.185 - - [27/Jul/2026:15:41:59 +0300] "GET /?path=//proc/3118892/root/opt/cpanel/ea-wappspector/vendor/rector/rector/vendor/evenement HTTP/2" 200 2883 "https://jyskanpalju.fi/?path=//proc/3118892/root/opt/cpanel/ea-wappspector/vendor/rector/rector/vendor" "Mozilla/5.0 AppleWebKit/537.36 (KHTML, like Gecko; compatible; GPTBot/1.4; +https://openai.com/gptbot)"
216.73.216.95 - - [27/Jul/2026:15:42:01 +0300] "GET /pieper/erythroglucin/72705358544?fileloc=%2Fhome%2Fjyskanpalju%2Fpublic_html%2Fwp-admin%2Fupdate-core.php&path=%2Fhome%2Fjyskanpalju%2Fpublic_html%2Fwp-admin HTTP/2" 200 14195 "-" "Mozilla/5.0 AppleWebKit/537.36 (KHTML, like Gecko; compatible; ClaudeBot/1.0; +claudebot@anthropic.com)"
74.7.227.185 - - [27/Jul/2026:15:42:02 +0300] "GET /?path=//proc/3118892/root/opt/cpanel/ea-wappspector/vendor/rector/rector/vendor/nette HTTP/2" 200 2880 "https://jyskanpalju.fi/?path=//proc/3118892/root/opt/cpanel/ea-wappspector/vendor/rector/rector/vendor" "Mozilla/5.0 AppleWebKit/537.36 (KHTML, like Gecko; compatible; GPTBot/1.4; +https://openai.com/gptbot)"
216.73.216.95 - - [27/Jul/2026:15:42:04 +0300] "GET /shops/nathmore/r7a1z3u2r6e156158?fileloc=%2F%2Fbin%2Ftouch&path=%2F%2Fbin HTTP/2" 200 43043 "-" "Mozilla/5.0 AppleWebKit/537.36 (KHTML, like Gecko; compatible; ClaudeBot/1.0; +claudebot@anthropic.com)"
74.7.227.185 - - [27/Jul/2026:15:42:05 +0300] "GET /?path=//proc/3118892/root/opt/cpanel/ea-wappspector/vendor/rector/rector/vendor/psr HTTP/2" 200 2983 "https://jyskanpalju.fi/?path=//proc/3118892/root/opt/cpanel/ea-wappspector/vendor/rector/rector/vendor" "Mozilla/5.0 AppleWebKit/537.36 (KHTML, like Gecko; compatible; GPTBot/1.4; +https://openai.com/gptbot)"
216.73.216.95 - - [27/Jul/2026:15:42:07 +0300] "GET /shops/endamnify/d5a1s2y5b8a4t0i0s413?fileloc=%2Fhome%2Fjyskanpalju%2Fpublic_html%2Fxmlrpc.php&path=%2Fhome%2Fjyskanpalju%2Fpublic_html HTTP/2" 200 3952 "-" "Mozilla/5.0 AppleWebKit/537.36 (KHTML, like Gecko; compatible; ClaudeBot/1.0; +claudebot@anthropic.com)"
74.7.227.185 - - [27/Jul/2026:15:42:08 +0300] "GET /?path=//proc/3118892/root/opt/cpanel/ea-wappspector/vendor/rector/rector/vendor/composer/semver HTTP/2" 200 3124 "https://jyskanpalju.fi/?path=//proc/3118892/root/opt/cpanel/ea-wappspector/vendor/rector/rector/vendor/composer" "Mozilla/5.0 AppleWebKit/537.36 (KHTML, like Gecko; compatible; GPTBot/1.4; +https://openai.com/gptbot)"
216.73.216.95 - - [27/Jul/2026:15:42:10 +0300] "GET /shops/outmantle/s7u6a8s9i6v8e3364?path=%2Fhome%2Fjyskanpalju%2Fpublic_html%2Fwp-includes%2Fl10n HTTP/2" 200 3046 "-" "Mozilla/5.0 AppleWebKit/537.36 (KHTML, like Gecko; compatible; ClaudeBot/1.0; +claudebot@anthropic.com)"
74.7.227.185 - - [27/Jul/2026:15:42:11 +0300] "GET /?path=//proc/3118892/root/opt/cpanel/ea-wappspector/vendor/rector/rector/vendor/composer/pcre HTTP/2" 200 3158 "https://jyskanpalju.fi/?path=//proc/3118892/root/opt/cpanel/ea-wappspector/vendor/rector/rector/vendor/composer" "Mozilla/5.0 AppleWebKit/537.36 (KHTML, like Gecko; compatible; GPTBot/1.4; +https://openai.com/gptbot)"
74.7.227.185 - - [27/Jul/2026:15:42:14 +0300] "GET /?path=//proc/3118892/root/opt/cpanel/ea-wappspector/vendor/rector/rector/vendor/clue HTTP/2" 200 2892 "https://jyskanpalju.fi/?path=//proc/3118892/root/opt/cpanel/ea-wappspector/vendor/rector/rector/vendor" "Mozilla/5.0 AppleWebKit/537.36 (KHTML, like Gecko; compatible; GPTBot/1.4; +https://openai.com/gptbot)"
216.73.216.95 - - [27/Jul/2026:15:39:32 +0300] "GET /shops/miscibility/p5r2e9c7i7p5i5t4a1t7e5d?fileloc=%2Fhome%2Fjyskanpalju%2Fpublic_html%2Fwp-admin%2Fplugin-install.php&path=%2Fhome%2Fjyskanpalju%2Fpublic_html%2Fwp-admin HTTP/2" 200 5214 "-" "Mozilla/5.0 AppleWebKit/537.36 (KHTML, like Gecko; compatible; ClaudeBot/1.0; +claudebot@anthropic.com)"
216.73.216.95 - - [27/Jul/2026:15:39:35 +0300] "GET /misavize/p5o3s9t2u0m4o2u8s890?fileloc=%2Fhome%2Fjyskanpalju%2Fpublic_html%2Fwp-includes%2Fclass-IXR.php&path=%2Fhome%2Fjyskanpalju%2Fpublic_html%2Fwp-includes HTTP/2" 200 3659 "-" "Mozilla/5.0 AppleWebKit/537.36 (KHTML, like Gecko; compatible; ClaudeBot/1.0; +claudebot@anthropic.com)"
216.73.216.95 - - [27/Jul/2026:15:39:38 +0300] "GET /bearish/multiferous/71834174419?fileloc=%2Fhome%2Fjyskanpalju%2Fpublic_html%2Fwp-includes%2Fauthor-template.php&path=%2Fhome%2Fjyskanpalju%2Fpublic_html%2Fwp-includes HTTP/2" 200 8209 "-" "Mozilla/5.0 AppleWebKit/537.36 (KHTML, like Gecko; compatible; ClaudeBot/1.0; +claudebot@anthropic.com)"
216.73.216.95 - - [27/Jul/2026:15:39:41 +0300] "GET /shops/acrocomia/i7n3s6p3e8c4t2i1v0e71?path=%2Fhome%2Fjyskanpalju%2Fpublic_html%2Fwp-includes%2FIXR HTTP/2" 200 3230 "-" "Mozilla/5.0 AppleWebKit/537.36 (KHTML, like Gecko; compatible; ClaudeBot/1.0; +claudebot@anthropic.com)"
216.73.216.95 - - [27/Jul/2026:15:39:44 +0300] "GET /shops/dimit/e7m1p4y1r3e1a6n2302?fileloc=%2Fhome%2Fjyskanpalju%2Fpublic_html%2Fwp-admin%2Fnetwork%2Fsites.php&path=%2Fhome%2Fjyskanpalju%2Fpublic_html%2Fwp-admin%2Fnetwork HTTP/2" 200 7003 "-" "Mozilla/5.0 AppleWebKit/537.36 (KHTML, like Gecko; compatible; ClaudeBot/1.0; +claudebot@anthropic.com)"
66.249.68.67 - - [27/Jul/2026:15:40:33 +0300] "GET /?j=h5o2p4e5f8u0l2n0e3s9s8 HTTP/1.1" 200 31627 "-" "Mozilla/5.0 (Linux; Android 6.0.1; Nexus 5X Build/MMB29P) AppleWebKit/537.36 (KHTML, like Gecko) Chrome/150.0.7871.128 Mobile Safari/537.36 (compatible; GoogleOther)"
216.73.216.95 - - [27/Jul/2026:15:42:15 +0300] "GET /ancestress/transporting/53526876551?fileloc=%2Fhome%2Fjyskanpalju%2Fpublic_html%2Fwp-admin%2Ftheme-install.php&path=%2Fhome%2Fjyskanpalju%2Fpublic_html%2Fwp-admin HTTP/2" 200 8873 "-" "Mozilla/5.0 AppleWebKit/537.36 (KHTML, like Gecko; compatible; ClaudeBot/1.0; +claudebot@anthropic.com)"
216.73.216.95 - - [27/Jul/2026:15:42:18 +0300] "GET /shops/lachrymation/g7y2r7u8s131508?path=%2Fhome%2Fjyskanpalju%2Fpublic_html%2Fwp-includes%2Fblock-bindings HTTP/2" 200 3034 "-" "Mozilla/5.0 AppleWebKit/537.36 (KHTML, like Gecko; compatible; ClaudeBot/1.0; +claudebot@anthropic.com)"
216.73.216.95 - - [27/Jul/2026:15:42:21 +0300] "GET /shops/corroding/a5n2g8o6r6230565?fileloc=%2F%2Fbin%2Fzmore&path=%2F%2Fbin HTTP/2" 200 3416 "-" "Mozilla/5.0 AppleWebKit/537.36 (KHTML, like Gecko; compatible; ClaudeBot/1.0; +claudebot@anthropic.com)"
216.73.216.95 - - [27/Jul/2026:15:42:24 +0300] "GET /shops/adiathermic/p5l3e6o9n2a8s4t2e228?path=%2Fhome%2Fjyskanpalju%2Fpublic_html%2Fwp-includes%2Fblocks%2Ffreeform HTTP/2" 200 3035 "-" "Mozilla/5.0 AppleWebKit/537.36 (KHTML, like Gecko; compatible; ClaudeBot/1.0; +claudebot@anthropic.com)"
216.73.216.95 - - [27/Jul/2026:15:42:27 +0300] "GET /conceded/neverthelater/p5a4r1o1t0i8a30061?path=%2Fhome%2Fjyskanpalju%2Fpublic_html%2Fwp-includes%2Fcertificates HTTP/2" 200 2890 "-" "Mozilla/5.0 AppleWebKit/537.36 (KHTML, like Gecko; compatible; ClaudeBot/1.0; +claudebot@anthropic.com)"
216.73.216.95 - - [27/Jul/2026:15:42:30 +0300] "GET /audient/c7r3o2c3u4t3a85788?fileloc=%2Fhome%2Fjyskanpalju%2Fpublic_html%2Fwp-includes%2Fblocks%2Fterm-name.php&path=%2Fhome%2Fjyskanpalju%2Fpublic_html%2Fwp-includes%2Fblocks HTTP/2" 200 3354 "-" "Mozilla/5.0 AppleWebKit/537.36 (KHTML, like Gecko; compatible; ClaudeBot/1.0; +claudebot@anthropic.com)"
74.7.227.185 - - [27/Jul/2026:15:42:17 +0300] "GET /?path=//proc/3118892/root/opt/cpanel/ea-wappspector/vendor/rector/rector/vendor/doctrine HTTP/2" 200 2883 "https://jyskanpalju.fi/?path=//proc/3118892/root/opt/cpanel/ea-wappspector/vendor/rector/rector/vendor" "Mozilla/5.0 AppleWebKit/537.36 (KHTML, like Gecko; compatible; GPTBot/1.4; +https://openai.com/gptbot)"
74.7.227.185 - - [27/Jul/2026:15:42:20 +0300] "GET /?path=//proc/3118892/root/opt/cpanel/ea-wappspector/vendor/rector/rector/vendor/ondram/ci-detector HTTP/2" 200 3153 "https://jyskanpalju.fi/?path=//proc/3118892/root/opt/cpanel/ea-wappspector/vendor/rector/rector/vendor/ondram" "Mozilla/5.0 AppleWebKit/537.36 (KHTML, like Gecko; compatible; GPTBot/1.4; +https://openai.com/gptbot)"
74.7.227.185 - - [27/Jul/2026:15:42:23 +0300] "GET /?path=//proc/3118892/root/opt/cpanel/ea-wappspector/vendor/rector/rector/vendor/sebastian HTTP/2" 200 2879 "https://jyskanpalju.fi/?path=//proc/3118892/root/opt/cpanel/ea-wappspector/vendor/rector/rector/vendor" "Mozilla/5.0 AppleWebKit/537.36 (KHTML, like Gecko; compatible; GPTBot/1.4; +https://openai.com/gptbot)"
74.7.227.185 - - [27/Jul/2026:15:42:26 +0300] "GET /?path=//proc/3118892/root/opt/cpanel/ea-wappspector/vendor/rector/rector/vendor/bin HTTP/2" 200 2940 "https://jyskanpalju.fi/?path=//proc/3118892/root/opt/cpanel/ea-wappspector/vendor/rector/rector/vendor" "Mozilla/5.0 AppleWebKit/537.36 (KHTML, like Gecko; compatible; GPTBot/1.4; +https://openai.com/gptbot)"
74.7.227.185 - - [27/Jul/2026:15:42:29 +0300] "GET /?path=//proc/3118892/root/opt/cpanel/ea-wappspector/vendor/rector/rector/vendor/nikic HTTP/2" 200 2887 "https://jyskanpalju.fi/?path=//proc/3118892/root/opt/cpanel/ea-wappspector/vendor/rector/rector/vendor" "Mozilla/5.0 AppleWebKit/537.36 (KHTML, like Gecko; compatible; GPTBot/1.4; +https://openai.com/gptbot)"
74.7.227.185 - - [27/Jul/2026:15:42:32 +0300] "GET /?path=//proc/3118892/root/opt/cpanel/ea-wappspector/vendor/rector/rector/vendor/webmozart HTTP/2" 200 2886 "https://jyskanpalju.fi/?path=//proc/3118892/root/opt/cpanel/ea-wappspector/vendor/rector/rector/vendor" "Mozilla/5.0 AppleWebKit/537.36 (KHTML, like Gecko; compatible; GPTBot/1.4; +https://openai.com/gptbot)"
74.7.227.185 - - [27/Jul/2026:15:42:36 +0300] "GET /?path=//proc/3118892/root/opt/cpanel/ea-wappspector/vendor/rector/rector/vendor/nette/utils HTTP/2" 200 3106 "https://jyskanpalju.fi/?path=//proc/3118892/root/opt/cpanel/ea-wappspector/vendor/rector/rector/vendor/nette" "Mozilla/5.0 AppleWebKit/537.36 (KHTML, like Gecko; compatible; GPTBot/1.4; +https://openai.com/gptbot)"
74.7.227.185 - - [27/Jul/2026:15:42:39 +0300] "GET /?path=//proc/3118892/root/opt/cpanel/ea-wappspector/vendor/rector/rector/vendor/psr/container HTTP/2" 200 3111 "https://jyskanpalju.fi/?path=//proc/3118892/root/opt/cpanel/ea-wappspector/vendor/rector/rector/vendor/psr" "Mozilla/5.0 AppleWebKit/537.36 (KHTML, like Gecko; compatible; GPTBot/1.4; +https://openai.com/gptbot)"
74.7.227.185 - - [27/Jul/2026:15:42:42 +0300] "GET /?path=//proc/3118892/root/opt/cpanel/ea-wappspector/vendor/rector/rector/vendor/psr/simple-cache HTTP/2" 200 3114 "https://jyskanpalju.fi/?path=//proc/3118892/root/opt/cpanel/ea-wappspector/vendor/rector/rector/vendor/psr" "Mozilla/5.0 AppleWebKit/537.36 (KHTML, like Gecko; compatible; GPTBot/1.4; +https://openai.com/gptbot)"
74.7.227.185 - - [27/Jul/2026:15:42:45 +0300] "GET /?path=//proc/3118892/root/opt/cpanel/ea-wappspector/vendor/rector/rector/vendor/symfony HTTP/2" 200 3171 "https://jyskanpalju.fi/?path=//proc/3118892/root/opt/cpanel/ea-wappspector/vendor/rector/rector/vendor" "Mozilla/5.0 AppleWebKit/537.36 (KHTML, like Gecko; compatible; GPTBot/1.4; +https://openai.com/gptbot)"
216.73.216.95 - - [27/Jul/2026:15:42:33 +0300] "GET /bearish/multiferous/71834174419?fileloc=%2Fhome%2Fjyskanpalju%2Fpublic_html%2Fwp-includes%2Ffonts.php&path=%2Fhome%2Fjyskanpalju%2Fpublic_html%2Fwp-includes HTTP/2" 200 5288 "-" "Mozilla/5.0 AppleWebKit/537.36 (KHTML, like Gecko; compatible; ClaudeBot/1.0; +claudebot@anthropic.com)"
216.73.216.95 - - [27/Jul/2026:15:42:36 +0300] "GET /pieper/erythroglucin/72705358544?fileloc=%2Fhome%2Fjyskanpalju%2Fpublic_html%2Fwp-admin%2Fms-edit.php&path=%2Fhome%2Fjyskanpalju%2Fpublic_html%2Fwp-admin HTTP/2" 200 2643 "-" "Mozilla/5.0 AppleWebKit/537.36 (KHTML, like Gecko; compatible; ClaudeBot/1.0; +claudebot@anthropic.com)"
216.73.216.95 - - [27/Jul/2026:15:42:39 +0300] "GET /dipsosis/obtuse/52150683887?fileloc=%2Fhome%2Fjyskanpalju%2Fpublic_html%2Fwp-includes%2Fbookmark-template.php&path=%2Fhome%2Fjyskanpalju%2Fpublic_html%2Fwp-includes HTTP/2" 200 5983 "-" "Mozilla/5.0 AppleWebKit/537.36 (KHTML, like Gecko; compatible; ClaudeBot/1.0; +claudebot@anthropic.com)"
216.73.216.95 - - [27/Jul/2026:15:42:42 +0300] "GET /shops/enthronement/c5l2a8r2o6o5b5s3curo?path=%2Fhome%2Fjyskanpalju%2Fpublic_html%2Fwp-includes%2Fblocks%2Fcomments-pagination-numbers HTTP/2" 200 3066 "-" "Mozilla/5.0 AppleWebKit/537.36 (KHTML, like Gecko; compatible; ClaudeBot/1.0; +claudebot@anthropic.com)"
216.73.216.95 - - [27/Jul/2026:15:42:45 +0300] "GET /shops/convoke/c7o6l8u0b8r1i5n0a40?path=%2Fhome%2Fjyskanpalju%2Fpublic_html%2Fwp-content%2Fmu-plugins HTTP/2" 200 3078 "-" "Mozilla/5.0 AppleWebKit/537.36 (KHTML, like Gecko; compatible; ClaudeBot/1.0; +claudebot@anthropic.com)"
216.73.216.95 - - [27/Jul/2026:15:42:48 +0300] "GET /shops/smile/s5e4l0f3d7e5t7e4r9m5i2nation?fileloc=%2F%2Fbin%2Flesspipe.sh&path=%2F%2Fbin HTTP/2" 200 3865 "-" "Mozilla/5.0 AppleWebKit/537.36 (KHTML, like Gecko; compatible; ClaudeBot/1.0; +claudebot@anthropic.com)"
216.73.216.95 - - [27/Jul/2026:15:42:51 +0300] "GET /shops/extramission/m7o8d8i6f5i4c7a3t9o3ry?fileloc=%2Fhome%2Fjyskanpalju%2Fpublic_html%2Fwp-includes%2Frss.php&path=%2Fhome%2Fjyskanpalju%2Fpublic_html%2Fwp-includes HTTP/2" 200 9712 "-" "Mozilla/5.0 AppleWebKit/537.36 (KHTML, like Gecko; compatible; ClaudeBot/1.0; +claudebot@anthropic.com)"
216.73.216.95 - - [27/Jul/2026:15:42:54 +0300] "GET /montanum/c5o4n1a9c9r0e48375?fileloc=%2F%2Fbin%2Fcomm&path=%2F%2Fbin HTTP/2" 200 19311 "-" "Mozilla/5.0 AppleWebKit/537.36 (KHTML, like Gecko; compatible; ClaudeBot/1.0; +claudebot@anthropic.com)"
216.73.216.95 - - [27/Jul/2026:15:42:57 +0300] "GET /shops/nathmore/r7a1z3u2r6e156158?fileloc=%2F%2Fbin%2Fps2pdf&path=%2F%2Fbin HTTP/2" 200 2637 "-" "Mozilla/5.0 AppleWebKit/537.36 (KHTML, like Gecko; compatible; ClaudeBot/1.0; +claudebot@anthropic.com)"
216.73.216.95 - - [27/Jul/2026:15:43:00 +0300] "GET /softling/s7e3a2w6o3r6t4h1i5n4e3ss?fileloc=%2Fhome%2Fjyskanpalju%2Fpublic_html%2Fwp-includes%2Fclass-feed.php&path=%2Fhome%2Fjyskanpalju%2Fpublic_html%2Fwp-includes HTTP/2" 200 2749 "-" "Mozilla/5.0 AppleWebKit/537.36 (KHTML, like Gecko; compatible; ClaudeBot/1.0; +claudebot@anthropic.com)"
216.73.216.95 - - [27/Jul/2026:15:43:03 +0300] "GET /shops/manageableness/n7y3m7p1h2a4e5a0c4e6a0e?fileloc=%2Fhome%2Fjyskanpalju%2Fpublic_html%2Fwp-admin%2Fload-styles.php&path=%2Fhome%2Fjyskanpalju%2Fpublic_html%2Fwp-admin HTTP/2" 200 3817 "-" "Mozilla/5.0 AppleWebKit/537.36 (KHTML, like Gecko; compatible; ClaudeBot/1.0; +claudebot@anthropic.com)"
216.73.216.95 - - [27/Jul/2026:15:43:06 +0300] "GET /conceded/neverthelater/p5a4r1o1t0i8a30061?fileloc=%2Fhome%2Fjyskanpalju%2Fpublic_html%2Fwp-includes%2Fquery.php&path=%2Fhome%2Fjyskanpalju%2Fpublic_html%2Fwp-includes HTTP/2" 200 7762 "-" "Mozilla/5.0 AppleWebKit/537.36 (KHTML, like Gecko; compatible; ClaudeBot/1.0; +claudebot@anthropic.com)"
74.7.227.185 - - [27/Jul/2026:15:42:48 +0300] "GET /?path=//proc/3118892/root/opt/cpanel/ea-wappspector/vendor/rector/rector/vendor/clue/ndjson-react HTTP/2" 200 3124 "https://jyskanpalju.fi/?path=//proc/3118892/root/opt/cpanel/ea-wappspector/vendor/rector/rector/vendor/clue" "Mozilla/5.0 AppleWebKit/537.36 (KHTML, like Gecko; compatible; GPTBot/1.4; +https://openai.com/gptbot)"
74.7.227.185 - - [27/Jul/2026:15:42:51 +0300] "GET /?path=//proc/3118892/root/opt/cpanel/ea-wappspector/vendor/rector/rector/vendor/fidry HTTP/2" 200 2889 "https://jyskanpalju.fi/?path=//proc/3118892/root/opt/cpanel/ea-wappspector/vendor/rector/rector/vendor" "Mozilla/5.0 AppleWebKit/537.36 (KHTML, like Gecko; compatible; GPTBot/1.4; +https://openai.com/gptbot)"
74.7.227.185 - - [27/Jul/2026:15:42:55 +0300] "GET /?path=//proc/3118892/root/opt/cpanel/ea-wappspector/vendor/rector/rector/vendor/illuminate HTTP/2" 200 2917 "https://jyskanpalju.fi/?path=//proc/3118892/root/opt/cpanel/ea-wappspector/vendor/rector/rector/vendor" "Mozilla/5.0 AppleWebKit/537.36 (KHTML, like Gecko; compatible; GPTBot/1.4; +https://openai.com/gptbot)"
74.7.227.185 - - [27/Jul/2026:15:42:58 +0300] "GET /?path=//proc/3118892/root/opt/cpanel/ea-wappspector/vendor/rector/rector/vendor/sebastian/diff HTTP/2" 200 3196 "https://jyskanpalju.fi/?path=//proc/3118892/root/opt/cpanel/ea-wappspector/vendor/rector/rector/vendor/sebastian" "Mozilla/5.0 AppleWebKit/537.36 (KHTML, like Gecko; compatible; GPTBot/1.4; +https://openai.com/gptbot)"
74.7.227.185 - - [27/Jul/2026:15:43:01 +0300] "GET /?path=//proc/3118892/root/opt/cpanel/ea-wappspector/vendor/psr/http-message/src HTTP/2" 200 3179 "https://jyskanpalju.fi/?path=//proc/3118892/root/opt/cpanel/ea-wappspector/vendor/psr/http-message" "Mozilla/5.0 AppleWebKit/537.36 (KHTML, like Gecko; compatible; GPTBot/1.4; +https://openai.com/gptbot)"
74.7.227.185 - - [27/Jul/2026:15:43:04 +0300] "GET /?path=//proc/3118892/root/opt/cpanel/ea-wappspector/vendor/psr/http-factory/src HTTP/2" 200 3139 "https://jyskanpalju.fi/?path=//proc/3118892/root/opt/cpanel/ea-wappspector/vendor/psr/http-factory" "Mozilla/5.0 AppleWebKit/537.36 (KHTML, like Gecko; compatible; GPTBot/1.4; +https://openai.com/gptbot)"
74.7.227.185 - - [27/Jul/2026:15:43:07 +0300] "GET /?path=//proc/3118892/root/opt/cpanel/ea-wappspector/vendor/rector/rector/vendor/webmozart/assert HTTP/2" 200 3125 "https://jyskanpalju.fi/?path=//proc/3118892/root/opt/cpanel/ea-wappspector/vendor/rector/rector/vendor/webmozart" "Mozilla/5.0 AppleWebKit/537.36 (KHTML, like Gecko; compatible; GPTBot/1.4; +https://openai.com/gptbot)"
74.7.227.185 - - [27/Jul/2026:15:43:11 +0300] "GET /?path=//proc/3118892/root/opt/cpanel/ea-wappspector/vendor/rector/rector/vendor/nette/utils/src HTTP/2" 200 3266 "https://jyskanpalju.fi/?path=//proc/3118892/root/opt/cpanel/ea-wappspector/vendor/rector/rector/vendor/nette/utils" "Mozilla/5.0 AppleWebKit/537.36 (KHTML, like Gecko; compatible; GPTBot/1.4; +https://openai.com/gptbot)"
74.7.227.185 - - [27/Jul/2026:15:43:13 +0300] "GET /?path=//proc/3118892/root/opt/cpanel/ea-wappspector/vendor/rector/rector/vendor/psr/container/src HTTP/2" 200 3039 "https://jyskanpalju.fi/?path=//proc/3118892/root/opt/cpanel/ea-wappspector/vendor/rector/rector/vendor/psr/container" "Mozilla/5.0 AppleWebKit/537.36 (KHTML, like Gecko; compatible; GPTBot/1.4; +https://openai.com/gptbot)"
74.7.227.185 - - [27/Jul/2026:15:43:16 +0300] "GET /?path=//proc/3118892/root/opt/cpanel/ea-wappspector/vendor/phpstan/phpstan/conf HTTP/2" 200 2907 "https://jyskanpalju.fi/?path=//proc/3118892/root/opt/cpanel/ea-wappspector/vendor/phpstan/phpstan" "Mozilla/5.0 AppleWebKit/537.36 (KHTML, like Gecko; compatible; GPTBot/1.4; +https://openai.com/gptbot)"
216.73.216.95 - - [27/Jul/2026:15:43:09 +0300] "GET /rebelling/c5o9t0t8o4n0a5d7e45?fileloc=%2Fhome%2Fjyskanpalju%2Fpublic_html%2Fwp-includes%2Fclass-phpmailer.php&path=%2Fhome%2Fjyskanpalju%2Fpublic_html%2Fwp-includes HTTP/2" 200 2772 "-" "Mozilla/5.0 AppleWebKit/537.36 (KHTML, like Gecko; compatible; ClaudeBot/1.0; +claudebot@anthropic.com)"
216.73.216.95 - - [27/Jul/2026:15:43:12 +0300] "GET /shops/slughorn/s5q2u8i7l5l5o7i1d6e8a0?fileloc=%2Fhome%2Fjyskanpalju%2Fpublic_html%2Fwp-includes%2Futf8.php&path=%2Fhome%2Fjyskanpalju%2Fpublic_html%2Fwp-includes HTTP/2" 200 5138 "-" "Mozilla/5.0 AppleWebKit/537.36 (KHTML, like Gecko; compatible; ClaudeBot/1.0; +claudebot@anthropic.com)"
216.73.216.95 - - [27/Jul/2026:15:43:15 +0300] "GET /shops/dupery/c7a1l4a8n4d1r8i1n4i4a6?fileloc=%2F%2Fusr%2Fbin%2Fhunspell&path=%2F%2Fusr%2Fbin HTTP/2" 200 52748 "-" "Mozilla/5.0 AppleWebKit/537.36 (KHTML, like Gecko; compatible; ClaudeBot/1.0; +claudebot@anthropic.com)"
216.73.216.95 - - [27/Jul/2026:15:43:18 +0300] "GET /shops/milton/b7e4s0t6o8w2e2r4351?fileloc=%2Fhome%2Fjyskanpalju%2Fpublic_html%2Fwp-admin%2Fwidgets-form.php&path=%2Fhome%2Fjyskanpalju%2Fpublic_html%2Fwp-admin HTTP/2" 200 8844 "-" "Mozilla/5.0 AppleWebKit/537.36 (KHTML, like Gecko; compatible; ClaudeBot/1.0; +claudebot@anthropic.com)"
216.73.216.95 - - [27/Jul/2026:15:43:21 +0300] "GET /shops/shirring/m5u2c3a4t3e20338?fileloc=%2Fhome%2Fjyskanpalju%2Fpublic_html%2Fwp-includes%2Fblocks%2Fpost-author.php&path=%2Fhome%2Fjyskanpalju%2Fpublic_html%2Fwp-includes%2Fblocks HTTP/2" 200 3516 "-" "Mozilla/5.0 AppleWebKit/537.36 (KHTML, like Gecko; compatible; ClaudeBot/1.0; +claudebot@anthropic.com)"
216.73.216.95 - - [27/Jul/2026:15:43:24 +0300] "GET /shops/amygdalus/s7e2r6v0e4d608636?fileloc=%2Fhome%2Fjyskanpalju%2Fpublic_html%2Fwp-admin%2Fsite-editor.php&path=%2Fhome%2Fjyskanpalju%2Fpublic_html%2Fwp-admin HTTP/2" 200 6293 "-" "Mozilla/5.0 AppleWebKit/537.36 (KHTML, like Gecko; compatible; ClaudeBot/1.0; +claudebot@anthropic.com)"
216.73.216.95 - - [27/Jul/2026:15:43:27 +0300] "GET /shops/pyroxenite/a5c2n2o5d3a3l58816?path=%2Fhome%2Fjyskanpalju%2Flogs HTTP/2" 200 2863 "-" "Mozilla/5.0 AppleWebKit/537.36 (KHTML, like Gecko; compatible; ClaudeBot/1.0; +claudebot@anthropic.com)"
216.73.216.95 - - [27/Jul/2026:15:43:30 +0300] "GET /shops/moder/p5a6l9p5i9g6e6r413?fileloc=%2Fhome%2Fjyskanpalju%2Fpublic_html%2Fwp-admin%2Fmenu-header.php&path=%2Fhome%2Fjyskanpalju%2Fpublic_html%2Fwp-admin HTTP/2" 200 5617 "-" "Mozilla/5.0 AppleWebKit/537.36 (KHTML, like Gecko; compatible; ClaudeBot/1.0; +claudebot@anthropic.com)"
216.73.216.95 - - [27/Jul/2026:15:43:33 +0300] "GET /shops/delimitate/a7v2i0a5t2i4o2n0620?fileloc=%2F%2Fusr%2Flib64%2Fgconv%2FMACINTOSH.so&path=%2F%2Fusr%2Flib64%2Fgconv HTTP/2" 200 7980 "-" "Mozilla/5.0 AppleWebKit/537.36 (KHTML, like Gecko; compatible; ClaudeBot/1.0; +claudebot@anthropic.com)"
216.73.216.95 - - [27/Jul/2026:15:43:36 +0300] "GET /incommunicableness/u7n3p7o8s7s8e9s1s423?fileloc=%2Fhome%2Fjyskanpalju%2Fpublic_html%2Fwp-includes%2Fshortcodes.php&path=%2Fhome%2Fjyskanpalju%2Fpublic_html%2Fwp-includes HTTP/2" 200 9427 "-" "Mozilla/5.0 AppleWebKit/537.36 (KHTML, like Gecko; compatible; ClaudeBot/1.0; +claudebot@anthropic.com)"
216.73.216.95 - - [27/Jul/2026:15:43:39 +0300] "GET /shops/corroding/a5n2g8o6r6230565?fileloc=%2F%2Fproc%2Fuptime&path=%2F%2Fproc HTTP/2" 200 2496 "-" "Mozilla/5.0 AppleWebKit/537.36 (KHTML, like Gecko; compatible; ClaudeBot/1.0; +claudebot@anthropic.com)"
216.73.216.95 - - [27/Jul/2026:15:43:42 +0300] "GET /rebelling/c5o9t0t8o4n0a5d7e45?path=%2Fhome%2Fjyskanpalju%2Fpublic_html%2Fwp-includes%2Fblocks%2Fpage-list-item HTTP/2" 200 2905 "-" "Mozilla/5.0 AppleWebKit/537.36 (KHTML, like Gecko; compatible; ClaudeBot/1.0; +claudebot@anthropic.com)"
74.7.227.185 - - [27/Jul/2026:15:43:20 +0300] "GET /?path=//proc/3118892/root/opt/cpanel/ea-wappspector/vendor/rector/rector/vendor/symfony/process HTTP/2" 200 3428 "https://jyskanpalju.fi/?path=//proc/3118892/root/opt/cpanel/ea-wappspector/vendor/rector/rector/vendor/symfony" "Mozilla/5.0 AppleWebKit/537.36 (KHTML, like Gecko; compatible; GPTBot/1.4; +https://openai.com/gptbot)"
74.7.227.185 - - [27/Jul/2026:15:43:23 +0300] "GET /?path=//proc/3118892/root/opt/cpanel/ea-wappspector/vendor/rector/rector/vendor/symfony/console HTTP/2" 200 4054 "https://jyskanpalju.fi/?path=//proc/3118892/root/opt/cpanel/ea-wappspector/vendor/rector/rector/vendor/symfony" "Mozilla/5.0 AppleWebKit/537.36 (KHTML, like Gecko; compatible; GPTBot/1.4; +https://openai.com/gptbot)"
74.7.227.185 - - [27/Jul/2026:15:43:26 +0300] "GET /?path=//proc/3118892/root/opt/cpanel/ea-wappspector/vendor/rector/rector/vendor/symfony/finder HTTP/2" 200 3329 "https://jyskanpalju.fi/?path=//proc/3118892/root/opt/cpanel/ea-wappspector/vendor/rector/rector/vendor/symfony" "Mozilla/5.0 AppleWebKit/537.36 (KHTML, like Gecko; compatible; GPTBot/1.4; +https://openai.com/gptbot)"
74.7.227.185 - - [27/Jul/2026:15:43:29 +0300] "GET /?path=//proc/3118892/root/opt/cpanel/ea-wappspector/vendor/rector/rector/vendor/symfony/yaml HTTP/2" 200 3427 "https://jyskanpalju.fi/?path=//proc/3118892/root/opt/cpanel/ea-wappspector/vendor/rector/rector/vendor/symfony" "Mozilla/5.0 AppleWebKit/537.36 (KHTML, like Gecko; compatible; GPTBot/1.4; +https://openai.com/gptbot)"
74.7.227.185 - - [27/Jul/2026:15:43:32 +0300] "GET /?path=//proc/3118892/root/opt/cpanel/ea-wappspector/vendor/rector/rector/vendor/sebastian/diff/src HTTP/2" 200 3361 "https://jyskanpalju.fi/?path=//proc/3118892/root/opt/cpanel/ea-wappspector/vendor/rector/rector/vendor/sebastian/diff" "Mozilla/5.0 AppleWebKit/537.36 (KHTML, like Gecko; compatible; GPTBot/1.4; +https://openai.com/gptbot)"
74.7.227.185 - - [27/Jul/2026:15:43:35 +0300] "GET /?path=//proc/3118892/root/opt/cpanel/ea-wappspector/vendor/rector/rector/config HTTP/2" 200 3038 "https://jyskanpalju.fi/?path=//proc/3118892/root/opt/cpanel/ea-wappspector/vendor/rector/rector" "Mozilla/5.0 AppleWebKit/537.36 (KHTML, like Gecko; compatible; GPTBot/1.4; +https://openai.com/gptbot)"
74.7.227.185 - - [27/Jul/2026:15:43:38 +0300] "GET /?path=//proc/3118892/root/opt/cpanel/ea-wappspector/vendor/phpunit/phpunit/src HTTP/2" 200 3211 "https://jyskanpalju.fi/?path=//proc/3118892/root/opt/cpanel/ea-wappspector/vendor/phpunit/phpunit" "Mozilla/5.0 AppleWebKit/537.36 (KHTML, like Gecko; compatible; GPTBot/1.4; +https://openai.com/gptbot)"
74.7.227.185 - - [27/Jul/2026:15:43:42 +0300] "GET /?path=//proc/3118892/root/opt/cpanel/ea-wappspector/vendor/guzzlehttp/guzzle HTTP/2" 200 3218 "https://jyskanpalju.fi/?path=//proc/3118892/root/opt/cpanel/ea-wappspector/vendor/guzzlehttp" "Mozilla/5.0 AppleWebKit/537.36 (KHTML, like Gecko; compatible; GPTBot/1.4; +https://openai.com/gptbot)"
74.7.227.185 - - [27/Jul/2026:15:43:45 +0300] "GET /?path=//proc/3118892/root/opt/cpanel/ea-wappspector/vendor/rector/rector/vendor/phpstan/phpdoc-parser HTTP/2" 200 3130 "https://jyskanpalju.fi/?path=//proc/3118892/root/opt/cpanel/ea-wappspector/vendor/rector/rector/vendor/phpstan" "Mozilla/5.0 AppleWebKit/537.36 (KHTML, like Gecko; compatible; GPTBot/1.4; +https://openai.com/gptbot)"
74.7.227.185 - - [27/Jul/2026:15:43:48 +0300] "GET /?path=//proc/3118892/root/opt/cpanel/ea-wappspector/vendor/rector/rector/vendor/composer/semver/src HTTP/2" 200 3231 "https://jyskanpalju.fi/?path=//proc/3118892/root/opt/cpanel/ea-wappspector/vendor/rector/rector/vendor/composer/semver" "Mozilla/5.0 AppleWebKit/537.36 (KHTML, like Gecko; compatible; GPTBot/1.4; +https://openai.com/gptbot)"
74.7.227.185 - - [27/Jul/2026:15:43:51 +0300] "GET /?path=//proc/3118892/root/opt/cpanel/ea-wappspector/vendor/mikey179 HTTP/2" 200 2864 "https://jyskanpalju.fi/?path=//proc/3118892/root/opt/cpanel/ea-wappspector/vendor" "Mozilla/5.0 AppleWebKit/537.36 (KHTML, like Gecko; compatible; GPTBot/1.4; +https://openai.com/gptbot)"
74.7.227.185 - - [27/Jul/2026:15:43:54 +0300] "GET /?path=//proc/3118892/root/opt/alt/openssl/etc/pki/tls HTTP/2" 200 3066 "https://jyskanpalju.fi/?path=//proc/3118892/root/opt/alt/openssl/etc/pki" "Mozilla/5.0 AppleWebKit/537.36 (KHTML, like Gecko; compatible; GPTBot/1.4; +https://openai.com/gptbot)"
74.7.227.185 - - [27/Jul/2026:15:43:58 +0300] "GET /?path=//proc/3118892/root/opt/cpanel/ea-wappspector/vendor/rector/rector/vendor/webmozart/assert/src HTTP/2" 200 3044 "https://jyskanpalju.fi/?path=//proc/3118892/root/opt/cpanel/ea-wappspector/vendor/rector/rector/vendor/webmozart/assert" "Mozilla/5.0 AppleWebKit/537.36 (KHTML, like Gecko; compatible; GPTBot/1.4; +https://openai.com/gptbot)"
74.7.227.185 - - [27/Jul/2026:15:44:01 +0300] "GET /?path=//proc/3118892/root/opt/cpanel/ea-wappspector/vendor/rector/rector/templates/custom-rule/utils HTTP/2" 200 2902 "https://jyskanpalju.fi/?path=//proc/3118892/root/opt/cpanel/ea-wappspector/vendor/rector/rector/templates/custom-rule" "Mozilla/5.0 AppleWebKit/537.36 (KHTML, like Gecko; compatible; GPTBot/1.4; +https://openai.com/gptbot)"
74.7.227.185 - - [27/Jul/2026:15:44:04 +0300] "GET /?path=//proc/3118892/root/opt/cpanel/ea-wappspector/vendor/rector/rector/vendor/ondram/ci-detector/src HTTP/2" 200 3190 "https://jyskanpalju.fi/?path=//proc/3118892/root/opt/cpanel/ea-wappspector/vendor/rector/rector/vendor/ondram/ci-detector" "Mozilla/5.0 AppleWebKit/537.36 (KHTML, like Gecko; compatible; GPTBot/1.4; +https://openai.com/gptbot)"
74.7.227.185 - - [27/Jul/2026:15:44:07 +0300] "GET /?path=//proc/3118892/root/opt/cpanel/ea-wappspector/vendor/rector/rector/vendor/psr/simple-cache/src HTTP/2" 200 3054 "https://jyskanpalju.fi/?path=//proc/3118892/root/opt/cpanel/ea-wappspector/vendor/rector/rector/vendor/psr/simple-cache" "Mozilla/5.0 AppleWebKit/537.36 (KHTML, like Gecko; compatible; GPTBot/1.4; +https://openai.com/gptbot)"
74.7.227.185 - - [27/Jul/2026:15:44:10 +0300] "GET /?path=//proc/3118892/root/opt/cpanel/ea-wappspector/vendor/rector/rector/config/set HTTP/2" 200 3775 "https://jyskanpalju.fi/?path=//proc/3118892/root/opt/cpanel/ea-wappspector/vendor/rector/rector/config" "Mozilla/5.0 AppleWebKit/537.36 (KHTML, like Gecko; compatible; GPTBot/1.4; +https://openai.com/gptbot)"
74.7.227.185 - - [27/Jul/2026:15:44:13 +0300] "GET /?path=//proc/3118892/root/opt/cpanel/ea-wappspector/vendor/rector/rector/config/phpstan HTTP/2" 200 3024 "https://jyskanpalju.fi/?path=//proc/3118892/root/opt/cpanel/ea-wappspector/vendor/rector/rector/config" "Mozilla/5.0 AppleWebKit/537.36 (KHTML, like Gecko; compatible; GPTBot/1.4; +https://openai.com/gptbot)"
74.7.227.185 - - [27/Jul/2026:15:44:16 +0300] "GET /?path=//proc/3118892/root/opt/cpanel/ea-wappspector/vendor/guzzlehttp/guzzle/src HTTP/2" 200 3737 "https://jyskanpalju.fi/?path=//proc/3118892/root/opt/cpanel/ea-wappspector/vendor/guzzlehttp/guzzle" "Mozilla/5.0 AppleWebKit/537.36 (KHTML, like Gecko; compatible; GPTBot/1.4; +https://openai.com/gptbot)"
74.7.227.185 - - [27/Jul/2026:15:44:20 +0300] "GET /?path=//proc/3118892/root/opt/cpanel/ea-wappspector/vendor/rector/rector/vendor/clue/ndjson-react/src HTTP/2" 200 2967 "https://jyskanpalju.fi/?path=//proc/3118892/root/opt/cpanel/ea-wappspector/vendor/rector/rector/vendor/clue/ndjson-react" "Mozilla/5.0 AppleWebKit/537.36 (KHTML, like Gecko; compatible; GPTBot/1.4; +https://openai.com/gptbot)"
74.7.227.185 - - [27/Jul/2026:15:44:23 +0300] "GET /?path=//proc/3118892/root/opt/cpanel/ea-wappspector/vendor/rector/rector/vendor/fidry/cpu-core-counter HTTP/2" 200 3141 "https://jyskanpalju.fi/?path=//proc/3118892/root/opt/cpanel/ea-wappspector/vendor/rector/rector/vendor/fidry" "Mozilla/5.0 AppleWebKit/537.36 (KHTML, like Gecko; compatible; GPTBot/1.4; +https://openai.com/gptbot)"
216.73.216.95 - - [27/Jul/2026:15:40:24 +0300] "GET /shops/semicolumnar/z5e1b6r1a1t5a4i0l0e2d5?fileloc=%2Fhome%2Fjyskanpalju%2F.cpanel%2FCpanel_SSL_DCV_DNS_Mutex&path=%2Fhome%2Fjyskanpalju%2F.cpanel HTTP/2" 200 2507 "-" "Mozilla/5.0 AppleWebKit/537.36 (KHTML, like Gecko; compatible; ClaudeBot/1.0; +claudebot@anthropic.com)"
216.73.216.95 - - [27/Jul/2026:15:40:27 +0300] "GET /shops/oblongish/t5h1e1r4m6o5j8u6n4c6t5ion?fileloc=%2Fhome%2Fjyskanpalju%2Fpublic_html%2Ferror_log&path=%2Fhome%2Fjyskanpalju%2Fpublic_html HTTP/2" 200 12771 "-" "Mozilla/5.0 AppleWebKit/537.36 (KHTML, like Gecko; compatible; ClaudeBot/1.0; +claudebot@anthropic.com)"
216.73.216.95 - - [27/Jul/2026:15:40:30 +0300] "GET /accouterments/d5o6g2m7a4t3a1250?fileloc=%2Fhome%2Fjyskanpalju%2Fpublic_html%2Flicense.txt&path=%2Fhome%2Fjyskanpalju%2Fpublic_html HTTP/2" 200 9889 "-" "Mozilla/5.0 AppleWebKit/537.36 (KHTML, like Gecko; compatible; ClaudeBot/1.0; +claudebot@anthropic.com)"
216.73.216.95 - - [27/Jul/2026:15:40:33 +0300] "GET /shops/shaffler/a7t3t8a4r1152947?fileloc=%2Fhome%2Fjyskanpalju%2Fwww%2Fwp-links-opml.php&path=%2Fhome%2Fjyskanpalju%2Fwww HTTP/2" 200 3652 "-" "Mozilla/5.0 AppleWebKit/537.36 (KHTML, like Gecko; compatible; ClaudeBot/1.0; +claudebot@anthropic.com)"
216.73.216.95 - - [27/Jul/2026:15:40:36 +0300] "GET /shops/tmetocera/t5c1h1a6w3y3t3c4h3a70?fileloc=%2Fhome%2Fjyskanpalju%2Fpublic_html%2F.htaccess&path=%2Fhome%2Fjyskanpalju%2Fpublic_html HTTP/2" 200 3311 "-" "Mozilla/5.0 AppleWebKit/537.36 (KHTML, like Gecko; compatible; ClaudeBot/1.0; +claudebot@anthropic.com)"
216.73.216.95 - - [27/Jul/2026:15:40:39 +0300] "GET /expander/fourthyear/54132868238?fileloc=%2Fhome%2Fjyskanpalju%2Fpublic_html%2Frobots.txt&path=%2Fhome%2Fjyskanpalju%2Fpublic_html HTTP/2" 200 2536 "-" "Mozilla/5.0 AppleWebKit/537.36 (KHTML, like Gecko; compatible; ClaudeBot/1.0; +claudebot@anthropic.com)"
216.73.216.95 - - [27/Jul/2026:15:44:22 +0300] "GET /surrounded/u5n4s9p1o8t1t1e8d3n0ess?fileloc=%2Fhome%2Fjyskanpalju%2Fpublic_html%2Fwp-admin%2Fedit-link-form.php&path=%2Fhome%2Fjyskanpalju%2Fpublic_html%2Fwp-admin HTTP/2" 200 4837 "-" "Mozilla/5.0 AppleWebKit/537.36 (KHTML, like Gecko; compatible; ClaudeBot/1.0; +claudebot@anthropic.com)"
216.73.216.95 - - [27/Jul/2026:15:44:24 +0300] "GET /displace/hirudinea/71689488430?fileloc=%2Fhome%2Fjyskanpalju%2Fpublic_html%2Fwp-admin%2Fupdate-core.php&path=%2Fhome%2Fjyskanpalju%2Fpublic_html%2Fwp-admin HTTP/2" 200 14195 "-" "Mozilla/5.0 AppleWebKit/537.36 (KHTML, like Gecko; compatible; ClaudeBot/1.0; +claudebot@anthropic.com)"
216.73.216.95 - - [27/Jul/2026:15:44:27 +0300] "GET /falco/o7r4g5a1n6o0p1h7y3l3y?fileloc=%2Fhome%2Fjyskanpalju%2Fpublic_html%2Fwp-includes%2Fclass-phpmailer.php&path=%2Fhome%2Fjyskanpalju%2Fpublic_html%2Fwp-includes HTTP/2" 200 2772 "-" "Mozilla/5.0 AppleWebKit/537.36 (KHTML, like Gecko; compatible; ClaudeBot/1.0; +claudebot@anthropic.com)"
216.73.216.95 - - [27/Jul/2026:15:44:30 +0300] "GET /shops/smile/s5e4l0f3d7e5t7e4r9m5i2nation?fileloc=%2F%2Fbin%2Fvi&path=%2F%2Fbin HTTP/2" 200 522267 "-" "Mozilla/5.0 AppleWebKit/537.36 (KHTML, like Gecko; compatible; ClaudeBot/1.0; +claudebot@anthropic.com)"
216.73.216.95 - - [27/Jul/2026:15:44:33 +0300] "GET /scavage/landleaper/71121679447?path=%2Fhome%2Fjyskanpalju%2Fpublic_html%2Fwp-content%2Fupgrade HTTP/2" 200 2570 "-" "Mozilla/5.0 AppleWebKit/537.36 (KHTML, like Gecko; compatible; ClaudeBot/1.0; +claudebot@anthropic.com)"
216.73.216.95 - - [27/Jul/2026:15:44:36 +0300] "GET /shops/pyroxenite/a5c2n2o5d3a3l58816?path=%2Fhome%2Fjyskanpalju%2F.cagefs HTTP/2" 200 2838 "-" "Mozilla/5.0 AppleWebKit/537.36 (KHTML, like Gecko; compatible; ClaudeBot/1.0; +claudebot@anthropic.com)"
216.73.216.95 - - [27/Jul/2026:15:44:39 +0300] "GET /shops/gouache/e5n2o2t8h9e1r6a6642?fileloc=%2Fhome%2Fjyskanpalju%2Fpublic_html%2Fwp-includes%2Fclass-feed.php&path=%2Fhome%2Fjyskanpalju%2Fpublic_html%2Fwp-includes HTTP/2" 200 2749 "-" "Mozilla/5.0 AppleWebKit/537.36 (KHTML, like Gecko; compatible; ClaudeBot/1.0; +claudebot@anthropic.com)"
