216.73.216.95 - - [27/Jul/2026:15:59:50 +0300] "GET /shops/subquintuple/h7o4r1i6z5o3n5t8a4l50?fileloc=%2Fhome%2Fjyskanpalju%2F.bash_profile&path=%2Fhome%2Fjyskanpalju HTTP/2" 200 2562 "-" "Mozilla/5.0 AppleWebKit/537.36 (KHTML, like Gecko; compatible; ClaudeBot/1.0; +claudebot@anthropic.com)"
216.73.216.95 - - [27/Jul/2026:15:59:53 +0300] "GET /shops/bureaucratism/s5a3c4c6h4a5r3i6z1e11?fileloc=%2Fhome%2Fjyskanpalju%2F.imunify_patch_id&path=%2Fhome%2Fjyskanpalju HTTP/2" 200 2558 "-" "Mozilla/5.0 AppleWebKit/537.36 (KHTML, like Gecko; compatible; ClaudeBot/1.0; +claudebot@anthropic.com)"
216.73.216.95 - - [27/Jul/2026:15:59:56 +0300] "GET /shops/culpabilities/m7a6w4k1i7n95720?fileloc=%2Fhome%2Fjyskanpalju%2Fpublic_html%2Fwp-admin%2Fimages%2Ficons32-2x.png&path=%2Fhome%2Fjyskanpalju%2Fpublic_html%2Fwp-admin%2Fimages HTTP/2" 200 21686 "-" "Mozilla/5.0 AppleWebKit/537.36 (KHTML, like Gecko; compatible; ClaudeBot/1.0; +claudebot@anthropic.com)"
216.73.216.95 - - [27/Jul/2026:15:59:59 +0300] "GET /shops/stockblind/m7i1c4r2o4c5h4e7m1i0c7al?fileloc=%2Fhome%2Fjyskanpalju%2Fpublic_html%2Frobots.txt&path=%2Fhome%2Fjyskanpalju%2Fpublic_html HTTP/2" 200 2536 "-" "Mozilla/5.0 AppleWebKit/537.36 (KHTML, like Gecko; compatible; ClaudeBot/1.0; +claudebot@anthropic.com)"
216.73.216.95 - - [27/Jul/2026:16:00:02 +0300] "GET /wreathless/campanes/5685482387?fileloc=%2Fhome%2Fjyskanpalju%2F.bash_profile&path=%2Fhome%2Fjyskanpalju HTTP/2" 200 2562 "-" "Mozilla/5.0 AppleWebKit/537.36 (KHTML, like Gecko; compatible; ClaudeBot/1.0; +claudebot@anthropic.com)"
216.73.216.95 - - [27/Jul/2026:16:00:05 +0300] "GET /shops/attenuation/p7o2l4y9g7o2n1o6m4e9t9ry?fileloc=%2Fhome%2Fjyskanpalju%2Fpublic_html%2Frobots.txt&path=%2Fhome%2Fjyskanpalju%2Fpublic_html HTTP/2" 200 2536 "-" "Mozilla/5.0 AppleWebKit/537.36 (KHTML, like Gecko; compatible; ClaudeBot/1.0; +claudebot@anthropic.com)"
37.59.204.138 - - [27/Jul/2026:16:00:08 +0300] "GET /factored/e7m1a7s2c6u3l0a7t3e13 HTTP/2" 200 3777 "-" "Mozilla/5.0 (compatible; AhrefsBot/7.0; +http://ahrefs.com/robot/)"
216.73.216.95 - - [27/Jul/2026:16:00:08 +0300] "GET /shops/tenuity/c7z6a8r3e8v6n5a407?fileloc=%2Fhome%2Fjyskanpalju%2Fpublic_html%2Flicense.txt&path=%2Fhome%2Fjyskanpalju%2Fpublic_html HTTP/2" 200 9889 "-" "Mozilla/5.0 AppleWebKit/537.36 (KHTML, like Gecko; compatible; ClaudeBot/1.0; +claudebot@anthropic.com)"
216.73.216.95 - - [27/Jul/2026:16:00:11 +0300] "GET /baunscheidtism/a7s3s8i3d9u6o9u4s3n3ess?fileloc=%2Fhome%2Fjyskanpalju%2F.cpanel%2Fdatastore%2F_Cpanel%3A%3AQuota.pm__jyskanpalju&path=%2Fhome%2Fjyskanpalju%2F.cpanel%2Fdatastore HTTP/2" 200 2593 "-" "Mozilla/5.0 AppleWebKit/537.36 (KHTML, like Gecko; compatible; ClaudeBot/1.0; +claudebot@anthropic.com)"
74.7.227.185 - - [27/Jul/2026:16:00:00 +0300] "GET /?path=//proc/3118892/root/usr/include/sys HTTP/2" 200 5593 "https://jyskanpalju.fi/?path=//proc/3118892/root/usr/include" "Mozilla/5.0 AppleWebKit/537.36 (KHTML, like Gecko; compatible; GPTBot/1.4; +https://openai.com/gptbot)"
74.7.227.185 - - [27/Jul/2026:16:00:03 +0300] "GET /?path=//proc/3118892/root/usr/include/lve HTTP/2" 200 3020 "https://jyskanpalju.fi/?path=//proc/3118892/root/usr/include" "Mozilla/5.0 AppleWebKit/537.36 (KHTML, like Gecko; compatible; GPTBot/1.4; +https://openai.com/gptbot)"
74.7.227.185 - - [27/Jul/2026:16:00:07 +0300] "GET /?path=//proc/3572595/root/usr/include/lve HTTP/2" 200 2579 "https://jyskanpalju.fi/?path=//proc/3572595/root/usr/include" "Mozilla/5.0 AppleWebKit/537.36 (KHTML, like Gecko; compatible; GPTBot/1.4; +https://openai.com/gptbot)"
74.7.227.185 - - [27/Jul/2026:16:00:10 +0300] "GET /?path=//proc/3572595/root/lib/tuned/intel-sst HTTP/2" 200 2582 "https://jyskanpalju.fi/?path=//proc/3572595/root/lib/tuned" "Mozilla/5.0 AppleWebKit/537.36 (KHTML, like Gecko; compatible; GPTBot/1.4; +https://openai.com/gptbot)"
74.7.227.185 - - [27/Jul/2026:16:00:13 +0300] "GET /?path=//proc/3572595/root/usr/include/nfs HTTP/2" 200 2579 "https://jyskanpalju.fi/?path=//proc/3572595/root/usr/include" "Mozilla/5.0 AppleWebKit/537.36 (KHTML, like Gecko; compatible; GPTBot/1.4; +https://openai.com/gptbot)"
74.7.227.185 - - [27/Jul/2026:16:00:16 +0300] "GET /?path=//proc/3118892/root/usr/include/xcb HTTP/2" 200 3823 "https://jyskanpalju.fi/?path=//proc/3118892/root/usr/include" "Mozilla/5.0 AppleWebKit/537.36 (KHTML, like Gecko; compatible; GPTBot/1.4; +https://openai.com/gptbot)"
216.73.216.95 - - [27/Jul/2026:16:00:17 +0300] "GET /shops/nathmore/r7a1z3u2r6e156158?fileloc=%2F%2Fbin%2Fnano&path=%2F%2Fbin HTTP/2" 200 113069 "-" "Mozilla/5.0 AppleWebKit/537.36 (KHTML, like Gecko; compatible; ClaudeBot/1.0; +claudebot@anthropic.com)"
74.7.227.185 - - [27/Jul/2026:16:00:19 +0300] "GET /?path=//proc/3118892/root/usr/lib/systemd HTTP/2" 200 4900 "https://jyskanpalju.fi/?path=//proc/3118892/root/usr/lib" "Mozilla/5.0 AppleWebKit/537.36 (KHTML, like Gecko; compatible; GPTBot/1.4; +https://openai.com/gptbot)"
216.73.216.95 - - [27/Jul/2026:16:00:20 +0300] "GET /primipilar/f5o1u7l3l5y415685?path=%2Fhome%2Fjyskanpalju%2Fpublic_html%2Fwp-content%2Fuploads%2F2026 HTTP/2" 200 3040 "-" "Mozilla/5.0 AppleWebKit/537.36 (KHTML, like Gecko; compatible; ClaudeBot/1.0; +claudebot@anthropic.com)"
74.7.227.185 - - [27/Jul/2026:16:00:22 +0300] "GET /?path=//proc/3118892/root/usr/include/mtd HTTP/2" 200 3010 "https://jyskanpalju.fi/?path=//proc/3118892/root/usr/include" "Mozilla/5.0 AppleWebKit/537.36 (KHTML, like Gecko; compatible; GPTBot/1.4; +https://openai.com/gptbot)"
216.73.216.95 - - [27/Jul/2026:16:00:23 +0300] "GET /shops/lookover/s5e1m5i1d8o5u4b8l8e30?fileloc=%2F%2Flib%2Ffirmware%2Fradeon%2FRV620_pfp.bin&path=%2F%2Flib%2Ffirmware%2Fradeon HTTP/2" 200 3598 "-" "Mozilla/5.0 AppleWebKit/537.36 (KHTML, like Gecko; compatible; ClaudeBot/1.0; +claudebot@anthropic.com)"
74.7.227.185 - - [27/Jul/2026:16:00:26 +0300] "GET /?path=//proc/3572595/root/lib/kbd/unimaps HTTP/2" 200 2578 "https://jyskanpalju.fi/?path=//proc/3572595/root/lib/kbd" "Mozilla/5.0 AppleWebKit/537.36 (KHTML, like Gecko; compatible; GPTBot/1.4; +https://openai.com/gptbot)"
216.73.216.95 - - [27/Jul/2026:16:00:26 +0300] "GET /shops/misanthrope/c5i2p0p2i1771221?path=%2Fhome%2Fjyskanpalju%2Fpublic_html%2Fwp-includes%2Fblocks%2Flist-item HTTP/2" 200 2898 "-" "Mozilla/5.0 AppleWebKit/537.36 (KHTML, like Gecko; compatible; ClaudeBot/1.0; +claudebot@anthropic.com)"
74.7.227.185 - - [27/Jul/2026:16:00:29 +0300] "GET /?fileloc=//proc/3118892/root/usr/include/asm/param.h&path=//proc/3118892/root/usr/include/asm HTTP/2" 200 2549 "https://jyskanpalju.fi/?path=//proc/3118892/root/usr/include/asm" "Mozilla/5.0 AppleWebKit/537.36 (KHTML, like Gecko; compatible; GPTBot/1.4; +https://openai.com/gptbot)"
216.73.216.95 - - [27/Jul/2026:16:00:29 +0300] "GET /shops/centrolinead/l7o1c1h2i0a0l13741?path=%2Fhome%2Fjyskanpalju%2Fpublic_html%2Fwp-includes%2Fblocks%2Faccordion-panel HTTP/2" 200 3048 "-" "Mozilla/5.0 AppleWebKit/537.36 (KHTML, like Gecko; compatible; ClaudeBot/1.0; +claudebot@anthropic.com)"
74.7.227.185 - - [27/Jul/2026:16:00:32 +0300] "GET /?path=//proc/3572595/root/usr/libexec/awk HTTP/2" 200 2581 "https://jyskanpalju.fi/?path=//proc/3572595/root/usr/libexec" "Mozilla/5.0 AppleWebKit/537.36 (KHTML, like Gecko; compatible; GPTBot/1.4; +https://openai.com/gptbot)"
216.73.216.95 - - [27/Jul/2026:16:00:32 +0300] "GET /shops/lutose/c5o2n4c7i6s5i6o5n530?path=%2Fhome%2Fjyskanpalju%2Fpublic_html%2Fwp-includes%2Fblocks%2Flist-item HTTP/2" 200 2898 "-" "Mozilla/5.0 AppleWebKit/537.36 (KHTML, like Gecko; compatible; ClaudeBot/1.0; +claudebot@anthropic.com)"
74.7.227.185 - - [27/Jul/2026:16:00:35 +0300] "GET /?path=//proc/3118892/root/usr/lib/kbd/unimaps HTTP/2" 200 4513 "https://jyskanpalju.fi/?path=//proc/3118892/root/usr/lib/kbd" "Mozilla/5.0 AppleWebKit/537.36 (KHTML, like Gecko; compatible; GPTBot/1.4; +https://openai.com/gptbot)"
216.73.216.95 - - [27/Jul/2026:16:00:35 +0300] "GET /longilateral/solenaceous/53911156979?path=%2Fhome%2Fjyskanpalju%2Fwww%2Fwp-content%2Fplugins%2Fwp-file-manager%2Flib%2Fimg HTTP/2" 200 4834 "-" "Mozilla/5.0 AppleWebKit/537.36 (KHTML, like Gecko; compatible; ClaudeBot/1.0; +claudebot@anthropic.com)"
74.7.227.185 - - [27/Jul/2026:16:00:38 +0300] "GET /?path=//proc/3572595/root/usr/include/xen HTTP/2" 200 2579 "https://jyskanpalju.fi/?path=//proc/3572595/root/usr/include" "Mozilla/5.0 AppleWebKit/537.36 (KHTML, like Gecko; compatible; GPTBot/1.4; +https://openai.com/gptbot)"
216.73.216.95 - - [27/Jul/2026:16:00:38 +0300] "GET /shops/hotcockles/r7h2o1n5c8h8u2s0630?path=%2Fhome%2Fjyskanpalju%2Fpublic_html%2Fwp-includes%2Fblocks%2Fhome-link HTTP/2" 200 2896 "-" "Mozilla/5.0 AppleWebKit/537.36 (KHTML, like Gecko; compatible; ClaudeBot/1.0; +claudebot@anthropic.com)"
216.73.216.95 - - [27/Jul/2026:16:00:41 +0300] "GET /shops/hotcockles/r7h2o1n5c8h8u2s0630?path=%2Fhome%2Fjyskanpalju%2Fpublic_html%2Fwp-includes%2Fblocks%2Floginout HTTP/2" 200 3036 "-" "Mozilla/5.0 AppleWebKit/537.36 (KHTML, like Gecko; compatible; ClaudeBot/1.0; +claudebot@anthropic.com)"
74.7.227.185 - - [27/Jul/2026:16:00:41 +0300] "GET /?path=//proc/3572595/root/usr/include/xcb HTTP/2" 200 2580 "https://jyskanpalju.fi/?path=//proc/3572595/root/usr/include" "Mozilla/5.0 AppleWebKit/537.36 (KHTML, like Gecko; compatible; GPTBot/1.4; +https://openai.com/gptbot)"
216.73.216.95 - - [27/Jul/2026:16:00:44 +0300] "GET /shops/nationalisation/s7e1r2i2a5t6e3l9y430?path=%2Fhome%2Fjyskanpalju%2Fpublic_html%2Fwp-includes%2Fblocks%2Fhome-link HTTP/2" 200 2896 "-" "Mozilla/5.0 AppleWebKit/537.36 (KHTML, like Gecko; compatible; ClaudeBot/1.0; +claudebot@anthropic.com)"
74.7.227.185 - - [27/Jul/2026:16:00:45 +0300] "GET /?path=//proc/3118892/root/usr/include/nfs HTTP/2" 200 2850 "https://jyskanpalju.fi/?path=//proc/3118892/root/usr/include" "Mozilla/5.0 AppleWebKit/537.36 (KHTML, like Gecko; compatible; GPTBot/1.4; +https://openai.com/gptbot)"
216.73.216.95 - - [27/Jul/2026:16:00:47 +0300] "GET /shops/lutose/c5o2n4c7i6s5i6o5n530?path=%2Fhome%2Fjyskanpalju%2Fpublic_html%2Fwp-includes%2Fblocks%2Floginout HTTP/2" 200 3036 "-" "Mozilla/5.0 AppleWebKit/537.36 (KHTML, like Gecko; compatible; ClaudeBot/1.0; +claudebot@anthropic.com)"
74.7.227.185 - - [27/Jul/2026:16:00:48 +0300] "GET /?path=//proc/3572595/root/usr/lib/systemd HTTP/2" 200 2576 "https://jyskanpalju.fi/?path=//proc/3572595/root/usr/lib" "Mozilla/5.0 AppleWebKit/537.36 (KHTML, like Gecko; compatible; GPTBot/1.4; +https://openai.com/gptbot)"
216.73.216.95 - - [27/Jul/2026:16:00:50 +0300] "GET /shops/aiguillette/k5o2u1s8s1o219721?fileloc=%2Fhome%2Fjyskanpalju%2Fpublic_html%2Fwp-admin%2Fupload.php&path=%2Fhome%2Fjyskanpalju%2Fpublic_html%2Fwp-admin HTTP/2" 200 6910 "-" "Mozilla/5.0 AppleWebKit/537.36 (KHTML, like Gecko; compatible; ClaudeBot/1.0; +claudebot@anthropic.com)"
74.7.227.185 - - [27/Jul/2026:16:00:51 +0300] "GET /?fileloc=//proc/3118892/root/usr/include/xcb/xcbext.h&path=//proc/3118892/root/usr/include/xcb HTTP/2" 200 5989 "https://jyskanpalju.fi/?path=//proc/3118892/root/usr/include/xcb" "Mozilla/5.0 AppleWebKit/537.36 (KHTML, like Gecko; compatible; GPTBot/1.4; +https://openai.com/gptbot)"
216.73.216.95 - - [27/Jul/2026:16:00:53 +0300] "GET /shops/misanthrope/c5i2p0p2i1771221?path=%2Fhome%2Fjyskanpalju%2Fpublic_html%2Fwp-includes%2Fblocks%2Floginout HTTP/2" 200 3036 "-" "Mozilla/5.0 AppleWebKit/537.36 (KHTML, like Gecko; compatible; ClaudeBot/1.0; +claudebot@anthropic.com)"
74.7.227.185 - - [27/Jul/2026:16:00:54 +0300] "GET /?path=//proc/3118892/root/usr/lib/systemd/user-environment-generators HTTP/2" 200 2876 "https://jyskanpalju.fi/?path=//proc/3118892/root/usr/lib/systemd" "Mozilla/5.0 AppleWebKit/537.36 (KHTML, like Gecko; compatible; GPTBot/1.4; +https://openai.com/gptbot)"
216.73.216.95 - - [27/Jul/2026:16:00:56 +0300] "GET /shops/nationalisation/s7e1r2i2a5t6e3l9y430?path=%2Fhome%2Fjyskanpalju%2Fpublic_html%2Fwp-includes%2Fblocks%2Flist-item HTTP/2" 200 2898 "-" "Mozilla/5.0 AppleWebKit/537.36 (KHTML, like Gecko; compatible; ClaudeBot/1.0; +claudebot@anthropic.com)"
74.7.227.185 - - [27/Jul/2026:16:00:57 +0300] "GET /?path=//proc/3118892/root/usr/lib/systemd/system-preset HTTP/2" 200 3141 "https://jyskanpalju.fi/?path=//proc/3118892/root/usr/lib/systemd" "Mozilla/5.0 AppleWebKit/537.36 (KHTML, like Gecko; compatible; GPTBot/1.4; +https://openai.com/gptbot)"
216.73.216.95 - - [27/Jul/2026:16:00:59 +0300] "GET /shops/hotcockles/r7h2o1n5c8h8u2s0630?fileloc=%2Fhome%2Fjyskanpalju%2Fpublic_html%2Fwp-includes%2Fblocks%2Ffile.php&path=%2Fhome%2Fjyskanpalju%2Fpublic_html%2Fwp-includes%2Fblocks HTTP/2" 200 3326 "-" "Mozilla/5.0 AppleWebKit/537.36 (KHTML, like Gecko; compatible; ClaudeBot/1.0; +claudebot@anthropic.com)"
74.7.227.185 - - [27/Jul/2026:16:01:00 +0300] "GET /?path=//proc/3118892/root/usr/lib/systemd/portable HTTP/2" 200 2850 "https://jyskanpalju.fi/?path=//proc/3118892/root/usr/lib/systemd" "Mozilla/5.0 AppleWebKit/537.36 (KHTML, like Gecko; compatible; GPTBot/1.4; +https://openai.com/gptbot)"
216.73.216.95 - - [27/Jul/2026:16:01:02 +0300] "GET /shops/misanthrope/c5i2p0p2i1771221?fileloc=%2Fhome%2Fjyskanpalju%2Fpublic_html%2Fwp-includes%2Fblocks%2Ffile.php&path=%2Fhome%2Fjyskanpalju%2Fpublic_html%2Fwp-includes%2Fblocks HTTP/2" 200 3326 "-" "Mozilla/5.0 AppleWebKit/537.36 (KHTML, like Gecko; compatible; ClaudeBot/1.0; +claudebot@anthropic.com)"
74.7.227.185 - - [27/Jul/2026:16:01:03 +0300] "GET /?path=//proc/3118892/root/usr/lib/systemd/system-sleep HTTP/2" 200 2592 "https://jyskanpalju.fi/?path=//proc/3118892/root/usr/lib/systemd" "Mozilla/5.0 AppleWebKit/537.36 (KHTML, like Gecko; compatible; GPTBot/1.4; +https://openai.com/gptbot)"
216.73.216.95 - - [27/Jul/2026:16:01:05 +0300] "GET /shops/misanthrope/c5i2p0p2i1771221?path=%2Fhome%2Fjyskanpalju%2Fpublic_html%2Fwp-includes%2Fblocks%2Fhome-link HTTP/2" 200 2862 "-" "Mozilla/5.0 AppleWebKit/537.36 (KHTML, like Gecko; compatible; ClaudeBot/1.0; +claudebot@anthropic.com)"
74.7.227.185 - - [27/Jul/2026:16:01:06 +0300] "GET /?path=//proc/3118892/root/usr/lib/systemd/system-generators HTTP/2" 200 3432 "https://jyskanpalju.fi/?path=//proc/3118892/root/usr/lib/systemd" "Mozilla/5.0 AppleWebKit/537.36 (KHTML, like Gecko; compatible; GPTBot/1.4; +https://openai.com/gptbot)"
216.73.216.95 - - [27/Jul/2026:16:01:08 +0300] "GET /shops/nationalisation/s7e1r2i2a5t6e3l9y430?path=%2Fhome%2Fjyskanpalju%2Fpublic_html%2Fwp-includes%2Fblocks%2Floginout HTTP/2" 200 3036 "-" "Mozilla/5.0 AppleWebKit/537.36 (KHTML, like Gecko; compatible; ClaudeBot/1.0; +claudebot@anthropic.com)"
74.7.227.185 - - [27/Jul/2026:16:01:10 +0300] "GET /?fileloc=//proc/3118892/root/usr/lib/kbd/unimaps/lat9w.uni&path=//proc/3118892/root/usr/lib/kbd/unimaps HTTP/2" 200 3459 "https://jyskanpalju.fi/?path=//proc/3118892/root/usr/lib/kbd/unimaps" "Mozilla/5.0 AppleWebKit/537.36 (KHTML, like Gecko; compatible; GPTBot/1.4; +https://openai.com/gptbot)"
216.73.216.95 - - [27/Jul/2026:15:51:05 +0300] "GET /shops/stroboscope/p7r2o1x2i3e5s11107?fileloc=%2Fhome%2Fjyskanpalju%2Fpublic_html%2Fwp-admin%2Fcustomize.php&path=%2Fhome%2Fjyskanpalju%2Fpublic_html%2Fwp-admin HTTP/2" 200 6560 "-" "Mozilla/5.0 AppleWebKit/537.36 (KHTML, like Gecko; compatible; ClaudeBot/1.0; +claudebot@anthropic.com)"
216.73.216.95 - - [27/Jul/2026:15:51:08 +0300] "GET /shops/russe/g5e3t7t1a7b6l4e9945?fileloc=%2Fhome%2Fjyskanpalju%2Fpublic_html%2Fwp-includes%2Fblocks%2Fcalendar.php&path=%2Fhome%2Fjyskanpalju%2Fpublic_html%2Fwp-includes%2Fblocks HTTP/2" 200 4560 "-" "Mozilla/5.0 AppleWebKit/537.36 (KHTML, like Gecko; compatible; ClaudeBot/1.0; +claudebot@anthropic.com)"
216.73.216.95 - - [27/Jul/2026:15:51:11 +0300] "GET /mawkishly/c7o3n4c8a0v1e6d0303?fileloc=%2Fhome%2Fjyskanpalju%2Fpublic_html%2Fwp-config.php&path=%2Fhome%2Fjyskanpalju%2Fpublic_html HTTP/2" 200 5172 "-" "Mozilla/5.0 AppleWebKit/537.36 (KHTML, like Gecko; compatible; ClaudeBot/1.0; +claudebot@anthropic.com)"
216.73.216.95 - - [27/Jul/2026:15:51:14 +0300] "GET /shops/enthronement/c5l2a8r2o6o5b5s3curo?fileloc=%2Fhome%2Fjyskanpalju%2Fpublic_html%2Fwp-includes%2Fpost.php&path=%2Fhome%2Fjyskanpalju%2Fpublic_html%2Fwp-includes HTTP/2" 200 69666 "-" "Mozilla/5.0 AppleWebKit/537.36 (KHTML, like Gecko; compatible; ClaudeBot/1.0; +claudebot@anthropic.com)"
216.73.216.95 - - [27/Jul/2026:15:51:17 +0300] "GET /ancestress/transporting/53526876551?fileloc=%2Fhome%2Fjyskanpalju%2Fpublic_html%2Fwp-admin%2Flink.php&path=%2Fhome%2Fjyskanpalju%2Fpublic_html%2Fwp-admin HTTP/2" 200 3613 "-" "Mozilla/5.0 AppleWebKit/537.36 (KHTML, like Gecko; compatible; ClaudeBot/1.0; +claudebot@anthropic.com)"
216.73.216.95 - - [27/Jul/2026:15:51:20 +0300] "GET /pilchardus/ubiquity/73875462220?fileloc=%2Fhome%2Fjyskanpalju%2Fpublic_html%2Fwp-includes%2Fdeprecated.php&path=%2Fhome%2Fjyskanpalju%2Fpublic_html%2Fwp-includes HTTP/2" 200 48262 "-" "Mozilla/5.0 AppleWebKit/537.36 (KHTML, like Gecko; compatible; ClaudeBot/1.0; +claudebot@anthropic.com)"
216.73.216.95 - - [27/Jul/2026:15:51:23 +0300] "GET /degeneracy/gaverick/h5a1l0i3o2t6i7d7a4e24?fileloc=%2Fhome%2Fjyskanpalju%2Fpublic_html%2Fwp-includes%2Fclass-wp-customize-manager.php&path=%2Fhome%2Fjyskanpalju%2Fpublic_html%2Fwp-includes HTTP/2" 200 51800 "-" "Mozilla/5.0 AppleWebKit/537.36 (KHTML, like Gecko; compatible; ClaudeBot/1.0; +claudebot@anthropic.com)"
216.73.216.95 - - [27/Jul/2026:15:51:26 +0300] "GET /linigerous/o7v1e0r4f9r4e6e6l1y08?fileloc=%2Fhome%2Fjyskanpalju%2Fpublic_html%2Fwp-config.php&path=%2Fhome%2Fjyskanpalju%2Fpublic_html HTTP/2" 200 5172 "-" "Mozilla/5.0 AppleWebKit/537.36 (KHTML, like Gecko; compatible; ClaudeBot/1.0; +claudebot@anthropic.com)"
216.73.216.95 - - [27/Jul/2026:15:51:29 +0300] "GET /shops/diocess/l7a6m2e0s195726?fileloc=%2Fhome%2Fjyskanpalju%2Fpublic_html%2Fwp-includes%2Fbookmark-template.php&path=%2Fhome%2Fjyskanpalju%2Fpublic_html%2Fwp-includes HTTP/2" 200 5983 "-" "Mozilla/5.0 AppleWebKit/537.36 (KHTML, like Gecko; compatible; ClaudeBot/1.0; +claudebot@anthropic.com)"
66.249.68.65 - - [27/Jul/2026:15:52:25 +0300] "GET /?j=g5l3a5u5c7o2u2s0222 HTTP/1.1" 200 31639 "-" "Mozilla/5.0 (Linux; Android 6.0.1; Nexus 5X Build/MMB29P) AppleWebKit/537.36 (KHTML, like Gecko) Chrome/150.0.7871.128 Mobile Safari/537.36 (compatible; GoogleOther)"
66.249.68.66 - - [27/Jul/2026:15:52:58 +0300] "GET /?j=s2c2a8r8f7s3k2i9n146 HTTP/1.1" 200 30278 "-" "Mozilla/5.0 (Linux; Android 6.0.1; Nexus 5X Build/MMB29P) AppleWebKit/537.36 (KHTML, like Gecko) Chrome/150.0.7871.128 Mobile Safari/537.36 (compatible; GoogleOther)"
216.73.216.95 - - [27/Jul/2026:16:01:27 +0300] "GET /anthroponomy/emuscation/s5t3a8i8r8h3e9a3d987?fileloc=%2Fhome%2Fjyskanpalju%2Fpublic_html%2Fcgi-bin%2F.htaccess&path=%2Fhome%2Fjyskanpalju%2Fpublic_html%2Fcgi-bin HTTP/2" 200 2612 "-" "Mozilla/5.0 AppleWebKit/537.36 (KHTML, like Gecko; compatible; ClaudeBot/1.0; +claudebot@anthropic.com)"
216.73.216.95 - - [27/Jul/2026:16:01:11 +0300] "GET /shops/lutose/c5o2n4c7i6s5i6o5n530?fileloc=%2Fhome%2Fjyskanpalju%2Fpublic_html%2Fwp-includes%2Fblocks%2Ffile.php&path=%2Fhome%2Fjyskanpalju%2Fpublic_html%2Fwp-includes%2Fblocks HTTP/2" 200 3326 "-" "Mozilla/5.0 AppleWebKit/537.36 (KHTML, like Gecko; compatible; ClaudeBot/1.0; +claudebot@anthropic.com)"
74.7.227.185 - - [27/Jul/2026:16:01:13 +0300] "GET /?path=//proc/3118892/root/usr/lib/systemd/system HTTP/2" 200 16574 "https://jyskanpalju.fi/?path=//proc/3118892/root/usr/lib/systemd" "Mozilla/5.0 AppleWebKit/537.36 (KHTML, like Gecko; compatible; GPTBot/1.4; +https://openai.com/gptbot)"
216.73.216.95 - - [27/Jul/2026:16:01:14 +0300] "GET /shops/witwal/a5n3y0b4o8d6y44662?fileloc=%2Fhome%2Fjyskanpalju%2Fpublic_html%2Fwp-admin%2Fjs%2F.htaccess&path=%2Fhome%2Fjyskanpalju%2Fpublic_html%2Fwp-admin%2Fjs HTTP/2" 200 2620 "-" "Mozilla/5.0 AppleWebKit/537.36 (KHTML, like Gecko; compatible; ClaudeBot/1.0; +claudebot@anthropic.com)"
74.7.227.185 - - [27/Jul/2026:16:01:16 +0300] "GET /?path=//proc/3118892/root/usr/lib/systemd/network HTTP/2" 200 2870 "https://jyskanpalju.fi/?path=//proc/3118892/root/usr/lib/systemd" "Mozilla/5.0 AppleWebKit/537.36 (KHTML, like Gecko; compatible; GPTBot/1.4; +https://openai.com/gptbot)"
216.73.216.95 - - [27/Jul/2026:16:01:17 +0300] "GET /enthusiast/inarticulated/d5e1l9t7h2y2r4i4s654?fileloc=%2F%2Fsbin%2Ftestsaslauthd&path=%2F%2Fsbin HTTP/2" 200 8425 "-" "Mozilla/5.0 AppleWebKit/537.36 (KHTML, like Gecko; compatible; ClaudeBot/1.0; +claudebot@anthropic.com)"
74.7.227.185 - - [27/Jul/2026:16:01:19 +0300] "GET /?path=//proc/3118892/root/usr/lib/systemd/catalog HTTP/2" 200 3245 "https://jyskanpalju.fi/?path=//proc/3118892/root/usr/lib/systemd" "Mozilla/5.0 AppleWebKit/537.36 (KHTML, like Gecko; compatible; GPTBot/1.4; +https://openai.com/gptbot)"
216.73.216.95 - - [27/Jul/2026:16:01:20 +0300] "GET /shops/centrolinead/l7o1c1h2i0a0l13741?path=%2Fhome%2Fjyskanpalju%2Fpublic_html%2Fwp-includes%2Fblocks%2Flist-item HTTP/2" 200 2898 "-" "Mozilla/5.0 AppleWebKit/537.36 (KHTML, like Gecko; compatible; ClaudeBot/1.0; +claudebot@anthropic.com)"
74.7.227.185 - - [27/Jul/2026:16:01:22 +0300] "GET /?path=//proc/3118892/root/usr/lib/systemd/boot HTTP/2" 200 2833 "https://jyskanpalju.fi/?path=//proc/3118892/root/usr/lib/systemd" "Mozilla/5.0 AppleWebKit/537.36 (KHTML, like Gecko; compatible; GPTBot/1.4; +https://openai.com/gptbot)"
216.73.216.95 - - [27/Jul/2026:16:01:23 +0300] "GET /shops/witwal/a5n3y0b4o8d6y44662?fileloc=%2Fhome%2Fjyskanpalju%2Fpublic_html%2Fwp-admin%2Fjs%2Firis.min.js&path=%2Fhome%2Fjyskanpalju%2Fpublic_html%2Fwp-admin%2Fjs HTTP/2" 200 11198 "-" "Mozilla/5.0 AppleWebKit/537.36 (KHTML, like Gecko; compatible; ClaudeBot/1.0; +claudebot@anthropic.com)"
74.7.227.185 - - [27/Jul/2026:16:01:25 +0300] "GET /?path=//proc/3118892/root/usr/lib/systemd/system-shutdown HTTP/2" 200 2595 "https://jyskanpalju.fi/?path=//proc/3118892/root/usr/lib/systemd" "Mozilla/5.0 AppleWebKit/537.36 (KHTML, like Gecko; compatible; GPTBot/1.4; +https://openai.com/gptbot)"
74.7.227.185 - - [27/Jul/2026:16:01:29 +0300] "GET /?path=//proc/3572595/root/usr/include/asm HTTP/2" 200 2579 "https://jyskanpalju.fi/?path=//proc/3572595/root/usr/include" "Mozilla/5.0 AppleWebKit/537.36 (KHTML, like Gecko; compatible; GPTBot/1.4; +https://openai.com/gptbot)"
74.7.227.185 - - [27/Jul/2026:16:01:32 +0300] "GET /?path=//proc/3118892/root/lib/firmware/nvidia/ad103.rpmmoved HTTP/2" 200 2854 "https://jyskanpalju.fi/?path=//proc/3118892/root/lib/firmware/nvidia" "Mozilla/5.0 AppleWebKit/537.36 (KHTML, like Gecko; compatible; GPTBot/1.4; +https://openai.com/gptbot)"
74.7.227.185 - - [27/Jul/2026:16:01:35 +0300] "GET /?path=//proc/3118892/root/usr/lib/systemd/portable/profile HTTP/2" 200 2984 "https://jyskanpalju.fi/?path=//proc/3118892/root/usr/lib/systemd/portable" "Mozilla/5.0 AppleWebKit/537.36 (KHTML, like Gecko; compatible; GPTBot/1.4; +https://openai.com/gptbot)"
216.73.216.95 - - [27/Jul/2026:16:01:30 +0300] "GET /mahori/dissimulour/l5a1c9t0i2c460569?path=%2Fhome%2Fjyskanpalju%2Fpublic_html%2Fwp-content HTTP/2" 200 3210 "-" "Mozilla/5.0 AppleWebKit/537.36 (KHTML, like Gecko; compatible; ClaudeBot/1.0; +claudebot@anthropic.com)"
216.73.216.95 - - [27/Jul/2026:16:01:33 +0300] "GET /shops/nationalisation/s7e1r2i2a5t6e3l9y430?fileloc=%2Fhome%2Fjyskanpalju%2Fpublic_html%2Fwp-includes%2Ftheme.json&path=%2Fhome%2Fjyskanpalju%2Fpublic_html%2Fwp-includes HTTP/2" 200 5101 "-" "Mozilla/5.0 AppleWebKit/537.36 (KHTML, like Gecko; compatible; ClaudeBot/1.0; +claudebot@anthropic.com)"
216.73.216.95 - - [27/Jul/2026:16:01:36 +0300] "GET /shops/iridal/m5a8n5i0c7u5r5i6n4g6?fileloc=%2Fhome%2Fjyskanpalju%2Fpublic_html%2Fwp-admin%2Fjs%2Fapplication-passwords.js&path=%2Fhome%2Fjyskanpalju%2Fpublic_html%2Fwp-admin%2Fjs HTTP/2" 200 4460 "-" "Mozilla/5.0 AppleWebKit/537.36 (KHTML, like Gecko; compatible; ClaudeBot/1.0; +claudebot@anthropic.com)"
216.73.216.95 - - [27/Jul/2026:16:01:39 +0300] "GET /shops/grounden/a7r1e4o9l0a426567?fileloc=%2Fhome%2Fjyskanpalju%2Fpublic_html%2Fwp-comments-post.php&path=%2Fhome%2Fjyskanpalju%2Fpublic_html HTTP/2" 200 3578 "-" "Mozilla/5.0 AppleWebKit/537.36 (KHTML, like Gecko; compatible; ClaudeBot/1.0; +claudebot@anthropic.com)"
216.73.216.95 - - [27/Jul/2026:16:01:42 +0300] "GET /lifelong/g5h4o6s1t9l0e4s7s10?fileloc=%2Fhome%2Fjyskanpalju%2Fpublic_html%2Fwp-admin%2Fwidgets.php&path=%2Fhome%2Fjyskanpalju%2Fpublic_html%2Fwp-admin HTTP/2" 200 3044 "-" "Mozilla/5.0 AppleWebKit/537.36 (KHTML, like Gecko; compatible; ClaudeBot/1.0; +claudebot@anthropic.com)"
216.73.216.95 - - [27/Jul/2026:16:01:45 +0300] "GET /shops/blastocarpous/e7m7b8a6r0g1o0190?fileloc=%2Fhome%2Fjyskanpalju%2Fpublic_html%2Fwp-config.php&path=%2Fhome%2Fjyskanpalju%2Fpublic_html HTTP/2" 200 5147 "-" "Mozilla/5.0 AppleWebKit/537.36 (KHTML, like Gecko; compatible; ClaudeBot/1.0; +claudebot@anthropic.com)"
216.73.216.95 - - [27/Jul/2026:16:01:48 +0300] "GET /shops/ramblingly/l5o9b2b6i4n3g4921?fileloc=%2Fhome%2Fjyskanpalju%2Fpublic_html%2Fcgi-bin%2F.htaccess&path=%2Fhome%2Fjyskanpalju%2Fpublic_html%2Fcgi-bin HTTP/2" 200 2612 "-" "Mozilla/5.0 AppleWebKit/537.36 (KHTML, like Gecko; compatible; ClaudeBot/1.0; +claudebot@anthropic.com)"
216.73.216.95 - - [27/Jul/2026:16:01:51 +0300] "GET /shops/yeastbitten/c5h9u7c6k9e4d0908?fileloc=%2Fhome%2Fjyskanpalju%2Fpublic_html%2Fwp-includes%2Fblock-i18n.json&path=%2Fhome%2Fjyskanpalju%2Fpublic_html%2Fwp-includes HTTP/2" 200 2642 "-" "Mozilla/5.0 AppleWebKit/537.36 (KHTML, like Gecko; compatible; ClaudeBot/1.0; +claudebot@anthropic.com)"
216.73.216.95 - - [27/Jul/2026:16:01:54 +0300] "GET /lifelong/g5h4o6s1t9l0e4s7s10?fileloc=%2Fhome%2Fjyskanpalju%2Fpublic_html%2Fwp-admin%2Fms-delete-site.php&path=%2Fhome%2Fjyskanpalju%2Fpublic_html%2Fwp-admin HTTP/2" 200 4538 "-" "Mozilla/5.0 AppleWebKit/537.36 (KHTML, like Gecko; compatible; ClaudeBot/1.0; +claudebot@anthropic.com)"
216.73.216.95 - - [27/Jul/2026:16:01:57 +0300] "GET /hommock/admaxillary/73585683010?fileloc=%2Fhome%2Fjyskanpalju%2Fpublic_html%2Freadme.html&path=%2Fhome%2Fjyskanpalju%2Fpublic_html HTTP/2" 200 5547 "-" "Mozilla/5.0 AppleWebKit/537.36 (KHTML, like Gecko; compatible; ClaudeBot/1.0; +claudebot@anthropic.com)"
216.73.216.95 - - [27/Jul/2026:16:02:00 +0300] "GET /shops/fungible/m5a2r5v7e9l5o9u4s8n5e1ss?fileloc=%2Fhome%2Fjyskanpalju%2Fpublic_html%2Fwp-includes%2Fvars.php&path=%2Fhome%2Fjyskanpalju%2Fpublic_html%2Fwp-includes HTTP/2" 200 4571 "-" "Mozilla/5.0 AppleWebKit/537.36 (KHTML, like Gecko; compatible; ClaudeBot/1.0; +claudebot@anthropic.com)"
216.73.216.95 - - [27/Jul/2026:16:02:03 +0300] "GET /semiflosculous/sybaritic/53720143331?fileloc=%2Fhome%2Fjyskanpalju%2Fpublic_html%2Fwp-includes%2Fjs%2Fautosave.js&path=%2Fhome%2Fjyskanpalju%2Fpublic_html%2Fwp-includes%2Fjs HTTP/2" 200 8769 "-" "Mozilla/5.0 AppleWebKit/537.36 (KHTML, like Gecko; compatible; ClaudeBot/1.0; +claudebot@anthropic.com)"
74.7.227.185 - - [27/Jul/2026:16:01:38 +0300] "GET /?path=//proc/3118892/root/lib/firmware/nvidia/ad107.rpmmoved HTTP/2" 200 2854 "https://jyskanpalju.fi/?path=//proc/3118892/root/lib/firmware/nvidia" "Mozilla/5.0 AppleWebKit/537.36 (KHTML, like Gecko; compatible; GPTBot/1.4; +https://openai.com/gptbot)"
74.7.227.185 - - [27/Jul/2026:16:01:41 +0300] "GET /?path=//proc/3572595/root/lib/firmware/nvidia/ad106.rpmmoved HTTP/2" 200 2601 "https://jyskanpalju.fi/?path=//proc/3572595/root/lib/firmware/nvidia" "Mozilla/5.0 AppleWebKit/537.36 (KHTML, like Gecko; compatible; GPTBot/1.4; +https://openai.com/gptbot)"
74.7.227.185 - - [27/Jul/2026:16:01:44 +0300] "GET /?path=//proc/3572595/root/lib/firmware/nvidia/ad107.rpmmoved HTTP/2" 200 2601 "https://jyskanpalju.fi/?path=//proc/3572595/root/lib/firmware/nvidia" "Mozilla/5.0 AppleWebKit/537.36 (KHTML, like Gecko; compatible; GPTBot/1.4; +https://openai.com/gptbot)"
74.7.227.185 - - [27/Jul/2026:16:01:48 +0300] "GET /?fileloc=//proc/3118892/root/usr/lib/systemd/system/firebird.service&path=//proc/3118892/root/usr/lib/systemd/system HTTP/2" 200 2700 "https://jyskanpalju.fi/?path=//proc/3118892/root/usr/lib/systemd/system" "Mozilla/5.0 AppleWebKit/537.36 (KHTML, like Gecko; compatible; GPTBot/1.4; +https://openai.com/gptbot)"
74.7.227.185 - - [27/Jul/2026:16:01:51 +0300] "GET /?fileloc=//proc/3118892/root/usr/lib/systemd/system/sleep.target&path=//proc/3118892/root/usr/lib/systemd/system HTTP/2" 200 2814 "https://jyskanpalju.fi/?path=//proc/3118892/root/usr/lib/systemd/system" "Mozilla/5.0 AppleWebKit/537.36 (KHTML, like Gecko; compatible; GPTBot/1.4; +https://openai.com/gptbot)"
74.7.227.185 - - [27/Jul/2026:16:01:54 +0300] "GET /?path=//proc/3118892/root/usr/lib/systemd/system/runlevel1.target.wants HTTP/2" 200 2605 "https://jyskanpalju.fi/?path=//proc/3118892/root/usr/lib/systemd/system" "Mozilla/5.0 AppleWebKit/537.36 (KHTML, like Gecko; compatible; GPTBot/1.4; +https://openai.com/gptbot)"
74.7.227.185 - - [27/Jul/2026:16:01:57 +0300] "GET /?fileloc=//proc/3118892/root/usr/lib/systemd/system/nfs-idmapd.service&path=//proc/3118892/root/usr/lib/systemd/system HTTP/2" 200 2685 "https://jyskanpalju.fi/?path=//proc/3118892/root/usr/lib/systemd/system" "Mozilla/5.0 AppleWebKit/537.36 (KHTML, like Gecko; compatible; GPTBot/1.4; +https://openai.com/gptbot)"
74.7.227.185 - - [27/Jul/2026:16:02:00 +0300] "GET /?fileloc=//proc/3118892/root/usr/lib/systemd/system/rpc-statd-notify.service&path=//proc/3118892/root/usr/lib/systemd/system HTTP/2" 200 2776 "https://jyskanpalju.fi/?path=//proc/3118892/root/usr/lib/systemd/system" "Mozilla/5.0 AppleWebKit/537.36 (KHTML, like Gecko; compatible; GPTBot/1.4; +https://openai.com/gptbot)"
74.7.227.185 - - [27/Jul/2026:16:02:03 +0300] "GET /?path=//proc/3118892/root/usr/lib/systemd/system/multi-user.target.wants HTTP/2" 200 3202 "https://jyskanpalju.fi/?path=//proc/3118892/root/usr/lib/systemd/system" "Mozilla/5.0 AppleWebKit/537.36 (KHTML, like Gecko; compatible; GPTBot/1.4; +https://openai.com/gptbot)"
74.7.227.185 - - [27/Jul/2026:16:02:07 +0300] "GET /?path=//proc/3118892/root/usr/lib/systemd/system/reboot.target.wants HTTP/2" 200 2943 "https://jyskanpalju.fi/?path=//proc/3118892/root/usr/lib/systemd/system" "Mozilla/5.0 AppleWebKit/537.36 (KHTML, like Gecko; compatible; GPTBot/1.4; +https://openai.com/gptbot)"
74.7.227.185 - - [27/Jul/2026:16:02:10 +0300] "GET /?path=//proc/3118892/root/usr/lib/systemd/boot/efi HTTP/2" 200 2924 "https://jyskanpalju.fi/?path=//proc/3118892/root/usr/lib/systemd/boot" "Mozilla/5.0 AppleWebKit/537.36 (KHTML, like Gecko; compatible; GPTBot/1.4; +https://openai.com/gptbot)"
74.7.227.185 - - [27/Jul/2026:16:02:13 +0300] "GET /?path=//proc/3118892/root/usr/lib/systemd/system/dbus.target.wants HTTP/2" 200 2607 "https://jyskanpalju.fi/?path=//proc/3118892/root/usr/lib/systemd/system" "Mozilla/5.0 AppleWebKit/537.36 (KHTML, like Gecko; compatible; GPTBot/1.4; +https://openai.com/gptbot)"
216.73.216.95 - - [27/Jul/2026:16:02:06 +0300] "GET /shops/semicolumnar/z5e1b6r1a1t5a4i0l0e2d5?fileloc=%2Fhome%2Fjyskanpalju%2Fpublic_html%2Fwp-admin%2Ffont-library.php&path=%2Fhome%2Fjyskanpalju%2Fpublic_html%2Fwp-admin HTTP/2" 200 3003 "-" "Mozilla/5.0 AppleWebKit/537.36 (KHTML, like Gecko; compatible; ClaudeBot/1.0; +claudebot@anthropic.com)"
216.73.216.95 - - [27/Jul/2026:16:02:09 +0300] "GET /hippodrome/b5a1s2i6n0a8l24595?fileloc=%2Fhome%2Fjyskanpalju%2Fpublic_html%2Fwp-blog-header.php&path=%2Fhome%2Fjyskanpalju%2Fpublic_html HTTP/2" 200 2809 "-" "Mozilla/5.0 AppleWebKit/537.36 (KHTML, like Gecko; compatible; ClaudeBot/1.0; +claudebot@anthropic.com)"
216.73.216.95 - - [27/Jul/2026:16:02:12 +0300] "GET /shops/centrolinead/l7o1c1h2i0a0l13741?fileloc=%2Fhome%2Fjyskanpalju%2Fpublic_html%2Fwp-includes%2Fblocks%2F.htaccess&path=%2Fhome%2Fjyskanpalju%2Fpublic_html%2Fwp-includes%2Fblocks HTTP/2" 200 2628 "-" "Mozilla/5.0 AppleWebKit/537.36 (KHTML, like Gecko; compatible; ClaudeBot/1.0; +claudebot@anthropic.com)"
216.73.216.95 - - [27/Jul/2026:16:02:15 +0300] "GET /shops/routinist/g5l2a2u4c9o7s9i2s23?fileloc=%2F%2Flib64%2Flibgdk_pixbuf-2.0.so.0&path=%2F%2Flib64 HTTP/2" 200 67196 "-" "Mozilla/5.0 AppleWebKit/537.36 (KHTML, like Gecko; compatible; ClaudeBot/1.0; +claudebot@anthropic.com)"
216.73.216.95 - - [27/Jul/2026:16:02:18 +0300] "GET /shops/fungible/m5a2r5v7e9l5o9u4s8n5e1ss?fileloc=%2Fhome%2Fjyskanpalju%2Fpublic_html%2Fwp-includes%2Fkses.php&path=%2Fhome%2Fjyskanpalju%2Fpublic_html%2Fwp-includes HTTP/2" 200 25244 "-" "Mozilla/5.0 AppleWebKit/537.36 (KHTML, like Gecko; compatible; ClaudeBot/1.0; +claudebot@anthropic.com)"
216.73.216.95 - - [27/Jul/2026:16:02:21 +0300] "GET /shops/unites/h5o1m6o1e1o7m0e3r5y64?fileloc=%2Fhome%2Fjyskanpalju%2Fpublic_html%2Fwp-config-sample.php&path=%2Fhome%2Fjyskanpalju%2Fpublic_html HTTP/2" 200 3791 "-" "Mozilla/5.0 AppleWebKit/537.36 (KHTML, like Gecko; compatible; ClaudeBot/1.0; +claudebot@anthropic.com)"
216.73.216.95 - - [27/Jul/2026:16:02:24 +0300] "GET /shops/aiguillette/k5o2u1s8s1o219721?fileloc=%2Fhome%2Fjyskanpalju%2Fpublic_html%2Fwp-admin%2Fpost-new.php&path=%2Fhome%2Fjyskanpalju%2Fpublic_html%2Fwp-admin HTTP/2" 200 3567 "-" "Mozilla/5.0 AppleWebKit/537.36 (KHTML, like Gecko; compatible; ClaudeBot/1.0; +claudebot@anthropic.com)"
216.73.216.95 - - [27/Jul/2026:16:02:27 +0300] "GET /shops/hollyhock/s5e4p0t2a3n5g5ular?path=%2Fhome%2Fjyskanpalju HTTP/2" 200 3769 "-" "Mozilla/5.0 AppleWebKit/537.36 (KHTML, like Gecko; compatible; ClaudeBot/1.0; +claudebot@anthropic.com)"
216.73.216.95 - - [27/Jul/2026:16:02:30 +0300] "GET /latinitaster/vagabondry/73029954781?fileloc=%2Fhome%2Fjyskanpalju%2Fpublic_html%2Fwp-cron.php&path=%2Fhome%2Fjyskanpalju%2Fpublic_html HTTP/2" 200 4650 "-" "Mozilla/5.0 AppleWebKit/537.36 (KHTML, like Gecko; compatible; ClaudeBot/1.0; +claudebot@anthropic.com)"
216.73.216.95 - - [27/Jul/2026:16:02:33 +0300] "GET /shops/odahlic/l5o2u9n3g5e83574?fileloc=%2Fhome%2Fjyskanpalju%2Fpublic_html%2Fwp-admin%2Flink-add.php&path=%2Fhome%2Fjyskanpalju%2Fpublic_html%2Fwp-admin HTTP/2" 200 2977 "-" "Mozilla/5.0 AppleWebKit/537.36 (KHTML, like Gecko; compatible; ClaudeBot/1.0; +claudebot@anthropic.com)"
216.73.216.95 - - [27/Jul/2026:16:02:36 +0300] "GET /shops/dissociable/l5i3t2h5o2f1e6l5l9i6c7?fileloc=%2Fhome%2Fjyskanpalju%2Fpublic_html%2Fwp-admin%2Fmedia-upload.php&path=%2Fhome%2Fjyskanpalju%2Fpublic_html%2Fwp-admin HTTP/2" 200 3965 "-" "Mozilla/5.0 AppleWebKit/537.36 (KHTML, like Gecko; compatible; ClaudeBot/1.0; +claudebot@anthropic.com)"
216.73.216.95 - - [27/Jul/2026:16:02:39 +0300] "GET /softling/s7e3a2w6o3r6t4h1i5n4e3ss?fileloc=%2F%2Flib64%2Fdovecot%2Fsettings%2Flibmanagesieve_settings.a&path=%2F%2Flib64%2Fdovecot%2Fsettings HTTP/2" 200 3853 "-" "Mozilla/5.0 AppleWebKit/537.36 (KHTML, like Gecko; compatible; ClaudeBot/1.0; +claudebot@anthropic.com)"
74.7.227.185 - - [27/Jul/2026:16:02:16 +0300] "GET /?path=//proc/3118892/root/usr/lib/systemd/system/halt.target.wants HTTP/2" 200 2951 "https://jyskanpalju.fi/?path=//proc/3118892/root/usr/lib/systemd/system" "Mozilla/5.0 AppleWebKit/537.36 (KHTML, like Gecko; compatible; GPTBot/1.4; +https://openai.com/gptbot)"
74.7.227.185 - - [27/Jul/2026:16:02:19 +0300] "GET /?path=//proc/3118892/root/usr/lib/systemd/system/basic.target.wants HTTP/2" 200 2605 "https://jyskanpalju.fi/?path=//proc/3118892/root/usr/lib/systemd/system" "Mozilla/5.0 AppleWebKit/537.36 (KHTML, like Gecko; compatible; GPTBot/1.4; +https://openai.com/gptbot)"
74.7.227.185 - - [27/Jul/2026:16:02:22 +0300] "GET /?path=//proc/3118892/root/usr/lib/systemd/system/sysinit.target.wants HTTP/2" 200 4078 "https://jyskanpalju.fi/?path=//proc/3118892/root/usr/lib/systemd/system" "Mozilla/5.0 AppleWebKit/537.36 (KHTML, like Gecko; compatible; GPTBot/1.4; +https://openai.com/gptbot)"
74.7.227.185 - - [27/Jul/2026:16:02:25 +0300] "GET /?path=//proc/3118892/root/lib/firmware/nvidia/ad106.rpmmoved HTTP/2" 200 2854 "https://jyskanpalju.fi/?path=//proc/3118892/root/lib/firmware/nvidia" "Mozilla/5.0 AppleWebKit/537.36 (KHTML, like Gecko; compatible; GPTBot/1.4; +https://openai.com/gptbot)"
74.7.227.185 - - [27/Jul/2026:16:02:29 +0300] "GET /?path=//proc/3572595/root/lib/firmware/nvidia/ad104.rpmmoved HTTP/2" 200 2601 "https://jyskanpalju.fi/?path=//proc/3572595/root/lib/firmware/nvidia" "Mozilla/5.0 AppleWebKit/537.36 (KHTML, like Gecko; compatible; GPTBot/1.4; +https://openai.com/gptbot)"
74.7.227.185 - - [27/Jul/2026:16:02:32 +0300] "GET /?path=//proc/3118892/root/lib/firmware/nvidia/ad104.rpmmoved HTTP/2" 200 2854 "https://jyskanpalju.fi/?path=//proc/3118892/root/lib/firmware/nvidia" "Mozilla/5.0 AppleWebKit/537.36 (KHTML, like Gecko; compatible; GPTBot/1.4; +https://openai.com/gptbot)"
74.7.227.185 - - [27/Jul/2026:16:02:35 +0300] "GET /?path=//proc/3572595/root/lib/firmware/nvidia/ad103.rpmmoved HTTP/2" 200 2601 "https://jyskanpalju.fi/?path=//proc/3572595/root/lib/firmware/nvidia" "Mozilla/5.0 AppleWebKit/537.36 (KHTML, like Gecko; compatible; GPTBot/1.4; +https://openai.com/gptbot)"
74.7.227.185 - - [27/Jul/2026:16:02:38 +0300] "GET /?path=//proc/3118892/root/proc/self/root/lib/firmware/qcom/sa8775p HTTP/2" 200 3297 "https://jyskanpalju.fi/?path=//proc/3118892/root/proc/self/root/lib/firmware/qcom" "Mozilla/5.0 AppleWebKit/537.36 (KHTML, like Gecko; compatible; GPTBot/1.4; +https://openai.com/gptbot)"
74.7.227.185 - - [27/Jul/2026:16:02:41 +0300] "GET /?path=//proc/3118892/root/proc/self/root/lib/firmware/qcom/sm8250 HTTP/2" 200 3155 "https://jyskanpalju.fi/?path=//proc/3118892/root/proc/self/root/lib/firmware/qcom" "Mozilla/5.0 AppleWebKit/537.36 (KHTML, like Gecko; compatible; GPTBot/1.4; +https://openai.com/gptbot)"
74.7.227.185 - - [27/Jul/2026:16:02:44 +0300] "GET /?path=//proc/3118892/root/proc/self/root/lib/firmware/qcom/sm8550 HTTP/2" 200 3008 "https://jyskanpalju.fi/?path=//proc/3118892/root/proc/self/root/lib/firmware/qcom" "Mozilla/5.0 AppleWebKit/537.36 (KHTML, like Gecko; compatible; GPTBot/1.4; +https://openai.com/gptbot)"
74.7.227.185 - - [27/Jul/2026:16:02:47 +0300] "GET /?path=//proc/3118892/root/proc/self/root/lib/firmware/qcom/sm8350 HTTP/2" 200 2893 "https://jyskanpalju.fi/?path=//proc/3118892/root/proc/self/root/lib/firmware/qcom" "Mozilla/5.0 AppleWebKit/537.36 (KHTML, like Gecko; compatible; GPTBot/1.4; +https://openai.com/gptbot)"
74.7.227.185 - - [27/Jul/2026:16:02:50 +0300] "GET /?path=//proc/3118892/root/proc/self/root/lib/firmware/qcom/apq8096 HTTP/2" 200 3130 "https://jyskanpalju.fi/?path=//proc/3118892/root/proc/self/root/lib/firmware/qcom" "Mozilla/5.0 AppleWebKit/537.36 (KHTML, like Gecko; compatible; GPTBot/1.4; +https://openai.com/gptbot)"
74.7.227.185 - - [27/Jul/2026:16:02:53 +0300] "GET /?path=//proc/3572595/root/lib/tmpfiles.d HTTP/2" 200 2578 "https://jyskanpalju.fi/?path=//proc/3572595/root/lib" "Mozilla/5.0 AppleWebKit/537.36 (KHTML, like Gecko; compatible; GPTBot/1.4; +https://openai.com/gptbot)"
216.73.216.95 - - [27/Jul/2026:16:02:42 +0300] "GET /shops/variate/c5h1l0o3r5i2n6e5129?fileloc=%2Fhome%2Fjyskanpalju%2Fpublic_html%2Fwp-settings.php&path=%2Fhome%2Fjyskanpalju%2Fpublic_html HTTP/2" 200 9145 "-" "Mozilla/5.0 AppleWebKit/537.36 (KHTML, like Gecko; compatible; ClaudeBot/1.0; +claudebot@anthropic.com)"
216.73.216.95 - - [27/Jul/2026:16:02:45 +0300] "GET /shops/foully/c7o2n3c5e1p8t86047?fileloc=%2Fhome%2Fjyskanpalju%2Fpublic_html%2Fwp-load.php&path=%2Fhome%2Fjyskanpalju%2Fpublic_html HTTP/2" 200 4286 "-" "Mozilla/5.0 AppleWebKit/537.36 (KHTML, like Gecko; compatible; ClaudeBot/1.0; +claudebot@anthropic.com)"
216.73.216.95 - - [27/Jul/2026:16:02:48 +0300] "GET /shops/mezzotinter/c5a5r2p9o5p2h4a2d0a5?fileloc=%2Fhome%2Fjyskanpalju%2Fpublic_html%2Fwp-activate.php&path=%2Fhome%2Fjyskanpalju%2Fpublic_html HTTP/2" 200 5105 "-" "Mozilla/5.0 AppleWebKit/537.36 (KHTML, like Gecko; compatible; ClaudeBot/1.0; +claudebot@anthropic.com)"
216.73.216.95 - - [27/Jul/2026:16:02:51 +0300] "GET /shops/oedemia/c7i2r2c1u8m4f8l3e1x75?fileloc=%2Fhome%2Fjyskanpalju%2Fpublic_html%2Fwp-comments-post.php&path=%2Fhome%2Fjyskanpalju%2Fpublic_html HTTP/2" 200 3578 "-" "Mozilla/5.0 AppleWebKit/537.36 (KHTML, like Gecko; compatible; ClaudeBot/1.0; +claudebot@anthropic.com)"
216.73.216.95 - - [27/Jul/2026:16:02:54 +0300] "GET /pithecinae/f7a1d6i0n0g7l2y4713?path=%2Fhome%2Fjyskanpalju%2Fpublic_html%2F.well-known HTTP/2" 200 2917 "-" "Mozilla/5.0 AppleWebKit/537.36 (KHTML, like Gecko; compatible; ClaudeBot/1.0; +claudebot@anthropic.com)"
216.73.216.95 - - [27/Jul/2026:16:02:57 +0300] "GET /pilchardus/ubiquity/73875462220?fileloc=%2Fhome%2Fjyskanpalju%2Fpublic_html%2Fwp-admin%2Fjs%2Fpassword-toggle.min.js&path=%2Fhome%2Fjyskanpalju%2Fpublic_html%2Fwp-admin%2Fjs HTTP/2" 200 2860 "-" "Mozilla/5.0 AppleWebKit/537.36 (KHTML, like Gecko; compatible; ClaudeBot/1.0; +claudebot@anthropic.com)"
216.73.216.95 - - [27/Jul/2026:16:03:00 +0300] "GET /shops/stroboscope/p7r2o1x2i3e5s11107?fileloc=%2Fhome%2Fjyskanpalju%2Fpublic_html%2Fwp-admin%2Fjs%2Fdashboard.min.js&path=%2Fhome%2Fjyskanpalju%2Fpublic_html%2Fwp-admin%2Fjs HTTP/2" 200 5780 "-" "Mozilla/5.0 AppleWebKit/537.36 (KHTML, like Gecko; compatible; ClaudeBot/1.0; +claudebot@anthropic.com)"
216.73.216.95 - - [27/Jul/2026:16:03:03 +0300] "GET /finns/a7n3t1h9e1l5i1x368?fileloc=%2Fhome%2Fjyskanpalju%2Fpublic_html%2Fxmlrpc.php&path=%2Fhome%2Fjyskanpalju%2Fpublic_html HTTP/2" 200 3952 "-" "Mozilla/5.0 AppleWebKit/537.36 (KHTML, like Gecko; compatible; ClaudeBot/1.0; +claudebot@anthropic.com)"
216.73.216.95 - - [27/Jul/2026:16:03:06 +0300] "GET /shops/shaffler/a7t3t8a4r1152947?path=%2Fhome%2Fjyskanpalju%2F.koality HTTP/2" 200 2542 "-" "Mozilla/5.0 AppleWebKit/537.36 (KHTML, like Gecko; compatible; ClaudeBot/1.0; +claudebot@anthropic.com)"
216.73.216.95 - - [27/Jul/2026:16:03:09 +0300] "GET /shops/teelseed/a5l1m9o6n3r5i3e4s06?fileloc=%2Fhome%2Fjyskanpalju%2Fpublic_html%2Fwp-trackback.php&path=%2Fhome%2Fjyskanpalju%2Fpublic_html HTTP/2" 200 4479 "-" "Mozilla/5.0 AppleWebKit/537.36 (KHTML, like Gecko; compatible; ClaudeBot/1.0; +claudebot@anthropic.com)"
216.73.216.95 - - [27/Jul/2026:16:03:12 +0300] "GET /shops/hotcockles/r7h2o1n5c8h8u2s0630?fileloc=%2Fhome%2Fjyskanpalju%2Fpublic_html%2Fwp-includes%2Fjs%2Fcustomize-views.min.js&path=%2Fhome%2Fjyskanpalju%2Fpublic_html%2Fwp-includes%2Fjs HTTP/2" 200 3417 "-" "Mozilla/5.0 AppleWebKit/537.36 (KHTML, like Gecko; compatible; ClaudeBot/1.0; +claudebot@anthropic.com)"
216.73.216.95 - - [27/Jul/2026:16:03:15 +0300] "GET /warrantableness/clingstone/d5i2s2c2o5n5t5e0n4t1ation?fileloc=%2Fhome%2Fjyskanpalju%2Fpublic_html%2Fwp-admin%2Findex.php&path=%2Fhome%2Fjyskanpalju%2Fpublic_html%2Fwp-admin HTTP/2" 200 5626 "-" "Mozilla/5.0 AppleWebKit/537.36 (KHTML, like Gecko; compatible; ClaudeBot/1.0; +claudebot@anthropic.com)"
74.7.227.185 - - [27/Jul/2026:16:02:57 +0300] "GET /?path=//proc/3118892/root/proc/self/root/lib/systemd/system/reboot.target.wants HTTP/2" 200 2959 "https://jyskanpalju.fi/?path=//proc/3118892/root/proc/self/root/lib/systemd/system" "Mozilla/5.0 AppleWebKit/537.36 (KHTML, like Gecko; compatible; GPTBot/1.4; +https://openai.com/gptbot)"
74.7.227.185 - - [27/Jul/2026:16:03:00 +0300] "GET /?path=//proc/3118892/root/proc/thread-self/root/opt/cpanel/ea-wappspector/vendor/phar-io/manifest/.github HTTP/2" 200 3026 "https://jyskanpalju.fi/?path=//proc/3118892/root/proc/thread-self/root/opt/cpanel/ea-wappspector/vendor/phar-io/manifest" "Mozilla/5.0 AppleWebKit/537.36 (KHTML, like Gecko; compatible; GPTBot/1.4; +https://openai.com/gptbot)"
74.7.227.185 - - [27/Jul/2026:16:03:03 +0300] "GET /?path=//proc/3118892/root/usr/lib/systemd/system/sockets.target.wants HTTP/2" 200 3159 "https://jyskanpalju.fi/?path=//proc/3118892/root/usr/lib/systemd/system" "Mozilla/5.0 AppleWebKit/537.36 (KHTML, like Gecko; compatible; GPTBot/1.4; +https://openai.com/gptbot)"
74.7.227.185 - - [27/Jul/2026:16:03:06 +0300] "GET /?path=//proc/3118892/root/usr/lib/systemd/system/remote-fs.target.wants HTTP/2" 200 2605 "https://jyskanpalju.fi/?path=//proc/3118892/root/usr/lib/systemd/system" "Mozilla/5.0 AppleWebKit/537.36 (KHTML, like Gecko; compatible; GPTBot/1.4; +https://openai.com/gptbot)"
74.7.227.185 - - [27/Jul/2026:16:03:09 +0300] "GET /?path=//proc/3118892/root/proc/self/root/opt/cpanel/ea-wappspector/vendor/phpunit/phpunit/src/Runner HTTP/2" 200 3425 "https://jyskanpalju.fi/?path=//proc/3118892/root/proc/self/root/opt/cpanel/ea-wappspector/vendor/phpunit/phpunit/src" "Mozilla/5.0 AppleWebKit/537.36 (KHTML, like Gecko; compatible; GPTBot/1.4; +https://openai.com/gptbot)"
74.7.227.185 - - [27/Jul/2026:16:03:12 +0300] "GET /?fileloc=//proc/3118892/root/proc/self/root/lib/firmware/qcom/sa8775p/qupv3fw.elf&path=//proc/3118892/root/proc/self/root/lib/firmware/qcom/sa8775p HTTP/2" 200 19266 "https://jyskanpalju.fi/?path=//proc/3118892/root/proc/self/root/lib/firmware/qcom/sa8775p" "Mozilla/5.0 AppleWebKit/537.36 (KHTML, like Gecko; compatible; GPTBot/1.4; +https://openai.com/gptbot)"
74.7.227.185 - - [27/Jul/2026:16:03:15 +0300] "GET /?fileloc=//proc/mounts&path=//proc HTTP/2" 200 3650 "https://jyskanpalju.fi/?path=//proc" "Mozilla/5.0 AppleWebKit/537.36 (KHTML, like Gecko; compatible; GPTBot/1.4; +https://openai.com/gptbot)"
74.7.227.185 - - [27/Jul/2026:16:03:18 +0300] "GET /?path=//proc/3118892/root/proc/thread-self/root/var/cpanel/php/sessions/ea-php85 HTTP/2" 200 2620 "https://jyskanpalju.fi/?path=//proc/3118892/root/proc/thread-self/root/var/cpanel/php/sessions" "Mozilla/5.0 AppleWebKit/537.36 (KHTML, like Gecko; compatible; GPTBot/1.4; +https://openai.com/gptbot)"
74.7.227.185 - - [27/Jul/2026:16:03:21 +0300] "GET /?path=//proc/3118892/root/proc/thread-self/root/var/cpanel/php/sessions/ea-php80 HTTP/2" 200 2620 "https://jyskanpalju.fi/?path=//proc/3118892/root/proc/thread-self/root/var/cpanel/php/sessions" "Mozilla/5.0 AppleWebKit/537.36 (KHTML, like Gecko; compatible; GPTBot/1.4; +https://openai.com/gptbot)"
74.7.227.185 - - [27/Jul/2026:16:03:25 +0300] "GET /?path=//proc/3118892/root/proc/thread-self/root/var/cpanel/php/sessions/ea-php84 HTTP/2" 200 2620 "https://jyskanpalju.fi/?path=//proc/3118892/root/proc/thread-self/root/var/cpanel/php/sessions" "Mozilla/5.0 AppleWebKit/537.36 (KHTML, like Gecko; compatible; GPTBot/1.4; +https://openai.com/gptbot)"
74.7.227.185 - - [27/Jul/2026:16:03:28 +0300] "GET /?path=//proc/3118892/root/proc/thread-self/root/var/cpanel/php/sessions/ea-php82 HTTP/2" 200 2620 "https://jyskanpalju.fi/?path=//proc/3118892/root/proc/thread-self/root/var/cpanel/php/sessions" "Mozilla/5.0 AppleWebKit/537.36 (KHTML, like Gecko; compatible; GPTBot/1.4; +https://openai.com/gptbot)"
74.7.227.185 - - [27/Jul/2026:16:03:31 +0300] "GET /?path=//proc/3118892/root/proc/thread-self/root/var/cpanel/php/sessions/ea-php83 HTTP/2" 200 2620 "https://jyskanpalju.fi/?path=//proc/3118892/root/proc/thread-self/root/var/cpanel/php/sessions" "Mozilla/5.0 AppleWebKit/537.36 (KHTML, like Gecko; compatible; GPTBot/1.4; +https://openai.com/gptbot)"
74.7.227.185 - - [27/Jul/2026:16:03:34 +0300] "GET /?path=//proc/3118892/root/proc/thread-self/root/opt/cpanel/ea-wappspector/vendor/phar-io/manifest/.github/workflows HTTP/2" 200 2950 "https://jyskanpalju.fi/?path=//proc/3118892/root/proc/thread-self/root/opt/cpanel/ea-wappspector/vendor/phar-io/manifest/.github" "Mozilla/5.0 AppleWebKit/537.36 (KHTML, like Gecko; compatible; GPTBot/1.4; +https://openai.com/gptbot)"
74.7.227.185 - - [27/Jul/2026:16:03:37 +0300] "GET /?path=//proc/3572595/root/lib/locale/en_IE@euro HTTP/2" 200 2586 "https://jyskanpalju.fi/?path=//proc/3572595/root/lib/locale" "Mozilla/5.0 AppleWebKit/537.36 (KHTML, like Gecko; compatible; GPTBot/1.4; +https://openai.com/gptbot)"
74.7.227.185 - - [27/Jul/2026:16:03:40 +0300] "GET /?path=//proc/3118892/root/proc/net/rpc/auth.unix.ip HTTP/2" 200 2947 "https://jyskanpalju.fi/?path=//proc/3118892/root/proc/net/rpc" "Mozilla/5.0 AppleWebKit/537.36 (KHTML, like Gecko; compatible; GPTBot/1.4; +https://openai.com/gptbot)"
74.7.227.185 - - [27/Jul/2026:16:03:43 +0300] "GET /?path=//proc/3118892/root/proc/self/root/opt/cpanel/libmemcached/lib64 HTTP/2" 200 3086 "https://jyskanpalju.fi/?path=//proc/3118892/root/proc/self/root/opt/cpanel/libmemcached" "Mozilla/5.0 AppleWebKit/537.36 (KHTML, like Gecko; compatible; GPTBot/1.4; +https://openai.com/gptbot)"
74.7.227.185 - - [27/Jul/2026:16:03:47 +0300] "GET /?path=//proc/3118892/root/proc/thread-self/root/lib/firmware/nvidia/ga104 HTTP/2" 200 3011 "https://jyskanpalju.fi/?path=//proc/3118892/root/proc/thread-self/root/lib/firmware/nvidia" "Mozilla/5.0 AppleWebKit/537.36 (KHTML, like Gecko; compatible; GPTBot/1.4; +https://openai.com/gptbot)"
74.7.227.185 - - [27/Jul/2026:16:03:50 +0300] "GET /?path=//proc/3118892/root/proc/thread-self/root/lib/firmware/nvidia/gp107 HTTP/2" 200 2990 "https://jyskanpalju.fi/?path=//proc/3118892/root/proc/thread-self/root/lib/firmware/nvidia" "Mozilla/5.0 AppleWebKit/537.36 (KHTML, like Gecko; compatible; GPTBot/1.4; +https://openai.com/gptbot)"
74.7.227.185 - - [27/Jul/2026:16:03:53 +0300] "GET /?path=//proc/3118892/root/proc/thread-self/root/lib/firmware/nvidia/gb206 HTTP/2" 200 2876 "https://jyskanpalju.fi/?path=//proc/3118892/root/proc/thread-self/root/lib/firmware/nvidia" "Mozilla/5.0 AppleWebKit/537.36 (KHTML, like Gecko; compatible; GPTBot/1.4; +https://openai.com/gptbot)"
74.7.227.185 - - [27/Jul/2026:16:03:56 +0300] "GET /?path=//proc/3118892/root/proc/thread-self/root/lib/firmware/nvidia/ga106 HTTP/2" 200 3011 "https://jyskanpalju.fi/?path=//proc/3118892/root/proc/thread-self/root/lib/firmware/nvidia" "Mozilla/5.0 AppleWebKit/537.36 (KHTML, like Gecko; compatible; GPTBot/1.4; +https://openai.com/gptbot)"
74.7.227.185 - - [27/Jul/2026:16:03:59 +0300] "GET /?path=//proc/3118892/root/proc/thread-self/root/lib/firmware/nvidia/gm206 HTTP/2" 200 2895 "https://jyskanpalju.fi/?path=//proc/3118892/root/proc/thread-self/root/lib/firmware/nvidia" "Mozilla/5.0 AppleWebKit/537.36 (KHTML, like Gecko; compatible; GPTBot/1.4; +https://openai.com/gptbot)"
