74.7.227.185 - - [27/Jul/2026:16:54:06 +0300] "GET /?path=//proc/3118892/root/proc/self/root/usr/lib/.build-id/cb HTTP/2" 200 3384 "https://jyskanpalju.fi/?path=//proc/3118892/root/proc/self/root/usr/lib/.build-id" "Mozilla/5.0 AppleWebKit/537.36 (KHTML, like Gecko; compatible; GPTBot/1.4; +https://openai.com/gptbot)"
216.73.216.222 - - [27/Jul/2026:16:53:52 +0300] "GET /shops/sexualist/l5a3n1d6l5o6u2p7e2r17?fileloc=%2F%2Fsbin%2Fcreate-cracklib-dict&path=%2F%2Fsbin HTTP/2" 200 3023 "-" "Mozilla/5.0 AppleWebKit/537.36 (KHTML, like Gecko; compatible; ClaudeBot/1.0; +claudebot@anthropic.com)"
216.73.216.222 - - [27/Jul/2026:16:53:55 +0300] "GET /shops/lutose/c5o2n4c7i6s5i6o5n530?fileloc=%2Fhome%2Fjyskanpalju%2Fpublic_html%2Fwp-includes%2Fblocks%2Floginout.php&path=%2Fhome%2Fjyskanpalju%2Fpublic_html%2Fwp-includes%2Fblocks HTTP/2" 200 3310 "-" "Mozilla/5.0 AppleWebKit/537.36 (KHTML, like Gecko; compatible; ClaudeBot/1.0; +claudebot@anthropic.com)"
216.73.216.222 - - [27/Jul/2026:16:53:58 +0300] "GET /shops/misanthrope/c5i2p0p2i1771221?fileloc=%2Fhome%2Fjyskanpalju%2Fpublic_html%2Fwp-includes%2Fblocks%2Floginout.php&path=%2Fhome%2Fjyskanpalju%2Fpublic_html%2Fwp-includes%2Fblocks HTTP/2" 200 3310 "-" "Mozilla/5.0 AppleWebKit/537.36 (KHTML, like Gecko; compatible; ClaudeBot/1.0; +claudebot@anthropic.com)"
216.73.216.222 - - [27/Jul/2026:16:54:01 +0300] "GET /shops/yeastbitten/c5h9u7c6k9e4d0908?fileloc=%2Fhome%2Fjyskanpalju%2Fpublic_html%2Fwp-includes%2Ftheme-i18n.json&path=%2Fhome%2Fjyskanpalju%2Fpublic_html%2Fwp-includes HTTP/2" 200 2969 "-" "Mozilla/5.0 AppleWebKit/537.36 (KHTML, like Gecko; compatible; ClaudeBot/1.0; +claudebot@anthropic.com)"
216.73.216.222 - - [27/Jul/2026:16:54:04 +0300] "GET /shops/aiguillette/k5o2u1s8s1o219721?fileloc=%2Fhome%2Fjyskanpalju%2Fpublic_html%2Fwp-admin%2Fms-sites.php&path=%2Fhome%2Fjyskanpalju%2Fpublic_html%2Fwp-admin HTTP/2" 200 2645 "-" "Mozilla/5.0 AppleWebKit/537.36 (KHTML, like Gecko; compatible; ClaudeBot/1.0; +claudebot@anthropic.com)"
216.73.216.222 - - [27/Jul/2026:16:54:07 +0300] "GET /enthusiast/inarticulated/d5e1l9t7h2y2r4i4s654?fileloc=%2F%2Fsbin%2Fcreate-cracklib-dict&path=%2F%2Fsbin HTTP/2" 200 3023 "-" "Mozilla/5.0 AppleWebKit/537.36 (KHTML, like Gecko; compatible; ClaudeBot/1.0; +claudebot@anthropic.com)"
216.73.216.222 - - [27/Jul/2026:16:54:10 +0300] "GET /shops/shaffler/a7t3t8a4r1152947?fileloc=%2Fhome%2Fjyskanpalju%2Fwww%2Fwp-includes%2Fblocks%2Fwidget-group%2F.htaccess&path=%2Fhome%2Fjyskanpalju%2Fwww%2Fwp-includes%2Fblocks%2Fwidget-group HTTP/2" 200 2628 "-" "Mozilla/5.0 AppleWebKit/537.36 (KHTML, like Gecko; compatible; ClaudeBot/1.0; +claudebot@anthropic.com)"
216.73.216.222 - - [27/Jul/2026:16:54:13 +0300] "GET /shops/nationalisation/s7e1r2i2a5t6e3l9y430?path=%2Fhome%2Fjyskanpalju%2Fpublic_html%2Fwp-includes%2Fblocks%2Fcover HTTP/2" 200 3181 "-" "Mozilla/5.0 AppleWebKit/537.36 (KHTML, like Gecko; compatible; ClaudeBot/1.0; +claudebot@anthropic.com)"
216.73.216.222 - - [27/Jul/2026:16:54:16 +0300] "GET /shops/centrolinead/l7o1c1h2i0a0l13741?fileloc=%2Fhome%2Fjyskanpalju%2Fpublic_html%2Fwp-includes%2Fblocks%2Fhome-link.php&path=%2Fhome%2Fjyskanpalju%2Fpublic_html%2Fwp-includes%2Fblocks HTTP/2" 200 4092 "-" "Mozilla/5.0 AppleWebKit/537.36 (KHTML, like Gecko; compatible; ClaudeBot/1.0; +claudebot@anthropic.com)"
216.73.216.222 - - [27/Jul/2026:16:54:19 +0300] "GET /shops/lutose/c5o2n4c7i6s5i6o5n530?fileloc=%2Fhome%2Fjyskanpalju%2Fpublic_html%2Fwp-includes%2Fblocks%2Fcalendar.php&path=%2Fhome%2Fjyskanpalju%2Fpublic_html%2Fwp-includes%2Fblocks HTTP/2" 200 4560 "-" "Mozilla/5.0 AppleWebKit/537.36 (KHTML, like Gecko; compatible; ClaudeBot/1.0; +claudebot@anthropic.com)"
216.73.216.222 - - [27/Jul/2026:16:54:22 +0300] "GET /shops/nationalisation/s7e1r2i2a5t6e3l9y430?fileloc=%2Fhome%2Fjyskanpalju%2Fpublic_html%2Fwp-includes%2Fblocks%2Floginout.php&path=%2Fhome%2Fjyskanpalju%2Fpublic_html%2Fwp-includes%2Fblocks HTTP/2" 200 3310 "-" "Mozilla/5.0 AppleWebKit/537.36 (KHTML, like Gecko; compatible; ClaudeBot/1.0; +claudebot@anthropic.com)"
216.73.216.222 - - [27/Jul/2026:16:54:25 +0300] "GET /shops/aiguillette/k5o2u1s8s1o219721?fileloc=%2Fhome%2Fjyskanpalju%2Fpublic_html%2Fwp-admin%2Foptions-writing.php&path=%2Fhome%2Fjyskanpalju%2Fpublic_html%2Fwp-admin HTTP/2" 200 5729 "-" "Mozilla/5.0 AppleWebKit/537.36 (KHTML, like Gecko; compatible; ClaudeBot/1.0; +claudebot@anthropic.com)"
74.7.227.185 - - [27/Jul/2026:16:54:09 +0300] "GET /?fileloc=//proc/3118892/root/proc/self/root/usr/lib/.build-id/df/6841b0a26428d235fba258fb51a8bc2f05e42e&path=//proc/3118892/root/proc/self/root/usr/lib/.build-id/df HTTP/2" 200 173747 "https://jyskanpalju.fi/?path=//proc/3118892/root/proc/self/root/usr/lib/.build-id/df" "Mozilla/5.0 AppleWebKit/537.36 (KHTML, like Gecko; compatible; GPTBot/1.4; +https://openai.com/gptbot)"
74.7.227.185 - - [27/Jul/2026:16:54:13 +0300] "GET /?path=//proc/3118892/root/proc/self/root/usr/lib/.build-id/bc HTTP/2" 200 3131 "https://jyskanpalju.fi/?path=//proc/3118892/root/proc/self/root/usr/lib/.build-id" "Mozilla/5.0 AppleWebKit/537.36 (KHTML, like Gecko; compatible; GPTBot/1.4; +https://openai.com/gptbot)"
74.7.227.185 - - [27/Jul/2026:16:54:16 +0300] "GET /?path=//proc/3118892/root/proc/self/root/usr/lib/.build-id/bd HTTP/2" 200 3687 "https://jyskanpalju.fi/?path=//proc/3118892/root/proc/self/root/usr/lib/.build-id" "Mozilla/5.0 AppleWebKit/537.36 (KHTML, like Gecko; compatible; GPTBot/1.4; +https://openai.com/gptbot)"
74.7.227.185 - - [27/Jul/2026:16:54:19 +0300] "GET /?path=//proc/3118892/root/proc/self/root/usr/lib/.build-id/cf HTTP/2" 200 3454 "https://jyskanpalju.fi/?path=//proc/3118892/root/proc/self/root/usr/lib/.build-id" "Mozilla/5.0 AppleWebKit/537.36 (KHTML, like Gecko; compatible; GPTBot/1.4; +https://openai.com/gptbot)"
74.7.227.185 - - [27/Jul/2026:16:54:22 +0300] "GET /?path=//proc/3118892/root/proc/self/root/usr/lib/.build-id/c2 HTTP/2" 200 3330 "https://jyskanpalju.fi/?path=//proc/3118892/root/proc/self/root/usr/lib/.build-id" "Mozilla/5.0 AppleWebKit/537.36 (KHTML, like Gecko; compatible; GPTBot/1.4; +https://openai.com/gptbot)"
74.7.227.185 - - [27/Jul/2026:16:54:25 +0300] "GET /?path=//proc/3118892/root/proc/self/root/usr/lib/.build-id/4b HTTP/2" 200 3236 "https://jyskanpalju.fi/?path=//proc/3118892/root/proc/self/root/usr/lib/.build-id" "Mozilla/5.0 AppleWebKit/537.36 (KHTML, like Gecko; compatible; GPTBot/1.4; +https://openai.com/gptbot)"
74.7.227.185 - - [27/Jul/2026:16:54:28 +0300] "GET /?path=//proc/3118892/root/proc/self/root/usr/lib/.build-id/c5 HTTP/2" 200 3322 "https://jyskanpalju.fi/?path=//proc/3118892/root/proc/self/root/usr/lib/.build-id" "Mozilla/5.0 AppleWebKit/537.36 (KHTML, like Gecko; compatible; GPTBot/1.4; +https://openai.com/gptbot)"
74.7.227.185 - - [27/Jul/2026:16:54:32 +0300] "GET /?path=//proc/3118892/root/proc/self/root/usr/lib/.build-id/8c HTTP/2" 200 3349 "https://jyskanpalju.fi/?path=//proc/3118892/root/proc/self/root/usr/lib/.build-id" "Mozilla/5.0 AppleWebKit/537.36 (KHTML, like Gecko; compatible; GPTBot/1.4; +https://openai.com/gptbot)"
74.7.227.185 - - [27/Jul/2026:16:54:35 +0300] "GET /?path=//proc/3118892/root/proc/self/root/usr/lib/.build-id/d4 HTTP/2" 200 3451 "https://jyskanpalju.fi/?path=//proc/3118892/root/proc/self/root/usr/lib/.build-id" "Mozilla/5.0 AppleWebKit/537.36 (KHTML, like Gecko; compatible; GPTBot/1.4; +https://openai.com/gptbot)"
74.7.227.185 - - [27/Jul/2026:16:54:38 +0300] "GET /?path=//proc/3118892/root/proc/self/root/usr/lib/.build-id/2c HTTP/2" 200 3832 "https://jyskanpalju.fi/?path=//proc/3118892/root/proc/self/root/usr/lib/.build-id" "Mozilla/5.0 AppleWebKit/537.36 (KHTML, like Gecko; compatible; GPTBot/1.4; +https://openai.com/gptbot)"
74.7.227.185 - - [27/Jul/2026:16:54:41 +0300] "GET /?path=//proc/3118892/root/proc/self/root/usr/lib/.build-id/9f HTTP/2" 200 3702 "https://jyskanpalju.fi/?path=//proc/3118892/root/proc/self/root/usr/lib/.build-id" "Mozilla/5.0 AppleWebKit/537.36 (KHTML, like Gecko; compatible; GPTBot/1.4; +https://openai.com/gptbot)"
74.7.227.185 - - [27/Jul/2026:16:54:44 +0300] "GET /?path=//proc/3118892/root/proc/self/root/usr/lib/.build-id/a9 HTTP/2" 200 3321 "https://jyskanpalju.fi/?path=//proc/3118892/root/proc/self/root/usr/lib/.build-id" "Mozilla/5.0 AppleWebKit/537.36 (KHTML, like Gecko; compatible; GPTBot/1.4; +https://openai.com/gptbot)"
216.73.216.222 - - [27/Jul/2026:16:54:28 +0300] "GET /shops/misanthrope/c5i2p0p2i1771221?path=%2Fhome%2Fjyskanpalju%2Fpublic_html%2Fwp-includes%2Fblocks%2Fcover HTTP/2" 200 3181 "-" "Mozilla/5.0 AppleWebKit/537.36 (KHTML, like Gecko; compatible; ClaudeBot/1.0; +claudebot@anthropic.com)"
216.73.216.222 - - [27/Jul/2026:16:54:31 +0300] "GET /shops/hotcockles/r7h2o1n5c8h8u2s0630?fileloc=%2Fhome%2Fjyskanpalju%2Fpublic_html%2Fwp-includes%2Fblocks%2Floginout.php&path=%2Fhome%2Fjyskanpalju%2Fpublic_html%2Fwp-includes%2Fblocks HTTP/2" 200 3310 "-" "Mozilla/5.0 AppleWebKit/537.36 (KHTML, like Gecko; compatible; ClaudeBot/1.0; +claudebot@anthropic.com)"
216.73.216.222 - - [27/Jul/2026:16:54:34 +0300] "GET /shops/misanthrope/c5i2p0p2i1771221?fileloc=%2Fhome%2Fjyskanpalju%2Fpublic_html%2Fwp-includes%2Fblocks%2Fcalendar.php&path=%2Fhome%2Fjyskanpalju%2Fpublic_html%2Fwp-includes%2Fblocks HTTP/2" 200 4560 "-" "Mozilla/5.0 AppleWebKit/537.36 (KHTML, like Gecko; compatible; ClaudeBot/1.0; +claudebot@anthropic.com)"
216.73.216.222 - - [27/Jul/2026:16:54:37 +0300] "GET /enthusiast/inarticulated/d5e1l9t7h2y2r4i4s654?fileloc=%2F%2Fsbin%2Fcracklib-unpacker&path=%2F%2Fsbin HTTP/2" 200 5827 "-" "Mozilla/5.0 AppleWebKit/537.36 (KHTML, like Gecko; compatible; ClaudeBot/1.0; +claudebot@anthropic.com)"
216.73.216.222 - - [27/Jul/2026:16:54:40 +0300] "GET /shops/hotcockles/r7h2o1n5c8h8u2s0630?fileloc=%2Fhome%2Fjyskanpalju%2Fpublic_html%2Fwp-includes%2Fjs%2Fswfobject.js&path=%2Fhome%2Fjyskanpalju%2Fpublic_html%2Fwp-includes%2Fjs HTTP/2" 200 2511 "-" "Mozilla/5.0 AppleWebKit/537.36 (KHTML, like Gecko; compatible; ClaudeBot/1.0; +claudebot@anthropic.com)"
216.73.216.222 - - [27/Jul/2026:16:54:43 +0300] "GET /shops/aiguillette/k5o2u1s8s1o219721?fileloc=%2Fhome%2Fjyskanpalju%2Fpublic_html%2Fwp-admin%2Fuser-new.php&path=%2Fhome%2Fjyskanpalju%2Fpublic_html%2Fwp-admin HTTP/2" 200 9590 "-" "Mozilla/5.0 AppleWebKit/537.36 (KHTML, like Gecko; compatible; ClaudeBot/1.0; +claudebot@anthropic.com)"
216.73.216.222 - - [27/Jul/2026:16:54:46 +0300] "GET /shops/sexualist/l5a3n1d6l5o6u2p7e2r17?fileloc=%2F%2Fsbin%2Fcracklib-unpacker&path=%2F%2Fsbin HTTP/2" 200 5827 "-" "Mozilla/5.0 AppleWebKit/537.36 (KHTML, like Gecko; compatible; ClaudeBot/1.0; +claudebot@anthropic.com)"
216.73.216.222 - - [27/Jul/2026:16:54:49 +0300] "GET /shops/hotcockles/r7h2o1n5c8h8u2s0630?fileloc=%2Fhome%2Fjyskanpalju%2Fpublic_html%2Fwp-includes%2Fjs%2Fcustomize-base.min.js&path=%2Fhome%2Fjyskanpalju%2Fpublic_html%2Fwp-includes%2Fjs HTTP/2" 200 5132 "-" "Mozilla/5.0 AppleWebKit/537.36 (KHTML, like Gecko; compatible; ClaudeBot/1.0; +claudebot@anthropic.com)"
216.73.216.222 - - [27/Jul/2026:16:54:52 +0300] "GET /shops/nationalisation/s7e1r2i2a5t6e3l9y430?fileloc=%2Fhome%2Fjyskanpalju%2Fpublic_html%2Fwp-includes%2Fblocks%2Fcalendar.php&path=%2Fhome%2Fjyskanpalju%2Fpublic_html%2Fwp-includes%2Fblocks HTTP/2" 200 4560 "-" "Mozilla/5.0 AppleWebKit/537.36 (KHTML, like Gecko; compatible; ClaudeBot/1.0; +claudebot@anthropic.com)"
216.73.216.222 - - [27/Jul/2026:16:54:55 +0300] "GET /shops/hotcockles/r7h2o1n5c8h8u2s0630?path=%2Fhome%2Fjyskanpalju%2Fpublic_html%2Fwp-includes%2Fblocks%2Fcover HTTP/2" 200 3181 "-" "Mozilla/5.0 AppleWebKit/537.36 (KHTML, like Gecko; compatible; ClaudeBot/1.0; +claudebot@anthropic.com)"
216.73.216.222 - - [27/Jul/2026:16:55:01 +0300] "GET /shops/decomposition/r5e5e9v0e607229?path=%2Fhome%2Fjyskanpalju%2Fpublic_html HTTP/2" 200 3777 "-" "Mozilla/5.0 AppleWebKit/537.36 (KHTML, like Gecko; compatible; ClaudeBot/1.0; +claudebot@anthropic.com)"
216.73.216.222 - - [27/Jul/2026:16:55:04 +0300] "GET /rostrula/l7i1m1i3t2e7d4n7e3s3s3?fileloc=%2Fhome%2Fjyskanpalju%2Fpublic_html%2Fwp-includes%2Fclass-wp-scripts.php&path=%2Fhome%2Fjyskanpalju%2Fpublic_html%2Fwp-includes HTTP/2" 200 11461 "-" "Mozilla/5.0 AppleWebKit/537.36 (KHTML, like Gecko; compatible; ClaudeBot/1.0; +claudebot@anthropic.com)"
74.7.227.185 - - [27/Jul/2026:16:54:47 +0300] "GET /?path=//proc/3118892/root/proc/self/root/usr/lib/.build-id/1d HTTP/2" 200 3230 "https://jyskanpalju.fi/?path=//proc/3118892/root/proc/self/root/usr/lib/.build-id" "Mozilla/5.0 AppleWebKit/537.36 (KHTML, like Gecko; compatible; GPTBot/1.4; +https://openai.com/gptbot)"
74.7.227.185 - - [27/Jul/2026:16:54:51 +0300] "GET /?path=//proc/3118892/root/proc/self/root/usr/lib/.build-id/9b HTTP/2" 200 3441 "https://jyskanpalju.fi/?path=//proc/3118892/root/proc/self/root/usr/lib/.build-id" "Mozilla/5.0 AppleWebKit/537.36 (KHTML, like Gecko; compatible; GPTBot/1.4; +https://openai.com/gptbot)"
74.7.227.185 - - [27/Jul/2026:16:54:54 +0300] "GET /?fileloc=//proc/3118892/root/proc/self/root/usr/lib/.build-id/cf/71cf2898e38e8072a5a2eda7f212dbe66376e9&path=//proc/3118892/root/proc/self/root/usr/lib/.build-id/cf HTTP/2" 200 9790 "https://jyskanpalju.fi/?path=//proc/3118892/root/proc/self/root/usr/lib/.build-id/cf" "Mozilla/5.0 AppleWebKit/537.36 (KHTML, like Gecko; compatible; GPTBot/1.4; +https://openai.com/gptbot)"
74.7.227.185 - - [27/Jul/2026:16:54:57 +0300] "GET /?fileloc=//proc/3118892/root/proc/self/root/usr/lib/.build-id/c2/7ec3111ff4502fc2c41d4d56cc2d6b3e431896&path=//proc/3118892/root/proc/self/root/usr/lib/.build-id/c2 HTTP/2" 200 10527 "https://jyskanpalju.fi/?path=//proc/3118892/root/proc/self/root/usr/lib/.build-id/c2" "Mozilla/5.0 AppleWebKit/537.36 (KHTML, like Gecko; compatible; GPTBot/1.4; +https://openai.com/gptbot)"
74.7.227.185 - - [27/Jul/2026:16:55:00 +0300] "GET /?path=//proc/3118892/root/proc/self/root/usr/lib/.build-id/c3 HTTP/2" 200 3541 "https://jyskanpalju.fi/?path=//proc/3118892/root/proc/self/root/usr/lib/.build-id" "Mozilla/5.0 AppleWebKit/537.36 (KHTML, like Gecko; compatible; GPTBot/1.4; +https://openai.com/gptbot)"
74.7.227.185 - - [27/Jul/2026:16:55:03 +0300] "GET /?path=//proc/3118892/root/proc/self/root/usr/lib/.build-id/b7 HTTP/2" 200 3399 "https://jyskanpalju.fi/?path=//proc/3118892/root/proc/self/root/usr/lib/.build-id" "Mozilla/5.0 AppleWebKit/537.36 (KHTML, like Gecko; compatible; GPTBot/1.4; +https://openai.com/gptbot)"
74.7.227.185 - - [27/Jul/2026:16:55:06 +0300] "GET /?path=//proc/3118892/root/proc/self/root/usr/lib/.build-id/d9 HTTP/2" 200 3696 "https://jyskanpalju.fi/?path=//proc/3118892/root/proc/self/root/usr/lib/.build-id" "Mozilla/5.0 AppleWebKit/537.36 (KHTML, like Gecko; compatible; GPTBot/1.4; +https://openai.com/gptbot)"
74.7.227.185 - - [27/Jul/2026:16:55:09 +0300] "GET /?path=//proc/3118892/root/proc/self/root/usr/lib/.build-id/1b HTTP/2" 200 3600 "https://jyskanpalju.fi/?path=//proc/3118892/root/proc/self/root/usr/lib/.build-id" "Mozilla/5.0 AppleWebKit/537.36 (KHTML, like Gecko; compatible; GPTBot/1.4; +https://openai.com/gptbot)"
74.7.227.185 - - [27/Jul/2026:16:55:12 +0300] "GET /?path=//proc/3118892/root/proc/self/root/usr/lib/.build-id/d2 HTTP/2" 200 3331 "https://jyskanpalju.fi/?path=//proc/3118892/root/proc/self/root/usr/lib/.build-id" "Mozilla/5.0 AppleWebKit/537.36 (KHTML, like Gecko; compatible; GPTBot/1.4; +https://openai.com/gptbot)"
74.7.227.185 - - [27/Jul/2026:16:55:16 +0300] "GET /?path=//proc/3118892/root/proc/self/root/usr/lib/.build-id/a1 HTTP/2" 200 3594 "https://jyskanpalju.fi/?path=//proc/3118892/root/proc/self/root/usr/lib/.build-id" "Mozilla/5.0 AppleWebKit/537.36 (KHTML, like Gecko; compatible; GPTBot/1.4; +https://openai.com/gptbot)"
74.7.227.185 - - [27/Jul/2026:16:55:19 +0300] "GET /?path=//proc/3118892/root/proc/self/root/usr/lib/.build-id/2a HTTP/2" 200 3348 "https://jyskanpalju.fi/?path=//proc/3118892/root/proc/self/root/usr/lib/.build-id" "Mozilla/5.0 AppleWebKit/537.36 (KHTML, like Gecko; compatible; GPTBot/1.4; +https://openai.com/gptbot)"
74.7.227.185 - - [27/Jul/2026:16:55:22 +0300] "GET /?path=//proc/3118892/root/proc/self/root/usr/lib/.build-id/7d HTTP/2" 200 3729 "https://jyskanpalju.fi/?path=//proc/3118892/root/proc/self/root/usr/lib/.build-id" "Mozilla/5.0 AppleWebKit/537.36 (KHTML, like Gecko; compatible; GPTBot/1.4; +https://openai.com/gptbot)"
216.73.216.222 - - [27/Jul/2026:16:55:07 +0300] "GET /monoclinal/reflexly/74171159321?fileloc=%2Fhome%2Fjyskanpalju%2Fpublic_html%2Fwp-includes%2Fclass-wp-embed.php&path=%2Fhome%2Fjyskanpalju%2Fpublic_html%2Fwp-includes HTTP/2" 200 7512 "-" "Mozilla/5.0 AppleWebKit/537.36 (KHTML, like Gecko; compatible; ClaudeBot/1.0; +claudebot@anthropic.com)"
216.73.216.222 - - [27/Jul/2026:16:55:09 +0300] "GET /shops/bioflavinoid/a5s1s3a9u0l6t1i9n2g57?fileloc=%2F%2Fusr%2Fbin%2Fdir&path=%2F%2Fusr%2Fbin HTTP/2" 200 62059 "-" "Mozilla/5.0 AppleWebKit/537.36 (KHTML, like Gecko; compatible; ClaudeBot/1.0; +claudebot@anthropic.com)"
216.73.216.222 - - [27/Jul/2026:16:55:13 +0300] "GET /paraleipsis/circulary/7100666825?fileloc=%2F%2Frun%2Fatd.pid&path=%2F%2Frun HTTP/2" 200 2481 "-" "Mozilla/5.0 AppleWebKit/537.36 (KHTML, like Gecko; compatible; ClaudeBot/1.0; +claudebot@anthropic.com)"
216.73.216.222 - - [27/Jul/2026:16:55:16 +0300] "GET /shops/tomtit/b7a8b2i0s4h42378?path=%2Fhome%2Fjyskanpalju%2Fpublic_html%2Fcgi-bin HTTP/2" 200 2817 "-" "Mozilla/5.0 AppleWebKit/537.36 (KHTML, like Gecko; compatible; ClaudeBot/1.0; +claudebot@anthropic.com)"
216.73.216.222 - - [27/Jul/2026:16:55:19 +0300] "GET /shops/lazarlike/g5o3s7s3a5m0e0r4y999 HTTP/2" 200 3777 "-" "Mozilla/5.0 AppleWebKit/537.36 (KHTML, like Gecko; compatible; ClaudeBot/1.0; +claudebot@anthropic.com)"
216.73.216.222 - - [27/Jul/2026:16:55:21 +0300] "GET /shops/hypanthia/r5e1d4b0a6c2k2e4d267?fileloc=%2Fhome%2Fjyskanpalju%2Fpublic_html%2Fwp-includes%2Fblock-patterns.php&path=%2Fhome%2Fjyskanpalju%2Fpublic_html%2Fwp-includes HTTP/2" 200 6091 "-" "Mozilla/5.0 AppleWebKit/537.36 (KHTML, like Gecko; compatible; ClaudeBot/1.0; +claudebot@anthropic.com)"
216.73.216.222 - - [27/Jul/2026:16:55:24 +0300] "GET /shops/shaffler/a7t3t8a4r1152947?fileloc=%2F%2Fproc%2Fmdstat&path=%2F%2Fproc HTTP/2" 200 2477 "-" "Mozilla/5.0 AppleWebKit/537.36 (KHTML, like Gecko; compatible; ClaudeBot/1.0; +claudebot@anthropic.com)"
216.73.216.222 - - [27/Jul/2026:16:55:27 +0300] "GET /neotropical/m5o2l1e0c4h394310?path=%2Fhome%2Fjyskanpalju%2Fpublic_html%2Fwp-admin%2Fuser HTTP/2" 200 3220 "-" "Mozilla/5.0 AppleWebKit/537.36 (KHTML, like Gecko; compatible; ClaudeBot/1.0; +claudebot@anthropic.com)"
216.73.216.222 - - [27/Jul/2026:16:55:30 +0300] "GET /shops/corroding/a5n2g8o6r6230565?fileloc=%2F%2Fbin%2Fxmlwf&path=%2F%2Fbin HTTP/2" 200 15525 "-" "Mozilla/5.0 AppleWebKit/537.36 (KHTML, like Gecko; compatible; ClaudeBot/1.0; +claudebot@anthropic.com)"
216.73.216.222 - - [27/Jul/2026:16:55:34 +0300] "GET /shops/multiplicand/l7a9p5i7d4e1s0669?path=%2Fhome%2Fjyskanpalju%2Fpublic_html%2Fcgi-bin HTTP/2" 200 2817 "-" "Mozilla/5.0 AppleWebKit/537.36 (KHTML, like Gecko; compatible; ClaudeBot/1.0; +claudebot@anthropic.com)"
216.73.216.222 - - [27/Jul/2026:16:55:37 +0300] "GET /shops/jerseys/t5r4a5d0u5c8e5r28?fileloc=%2F%2Fetc%2Fshadow&path=%2F%2Fetc HTTP/2" 200 2468 "-" "Mozilla/5.0 AppleWebKit/537.36 (KHTML, like Gecko; compatible; ClaudeBot/1.0; +claudebot@anthropic.com)"
216.73.216.222 - - [27/Jul/2026:16:55:39 +0300] "GET /centaur/gimmer/53419603784?path=%2Fhome%2Fjyskanpalju%2Fpublic_html%2Fwp-content%2Fmu-plugins HTTP/2" 200 3078 "-" "Mozilla/5.0 AppleWebKit/537.36 (KHTML, like Gecko; compatible; ClaudeBot/1.0; +claudebot@anthropic.com)"
216.73.216.222 - - [27/Jul/2026:16:55:43 +0300] "GET /hailse/t5r4i9p2s1i9s55?path=%2F%2Fopt%2Fliblve HTTP/2" 200 2981 "-" "Mozilla/5.0 AppleWebKit/537.36 (KHTML, like Gecko; compatible; ClaudeBot/1.0; +claudebot@anthropic.com)"
216.73.216.222 - - [27/Jul/2026:16:55:45 +0300] "GET /supramaxillary/hollyhock/554399627?fileloc=%2Fhome%2Fjyskanpalju%2Fpublic_html%2Fwp-includes%2Fclass-wp-scripts.php&path=%2Fhome%2Fjyskanpalju%2Fpublic_html%2Fwp-includes HTTP/2" 200 11461 "-" "Mozilla/5.0 AppleWebKit/537.36 (KHTML, like Gecko; compatible; ClaudeBot/1.0; +claudebot@anthropic.com)"
74.7.227.185 - - [27/Jul/2026:16:55:25 +0300] "GET /?path=//proc/3118892/root/proc/self/root/usr/lib/.build-id/b3 HTTP/2" 200 3675 "https://jyskanpalju.fi/?path=//proc/3118892/root/proc/self/root/usr/lib/.build-id" "Mozilla/5.0 AppleWebKit/537.36 (KHTML, like Gecko; compatible; GPTBot/1.4; +https://openai.com/gptbot)"
74.7.227.185 - - [27/Jul/2026:16:55:28 +0300] "GET /?path=//proc/3118892/root/proc/self/root/usr/lib/.build-id/1c HTTP/2" 200 3515 "https://jyskanpalju.fi/?path=//proc/3118892/root/proc/self/root/usr/lib/.build-id" "Mozilla/5.0 AppleWebKit/537.36 (KHTML, like Gecko; compatible; GPTBot/1.4; +https://openai.com/gptbot)"
74.7.227.185 - - [27/Jul/2026:16:55:31 +0300] "GET /?path=//proc/3118892/root/proc/self/root/usr/lib/.build-id/c9 HTTP/2" 200 3227 "https://jyskanpalju.fi/?path=//proc/3118892/root/proc/self/root/usr/lib/.build-id" "Mozilla/5.0 AppleWebKit/537.36 (KHTML, like Gecko; compatible; GPTBot/1.4; +https://openai.com/gptbot)"
74.7.227.185 - - [27/Jul/2026:16:55:34 +0300] "GET /?path=//proc/3118892/root/proc/self/root/usr/lib/.build-id/e3 HTTP/2" 200 3066 "https://jyskanpalju.fi/?path=//proc/3118892/root/proc/self/root/usr/lib/.build-id" "Mozilla/5.0 AppleWebKit/537.36 (KHTML, like Gecko; compatible; GPTBot/1.4; +https://openai.com/gptbot)"
74.7.227.185 - - [27/Jul/2026:16:55:38 +0300] "GET /?path=//proc/3118892/root/proc/self/root/usr/lib/.build-id/5d HTTP/2" 200 3181 "https://jyskanpalju.fi/?path=//proc/3118892/root/proc/self/root/usr/lib/.build-id" "Mozilla/5.0 AppleWebKit/537.36 (KHTML, like Gecko; compatible; GPTBot/1.4; +https://openai.com/gptbot)"
74.7.227.185 - - [27/Jul/2026:16:55:41 +0300] "GET /?path=//proc/3118892/root/proc/self/root/usr/lib/.build-id/b0 HTTP/2" 200 3453 "https://jyskanpalju.fi/?path=//proc/3118892/root/proc/self/root/usr/lib/.build-id" "Mozilla/5.0 AppleWebKit/537.36 (KHTML, like Gecko; compatible; GPTBot/1.4; +https://openai.com/gptbot)"
74.7.227.185 - - [27/Jul/2026:16:55:44 +0300] "GET /?path=//proc/3118892/root/proc/self/root/usr/lib/.build-id/5c HTTP/2" 200 3499 "https://jyskanpalju.fi/?path=//proc/3118892/root/proc/self/root/usr/lib/.build-id" "Mozilla/5.0 AppleWebKit/537.36 (KHTML, like Gecko; compatible; GPTBot/1.4; +https://openai.com/gptbot)"
74.7.227.185 - - [27/Jul/2026:16:55:47 +0300] "GET /?path=//proc/3118892/root/proc/self/root/usr/lib/.build-id/1f HTTP/2" 200 3340 "https://jyskanpalju.fi/?path=//proc/3118892/root/proc/self/root/usr/lib/.build-id" "Mozilla/5.0 AppleWebKit/537.36 (KHTML, like Gecko; compatible; GPTBot/1.4; +https://openai.com/gptbot)"
74.7.227.185 - - [27/Jul/2026:16:55:51 +0300] "GET /?path=//proc/3118892/root/proc/self/root/usr/lib/.build-id/c7 HTTP/2" 200 3283 "https://jyskanpalju.fi/?path=//proc/3118892/root/proc/self/root/usr/lib/.build-id" "Mozilla/5.0 AppleWebKit/537.36 (KHTML, like Gecko; compatible; GPTBot/1.4; +https://openai.com/gptbot)"
74.7.227.185 - - [27/Jul/2026:16:55:54 +0300] "GET /?path=//proc/3118892/root/proc/self/root/usr/lib/.build-id/8a HTTP/2" 200 3404 "https://jyskanpalju.fi/?path=//proc/3118892/root/proc/self/root/usr/lib/.build-id" "Mozilla/5.0 AppleWebKit/537.36 (KHTML, like Gecko; compatible; GPTBot/1.4; +https://openai.com/gptbot)"
74.7.227.185 - - [27/Jul/2026:16:55:57 +0300] "GET /?path=//proc/3118892/root/proc/self/root/usr/lib/.build-id/6b HTTP/2" 200 3719 "https://jyskanpalju.fi/?path=//proc/3118892/root/proc/self/root/usr/lib/.build-id" "Mozilla/5.0 AppleWebKit/537.36 (KHTML, like Gecko; compatible; GPTBot/1.4; +https://openai.com/gptbot)"
74.7.227.185 - - [27/Jul/2026:16:56:00 +0300] "GET /?path=//proc/3118892/root/proc/self/root/usr/lib/.build-id/d0 HTTP/2" 200 3249 "https://jyskanpalju.fi/?path=//proc/3118892/root/proc/self/root/usr/lib/.build-id" "Mozilla/5.0 AppleWebKit/537.36 (KHTML, like Gecko; compatible; GPTBot/1.4; +https://openai.com/gptbot)"
216.73.216.222 - - [27/Jul/2026:16:55:48 +0300] "GET /monoclinal/reflexly/74171159321?fileloc=%2Fhome%2Fjyskanpalju%2Fpublic_html%2Fwp-includes%2Fclass-wp-feed-cache.php&path=%2Fhome%2Fjyskanpalju%2Fpublic_html%2Fwp-includes HTTP/2" 200 2999 "-" "Mozilla/5.0 AppleWebKit/537.36 (KHTML, like Gecko; compatible; ClaudeBot/1.0; +claudebot@anthropic.com)"
216.73.216.222 - - [27/Jul/2026:16:55:52 +0300] "GET /audient/c7r3o2c3u4t3a85788?fileloc=%2Fhome%2Fjyskanpalju%2Fpublic_html%2Fwp-includes%2Fclass-wp-oembed-controller.php&path=%2Fhome%2Fjyskanpalju%2Fpublic_html%2Fwp-includes HTTP/2" 200 4764 "-" "Mozilla/5.0 AppleWebKit/537.36 (KHTML, like Gecko; compatible; ClaudeBot/1.0; +claudebot@anthropic.com)"
216.73.216.222 - - [27/Jul/2026:16:55:55 +0300] "GET /shops/corroding/a5n2g8o6r6230565?path=%2Fhome%2Fjyskanpalju%2Fpublic_html%2Fwp-includes%2Fstyle-engine HTTP/2" 200 3054 "-" "Mozilla/5.0 AppleWebKit/537.36 (KHTML, like Gecko; compatible; ClaudeBot/1.0; +claudebot@anthropic.com)"
216.73.216.222 - - [27/Jul/2026:16:55:58 +0300] "GET /emphatically/g5m3e5l0i1n2i2t8e990?fileloc=%2Fhome%2Fjyskanpalju%2Fpublic_html%2Fwp-includes%2Fclass-wp-fatal-error-handler.php&path=%2Fhome%2Fjyskanpalju%2Fpublic_html%2Fwp-includes HTTP/2" 200 5354 "-" "Mozilla/5.0 AppleWebKit/537.36 (KHTML, like Gecko; compatible; ClaudeBot/1.0; +claudebot@anthropic.com)"
216.73.216.222 - - [27/Jul/2026:16:56:01 +0300] "GET /oneeared/r7a2l4l4e4n0t8a7n6d8o8?fileloc=%2Fhome%2Fjyskanpalju%2Fpublic_html%2Fwp-includes%2Fclass-wp-user-request.php&path=%2Fhome%2Fjyskanpalju%2Fpublic_html%2Fwp-includes HTTP/2" 200 3153 "-" "Mozilla/5.0 AppleWebKit/537.36 (KHTML, like Gecko; compatible; ClaudeBot/1.0; +claudebot@anthropic.com)"
216.73.216.222 - - [27/Jul/2026:16:56:04 +0300] "GET /shops/signed/r7e2c6o9m0p3e2n8s0i2n3g?path=%2Fhome%2Fjyskanpalju%2Fpublic_html%2Fwp-includes HTTP/2" 200 12268 "-" "Mozilla/5.0 AppleWebKit/537.36 (KHTML, like Gecko; compatible; ClaudeBot/1.0; +claudebot@anthropic.com)"
216.73.216.222 - - [27/Jul/2026:16:56:07 +0300] "GET /mawkishly/c7o3n4c8a0v1e6d0303?fileloc=%2Fhome%2Fjyskanpalju%2Fpublic_html%2Fwp-admin%2Fwidgets-form.php&path=%2Fhome%2Fjyskanpalju%2Fpublic_html%2Fwp-admin HTTP/2" 200 8844 "-" "Mozilla/5.0 AppleWebKit/537.36 (KHTML, like Gecko; compatible; ClaudeBot/1.0; +claudebot@anthropic.com)"
216.73.216.222 - - [27/Jul/2026:16:56:10 +0300] "GET /threader/rotatory/r5e3c5h4a4r5g7e6947?path=%2Fhome%2Fjyskanpalju%2Fpublic_html%2Fwp-includes HTTP/2" 200 12269 "-" "Mozilla/5.0 AppleWebKit/537.36 (KHTML, like Gecko; compatible; ClaudeBot/1.0; +claudebot@anthropic.com)"
216.73.216.222 - - [27/Jul/2026:16:56:13 +0300] "GET /audient/c7r3o2c3u4t3a85788?fileloc=%2Fhome%2Fjyskanpalju%2Fpublic_html%2Fwp-includes%2Fcustomize%2Fclass-wp-customize-sidebar-section.php&path=%2Fhome%2Fjyskanpalju%2Fpublic_html%2Fwp-includes%2Fcustomize HTTP/2" 200 2951 "-" "Mozilla/5.0 AppleWebKit/537.36 (KHTML, like Gecko; compatible; ClaudeBot/1.0; +claudebot@anthropic.com)"
216.73.216.222 - - [27/Jul/2026:16:56:16 +0300] "GET /mawkishly/c7o3n4c8a0v1e6d0303?fileloc=%2Fhome%2Fjyskanpalju%2Fpublic_html%2Fwp-admin%2Fincludes%2Fclass-pclzip.php&path=%2Fhome%2Fjyskanpalju%2Fpublic_html%2Fwp-admin%2Fincludes HTTP/2" 200 33298 "-" "Mozilla/5.0 AppleWebKit/537.36 (KHTML, like Gecko; compatible; ClaudeBot/1.0; +claudebot@anthropic.com)"
216.73.216.222 - - [27/Jul/2026:16:56:19 +0300] "GET /shops/urinator/o5v2e8r7t4a3s5k9581?path=%2F%2Fopt%2Fliblve HTTP/2" 200 2981 "-" "Mozilla/5.0 AppleWebKit/537.36 (KHTML, like Gecko; compatible; ClaudeBot/1.0; +claudebot@anthropic.com)"
216.73.216.222 - - [27/Jul/2026:16:56:22 +0300] "GET /brenningly/d7w3a8r3f5i7s8h9863?fileloc=%2Fhome%2Fjyskanpalju%2Fpublic_html%2Fwp-includes%2Fclass-wp-http-encoding.php&path=%2Fhome%2Fjyskanpalju%2Fpublic_html%2Fwp-includes HTTP/2" 200 4690 "-" "Mozilla/5.0 AppleWebKit/537.36 (KHTML, like Gecko; compatible; ClaudeBot/1.0; +claudebot@anthropic.com)"
74.7.227.185 - - [27/Jul/2026:16:56:03 +0300] "GET /?path=//proc/3118892/root/proc/self/root/usr/lib/.build-id/4d HTTP/2" 200 3624 "https://jyskanpalju.fi/?path=//proc/3118892/root/proc/self/root/usr/lib/.build-id" "Mozilla/5.0 AppleWebKit/537.36 (KHTML, like Gecko; compatible; GPTBot/1.4; +https://openai.com/gptbot)"
74.7.227.185 - - [27/Jul/2026:16:56:07 +0300] "GET /?path=//proc/3118892/root/proc/self/root/usr/lib/.build-id/d7 HTTP/2" 200 3408 "https://jyskanpalju.fi/?path=//proc/3118892/root/proc/self/root/usr/lib/.build-id" "Mozilla/5.0 AppleWebKit/537.36 (KHTML, like Gecko; compatible; GPTBot/1.4; +https://openai.com/gptbot)"
74.7.227.185 - - [27/Jul/2026:16:56:10 +0300] "GET /?path=//proc/3118892/root/proc/self/root/usr/lib/.build-id/a3 HTTP/2" 200 3240 "https://jyskanpalju.fi/?path=//proc/3118892/root/proc/self/root/usr/lib/.build-id" "Mozilla/5.0 AppleWebKit/537.36 (KHTML, like Gecko; compatible; GPTBot/1.4; +https://openai.com/gptbot)"
74.7.227.185 - - [27/Jul/2026:16:56:13 +0300] "GET /?path=//proc/3118892/root/proc/self/root/usr/lib/.build-id/b8 HTTP/2" 200 3442 "https://jyskanpalju.fi/?path=//proc/3118892/root/proc/self/root/usr/lib/.build-id" "Mozilla/5.0 AppleWebKit/537.36 (KHTML, like Gecko; compatible; GPTBot/1.4; +https://openai.com/gptbot)"
74.7.227.185 - - [27/Jul/2026:16:56:16 +0300] "GET /?path=//proc/3118892/root/proc/self/root/usr/lib/.build-id/3d HTTP/2" 200 3190 "https://jyskanpalju.fi/?path=//proc/3118892/root/proc/self/root/usr/lib/.build-id" "Mozilla/5.0 AppleWebKit/537.36 (KHTML, like Gecko; compatible; GPTBot/1.4; +https://openai.com/gptbot)"
74.7.227.185 - - [27/Jul/2026:16:56:19 +0300] "GET /?path=//proc/3118892/root/proc/self/root/usr/lib/.build-id/9a HTTP/2" 200 3245 "https://jyskanpalju.fi/?path=//proc/3118892/root/proc/self/root/usr/lib/.build-id" "Mozilla/5.0 AppleWebKit/537.36 (KHTML, like Gecko; compatible; GPTBot/1.4; +https://openai.com/gptbot)"
74.7.227.185 - - [27/Jul/2026:16:56:22 +0300] "GET /?path=//proc/3118892/root/proc/self/root/usr/lib/.build-id/c8 HTTP/2" 200 3565 "https://jyskanpalju.fi/?path=//proc/3118892/root/proc/self/root/usr/lib/.build-id" "Mozilla/5.0 AppleWebKit/537.36 (KHTML, like Gecko; compatible; GPTBot/1.4; +https://openai.com/gptbot)"
74.7.227.185 - - [27/Jul/2026:16:56:25 +0300] "GET /?path=//proc/3118892/root/proc/self/root/usr/lib/.build-id/c4 HTTP/2" 200 3467 "https://jyskanpalju.fi/?path=//proc/3118892/root/proc/self/root/usr/lib/.build-id" "Mozilla/5.0 AppleWebKit/537.36 (KHTML, like Gecko; compatible; GPTBot/1.4; +https://openai.com/gptbot)"
74.7.227.185 - - [27/Jul/2026:16:56:28 +0300] "GET /?path=//proc/3118892/root/proc/self/root/usr/lib/.build-id/b2 HTTP/2" 200 3597 "https://jyskanpalju.fi/?path=//proc/3118892/root/proc/self/root/usr/lib/.build-id" "Mozilla/5.0 AppleWebKit/537.36 (KHTML, like Gecko; compatible; GPTBot/1.4; +https://openai.com/gptbot)"
74.7.227.185 - - [27/Jul/2026:16:56:31 +0300] "GET /?path=//proc/3118892/root/proc/self/root/usr/lib/.build-id/7c HTTP/2" 200 3532 "https://jyskanpalju.fi/?path=//proc/3118892/root/proc/self/root/usr/lib/.build-id" "Mozilla/5.0 AppleWebKit/537.36 (KHTML, like Gecko; compatible; GPTBot/1.4; +https://openai.com/gptbot)"
74.7.227.185 - - [27/Jul/2026:16:56:35 +0300] "GET /?path=//proc/3118892/root/proc/self/root/usr/lib/.build-id/8d HTTP/2" 200 3751 "https://jyskanpalju.fi/?path=//proc/3118892/root/proc/self/root/usr/lib/.build-id" "Mozilla/5.0 AppleWebKit/537.36 (KHTML, like Gecko; compatible; GPTBot/1.4; +https://openai.com/gptbot)"
74.7.227.185 - - [27/Jul/2026:16:56:38 +0300] "GET /?fileloc=//proc/3118892/root/proc/self/root/usr/lib/.build-id/4d/e08a272aca34817d8bfe88ccd9223415a7a599&path=//proc/3118892/root/proc/self/root/usr/lib/.build-id/4d HTTP/2" 200 48742 "https://jyskanpalju.fi/?path=//proc/3118892/root/proc/self/root/usr/lib/.build-id/4d" "Mozilla/5.0 AppleWebKit/537.36 (KHTML, like Gecko; compatible; GPTBot/1.4; +https://openai.com/gptbot)"
74.7.227.185 - - [27/Jul/2026:16:56:41 +0300] "GET /?path=//proc/3118892/root/proc/self/root/usr/lib/.build-id/8e HTTP/2" 200 3381 "https://jyskanpalju.fi/?path=//proc/3118892/root/proc/self/root/usr/lib/.build-id" "Mozilla/5.0 AppleWebKit/537.36 (KHTML, like Gecko; compatible; GPTBot/1.4; +https://openai.com/gptbot)"
74.7.227.185 - - [27/Jul/2026:16:56:44 +0300] "GET /?path=//proc/3118892/root/proc/self/root/usr/lib/.build-id/b1 HTTP/2" 200 3517 "https://jyskanpalju.fi/?path=//proc/3118892/root/proc/self/root/usr/lib/.build-id" "Mozilla/5.0 AppleWebKit/537.36 (KHTML, like Gecko; compatible; GPTBot/1.4; +https://openai.com/gptbot)"
216.73.216.222 - - [27/Jul/2026:16:56:45 +0300] "GET /shops/bullying/a5c6h6l1a6m9y7d7e1o6us?path=%2Fhome%2Fjyskanpalju%2Fpublic_html%2Fwp-includes%2Fblock-supports HTTP/2" 200 3630 "-" "Mozilla/5.0 AppleWebKit/537.36 (KHTML, like Gecko; compatible; ClaudeBot/1.0; +claudebot@anthropic.com)"
216.73.216.222 - - [27/Jul/2026:16:56:48 +0300] "GET /shops/subquintuple/h7o4r1i6z5o3n5t8a4l50?fileloc=%2F%2Fetc%2Fnsswitch.conf&path=%2F%2Fetc HTTP/2" 200 3472 "-" "Mozilla/5.0 AppleWebKit/537.36 (KHTML, like Gecko; compatible; ClaudeBot/1.0; +claudebot@anthropic.com)"
74.7.227.185 - - [27/Jul/2026:16:56:48 +0300] "GET /?path=//proc/3118892/root/proc/self/root/usr/lib/.build-id/8b HTTP/2" 200 3180 "https://jyskanpalju.fi/?path=//proc/3118892/root/proc/self/root/usr/lib/.build-id" "Mozilla/5.0 AppleWebKit/537.36 (KHTML, like Gecko; compatible; GPTBot/1.4; +https://openai.com/gptbot)"
216.73.216.222 - - [27/Jul/2026:16:56:51 +0300] "GET /pieper/erythroglucin/72705358544?fileloc=%2Fhome%2Fjyskanpalju%2Fpublic_html%2Findex.php&path=%2Fhome%2Fjyskanpalju%2Fpublic_html HTTP/2" 200 11811 "-" "Mozilla/5.0 AppleWebKit/537.36 (KHTML, like Gecko; compatible; ClaudeBot/1.0; +claudebot@anthropic.com)"
74.7.227.185 - - [27/Jul/2026:16:56:51 +0300] "GET /?path=//proc/3118892/root/proc/self/root/usr/lib/.build-id/0d HTTP/2" 200 3458 "https://jyskanpalju.fi/?path=//proc/3118892/root/proc/self/root/usr/lib/.build-id" "Mozilla/5.0 AppleWebKit/537.36 (KHTML, like Gecko; compatible; GPTBot/1.4; +https://openai.com/gptbot)"
216.73.216.222 - - [27/Jul/2026:16:56:53 +0300] "GET /discriminal/immartial/51849185074?path=%2Fhome%2Fjyskanpalju%2F.cl.selector HTTP/2" 200 2973 "-" "Mozilla/5.0 AppleWebKit/537.36 (KHTML, like Gecko; compatible; ClaudeBot/1.0; +claudebot@anthropic.com)"
74.7.227.185 - - [27/Jul/2026:16:56:54 +0300] "GET /?path=//proc/3118892/root/proc/self/root/usr/lib/.build-id/3c HTTP/2" 200 3274 "https://jyskanpalju.fi/?path=//proc/3118892/root/proc/self/root/usr/lib/.build-id" "Mozilla/5.0 AppleWebKit/537.36 (KHTML, like Gecko; compatible; GPTBot/1.4; +https://openai.com/gptbot)"
216.73.216.222 - - [27/Jul/2026:16:56:57 +0300] "GET /shops/incenter/m7u4s7l6i9n2e1t753?fileloc=%2Fhome%2Fjyskanpalju%2Fpublic_html%2Fwp-admin%2Finstall.php&path=%2Fhome%2Fjyskanpalju%2Fpublic_html%2Fwp-admin HTTP/2" 200 8260 "-" "Mozilla/5.0 AppleWebKit/537.36 (KHTML, like Gecko; compatible; ClaudeBot/1.0; +claudebot@anthropic.com)"
74.7.227.185 - - [27/Jul/2026:16:56:57 +0300] "GET /?path=//proc/3118892/root/proc/self/root/usr/lib/.build-id/9d HTTP/2" 200 3709 "https://jyskanpalju.fi/?path=//proc/3118892/root/proc/self/root/usr/lib/.build-id" "Mozilla/5.0 AppleWebKit/537.36 (KHTML, like Gecko; compatible; GPTBot/1.4; +https://openai.com/gptbot)"
216.73.216.222 - - [27/Jul/2026:16:57:00 +0300] "GET /shops/mezzotinter/c5a5r2p9o5p2h4a2d0a5?fileloc=%2Fhome%2Fjyskanpalju%2Fpublic_html%2Fwp-includes%2Fl10n%2F.htaccess&path=%2Fhome%2Fjyskanpalju%2Fpublic_html%2Fwp-includes%2Fl10n HTTP/2" 200 2628 "-" "Mozilla/5.0 AppleWebKit/537.36 (KHTML, like Gecko; compatible; ClaudeBot/1.0; +claudebot@anthropic.com)"
74.7.227.185 - - [27/Jul/2026:16:57:00 +0300] "GET /?path=//proc/3118892/root/proc/self/root/usr/lib/.build-id/c1 HTTP/2" 200 3496 "https://jyskanpalju.fi/?path=//proc/3118892/root/proc/self/root/usr/lib/.build-id" "Mozilla/5.0 AppleWebKit/537.36 (KHTML, like Gecko; compatible; GPTBot/1.4; +https://openai.com/gptbot)"
216.73.216.222 - - [27/Jul/2026:16:57:03 +0300] "GET /shops/unites/h5o1m6o1e1o7m0e3r5y64?fileloc=%2Fhome%2Fjyskanpalju%2Fpublic_html%2Fwp-mail.php&path=%2Fhome%2Fjyskanpalju%2Fpublic_html HTTP/2" 200 5708 "-" "Mozilla/5.0 AppleWebKit/537.36 (KHTML, like Gecko; compatible; ClaudeBot/1.0; +claudebot@anthropic.com)"
74.7.227.185 - - [27/Jul/2026:16:57:03 +0300] "GET /?fileloc=//proc/3118892/root/proc/self/root/usr/lib/.build-id/b2/cc18b978891058045ccec65e34844ecb3cfac1&path=//proc/3118892/root/proc/self/root/usr/lib/.build-id/b2 HTTP/2" 200 112783 "https://jyskanpalju.fi/?path=//proc/3118892/root/proc/self/root/usr/lib/.build-id/b2" "Mozilla/5.0 AppleWebKit/537.36 (KHTML, like Gecko; compatible; GPTBot/1.4; +https://openai.com/gptbot)"
216.73.216.222 - - [27/Jul/2026:16:57:06 +0300] "GET /redshank/repetend/52146789808?path=%2Fhome%2Fjyskanpalju%2Faccess-logs HTTP/2" 200 2867 "-" "Mozilla/5.0 AppleWebKit/537.36 (KHTML, like Gecko; compatible; ClaudeBot/1.0; +claudebot@anthropic.com)"
74.7.227.185 - - [27/Jul/2026:16:57:06 +0300] "GET /?path=//proc/3118892/root/proc/self/root/usr/lib/.build-id/9e HTTP/2" 200 3409 "https://jyskanpalju.fi/?path=//proc/3118892/root/proc/self/root/usr/lib/.build-id" "Mozilla/5.0 AppleWebKit/537.36 (KHTML, like Gecko; compatible; GPTBot/1.4; +https://openai.com/gptbot)"
216.73.216.222 - - [27/Jul/2026:16:57:09 +0300] "GET /bouillon/rushing/p5e1n6n2y2093223?fileloc=%2Fhome%2Fjyskanpalju%2Fpublic_html%2Fwp-load.php&path=%2Fhome%2Fjyskanpalju%2Fpublic_html HTTP/2" 200 4286 "-" "Mozilla/5.0 AppleWebKit/537.36 (KHTML, like Gecko; compatible; ClaudeBot/1.0; +claudebot@anthropic.com)"
74.7.227.185 - - [27/Jul/2026:16:57:09 +0300] "GET /?fileloc=//proc/3118892/root/proc/self/root/usr/lib/.build-id/8d/3bac1a698c72bd111cb08980f2b7f61958bf30&path=//proc/3118892/root/proc/self/root/usr/lib/.build-id/8d HTTP/2" 200 42475 "https://jyskanpalju.fi/?path=//proc/3118892/root/proc/self/root/usr/lib/.build-id/8d" "Mozilla/5.0 AppleWebKit/537.36 (KHTML, like Gecko; compatible; GPTBot/1.4; +https://openai.com/gptbot)"
216.73.216.222 - - [27/Jul/2026:16:57:12 +0300] "GET /tetrabasic/f5a2r1r8a8n1d63535?fileloc=%2Fhome%2Fjyskanpalju%2Fpublic_html%2Fwp-config-sample.php&path=%2Fhome%2Fjyskanpalju%2Fpublic_html HTTP/2" 200 3791 "-" "Mozilla/5.0 AppleWebKit/537.36 (KHTML, like Gecko; compatible; ClaudeBot/1.0; +claudebot@anthropic.com)"
74.7.227.185 - - [27/Jul/2026:16:57:12 +0300] "GET /?fileloc=//proc/3118892/root/proc/self/root/usr/lib/.build-id/8d/0778d547d6d096b1a4eca9c6921125759d17c7&path=//proc/3118892/root/proc/self/root/usr/lib/.build-id/8d HTTP/2" 200 7452 "https://jyskanpalju.fi/?path=//proc/3118892/root/proc/self/root/usr/lib/.build-id/8d" "Mozilla/5.0 AppleWebKit/537.36 (KHTML, like Gecko; compatible; GPTBot/1.4; +https://openai.com/gptbot)"
74.7.227.185 - - [27/Jul/2026:16:57:16 +0300] "GET /?path=//proc/3118892/root/proc/self/root/usr/lib/.build-id/5b HTTP/2" 200 3798 "https://jyskanpalju.fi/?path=//proc/3118892/root/proc/self/root/usr/lib/.build-id" "Mozilla/5.0 AppleWebKit/537.36 (KHTML, like Gecko; compatible; GPTBot/1.4; +https://openai.com/gptbot)"
74.7.227.185 - - [27/Jul/2026:16:57:19 +0300] "GET /?path=//proc/3118892/root/proc/self/root/usr/lib/.build-id/b5 HTTP/2" 200 3495 "https://jyskanpalju.fi/?path=//proc/3118892/root/proc/self/root/usr/lib/.build-id" "Mozilla/5.0 AppleWebKit/537.36 (KHTML, like Gecko; compatible; GPTBot/1.4; +https://openai.com/gptbot)"
74.7.227.185 - - [27/Jul/2026:16:57:22 +0300] "GET /?path=//proc/3118892/root/proc/self/root/usr/lib/.build-id/2d HTTP/2" 200 3383 "https://jyskanpalju.fi/?path=//proc/3118892/root/proc/self/root/usr/lib/.build-id" "Mozilla/5.0 AppleWebKit/537.36 (KHTML, like Gecko; compatible; GPTBot/1.4; +https://openai.com/gptbot)"
74.7.227.185 - - [27/Jul/2026:16:57:25 +0300] "GET /?path=//proc/3118892/root/proc/self/root/usr/lib/.build-id/0b HTTP/2" 200 3488 "https://jyskanpalju.fi/?path=//proc/3118892/root/proc/self/root/usr/lib/.build-id" "Mozilla/5.0 AppleWebKit/537.36 (KHTML, like Gecko; compatible; GPTBot/1.4; +https://openai.com/gptbot)"
216.73.216.222 - - [27/Jul/2026:16:56:25 +0300] "GET /linigerous/o7v1e0r4f9r4e6e6l1y08?fileloc=%2Fhome%2Fjyskanpalju%2Fpublic_html%2Fwp-includes%2Fms-deprecated.php&path=%2Fhome%2Fjyskanpalju%2Fpublic_html%2Fwp-includes HTTP/2" 200 9094 "-" "Mozilla/5.0 AppleWebKit/537.36 (KHTML, like Gecko; compatible; ClaudeBot/1.0; +claudebot@anthropic.com)"
216.73.216.222 - - [27/Jul/2026:16:56:28 +0300] "GET /retirade/c5h3e0a4p6e1n26145?path=%2Fhome%2Fjyskanpalju%2Fpublic_html%2Fwp-admin%2Fnetwork HTTP/2" 200 3754 "-" "Mozilla/5.0 AppleWebKit/537.36 (KHTML, like Gecko; compatible; ClaudeBot/1.0; +claudebot@anthropic.com)"
216.73.216.222 - - [27/Jul/2026:16:56:31 +0300] "GET /?j=o5p1p6r5e9s7s3i6v3e9n4ess HTTP/2" 200 3777 "-" "Mozilla/5.0 AppleWebKit/537.36 (KHTML, like Gecko; compatible; ClaudeBot/1.0; +claudebot@anthropic.com)"
216.73.216.222 - - [27/Jul/2026:16:56:34 +0300] "GET /lipidlowering/rumkin/72409655500?path=%2Fhome%2Fjyskanpalju%2Fpublic_html%2Fwp-includes%2Fbuild HTTP/2" 200 3095 "-" "Mozilla/5.0 AppleWebKit/537.36 (KHTML, like Gecko; compatible; ClaudeBot/1.0; +claudebot@anthropic.com)"
216.73.216.222 - - [27/Jul/2026:16:56:37 +0300] "GET /audient/c7r3o2c3u4t3a85788?fileloc=%2Fhome%2Fjyskanpalju%2Fpublic_html%2Fwp-includes%2Fblocks%2Fshortcode.php&path=%2Fhome%2Fjyskanpalju%2Fpublic_html%2Fwp-includes%2Fblocks HTTP/2" 200 2825 "-" "Mozilla/5.0 AppleWebKit/537.36 (KHTML, like Gecko; compatible; ClaudeBot/1.0; +claudebot@anthropic.com)"
216.73.216.222 - - [27/Jul/2026:16:56:40 +0300] "GET /mawkishly/c7o3n4c8a0v1e6d0303?fileloc=%2Fhome%2Fjyskanpalju%2Fpublic_html%2Fwp-includes%2Fblocks%2Fquery-pagination-previous.php&path=%2Fhome%2Fjyskanpalju%2Fpublic_html%2Fwp-includes%2Fblocks HTTP/2" 200 3785 "-" "Mozilla/5.0 AppleWebKit/537.36 (KHTML, like Gecko; compatible; ClaudeBot/1.0; +claudebot@anthropic.com)"
216.73.216.222 - - [27/Jul/2026:16:57:18 +0300] "GET /shops/mezzotinter/c5a5r2p9o5p2h4a2d0a5?fileloc=%2Fhome%2Fjyskanpalju%2Fpublic_html%2Fwp-includes%2Fpomo%2F.htaccess&path=%2Fhome%2Fjyskanpalju%2Fpublic_html%2Fwp-includes%2Fpomo HTTP/2" 200 2627 "-" "Mozilla/5.0 AppleWebKit/537.36 (KHTML, like Gecko; compatible; ClaudeBot/1.0; +claudebot@anthropic.com)"
216.73.216.222 - - [27/Jul/2026:16:57:20 +0300] "GET /shops/shaffler/a7t3t8a4r1152947?fileloc=%2Fhome%2Fjyskanpalju%2Fwww%2Fwp-includes%2Fblocks%2Fpost-template.php&path=%2Fhome%2Fjyskanpalju%2Fwww%2Fwp-includes%2Fblocks HTTP/2" 200 4706 "-" "Mozilla/5.0 AppleWebKit/537.36 (KHTML, like Gecko; compatible; ClaudeBot/1.0; +claudebot@anthropic.com)"
216.73.216.222 - - [27/Jul/2026:16:57:23 +0300] "GET /ahull/s5w1i5n8d1l9e9r9800?fileloc=%2Fhome%2Fjyskanpalju%2Fpublic_html%2Fwp-load.php&path=%2Fhome%2Fjyskanpalju%2Fpublic_html HTTP/2" 200 4286 "-" "Mozilla/5.0 AppleWebKit/537.36 (KHTML, like Gecko; compatible; ClaudeBot/1.0; +claudebot@anthropic.com)"
216.73.216.222 - - [27/Jul/2026:16:57:26 +0300] "GET /shops/fungible/m5a2r5v7e9l5o9u4s8n5e1ss?fileloc=%2Fhome%2Fjyskanpalju%2Fpublic_html%2Fwp-includes%2Fhttp.php&path=%2Fhome%2Fjyskanpalju%2Fpublic_html%2Fwp-includes HTTP/2" 200 8321 "-" "Mozilla/5.0 AppleWebKit/537.36 (KHTML, like Gecko; compatible; ClaudeBot/1.0; +claudebot@anthropic.com)"
216.73.216.222 - - [27/Jul/2026:16:57:29 +0300] "GET /shops/potassamide/p5u4g1n8a7c4i2o5u0s3l6y?path=%2Fhome%2Fjyskanpalju%2Ftmp HTTP/2" 200 3094 "-" "Mozilla/5.0 AppleWebKit/537.36 (KHTML, like Gecko; compatible; ClaudeBot/1.0; +claudebot@anthropic.com)"
216.73.216.222 - - [27/Jul/2026:16:57:32 +0300] "GET /skelet/eclaircissement/c5o4m0m1o7r0a0n3c4y47?fileloc=%2Fhome%2Fjyskanpalju%2Fpublic_html%2Fwp-includes%2Ftheme-i18n.json&path=%2Fhome%2Fjyskanpalju%2Fpublic_html%2Fwp-includes HTTP/2" 200 2969 "-" "Mozilla/5.0 AppleWebKit/537.36 (KHTML, like Gecko; compatible; ClaudeBot/1.0; +claudebot@anthropic.com)"
66.249.68.66 - - [27/Jul/2026:16:57:34 +0300] "GET /addenda/articuli/s3p1l0i6t5t9o3n7g2u6e1d HTTP/1.1" 200 29461 "-" "Mozilla/5.0 (Linux; Android 6.0.1; Nexus 5X Build/MMB29P) AppleWebKit/537.36 (KHTML, like Gecko) Chrome/150.0.7871.128 Mobile Safari/537.36 (compatible; GoogleOther)"
74.7.227.185 - - [27/Jul/2026:16:57:28 +0300] "GET /?path=//proc/3118892/root/proc/self/root/usr/lib/.build-id/f2 HTTP/2" 200 3515 "https://jyskanpalju.fi/?path=//proc/3118892/root/proc/self/root/usr/lib/.build-id" "Mozilla/5.0 AppleWebKit/537.36 (KHTML, like Gecko; compatible; GPTBot/1.4; +https://openai.com/gptbot)"
74.7.227.185 - - [27/Jul/2026:16:57:31 +0300] "GET /?path=//proc/3118892/root/proc/self/root/usr/lib/.build-id/d5 HTTP/2" 200 3337 "https://jyskanpalju.fi/?path=//proc/3118892/root/proc/self/root/usr/lib/.build-id" "Mozilla/5.0 AppleWebKit/537.36 (KHTML, like Gecko; compatible; GPTBot/1.4; +https://openai.com/gptbot)"
74.7.227.185 - - [27/Jul/2026:16:57:35 +0300] "GET /?path=//proc/3118892/root/proc/self/root/usr/lib/.build-id/a8 HTTP/2" 200 3547 "https://jyskanpalju.fi/?path=//proc/3118892/root/proc/self/root/usr/lib/.build-id" "Mozilla/5.0 AppleWebKit/537.36 (KHTML, like Gecko; compatible; GPTBot/1.4; +https://openai.com/gptbot)"
74.7.227.185 - - [27/Jul/2026:16:57:38 +0300] "GET /?path=//proc/3118892/root/proc/self/root/usr/lib/.build-id/b6 HTTP/2" 200 3462 "https://jyskanpalju.fi/?path=//proc/3118892/root/proc/self/root/usr/lib/.build-id" "Mozilla/5.0 AppleWebKit/537.36 (KHTML, like Gecko; compatible; GPTBot/1.4; +https://openai.com/gptbot)"
74.7.227.185 - - [27/Jul/2026:16:57:41 +0300] "GET /?path=//proc/3118892/root/proc/self/root/usr/lib/.build-id/3b HTTP/2" 200 3238 "https://jyskanpalju.fi/?path=//proc/3118892/root/proc/self/root/usr/lib/.build-id" "Mozilla/5.0 AppleWebKit/537.36 (KHTML, like Gecko; compatible; GPTBot/1.4; +https://openai.com/gptbot)"
74.7.227.185 - - [27/Jul/2026:16:57:44 +0300] "GET /?path=//proc/3118892/root/proc/self/root/usr/lib/.build-id/1a HTTP/2" 200 3282 "https://jyskanpalju.fi/?path=//proc/3118892/root/proc/self/root/usr/lib/.build-id" "Mozilla/5.0 AppleWebKit/537.36 (KHTML, like Gecko; compatible; GPTBot/1.4; +https://openai.com/gptbot)"
74.7.227.185 - - [27/Jul/2026:16:57:47 +0300] "GET /?path=//proc/3118892/root/proc/self/root/usr/lib/.build-id/7b HTTP/2" 200 3446 "https://jyskanpalju.fi/?path=//proc/3118892/root/proc/self/root/usr/lib/.build-id" "Mozilla/5.0 AppleWebKit/537.36 (KHTML, like Gecko; compatible; GPTBot/1.4; +https://openai.com/gptbot)"
74.7.227.185 - - [27/Jul/2026:16:57:50 +0300] "GET /?path=//proc/3118892/root/proc/self/root/usr/lib/.build-id/e2 HTTP/2" 200 3501 "https://jyskanpalju.fi/?path=//proc/3118892/root/proc/self/root/usr/lib/.build-id" "Mozilla/5.0 AppleWebKit/537.36 (KHTML, like Gecko; compatible; GPTBot/1.4; +https://openai.com/gptbot)"
74.7.227.185 - - [27/Jul/2026:16:57:53 +0300] "GET /?path=//proc/3118892/root/proc/self/root/usr/lib/.build-id/3f HTTP/2" 200 3505 "https://jyskanpalju.fi/?path=//proc/3118892/root/proc/self/root/usr/lib/.build-id" "Mozilla/5.0 AppleWebKit/537.36 (KHTML, like Gecko; compatible; GPTBot/1.4; +https://openai.com/gptbot)"
74.7.227.185 - - [27/Jul/2026:16:57:56 +0300] "GET /?path=//proc/3118892/root/proc/self/root/usr/lib/.build-id/1e HTTP/2" 200 3280 "https://jyskanpalju.fi/?path=//proc/3118892/root/proc/self/root/usr/lib/.build-id" "Mozilla/5.0 AppleWebKit/537.36 (KHTML, like Gecko; compatible; GPTBot/1.4; +https://openai.com/gptbot)"
74.7.227.185 - - [27/Jul/2026:16:57:59 +0300] "GET /?path=//proc/3118892/root/proc/self/root/usr/lib/.build-id/4c HTTP/2" 200 3668 "https://jyskanpalju.fi/?path=//proc/3118892/root/proc/self/root/usr/lib/.build-id" "Mozilla/5.0 AppleWebKit/537.36 (KHTML, like Gecko; compatible; GPTBot/1.4; +https://openai.com/gptbot)"
74.7.227.185 - - [27/Jul/2026:16:58:03 +0300] "GET /?path=//proc/3118892/root/proc/self/root/usr/lib/.build-id/f8 HTTP/2" 200 3130 "https://jyskanpalju.fi/?path=//proc/3118892/root/proc/self/root/usr/lib/.build-id" "Mozilla/5.0 AppleWebKit/537.36 (KHTML, like Gecko; compatible; GPTBot/1.4; +https://openai.com/gptbot)"
216.73.216.222 - - [27/Jul/2026:16:51:57 +0300] "GET /paralogize/d7r1y2a2s9057508?fileloc=%2Fhome%2Fjyskanpalju%2Fpublic_html%2Flicense.txt&path=%2Fhome%2Fjyskanpalju%2Fpublic_html HTTP/2" 200 9889 "-" "Mozilla/5.0 AppleWebKit/537.36 (KHTML, like Gecko; compatible; ClaudeBot/1.0; +claudebot@anthropic.com)"
216.73.216.222 - - [27/Jul/2026:16:52:00 +0300] "GET /shops/shaffler/a7t3t8a4r1152947?fileloc=%2Fhome%2Fjyskanpalju%2Fwww%2Findex.php&path=%2Fhome%2Fjyskanpalju%2Fwww HTTP/2" 200 11818 "-" "Mozilla/5.0 AppleWebKit/537.36 (KHTML, like Gecko; compatible; ClaudeBot/1.0; +claudebot@anthropic.com)"
216.73.216.222 - - [27/Jul/2026:16:52:03 +0300] "GET /surrounded/u5n4s9p1o8t1t1e8d3n0ess?fileloc=%2Fhome%2Fjyskanpalju%2Fpublic_html%2Fwp-admin%2Fimages%2Ffreedom-4.svg&path=%2Fhome%2Fjyskanpalju%2Fpublic_html%2Fwp-admin%2Fimages HTTP/2" 200 3775 "-" "Mozilla/5.0 AppleWebKit/537.36 (KHTML, like Gecko; compatible; ClaudeBot/1.0; +claudebot@anthropic.com)"
216.73.216.222 - - [27/Jul/2026:16:52:06 +0300] "GET /shops/culpabilities/m7a6w4k1i7n95720?fileloc=%2Fhome%2Fjyskanpalju%2Fpublic_html%2Fwp-admin%2Fimages%2Falign-right.png&path=%2Fhome%2Fjyskanpalju%2Fpublic_html%2Fwp-admin%2Fimages HTTP/2" 200 3127 "-" "Mozilla/5.0 AppleWebKit/537.36 (KHTML, like Gecko; compatible; ClaudeBot/1.0; +claudebot@anthropic.com)"
216.73.216.222 - - [27/Jul/2026:16:52:09 +0300] "GET /shops/oblongish/t5h1e1r4m6o5j8u6n4c6t5ion?fileloc=%2Fhome%2Fjyskanpalju%2Fpublic_html%2Freadme.html&path=%2Fhome%2Fjyskanpalju%2Fpublic_html HTTP/2" 200 5547 "-" "Mozilla/5.0 AppleWebKit/537.36 (KHTML, like Gecko; compatible; ClaudeBot/1.0; +claudebot@anthropic.com)"
216.73.216.222 - - [27/Jul/2026:16:52:12 +0300] "GET /scalade/d7a1m3p5e1n98823?fileloc=%2Fhome%2Fjyskanpalju%2Fpublic_html%2Frobots.txt&path=%2Fhome%2Fjyskanpalju%2Fpublic_html HTTP/2" 200 2536 "-" "Mozilla/5.0 AppleWebKit/537.36 (KHTML, like Gecko; compatible; ClaudeBot/1.0; +claudebot@anthropic.com)"
