216.73.216.222 - - [27/Jul/2026:17:10:21 +0300] "GET /shops/clorox/i7n2t6e1r6n9a9l8414?fileloc=%2Fhome%2Fjyskanpalju%2Fpublic_html%2Fwp-admin%2Fnetwork%2Fplugins.php&path=%2Fhome%2Fjyskanpalju%2Fpublic_html%2Fwp-admin%2Fnetwork HTTP/2" 200 2666 "-" "Mozilla/5.0 AppleWebKit/537.36 (KHTML, like Gecko; compatible; ClaudeBot/1.0; +claudebot@anthropic.com)"
216.73.216.222 - - [27/Jul/2026:17:10:24 +0300] "GET /equirotal/desolately/52757724118?fileloc=%2F%2Flib64%2F.libhogweed.so.4.hmac&path=%2F%2Flib64 HTTP/2" 200 2542 "-" "Mozilla/5.0 AppleWebKit/537.36 (KHTML, like Gecko; compatible; ClaudeBot/1.0; +claudebot@anthropic.com)"
216.73.216.222 - - [27/Jul/2026:17:10:27 +0300] "GET /thyrotomy/relumed/53400691289?path=%2Fhome%2Fjyskanpalju%2Flscache HTTP/2" 200 2537 "-" "Mozilla/5.0 AppleWebKit/537.36 (KHTML, like Gecko; compatible; ClaudeBot/1.0; +claudebot@anthropic.com)"
216.73.216.222 - - [27/Jul/2026:17:10:30 +0300] "GET /equirotal/desolately/52757724118?fileloc=%2F%2Flib64%2Flibncurses++w.so&path=%2F%2Flib64 HTTP/2" 200 2484 "-" "Mozilla/5.0 AppleWebKit/537.36 (KHTML, like Gecko; compatible; ClaudeBot/1.0; +claudebot@anthropic.com)"
216.73.216.222 - - [27/Jul/2026:17:10:33 +0300] "GET /shops/ditheistic/e7d3e6n9t9a9l38954?fileloc=%2Fhome%2Fjyskanpalju%2Fpublic_html%2Fwp-includes%2Frewrite.php&path=%2Fhome%2Fjyskanpalju%2Fpublic_html%2Fwp-includes HTTP/2" 200 8714 "-" "Mozilla/5.0 AppleWebKit/537.36 (KHTML, like Gecko; compatible; ClaudeBot/1.0; +claudebot@anthropic.com)"
216.73.216.222 - - [27/Jul/2026:17:10:36 +0300] "GET /shops/tomtit/b7a8b2i0s4h42378?fileloc=%2Fhome%2Fjyskanpalju%2Fpublic_html%2Fwp-includes%2Foption.php&path=%2Fhome%2Fjyskanpalju%2Fpublic_html%2Fwp-includes HTTP/2" 200 22475 "-" "Mozilla/5.0 AppleWebKit/537.36 (KHTML, like Gecko; compatible; ClaudeBot/1.0; +claudebot@anthropic.com)"
216.73.216.222 - - [27/Jul/2026:17:10:39 +0300] "GET /morbus/crossbowman/f5a3c7e1r6e507034?fileloc=%2Fhome%2Fjyskanpalju%2Fpublic_html%2Fwp-admin%2Fcss%2F.htaccess&path=%2Fhome%2Fjyskanpalju%2Fpublic_html%2Fwp-admin%2Fcss HTTP/2" 200 2622 "-" "Mozilla/5.0 AppleWebKit/537.36 (KHTML, like Gecko; compatible; ClaudeBot/1.0; +claudebot@anthropic.com)"
216.73.216.222 - - [27/Jul/2026:17:10:42 +0300] "GET /surrounded/u5n4s9p1o8t1t1e8d3n0ess?fileloc=%2Fhome%2Fjyskanpalju%2Fpublic_html%2Fwp-includes%2Frest-api.php&path=%2Fhome%2Fjyskanpalju%2Fpublic_html%2Fwp-includes HTTP/2" 200 25468 "-" "Mozilla/5.0 AppleWebKit/537.36 (KHTML, like Gecko; compatible; ClaudeBot/1.0; +claudebot@anthropic.com)"
74.7.227.185 - - [27/Jul/2026:17:10:23 +0300] "GET /?path=//proc/3118892/root/proc/self/root/usr/lib/systemd/catalog HTTP/2" 200 3310 "https://jyskanpalju.fi/?path=//proc/3118892/root/proc/self/root/usr/lib/systemd" "Mozilla/5.0 AppleWebKit/537.36 (KHTML, like Gecko; compatible; GPTBot/1.4; +https://openai.com/gptbot)"
74.7.227.185 - - [27/Jul/2026:17:10:26 +0300] "GET /?path=//proc/3118892/root/proc/self/root/usr/lib/systemd/network HTTP/2" 200 2892 "https://jyskanpalju.fi/?path=//proc/3118892/root/proc/self/root/usr/lib/systemd" "Mozilla/5.0 AppleWebKit/537.36 (KHTML, like Gecko; compatible; GPTBot/1.4; +https://openai.com/gptbot)"
74.7.227.185 - - [27/Jul/2026:17:10:30 +0300] "GET /?path=//proc/3118892/root/proc/self/root/usr/lib/systemd/system-preset HTTP/2" 200 3174 "https://jyskanpalju.fi/?path=//proc/3118892/root/proc/self/root/usr/lib/systemd" "Mozilla/5.0 AppleWebKit/537.36 (KHTML, like Gecko; compatible; GPTBot/1.4; +https://openai.com/gptbot)"
74.7.227.185 - - [27/Jul/2026:17:10:33 +0300] "GET /?path=//proc/3118892/root/proc/self/root/usr/lib/debug/usr/sbin HTTP/2" 200 2623 "https://jyskanpalju.fi/?path=//proc/3118892/root/proc/self/root/usr/lib/debug/usr" "Mozilla/5.0 AppleWebKit/537.36 (KHTML, like Gecko; compatible; GPTBot/1.4; +https://openai.com/gptbot)"
74.7.227.185 - - [27/Jul/2026:17:10:36 +0300] "GET /?path=//proc/3118892/root/proc/self/root/etc/pki/dovecot/certs HTTP/2" 200 2883 "https://jyskanpalju.fi/?path=//proc/3118892/root/proc/self/root/etc/pki/dovecot" "Mozilla/5.0 AppleWebKit/537.36 (KHTML, like Gecko; compatible; GPTBot/1.4; +https://openai.com/gptbot)"
74.7.227.185 - - [27/Jul/2026:17:10:39 +0300] "GET /?path=//proc/3118892/root/proc/self/root/usr/lib/systemd/boot HTTP/2" 200 2856 "https://jyskanpalju.fi/?path=//proc/3118892/root/proc/self/root/usr/lib/systemd" "Mozilla/5.0 AppleWebKit/537.36 (KHTML, like Gecko; compatible; GPTBot/1.4; +https://openai.com/gptbot)"
74.7.227.185 - - [27/Jul/2026:17:10:42 +0300] "GET /?path=//proc/3118892/root/proc/self/root/usr/lib/dracut/modules.d HTTP/2" 200 4863 "https://jyskanpalju.fi/?path=//proc/3118892/root/proc/self/root/usr/lib/dracut" "Mozilla/5.0 AppleWebKit/537.36 (KHTML, like Gecko; compatible; GPTBot/1.4; +https://openai.com/gptbot)"
74.7.227.185 - - [27/Jul/2026:17:10:45 +0300] "GET /?path=//proc/3118892/root/proc/self/root/usr/lib/debug/usr/bin HTTP/2" 200 2619 "https://jyskanpalju.fi/?path=//proc/3118892/root/proc/self/root/usr/lib/debug/usr" "Mozilla/5.0 AppleWebKit/537.36 (KHTML, like Gecko; compatible; GPTBot/1.4; +https://openai.com/gptbot)"
74.7.227.185 - - [27/Jul/2026:17:10:48 +0300] "GET /?path=//proc/3118892/root/proc/self/root/usr/lib/debug/usr/.dwz HTTP/2" 200 2624 "https://jyskanpalju.fi/?path=//proc/3118892/root/proc/self/root/usr/lib/debug/usr" "Mozilla/5.0 AppleWebKit/537.36 (KHTML, like Gecko; compatible; GPTBot/1.4; +https://openai.com/gptbot)"
74.7.227.185 - - [27/Jul/2026:17:10:52 +0300] "GET /?path=//proc/3118892/root/proc/self/root/usr/lib/debug/.dwz HTTP/2" 200 2615 "https://jyskanpalju.fi/?path=//proc/3118892/root/proc/self/root/usr/lib/debug" "Mozilla/5.0 AppleWebKit/537.36 (KHTML, like Gecko; compatible; GPTBot/1.4; +https://openai.com/gptbot)"
74.7.227.185 - - [27/Jul/2026:17:10:55 +0300] "GET /?path=//proc/3118892/root/proc/self/root/usr/lib/kdump HTTP/2" 200 2982 "https://jyskanpalju.fi/?path=//proc/3118892/root/proc/self/root/usr/lib" "Mozilla/5.0 AppleWebKit/537.36 (KHTML, like Gecko; compatible; GPTBot/1.4; +https://openai.com/gptbot)"
74.7.227.185 - - [27/Jul/2026:17:10:58 +0300] "GET /?path=//proc/3118892/root/proc/self/root/usr/lib/modules HTTP/2" 200 2950 "https://jyskanpalju.fi/?path=//proc/3118892/root/proc/self/root/usr/lib" "Mozilla/5.0 AppleWebKit/537.36 (KHTML, like Gecko; compatible; GPTBot/1.4; +https://openai.com/gptbot)"
216.73.216.222 - - [27/Jul/2026:17:11:01 +0300] "GET /shops/lookover/s5e1m5i1d8o5u4b8l8e30?fileloc=%2F%2Flib64%2F.libssl.so.1.1.1k.hmac&path=%2F%2Flib64 HTTP/2" 200 2544 "-" "Mozilla/5.0 AppleWebKit/537.36 (KHTML, like Gecko; compatible; ClaudeBot/1.0; +claudebot@anthropic.com)"
74.7.227.185 - - [27/Jul/2026:17:11:01 +0300] "GET /?path=//proc/3118892/root/proc/self/root/var/run/screen HTTP/2" 200 2592 "https://jyskanpalju.fi/?path=//proc/3118892/root/proc/self/root/var/run" "Mozilla/5.0 AppleWebKit/537.36 (KHTML, like Gecko; compatible; GPTBot/1.4; +https://openai.com/gptbot)"
216.73.216.222 - - [27/Jul/2026:17:11:03 +0300] "GET /shops/guarantees/p7r2e9d4o4m4i8n6a9t8i2ng?fileloc=%2Fhome%2Fjyskanpalju%2Fpublic_html%2Fwp-includes%2Fgeneral-template.php&path=%2Fhome%2Fjyskanpalju%2Fpublic_html%2Fwp-includes HTTP/2" 200 44222 "-" "Mozilla/5.0 AppleWebKit/537.36 (KHTML, like Gecko; compatible; ClaudeBot/1.0; +claudebot@anthropic.com)"
74.7.227.185 - - [27/Jul/2026:17:11:04 +0300] "GET /?path=//proc/3118892/root/proc/self/root/usr/lib/kcare HTTP/2" 200 2938 "https://jyskanpalju.fi/?path=//proc/3118892/root/proc/self/root/usr/lib" "Mozilla/5.0 AppleWebKit/537.36 (KHTML, like Gecko; compatible; GPTBot/1.4; +https://openai.com/gptbot)"
216.73.216.222 - - [27/Jul/2026:17:11:06 +0300] "GET /shops/lookover/s5e1m5i1d8o5u4b8l8e30?fileloc=%2F%2Flib64%2Flibsqlite3.so.0&path=%2F%2Flib64 HTTP/2" 200 556812 "-" "Mozilla/5.0 AppleWebKit/537.36 (KHTML, like Gecko; compatible; ClaudeBot/1.0; +claudebot@anthropic.com)"
74.7.227.185 - - [27/Jul/2026:17:11:07 +0300] "GET /?path=//proc/3118892/root/proc/self/root/usr/lib/tuned HTTP/2" 200 3749 "https://jyskanpalju.fi/?path=//proc/3118892/root/proc/self/root/usr/lib" "Mozilla/5.0 AppleWebKit/537.36 (KHTML, like Gecko; compatible; GPTBot/1.4; +https://openai.com/gptbot)"
216.73.216.222 - - [27/Jul/2026:17:11:09 +0300] "GET /shops/crayon/m5e2l8a2n8c6h5o6l5i8l2y?fileloc=%2F%2Flib64%2Flibkeyutils.so.1&path=%2F%2Flib64 HTTP/2" 200 9057 "-" "Mozilla/5.0 AppleWebKit/537.36 (KHTML, like Gecko; compatible; ClaudeBot/1.0; +claudebot@anthropic.com)"
74.7.227.185 - - [27/Jul/2026:17:11:10 +0300] "GET /?path=//proc/3118892/root/proc/self/root/etc/pki/tls/misc HTTP/2" 200 2608 "https://jyskanpalju.fi/?path=//proc/3118892/root/proc/self/root/etc/pki/tls" "Mozilla/5.0 AppleWebKit/537.36 (KHTML, like Gecko; compatible; GPTBot/1.4; +https://openai.com/gptbot)"
216.73.216.222 - - [27/Jul/2026:17:11:12 +0300] "GET /surrounded/u5n4s9p1o8t1t1e8d3n0ess?fileloc=%2Fhome%2Fjyskanpalju%2Fpublic_html%2Fwp-includes%2Fclass-avif-info.php&path=%2Fhome%2Fjyskanpalju%2Fpublic_html%2Fwp-includes HTTP/2" 200 9060 "-" "Mozilla/5.0 AppleWebKit/537.36 (KHTML, like Gecko; compatible; ClaudeBot/1.0; +claudebot@anthropic.com)"
74.7.227.185 - - [27/Jul/2026:17:11:14 +0300] "GET /?path=//proc/3118892/root/proc/self/root/usr/lib/systemd/boot/efi HTTP/2" 200 2954 "https://jyskanpalju.fi/?path=//proc/3118892/root/proc/self/root/usr/lib/systemd/boot" "Mozilla/5.0 AppleWebKit/537.36 (KHTML, like Gecko; compatible; GPTBot/1.4; +https://openai.com/gptbot)"
216.73.216.222 - - [27/Jul/2026:17:11:15 +0300] "GET /shops/crayon/m5e2l8a2n8c6h5o6l5i8l2y?fileloc=%2F%2Flib64%2Flibslapi-2.4.so.2.10.9&path=%2F%2Flib64 HTTP/2" 200 51794 "-" "Mozilla/5.0 AppleWebKit/537.36 (KHTML, like Gecko; compatible; ClaudeBot/1.0; +claudebot@anthropic.com)"
74.7.227.185 - - [27/Jul/2026:17:11:17 +0300] "GET /?path=//proc/3118892/root/proc/self/root/usr/lib/dracut/modules.d/35network-manager HTTP/2" 200 3070 "https://jyskanpalju.fi/?path=//proc/3118892/root/proc/self/root/usr/lib/dracut/modules.d" "Mozilla/5.0 AppleWebKit/537.36 (KHTML, like Gecko; compatible; GPTBot/1.4; +https://openai.com/gptbot)"
216.73.216.222 - - [27/Jul/2026:17:11:18 +0300] "GET /lawyerlike/resetter/53741038597?fileloc=%2Fhome%2Fjyskanpalju%2Fpublic_html%2Fwp-includes%2Fclass-wp-term-query.php&path=%2Fhome%2Fjyskanpalju%2Fpublic_html%2Fwp-includes HTTP/2" 200 12288 "-" "Mozilla/5.0 AppleWebKit/537.36 (KHTML, like Gecko; compatible; ClaudeBot/1.0; +claudebot@anthropic.com)"
74.7.227.185 - - [27/Jul/2026:17:11:20 +0300] "GET /?path=//proc/3118892/root/proc/self/root/usr/lib/dracut/modules.d/90kernel-network-modules HTTP/2" 200 2925 "https://jyskanpalju.fi/?path=//proc/3118892/root/proc/self/root/usr/lib/dracut/modules.d" "Mozilla/5.0 AppleWebKit/537.36 (KHTML, like Gecko; compatible; GPTBot/1.4; +https://openai.com/gptbot)"
216.73.216.222 - - [27/Jul/2026:17:11:21 +0300] "GET /shops/gainfulness/i7n4g2e1m3i3n2a1t6e1d0?fileloc=%2Fhome%2Fjyskanpalju%2Fpublic_html%2Fwp-admin%2Ftheme-editor.php&path=%2Fhome%2Fjyskanpalju%2Fpublic_html%2Fwp-admin HTTP/2" 200 8487 "-" "Mozilla/5.0 AppleWebKit/537.36 (KHTML, like Gecko; compatible; ClaudeBot/1.0; +claudebot@anthropic.com)"
74.7.227.185 - - [27/Jul/2026:17:11:23 +0300] "GET /?path=//proc/3118892/root/proc/self/root/etc/pki/ca-trust HTTP/2" 200 3067 "https://jyskanpalju.fi/?path=//proc/3118892/root/proc/self/root/etc/pki" "Mozilla/5.0 AppleWebKit/537.36 (KHTML, like Gecko; compatible; GPTBot/1.4; +https://openai.com/gptbot)"
216.73.216.222 - - [27/Jul/2026:17:11:24 +0300] "GET /shops/diopsis/s7c3a9l2i2n0g25438?fileloc=%2Fhome%2Fjyskanpalju%2Fpublic_html%2Fwp-includes%2FID3%2Fmodule.audio-video.riff.php&path=%2Fhome%2Fjyskanpalju%2Fpublic_html%2Fwp-includes%2FID3 HTTP/2" 200 34961 "-" "Mozilla/5.0 AppleWebKit/537.36 (KHTML, like Gecko; compatible; ClaudeBot/1.0; +claudebot@anthropic.com)"
74.7.227.185 - - [27/Jul/2026:17:11:26 +0300] "GET /?path=//proc/3118892/root/proc/self/root/lib/rpm/macros.d HTTP/2" 200 3875 "https://jyskanpalju.fi/?path=//proc/3118892/root/proc/self/root/lib/rpm" "Mozilla/5.0 AppleWebKit/537.36 (KHTML, like Gecko; compatible; GPTBot/1.4; +https://openai.com/gptbot)"
216.73.216.222 - - [27/Jul/2026:17:11:27 +0300] "GET /shops/cynara/o5v9e2r9l8o1a1d6e1d0?fileloc=%2Fhome%2Fjyskanpalju%2Fpublic_html%2Fwp-admin%2Fedit.php&path=%2Fhome%2Fjyskanpalju%2Fpublic_html%2Fwp-admin HTTP/2" 200 8498 "-" "Mozilla/5.0 AppleWebKit/537.36 (KHTML, like Gecko; compatible; ClaudeBot/1.0; +claudebot@anthropic.com)"
74.7.227.185 - - [27/Jul/2026:17:11:29 +0300] "GET /?path=//proc/3118892/root/proc/self/root/usr/lib/systemd/system-sleep HTTP/2" 200 2607 "https://jyskanpalju.fi/?path=//proc/3118892/root/proc/self/root/usr/lib/systemd" "Mozilla/5.0 AppleWebKit/537.36 (KHTML, like Gecko; compatible; GPTBot/1.4; +https://openai.com/gptbot)"
216.73.216.222 - - [27/Jul/2026:17:11:30 +0300] "GET /shops/mycomelic/c7u3r5l3y1c8u4e9788?fileloc=%2Fhome%2Fjyskanpalju%2Fpublic_html%2Fwp-admin%2Fcomment.php&path=%2Fhome%2Fjyskanpalju%2Fpublic_html%2Fwp-admin HTTP/2" 200 6076 "-" "Mozilla/5.0 AppleWebKit/537.36 (KHTML, like Gecko; compatible; ClaudeBot/1.0; +claudebot@anthropic.com)"
74.7.227.185 - - [27/Jul/2026:17:11:33 +0300] "GET /?path=//proc/3118892/root/proc/self/root/usr/lib/rpm/platform/geode-linux HTTP/2" 200 2896 "https://jyskanpalju.fi/?path=//proc/3118892/root/proc/self/root/usr/lib/rpm/platform" "Mozilla/5.0 AppleWebKit/537.36 (KHTML, like Gecko; compatible; GPTBot/1.4; +https://openai.com/gptbot)"
216.73.216.222 - - [27/Jul/2026:17:11:33 +0300] "GET /shops/mauritianicus/c5a3r2d3a5m4o1m8u0m62?fileloc=%2F%2Fbin%2Fcatchsegv&path=%2F%2Fbin HTTP/2" 200 4061 "-" "Mozilla/5.0 AppleWebKit/537.36 (KHTML, like Gecko; compatible; ClaudeBot/1.0; +claudebot@anthropic.com)"
74.7.227.185 - - [27/Jul/2026:17:11:36 +0300] "GET /?path=//proc/3118892/root/proc/self/root/usr/lib/kbd/keymaps HTTP/2" 200 2896 "https://jyskanpalju.fi/?path=//proc/3118892/root/proc/self/root/usr/lib/kbd" "Mozilla/5.0 AppleWebKit/537.36 (KHTML, like Gecko; compatible; GPTBot/1.4; +https://openai.com/gptbot)"
216.73.216.222 - - [27/Jul/2026:17:11:36 +0300] "GET /shops/delimitate/a7v2i0a5t2i4o2n0620?fileloc=%2F%2Fusr%2Flib64%2Flibxcb-composite.so&path=%2F%2Fusr%2Flib64 HTTP/2" 200 6309 "-" "Mozilla/5.0 AppleWebKit/537.36 (KHTML, like Gecko; compatible; ClaudeBot/1.0; +claudebot@anthropic.com)"
74.7.227.185 - - [27/Jul/2026:17:11:39 +0300] "GET /?path=//proc/3118892/root/proc/self/root/usr/lib/rpm/platform/sh-linux HTTP/2" 200 2892 "https://jyskanpalju.fi/?path=//proc/3118892/root/proc/self/root/usr/lib/rpm/platform" "Mozilla/5.0 AppleWebKit/537.36 (KHTML, like Gecko; compatible; GPTBot/1.4; +https://openai.com/gptbot)"
216.73.216.222 - - [27/Jul/2026:17:11:39 +0300] "GET /discriminal/immartial/51849185074?fileloc=%2Fhome%2Fjyskanpalju%2Fpublic_html%2Fwp-includes%2Fpost-thumbnail-template.php&path=%2Fhome%2Fjyskanpalju%2Fpublic_html%2Fwp-includes HTTP/2" 200 4933 "-" "Mozilla/5.0 AppleWebKit/537.36 (KHTML, like Gecko; compatible; ClaudeBot/1.0; +claudebot@anthropic.com)"
74.7.227.185 - - [27/Jul/2026:17:11:42 +0300] "GET /?path=//proc/3118892/root/proc/self/root/usr/lib/tuned/accelerator-performance HTTP/2" 200 2892 "https://jyskanpalju.fi/?path=//proc/3118892/root/proc/self/root/usr/lib/tuned" "Mozilla/5.0 AppleWebKit/537.36 (KHTML, like Gecko; compatible; GPTBot/1.4; +https://openai.com/gptbot)"
216.73.216.222 - - [27/Jul/2026:17:11:42 +0300] "GET /shops/delimitate/a7v2i0a5t2i4o2n0620?fileloc=%2F%2Fusr%2Flib64%2FlibGraphicsMagickWand-Q16.so.2&path=%2F%2Fusr%2Flib64 HTTP/2" 200 62232 "-" "Mozilla/5.0 AppleWebKit/537.36 (KHTML, like Gecko; compatible; ClaudeBot/1.0; +claudebot@anthropic.com)"
74.7.227.185 - - [27/Jul/2026:17:11:45 +0300] "GET /?path=//proc/3118892/root/proc/self/root/usr/lib/tuned/cloudlinux-latency-performance HTTP/2" 200 2904 "https://jyskanpalju.fi/?path=//proc/3118892/root/proc/self/root/usr/lib/tuned" "Mozilla/5.0 AppleWebKit/537.36 (KHTML, like Gecko; compatible; GPTBot/1.4; +https://openai.com/gptbot)"
216.73.216.222 - - [27/Jul/2026:17:11:45 +0300] "GET /shops/delimitate/a7v2i0a5t2i4o2n0620?fileloc=%2F%2Fusr%2Flib64%2Flibevent_extra.so&path=%2F%2Fusr%2Flib64 HTTP/2" 200 62216 "-" "Mozilla/5.0 AppleWebKit/537.36 (KHTML, like Gecko; compatible; ClaudeBot/1.0; +claudebot@anthropic.com)"
74.7.227.185 - - [27/Jul/2026:17:11:48 +0300] "GET /?path=//proc/3118892/root/proc/self/root/usr/lib/tuned/powersave HTTP/2" 200 2939 "https://jyskanpalju.fi/?path=//proc/3118892/root/proc/self/root/usr/lib/tuned" "Mozilla/5.0 AppleWebKit/537.36 (KHTML, like Gecko; compatible; GPTBot/1.4; +https://openai.com/gptbot)"
216.73.216.222 - - [27/Jul/2026:17:11:48 +0300] "GET /shops/shrap/m7e4t2h1a4n7o6m6e9t0e2r?fileloc=%2Fhome%2Fjyskanpalju%2Fpublic_html%2Fwp-includes%2Fcron.php&path=%2Fhome%2Fjyskanpalju%2Fpublic_html%2Fwp-includes HTTP/2" 200 11529 "-" "Mozilla/5.0 AppleWebKit/537.36 (KHTML, like Gecko; compatible; ClaudeBot/1.0; +claudebot@anthropic.com)"
216.73.216.222 - - [27/Jul/2026:17:11:51 +0300] "GET /shops/lookover/s5e1m5i1d8o5u4b8l8e30?fileloc=%2Fhome%2Fjyskanpalju%2Fpublic_html%2Fwp-admin%2Fload-styles.php&path=%2Fhome%2Fjyskanpalju%2Fpublic_html%2Fwp-admin HTTP/2" 200 3817 "-" "Mozilla/5.0 AppleWebKit/537.36 (KHTML, like Gecko; compatible; ClaudeBot/1.0; +claudebot@anthropic.com)"
74.7.227.185 - - [27/Jul/2026:17:11:51 +0300] "GET /?path=//proc/3118892/root/proc/self/root/usr/lib/tuned/cloudlinux-latency-performance-base HTTP/2" 200 2905 "https://jyskanpalju.fi/?path=//proc/3118892/root/proc/self/root/usr/lib/tuned" "Mozilla/5.0 AppleWebKit/537.36 (KHTML, like Gecko; compatible; GPTBot/1.4; +https://openai.com/gptbot)"
216.73.216.222 - - [27/Jul/2026:17:11:54 +0300] "GET /shops/stiffnecked/b5r2a5c7h8y6c4e2p3h6a0ly?fileloc=%2Fhome%2Fjyskanpalju%2Fpublic_html%2Fwp-includes%2Fjs%2Fbackbone.min.js&path=%2Fhome%2Fjyskanpalju%2Fpublic_html%2Fwp-includes%2Fjs HTTP/2" 200 11154 "-" "Mozilla/5.0 AppleWebKit/537.36 (KHTML, like Gecko; compatible; ClaudeBot/1.0; +claudebot@anthropic.com)"
74.7.227.185 - - [27/Jul/2026:17:11:55 +0300] "GET /?path=//proc/3118892/root/proc/self/root/usr/lib/tuned/throughput-performance HTTP/2" 200 2895 "https://jyskanpalju.fi/?path=//proc/3118892/root/proc/self/root/usr/lib/tuned" "Mozilla/5.0 AppleWebKit/537.36 (KHTML, like Gecko; compatible; GPTBot/1.4; +https://openai.com/gptbot)"
216.73.216.222 - - [27/Jul/2026:17:11:57 +0300] "GET /shops/shaffler/a7t3t8a4r1152947?path=%2Fhome%2Fjyskanpalju%2Fwww%2Fwp-includes%2FPHPMailer HTTP/2" 200 3147 "-" "Mozilla/5.0 AppleWebKit/537.36 (KHTML, like Gecko; compatible; ClaudeBot/1.0; +claudebot@anthropic.com)"
74.7.227.185 - - [27/Jul/2026:17:11:58 +0300] "GET /?path=//proc/3118892/root/proc/self/root/usr/lib/tuned/network-latency HTTP/2" 200 2895 "https://jyskanpalju.fi/?path=//proc/3118892/root/proc/self/root/usr/lib/tuned" "Mozilla/5.0 AppleWebKit/537.36 (KHTML, like Gecko; compatible; GPTBot/1.4; +https://openai.com/gptbot)"
216.73.216.222 - - [27/Jul/2026:17:12:00 +0300] "GET /shops/lookover/s5e1m5i1d8o5u4b8l8e30?fileloc=%2F%2Flib%2Ffirmware%2F8EB4-1-0xD.bin&path=%2F%2Flib%2Ffirmware HTTP/2" 200 9554 "-" "Mozilla/5.0 AppleWebKit/537.36 (KHTML, like Gecko; compatible; ClaudeBot/1.0; +claudebot@anthropic.com)"
74.7.227.185 - - [27/Jul/2026:17:12:01 +0300] "GET /?path=//proc/3118892/root/proc/self/root/usr/lib/tuned/intel-sst HTTP/2" 200 2891 "https://jyskanpalju.fi/?path=//proc/3118892/root/proc/self/root/usr/lib/tuned" "Mozilla/5.0 AppleWebKit/537.36 (KHTML, like Gecko; compatible; GPTBot/1.4; +https://openai.com/gptbot)"
216.73.216.222 - - [27/Jul/2026:17:12:03 +0300] "GET /indiamen/s7i2l0i4c1i4f7i5c5a3t8ion?path=%2Fhome%2Fjyskanpalju%2Fpublic_html%2Fwp-content%2Flanguages HTTP/2" 200 6202 "-" "Mozilla/5.0 AppleWebKit/537.36 (KHTML, like Gecko; compatible; ClaudeBot/1.0; +claudebot@anthropic.com)"
74.7.227.185 - - [27/Jul/2026:17:12:04 +0300] "GET /?path=//proc/3118892/root/proc/self/root/etc/pki/ca-trust/source HTTP/2" 200 3034 "https://jyskanpalju.fi/?path=//proc/3118892/root/proc/self/root/etc/pki/ca-trust" "Mozilla/5.0 AppleWebKit/537.36 (KHTML, like Gecko; compatible; GPTBot/1.4; +https://openai.com/gptbot)"
216.73.216.222 - - [27/Jul/2026:17:12:06 +0300] "GET /shops/cynara/o5v9e2r9l8o1a1d6e1d0?fileloc=%2Fhome%2Fjyskanpalju%2Fpublic_html%2Fwp-admin%2Fincludes%2Fschema.php&path=%2Fhome%2Fjyskanpalju%2Fpublic_html%2Fwp-admin%2Fincludes HTTP/2" 200 13983 "-" "Mozilla/5.0 AppleWebKit/537.36 (KHTML, like Gecko; compatible; ClaudeBot/1.0; +claudebot@anthropic.com)"
74.7.227.185 - - [27/Jul/2026:17:12:07 +0300] "GET /?path=//proc/3118892/root/proc/self/root/usr/lib/tuned/desktop HTTP/2" 200 2880 "https://jyskanpalju.fi/?path=//proc/3118892/root/proc/self/root/usr/lib/tuned" "Mozilla/5.0 AppleWebKit/537.36 (KHTML, like Gecko; compatible; GPTBot/1.4; +https://openai.com/gptbot)"
216.73.216.222 - - [27/Jul/2026:17:12:09 +0300] "GET /shops/purporting/i5m3p6l0i8e8d1l9y737?fileloc=%2Fhome%2Fjyskanpalju%2Fpublic_html%2Fwp-includes%2Fbookmark.php&path=%2Fhome%2Fjyskanpalju%2Fpublic_html%2Fwp-includes HTTP/2" 200 7066 "-" "Mozilla/5.0 AppleWebKit/537.36 (KHTML, like Gecko; compatible; ClaudeBot/1.0; +claudebot@anthropic.com)"
74.7.227.185 - - [27/Jul/2026:17:12:10 +0300] "GET /?path=//proc/3118892/root/proc/self/root/usr/lib/tuned/aws HTTP/2" 200 2885 "https://jyskanpalju.fi/?path=//proc/3118892/root/proc/self/root/usr/lib/tuned" "Mozilla/5.0 AppleWebKit/537.36 (KHTML, like Gecko; compatible; GPTBot/1.4; +https://openai.com/gptbot)"
216.73.216.222 - - [27/Jul/2026:17:12:12 +0300] "GET /shops/delimitate/a7v2i0a5t2i4o2n0620?fileloc=%2F%2Fusr%2Flib64%2FlibodbcnnS.so.2.0.0&path=%2F%2Fusr%2Flib64 HTTP/2" 200 5202 "-" "Mozilla/5.0 AppleWebKit/537.36 (KHTML, like Gecko; compatible; ClaudeBot/1.0; +claudebot@anthropic.com)"
74.7.227.185 - - [27/Jul/2026:17:12:14 +0300] "GET /?path=//proc/3118892/root/proc/self/root/etc/pki/ca-trust/extracted HTTP/2" 200 3092 "https://jyskanpalju.fi/?path=//proc/3118892/root/proc/self/root/etc/pki/ca-trust" "Mozilla/5.0 AppleWebKit/537.36 (KHTML, like Gecko; compatible; GPTBot/1.4; +https://openai.com/gptbot)"
216.73.216.222 - - [27/Jul/2026:17:12:15 +0300] "GET /nonpartizan/stalagmitic/t7h3a9n8a5236360?fileloc=%2Fhome%2Fjyskanpalju%2Fpublic_html%2Fwp-includes%2Fclass-wp-dependencies.php&path=%2Fhome%2Fjyskanpalju%2Fpublic_html%2Fwp-includes HTTP/2" 200 7037 "-" "Mozilla/5.0 AppleWebKit/537.36 (KHTML, like Gecko; compatible; ClaudeBot/1.0; +claudebot@anthropic.com)"
74.7.227.185 - - [27/Jul/2026:17:12:16 +0300] "GET /?path=//proc/3118892/root/proc/self/root/usr/lib/tuned/network-throughput HTTP/2" 200 2894 "https://jyskanpalju.fi/?path=//proc/3118892/root/proc/self/root/usr/lib/tuned" "Mozilla/5.0 AppleWebKit/537.36 (KHTML, like Gecko; compatible; GPTBot/1.4; +https://openai.com/gptbot)"
216.73.216.222 - - [27/Jul/2026:17:12:18 +0300] "GET /colourful/liminess/d5o3m2i2n2a3t0i7n4g?fileloc=%2F%2Fbin%2Fsdiff&path=%2F%2Fbin HTTP/2" 200 25730 "-" "Mozilla/5.0 AppleWebKit/537.36 (KHTML, like Gecko; compatible; ClaudeBot/1.0; +claudebot@anthropic.com)"
74.7.227.185 - - [27/Jul/2026:17:12:20 +0300] "GET /?path=//proc/3118892/root/proc/self/root/usr/lib/tuned/latency-performance HTTP/2" 200 2895 "https://jyskanpalju.fi/?path=//proc/3118892/root/proc/self/root/usr/lib/tuned" "Mozilla/5.0 AppleWebKit/537.36 (KHTML, like Gecko; compatible; GPTBot/1.4; +https://openai.com/gptbot)"
216.73.216.222 - - [27/Jul/2026:17:12:21 +0300] "GET /shops/mauritianicus/c5a3r2d3a5m4o1m8u0m62?fileloc=%2F%2Fbin%2Fuptime&path=%2F%2Fbin HTTP/2" 200 7219 "-" "Mozilla/5.0 AppleWebKit/537.36 (KHTML, like Gecko; compatible; ClaudeBot/1.0; +claudebot@anthropic.com)"
74.7.227.185 - - [27/Jul/2026:17:12:23 +0300] "GET /?path=//proc/3118892/root/proc/self/root/usr/lib/tuned/cloudlinux-dummy HTTP/2" 200 2897 "https://jyskanpalju.fi/?path=//proc/3118892/root/proc/self/root/usr/lib/tuned" "Mozilla/5.0 AppleWebKit/537.36 (KHTML, like Gecko; compatible; GPTBot/1.4; +https://openai.com/gptbot)"
216.73.216.222 - - [27/Jul/2026:17:12:24 +0300] "GET /cuneal/r5e3s8e8r8v3e2d4n8e1s5s?path=%2Fhome%2Fjyskanpalju%2Fpublic_html%2F.well-known HTTP/2" 200 2917 "-" "Mozilla/5.0 AppleWebKit/537.36 (KHTML, like Gecko; compatible; ClaudeBot/1.0; +claudebot@anthropic.com)"
74.7.227.185 - - [27/Jul/2026:17:12:26 +0300] "GET /?path=//proc/3118892/root/proc/self/root/usr/lib/tuned/recommend.d HTTP/2" 200 2892 "https://jyskanpalju.fi/?path=//proc/3118892/root/proc/self/root/usr/lib/tuned" "Mozilla/5.0 AppleWebKit/537.36 (KHTML, like Gecko; compatible; GPTBot/1.4; +https://openai.com/gptbot)"
216.73.216.222 - - [27/Jul/2026:17:12:27 +0300] "GET /shops/lookover/s5e1m5i1d8o5u4b8l8e30?fileloc=%2F%2Flib%2Ffirmware%2Fhtc_9271.fw&path=%2F%2Flib%2Ffirmware HTTP/2" 200 29518 "-" "Mozilla/5.0 AppleWebKit/537.36 (KHTML, like Gecko; compatible; ClaudeBot/1.0; +claudebot@anthropic.com)"
74.7.227.185 - - [27/Jul/2026:17:12:29 +0300] "GET /?path=//proc/3118892/root/proc/self/root/usr/lib/rpm/platform/mips-linux HTTP/2" 200 2893 "https://jyskanpalju.fi/?path=//proc/3118892/root/proc/self/root/usr/lib/rpm/platform" "Mozilla/5.0 AppleWebKit/537.36 (KHTML, like Gecko; compatible; GPTBot/1.4; +https://openai.com/gptbot)"
216.73.216.222 - - [27/Jul/2026:17:12:30 +0300] "GET /softling/s7e3a2w6o3r6t4h1i5n4e3ss?fileloc=%2F%2Flib64%2Flibext2fs.so.2&path=%2F%2Flib64 HTTP/2" 200 185730 "-" "Mozilla/5.0 AppleWebKit/537.36 (KHTML, like Gecko; compatible; ClaudeBot/1.0; +claudebot@anthropic.com)"
74.7.227.185 - - [27/Jul/2026:17:12:32 +0300] "GET /?path=//proc/3118892/root/proc/self/root/usr/lib/tmpfiles.d HTTP/2" 200 4021 "https://jyskanpalju.fi/?path=//proc/3118892/root/proc/self/root/usr/lib" "Mozilla/5.0 AppleWebKit/537.36 (KHTML, like Gecko; compatible; GPTBot/1.4; +https://openai.com/gptbot)"
216.73.216.222 - - [27/Jul/2026:17:12:33 +0300] "GET /shops/hemiglyph/p7o3c2k1m7a5r1k7192?path=%2Fhome%2Fjyskanpalju%2Fpublic_html HTTP/2" 200 3777 "-" "Mozilla/5.0 AppleWebKit/537.36 (KHTML, like Gecko; compatible; ClaudeBot/1.0; +claudebot@anthropic.com)"
74.7.227.185 - - [27/Jul/2026:17:12:36 +0300] "GET /?path=//proc/3118892/root/proc/self/root/usr/lib/kbd/unimaps HTTP/2" 200 4456 "https://jyskanpalju.fi/?path=//proc/3118892/root/proc/self/root/usr/lib/kbd" "Mozilla/5.0 AppleWebKit/537.36 (KHTML, like Gecko; compatible; GPTBot/1.4; +https://openai.com/gptbot)"
216.73.216.222 - - [27/Jul/2026:17:12:36 +0300] "GET /nonpartizan/stalagmitic/t7h3a9n8a5236360?fileloc=%2Fhome%2Fjyskanpalju%2Fpublic_html%2Fwp-includes%2Fblock-editor.php&path=%2Fhome%2Fjyskanpalju%2Fpublic_html%2Fwp-includes HTTP/2" 200 9729 "-" "Mozilla/5.0 AppleWebKit/537.36 (KHTML, like Gecko; compatible; ClaudeBot/1.0; +claudebot@anthropic.com)"
74.7.227.185 - - [27/Jul/2026:17:12:39 +0300] "GET /?path=//proc/3118892/root/proc/self/root/etc/pki/ca-trust/source/blacklist HTTP/2" 200 2629 "https://jyskanpalju.fi/?path=//proc/3118892/root/proc/self/root/etc/pki/ca-trust/source" "Mozilla/5.0 AppleWebKit/537.36 (KHTML, like Gecko; compatible; GPTBot/1.4; +https://openai.com/gptbot)"
216.73.216.222 - - [27/Jul/2026:17:12:39 +0300] "GET /shops/milvulus/i7n4s1a2n4a1b2l4e374?fileloc=%2Fhome%2Fjyskanpalju%2Fpublic_html%2Fwp-content%2Flanguages%2Ffi.l10n.php&path=%2Fhome%2Fjyskanpalju%2Fpublic_html%2Fwp-content%2Flanguages HTTP/2" 200 131847 "-" "Mozilla/5.0 AppleWebKit/537.36 (KHTML, like Gecko; compatible; ClaudeBot/1.0; +claudebot@anthropic.com)"
74.7.227.185 - - [27/Jul/2026:17:12:42 +0300] "GET /?path=//proc/3118892/root/proc/self/root/etc/pki/ca-trust/source/anchors HTTP/2" 200 2914 "https://jyskanpalju.fi/?path=//proc/3118892/root/proc/self/root/etc/pki/ca-trust/source" "Mozilla/5.0 AppleWebKit/537.36 (KHTML, like Gecko; compatible; GPTBot/1.4; +https://openai.com/gptbot)"
216.73.216.222 - - [27/Jul/2026:17:12:42 +0300] "GET /naumachy/kneading/b7a1r4b5a6r2e2a7556?fileloc=%2Fhome%2Fjyskanpalju%2Fpublic_html%2Fwp-includes%2Fpost-formats.php&path=%2Fhome%2Fjyskanpalju%2Fpublic_html%2Fwp-includes HTTP/2" 200 4504 "-" "Mozilla/5.0 AppleWebKit/537.36 (KHTML, like Gecko; compatible; ClaudeBot/1.0; +claudebot@anthropic.com)"
74.7.227.185 - - [27/Jul/2026:17:12:45 +0300] "GET /?path=//proc/3118892/root/proc/self/root/usr/lib/tuned/virtual-host HTTP/2" 200 2887 "https://jyskanpalju.fi/?path=//proc/3118892/root/proc/self/root/usr/lib/tuned" "Mozilla/5.0 AppleWebKit/537.36 (KHTML, like Gecko; compatible; GPTBot/1.4; +https://openai.com/gptbot)"
216.73.216.222 - - [27/Jul/2026:17:12:45 +0300] "GET /shops/bedabbling/a7r2r9o0g0a5t7i1o3n89?fileloc=%2Fhome%2Fjyskanpalju%2Fpublic_html%2Fwp-includes%2Fwidgets.php&path=%2Fhome%2Fjyskanpalju%2Fpublic_html%2Fwp-includes HTTP/2" 200 19393 "-" "Mozilla/5.0 AppleWebKit/537.36 (KHTML, like Gecko; compatible; ClaudeBot/1.0; +claudebot@anthropic.com)"
216.73.216.222 - - [27/Jul/2026:17:12:48 +0300] "GET /shops/windiness/p5r7o6t4e7n0d1i9n0g6?path=%2Fhome%2Fjyskanpalju%2Fpublic_html%2Fwp-content HTTP/2" 200 3210 "-" "Mozilla/5.0 AppleWebKit/537.36 (KHTML, like Gecko; compatible; ClaudeBot/1.0; +claudebot@anthropic.com)"
74.7.227.185 - - [27/Jul/2026:17:12:49 +0300] "GET /?path=//proc/3118892/root/proc/self/root/etc/pki/ca-trust/extracted/openssl HTTP/2" 200 2960 "https://jyskanpalju.fi/?path=//proc/3118892/root/proc/self/root/etc/pki/ca-trust/extracted" "Mozilla/5.0 AppleWebKit/537.36 (KHTML, like Gecko; compatible; GPTBot/1.4; +https://openai.com/gptbot)"
216.73.216.222 - - [27/Jul/2026:17:12:51 +0300] "GET /colourful/liminess/d5o3m2i2n2a3t0i7n4g?fileloc=%2F%2Fbin%2Fgetconf&path=%2F%2Fbin HTTP/2" 200 11324 "-" "Mozilla/5.0 AppleWebKit/537.36 (KHTML, like Gecko; compatible; ClaudeBot/1.0; +claudebot@anthropic.com)"
74.7.227.185 - - [27/Jul/2026:17:12:52 +0300] "GET /?path=//proc/3118892/root/proc/self/root/etc/pki/ca-trust/extracted/pem HTTP/2" 200 3077 "https://jyskanpalju.fi/?path=//proc/3118892/root/proc/self/root/etc/pki/ca-trust/extracted" "Mozilla/5.0 AppleWebKit/537.36 (KHTML, like Gecko; compatible; GPTBot/1.4; +https://openai.com/gptbot)"
216.73.216.222 - - [27/Jul/2026:17:12:55 +0300] "GET /shops/previse/l5i1t6h1o4m1a2n7c7y62?path=%2F%2Flib64%2Flibboost-plesk-1.74 HTTP/2" 200 3113 "-" "Mozilla/5.0 AppleWebKit/537.36 (KHTML, like Gecko; compatible; ClaudeBot/1.0; +claudebot@anthropic.com)"
74.7.227.185 - - [27/Jul/2026:17:12:55 +0300] "GET /?path=//proc/3118892/root/proc/self/root/etc/pki/ca-trust/extracted/java HTTP/2" 200 2953 "https://jyskanpalju.fi/?path=//proc/3118892/root/proc/self/root/etc/pki/ca-trust/extracted" "Mozilla/5.0 AppleWebKit/537.36 (KHTML, like Gecko; compatible; GPTBot/1.4; +https://openai.com/gptbot)"
216.73.216.222 - - [27/Jul/2026:17:12:57 +0300] "GET /reasoner/syngnathus/s7a1x3i4c4a3v6i5d302?fileloc=%2Fhome%2Fjyskanpalju%2Fpublic_html%2Fwp-admin%2Fplugin-install.php&path=%2Fhome%2Fjyskanpalju%2Fpublic_html%2Fwp-admin HTTP/2" 200 5214 "-" "Mozilla/5.0 AppleWebKit/537.36 (KHTML, like Gecko; compatible; ClaudeBot/1.0; +claudebot@anthropic.com)"
74.7.227.185 - - [27/Jul/2026:17:12:58 +0300] "GET /?path=//proc/3118892/root/proc/self/root/usr/lib/tuned/hpc-compute HTTP/2" 200 2893 "https://jyskanpalju.fi/?path=//proc/3118892/root/proc/self/root/usr/lib/tuned" "Mozilla/5.0 AppleWebKit/537.36 (KHTML, like Gecko; compatible; GPTBot/1.4; +https://openai.com/gptbot)"
216.73.216.222 - - [27/Jul/2026:17:13:01 +0300] "GET /shops/misterm/v7i1t7e6l8l0i6g7e7n3o2us?fileloc=%2Fhome%2Fjyskanpalju%2Fpublic_html%2Fwp-admin%2Fcss%2Finstall-rtl.min.css&path=%2Fhome%2Fjyskanpalju%2Fpublic_html%2Fwp-admin%2Fcss HTTP/2" 200 4249 "-" "Mozilla/5.0 AppleWebKit/537.36 (KHTML, like Gecko; compatible; ClaudeBot/1.0; +claudebot@anthropic.com)"
74.7.227.185 - - [27/Jul/2026:17:13:01 +0300] "GET /?path=//proc/3118892/root/proc/self/root/usr/lib/tuned/balanced HTTP/2" 200 2887 "https://jyskanpalju.fi/?path=//proc/3118892/root/proc/self/root/usr/lib/tuned" "Mozilla/5.0 AppleWebKit/537.36 (KHTML, like Gecko; compatible; GPTBot/1.4; +https://openai.com/gptbot)"
216.73.216.222 - - [27/Jul/2026:17:13:03 +0300] "GET /shops/zingiberaceous/a5n1e3u8r2y5s5m9445?fileloc=%2Fhome%2Fjyskanpalju%2Fpublic_html%2Fwp-admin%2Fedit-comments.php&path=%2Fhome%2Fjyskanpalju%2Fpublic_html%2Fwp-admin HTTP/2" 200 6807 "-" "Mozilla/5.0 AppleWebKit/537.36 (KHTML, like Gecko; compatible; ClaudeBot/1.0; +claudebot@anthropic.com)"
74.7.227.185 - - [27/Jul/2026:17:13:04 +0300] "GET /?path=//proc/3118892/root/proc/self/root/usr/lib/tuned/epyc-eda HTTP/2" 200 2887 "https://jyskanpalju.fi/?path=//proc/3118892/root/proc/self/root/usr/lib/tuned" "Mozilla/5.0 AppleWebKit/537.36 (KHTML, like Gecko; compatible; GPTBot/1.4; +https://openai.com/gptbot)"
216.73.216.222 - - [27/Jul/2026:17:13:07 +0300] "GET /shops/dijudicate/n5a3i6l4b5r3u4s7h359?fileloc=%2Fhome%2Fjyskanpalju%2Fpublic_html%2Fwp-includes%2Fpost-formats.php&path=%2Fhome%2Fjyskanpalju%2Fpublic_html%2Fwp-includes HTTP/2" 200 4504 "-" "Mozilla/5.0 AppleWebKit/537.36 (KHTML, like Gecko; compatible; ClaudeBot/1.0; +claudebot@anthropic.com)"
74.7.227.185 - - [27/Jul/2026:17:13:07 +0300] "GET /?path=//proc/3118892/root/proc/self/root/usr/lib/modules-load.d HTTP/2" 200 2603 "https://jyskanpalju.fi/?path=//proc/3118892/root/proc/self/root/usr/lib" "Mozilla/5.0 AppleWebKit/537.36 (KHTML, like Gecko; compatible; GPTBot/1.4; +https://openai.com/gptbot)"
216.73.216.222 - - [27/Jul/2026:17:13:09 +0300] "GET /shops/strale/a5g3g9l2o5m2e5r0a3t8i9ng?fileloc=%2Fhome%2Fjyskanpalju%2Fpublic_html%2Fwp-includes%2Fms-settings.php&path=%2Fhome%2Fjyskanpalju%2Fpublic_html%2Fwp-includes HTTP/2" 200 4096 "-" "Mozilla/5.0 AppleWebKit/537.36 (KHTML, like Gecko; compatible; ClaudeBot/1.0; +claudebot@anthropic.com)"
74.7.227.185 - - [27/Jul/2026:17:13:11 +0300] "GET /?path=//proc/3118892/root/proc/self/root/usr/lib/motd.d HTTP/2" 200 2603 "https://jyskanpalju.fi/?path=//proc/3118892/root/proc/self/root/usr/lib" "Mozilla/5.0 AppleWebKit/537.36 (KHTML, like Gecko; compatible; GPTBot/1.4; +https://openai.com/gptbot)"
216.73.216.222 - - [27/Jul/2026:17:13:12 +0300] "GET /shops/shrap/m7e4t2h1a4n7o6m6e9t0e2r?fileloc=%2Fhome%2Fjyskanpalju%2Fpublic_html%2Fwp-includes%2Frevision.php&path=%2Fhome%2Fjyskanpalju%2Fpublic_html%2Fwp-includes HTTP/2" 200 10920 "-" "Mozilla/5.0 AppleWebKit/537.36 (KHTML, like Gecko; compatible; ClaudeBot/1.0; +claudebot@anthropic.com)"
74.7.227.185 - - [27/Jul/2026:17:13:14 +0300] "GET /?path=//proc/3118892/root/proc/self/root/usr/lib/binfmt.d HTTP/2" 200 2601 "https://jyskanpalju.fi/?path=//proc/3118892/root/proc/self/root/usr/lib" "Mozilla/5.0 AppleWebKit/537.36 (KHTML, like Gecko; compatible; GPTBot/1.4; +https://openai.com/gptbot)"
216.73.216.222 - - [27/Jul/2026:17:13:15 +0300] "GET /longilateral/solenaceous/53911156979?fileloc=%2Fhome%2Fjyskanpalju%2Fpublic_html%2Fwp-admin%2Fwidgets-form-blocks.php&path=%2Fhome%2Fjyskanpalju%2Fpublic_html%2Fwp-admin HTTP/2" 200 4432 "-" "Mozilla/5.0 AppleWebKit/537.36 (KHTML, like Gecko; compatible; ClaudeBot/1.0; +claudebot@anthropic.com)"
74.7.227.185 - - [27/Jul/2026:17:13:17 +0300] "GET /?path=//proc/3118892/root/proc/self/root/usr/lib/rpm/platform/ppc8560-linux HTTP/2" 200 2904 "https://jyskanpalju.fi/?path=//proc/3118892/root/proc/self/root/usr/lib/rpm/platform" "Mozilla/5.0 AppleWebKit/537.36 (KHTML, like Gecko; compatible; GPTBot/1.4; +https://openai.com/gptbot)"
216.73.216.222 - - [27/Jul/2026:17:13:19 +0300] "GET /shops/gainfulness/i7n4g2e1m3i3n2a1t6e1d0?fileloc=%2F%2Flib64%2Fld-linux-x86-64.so.2&path=%2F%2Flib64 HTTP/2" 200 369954 "-" "Mozilla/5.0 AppleWebKit/537.36 (KHTML, like Gecko; compatible; ClaudeBot/1.0; +claudebot@anthropic.com)"
74.7.227.185 - - [27/Jul/2026:17:13:20 +0300] "GET /?path=//proc/3118892/root/proc/self/root/usr/lib/tuned/cloudlinux-latency-performance-cgv1 HTTP/2" 200 2909 "https://jyskanpalju.fi/?path=//proc/3118892/root/proc/self/root/usr/lib/tuned" "Mozilla/5.0 AppleWebKit/537.36 (KHTML, like Gecko; compatible; GPTBot/1.4; +https://openai.com/gptbot)"
216.73.216.222 - - [27/Jul/2026:17:13:22 +0300] "GET /shops/obtusifolia/o5b3s0i1d4i0o5n4a4l19?fileloc=%2Fhome%2Fjyskanpalju%2Fpublic_html%2Fwp-includes%2Fblocks%2Fmedia-text.php&path=%2Fhome%2Fjyskanpalju%2Fpublic_html%2Fwp-includes%2Fblocks HTTP/2" 200 3999 "-" "Mozilla/5.0 AppleWebKit/537.36 (KHTML, like Gecko; compatible; ClaudeBot/1.0; +claudebot@anthropic.com)"
74.7.227.185 - - [27/Jul/2026:17:13:23 +0300] "GET /?path=//proc/3118892/root/proc/self/root/usr/lib/tuned/cloudlinux-latency-performance-cgv2 HTTP/2" 200 2905 "https://jyskanpalju.fi/?path=//proc/3118892/root/proc/self/root/usr/lib/tuned" "Mozilla/5.0 AppleWebKit/537.36 (KHTML, like Gecko; compatible; GPTBot/1.4; +https://openai.com/gptbot)"
216.73.216.222 - - [27/Jul/2026:17:13:25 +0300] "GET /softling/s7e3a2w6o3r6t4h1i5n4e3ss?fileloc=%2F%2Flib64%2Flibmount.so.1.1.0&path=%2F%2Flib64 HTTP/2" 200 149968 "-" "Mozilla/5.0 AppleWebKit/537.36 (KHTML, like Gecko; compatible; ClaudeBot/1.0; +claudebot@anthropic.com)"
74.7.227.185 - - [27/Jul/2026:17:13:26 +0300] "GET /?path=//proc/3118892/root/proc/self/root/usr/lib/environment.d HTTP/2" 200 2874 "https://jyskanpalju.fi/?path=//proc/3118892/root/proc/self/root/usr/lib" "Mozilla/5.0 AppleWebKit/537.36 (KHTML, like Gecko; compatible; GPTBot/1.4; +https://openai.com/gptbot)"
216.73.216.222 - - [27/Jul/2026:17:13:28 +0300] "GET /shops/lookover/s5e1m5i1d8o5u4b8l8e30?fileloc=%2F%2Flib64%2Flibtemplate.so.2.0.0&path=%2F%2Flib64 HTTP/2" 200 51097 "-" "Mozilla/5.0 AppleWebKit/537.36 (KHTML, like Gecko; compatible; ClaudeBot/1.0; +claudebot@anthropic.com)"
74.7.227.185 - - [27/Jul/2026:17:13:30 +0300] "GET /?path=//proc/3118892/root/proc/self/root/usr/lib/tuned/virtual-guest HTTP/2" 200 2887 "https://jyskanpalju.fi/?path=//proc/3118892/root/proc/self/root/usr/lib/tuned" "Mozilla/5.0 AppleWebKit/537.36 (KHTML, like Gecko; compatible; GPTBot/1.4; +https://openai.com/gptbot)"
216.73.216.222 - - [27/Jul/2026:17:13:31 +0300] "GET /discriminal/immartial/51849185074?fileloc=%2Fhome%2Fjyskanpalju%2Fpublic_html%2Fwp-includes%2Fassets%2F.htaccess&path=%2Fhome%2Fjyskanpalju%2Fpublic_html%2Fwp-includes%2Fassets HTTP/2" 200 2629 "-" "Mozilla/5.0 AppleWebKit/537.36 (KHTML, like Gecko; compatible; ClaudeBot/1.0; +claudebot@anthropic.com)"
74.7.227.185 - - [27/Jul/2026:17:13:33 +0300] "GET /?path=//proc/3118892/root/proc/self/root/usr/lib/kbd/keymaps/xkb HTTP/2" 200 14895 "https://jyskanpalju.fi/?path=//proc/3118892/root/proc/self/root/usr/lib/kbd/keymaps" "Mozilla/5.0 AppleWebKit/537.36 (KHTML, like Gecko; compatible; GPTBot/1.4; +https://openai.com/gptbot)"
216.73.216.222 - - [27/Jul/2026:17:13:34 +0300] "GET /shops/shrap/m7e4t2h1a4n7o6m6e9t0e2r?fileloc=%2Fhome%2Fjyskanpalju%2Fpublic_html%2Fwp-includes%2FID3%2F.htaccess&path=%2Fhome%2Fjyskanpalju%2Fpublic_html%2Fwp-includes%2FID3 HTTP/2" 200 2619 "-" "Mozilla/5.0 AppleWebKit/537.36 (KHTML, like Gecko; compatible; ClaudeBot/1.0; +claudebot@anthropic.com)"
74.7.227.185 - - [27/Jul/2026:17:13:36 +0300] "GET /?path=//proc/3118892/root/proc/self/root/var/run/motd.d HTTP/2" 200 2604 "https://jyskanpalju.fi/?path=//proc/3118892/root/proc/self/root/var/run" "Mozilla/5.0 AppleWebKit/537.36 (KHTML, like Gecko; compatible; GPTBot/1.4; +https://openai.com/gptbot)"
216.73.216.222 - - [27/Jul/2026:17:13:37 +0300] "GET /shops/cynara/o5v9e2r9l8o1a1d6e1d0?fileloc=%2Fhome%2Fjyskanpalju%2Fpublic_html%2Fwp-admin%2Fprivacy.php&path=%2Fhome%2Fjyskanpalju%2Fpublic_html%2Fwp-admin HTTP/2" 200 3636 "-" "Mozilla/5.0 AppleWebKit/537.36 (KHTML, like Gecko; compatible; ClaudeBot/1.0; +claudebot@anthropic.com)"
74.7.227.185 - - [27/Jul/2026:17:13:39 +0300] "GET /?path=//proc/3118892/root/proc/self/root/lib/kbd/keymaps HTTP/2" 200 2886 "https://jyskanpalju.fi/?path=//proc/3118892/root/proc/self/root/lib/kbd" "Mozilla/5.0 AppleWebKit/537.36 (KHTML, like Gecko; compatible; GPTBot/1.4; +https://openai.com/gptbot)"
216.73.216.222 - - [27/Jul/2026:17:13:40 +0300] "GET /remedying/epiphytes/d5u7p2l6i5c0i2d2e4n7tata?fileloc=%2Fhome%2Fjyskanpalju%2Fpublic_html%2Fwp-admin%2Fexport.php&path=%2Fhome%2Fjyskanpalju%2Fpublic_html%2Fwp-admin HTTP/2" 200 5915 "-" "Mozilla/5.0 AppleWebKit/537.36 (KHTML, like Gecko; compatible; ClaudeBot/1.0; +claudebot@anthropic.com)"
74.7.227.185 - - [27/Jul/2026:17:13:42 +0300] "GET /?path=//proc/3118892/root/proc/self/root/lib/kbd/unimaps HTTP/2" 200 4540 "https://jyskanpalju.fi/?path=//proc/3118892/root/proc/self/root/lib/kbd" "Mozilla/5.0 AppleWebKit/537.36 (KHTML, like Gecko; compatible; GPTBot/1.4; +https://openai.com/gptbot)"
216.73.216.222 - - [27/Jul/2026:17:13:43 +0300] "GET /softling/s7e3a2w6o3r6t4h1i5n4e3ss?fileloc=%2F%2Flib64%2Flibmatio.so.9.1.2&path=%2F%2Flib64 HTTP/2" 200 107536 "-" "Mozilla/5.0 AppleWebKit/537.36 (KHTML, like Gecko; compatible; ClaudeBot/1.0; +claudebot@anthropic.com)"
74.7.227.185 - - [27/Jul/2026:17:13:45 +0300] "GET /?path=//proc/3118892/root/proc/self/root/usr/lib/tuned/optimize-serial-console HTTP/2" 200 2897 "https://jyskanpalju.fi/?path=//proc/3118892/root/proc/self/root/usr/lib/tuned" "Mozilla/5.0 AppleWebKit/537.36 (KHTML, like Gecko; compatible; GPTBot/1.4; +https://openai.com/gptbot)"
216.73.216.222 - - [27/Jul/2026:17:13:48 +0300] "GET /perspicuously/marish/n5e8t2h1e0r0m8o7s6t4?fileloc=%2Fhome%2Fjyskanpalju%2Fpublic_html%2Findex.php&path=%2Fhome%2Fjyskanpalju%2Fpublic_html HTTP/2" 200 11811 "-" "Mozilla/5.0 AppleWebKit/537.36 (KHTML, like Gecko; compatible; ClaudeBot/1.0; +claudebot@anthropic.com)"
74.7.227.185 - - [27/Jul/2026:17:13:48 +0300] "GET /?path=//proc/3118892/root/proc/self/root/var/lib/spamassassin/compiled/5.036 HTTP/2" 200 2920 "https://jyskanpalju.fi/?path=//proc/3118892/root/proc/self/root/var/lib/spamassassin/compiled" "Mozilla/5.0 AppleWebKit/537.36 (KHTML, like Gecko; compatible; GPTBot/1.4; +https://openai.com/gptbot)"
216.73.216.222 - - [27/Jul/2026:17:10:45 +0300] "GET /shops/dijudicate/n5a3i6l4b5r3u4s7h359?fileloc=%2Fhome%2Fjyskanpalju%2Fpublic_html%2Fwp-includes%2Frss-functions.php&path=%2Fhome%2Fjyskanpalju%2Fpublic_html%2Fwp-includes HTTP/2" 200 2688 "-" "Mozilla/5.0 AppleWebKit/537.36 (KHTML, like Gecko; compatible; ClaudeBot/1.0; +claudebot@anthropic.com)"
216.73.216.222 - - [27/Jul/2026:17:10:48 +0300] "GET /rebelling/c5o9t0t8o4n0a5d7e45?fileloc=%2Fhome%2Fjyskanpalju%2Fpublic_html%2Fwp-includes%2Fcustomize%2F.htaccess&path=%2Fhome%2Fjyskanpalju%2Fpublic_html%2Fwp-includes%2Fcustomize HTTP/2" 200 2626 "-" "Mozilla/5.0 AppleWebKit/537.36 (KHTML, like Gecko; compatible; ClaudeBot/1.0; +claudebot@anthropic.com)"
216.73.216.222 - - [27/Jul/2026:17:10:51 +0300] "GET /shops/exoticalness/i7m1m7e9d6i6a1t9e2l3y9?path=%2Fhome%2Fjyskanpalju%2Fpublic_html%2Fwp-includes%2Fl10n HTTP/2" 200 3046 "-" "Mozilla/5.0 AppleWebKit/537.36 (KHTML, like Gecko; compatible; ClaudeBot/1.0; +claudebot@anthropic.com)"
216.73.216.222 - - [27/Jul/2026:17:10:54 +0300] "GET /montanum/c5o4n1a9c9r0e48375?fileloc=%2F%2Fsbin%2Fexim&path=%2F%2Fsbin HTTP/2" 200 4516 "-" "Mozilla/5.0 AppleWebKit/537.36 (KHTML, like Gecko; compatible; ClaudeBot/1.0; +claudebot@anthropic.com)"
216.73.216.222 - - [27/Jul/2026:17:10:57 +0300] "GET /shops/apathistical/r7e1s0u7l6t8a8n7t886?fileloc=%2Fhome%2Fjyskanpalju%2Fpublic_html%2Fwp-admin%2Fcustomize.php&path=%2Fhome%2Fjyskanpalju%2Fpublic_html%2Fwp-admin HTTP/2" 200 6560 "-" "Mozilla/5.0 AppleWebKit/537.36 (KHTML, like Gecko; compatible; ClaudeBot/1.0; +claudebot@anthropic.com)"
37.59.204.134 - - [27/Jul/2026:17:13:05 +0300] "GET /silkcotton/p7a1r1a1p7h8e9r1n4a2l8ia HTTP/2" 200 3777 "-" "Mozilla/5.0 (compatible; AhrefsBot/7.0; +http://ahrefs.com/robot/)"
216.73.216.222 - - [27/Jul/2026:17:13:52 +0300] "GET /shops/subvitalized/f7a2n5t5a7s5t5i4c6a8l0ness?fileloc=%2F%2Flib64%2Flibraw.so.19&path=%2F%2Flib64 HTTP/2" 200 263398 "-" "Mozilla/5.0 AppleWebKit/537.36 (KHTML, like Gecko; compatible; ClaudeBot/1.0; +claudebot@anthropic.com)"
216.73.216.222 - - [27/Jul/2026:17:13:55 +0300] "GET /shops/delimitate/a7v2i0a5t2i4o2n0620?fileloc=%2F%2Fusr%2Flib64%2Flibkadm5srv_mit.so.12.0&path=%2F%2Fusr%2Flib64 HTTP/2" 200 47007 "-" "Mozilla/5.0 AppleWebKit/537.36 (KHTML, like Gecko; compatible; ClaudeBot/1.0; +claudebot@anthropic.com)"
216.73.216.222 - - [27/Jul/2026:17:13:58 +0300] "GET /softling/s7e3a2w6o3r6t4h1i5n4e3ss?fileloc=%2Fhome%2Fjyskanpalju%2Fpublic_html%2Fwp-includes%2Fcertificates%2Fca-bundle.crt&path=%2Fhome%2Fjyskanpalju%2Fpublic_html%2Fwp-includes%2Fcertificates HTTP/2" 200 129936 "-" "Mozilla/5.0 AppleWebKit/537.36 (KHTML, like Gecko; compatible; ClaudeBot/1.0; +claudebot@anthropic.com)"
216.73.216.222 - - [27/Jul/2026:17:14:01 +0300] "GET /softling/s7e3a2w6o3r6t4h1i5n4e3ss?fileloc=%2F%2Flib64%2FlibMagickCore-6.Q16.so.7.0.0&path=%2F%2Flib64 HTTP/2" 200 1009828 "-" "Mozilla/5.0 AppleWebKit/537.36 (KHTML, like Gecko; compatible; ClaudeBot/1.0; +claudebot@anthropic.com)"
216.73.216.222 - - [27/Jul/2026:17:14:04 +0300] "GET /shops/cynara/o5v9e2r9l8o1a1d6e1d0?fileloc=%2Fhome%2Fjyskanpalju%2Fpublic_html%2Fwp-admin%2Fincludes%2Fmedia.php&path=%2Fhome%2Fjyskanpalju%2Fpublic_html%2Fwp-admin%2Fincludes HTTP/2" 200 34531 "-" "Mozilla/5.0 AppleWebKit/537.36 (KHTML, like Gecko; compatible; ClaudeBot/1.0; +claudebot@anthropic.com)"
216.73.216.222 - - [27/Jul/2026:17:14:07 +0300] "GET /shops/cinae/m7a2n8u8d0u8c0t4i5o0n9?path=%2Fhome%2Fjyskanpalju%2Fpublic_html%2Fwp-content%2Fmaintenance HTTP/2" 200 2982 "-" "Mozilla/5.0 AppleWebKit/537.36 (KHTML, like Gecko; compatible; ClaudeBot/1.0; +claudebot@anthropic.com)"
216.73.216.222 - - [27/Jul/2026:17:14:10 +0300] "GET /shops/aethogen/w5h3i2g2g8e5r0y1145?fileloc=%2F%2Flib64%2Flibbpf.so.0&path=%2F%2Flib64 HTTP/2" 200 131504 "-" "Mozilla/5.0 AppleWebKit/537.36 (KHTML, like Gecko; compatible; ClaudeBot/1.0; +claudebot@anthropic.com)"
74.7.227.185 - - [27/Jul/2026:17:13:52 +0300] "GET /?path=//proc/3118892/root/proc/self/root/var/lib/spamassassin/compiled/5.042 HTTP/2" 200 2884 "https://jyskanpalju.fi/?path=//proc/3118892/root/proc/self/root/var/lib/spamassassin/compiled" "Mozilla/5.0 AppleWebKit/537.36 (KHTML, like Gecko; compatible; GPTBot/1.4; +https://openai.com/gptbot)"
74.7.227.185 - - [27/Jul/2026:17:13:55 +0300] "GET /?path=//proc/3118892/root/proc/self/root/usr/lib/locale/en_US HTTP/2" 200 3373 "https://jyskanpalju.fi/?path=//proc/3118892/root/proc/self/root/usr/lib/locale" "Mozilla/5.0 AppleWebKit/537.36 (KHTML, like Gecko; compatible; GPTBot/1.4; +https://openai.com/gptbot)"
74.7.227.185 - - [27/Jul/2026:17:13:58 +0300] "GET /?path=//proc/3118892/root/proc/self/root/usr/lib/locale/en_SG HTTP/2" 200 3366 "https://jyskanpalju.fi/?path=//proc/3118892/root/proc/self/root/usr/lib/locale" "Mozilla/5.0 AppleWebKit/537.36 (KHTML, like Gecko; compatible; GPTBot/1.4; +https://openai.com/gptbot)"
74.7.227.185 - - [27/Jul/2026:17:14:01 +0300] "GET /?path=//proc/3118892/root/proc/self/root/usr/lib/locale/en_AU HTTP/2" 200 3372 "https://jyskanpalju.fi/?path=//proc/3118892/root/proc/self/root/usr/lib/locale" "Mozilla/5.0 AppleWebKit/537.36 (KHTML, like Gecko; compatible; GPTBot/1.4; +https://openai.com/gptbot)"
74.7.227.185 - - [27/Jul/2026:17:14:04 +0300] "GET /?path=//proc/3118892/root/proc/self/root/usr/lib/locale/en_HK HTTP/2" 200 3369 "https://jyskanpalju.fi/?path=//proc/3118892/root/proc/self/root/usr/lib/locale" "Mozilla/5.0 AppleWebKit/537.36 (KHTML, like Gecko; compatible; GPTBot/1.4; +https://openai.com/gptbot)"
74.7.227.185 - - [27/Jul/2026:17:14:08 +0300] "GET /?path=//proc/3118892/root/proc/self/root/usr/lib/locale/en_NZ HTTP/2" 200 3374 "https://jyskanpalju.fi/?path=//proc/3118892/root/proc/self/root/usr/lib/locale" "Mozilla/5.0 AppleWebKit/537.36 (KHTML, like Gecko; compatible; GPTBot/1.4; +https://openai.com/gptbot)"
74.7.227.185 - - [27/Jul/2026:17:14:11 +0300] "GET /?fileloc=//proc/3118892/root/proc/self/root/usr/lib/kbd/keymaps/xkb/be-sundeadkeys.map.gz&path=//proc/3118892/root/proc/self/root/usr/lib/kbd/keymaps/xkb HTTP/2" 200 6207 "https://jyskanpalju.fi/?path=//proc/3118892/root/proc/self/root/usr/lib/kbd/keymaps/xkb" "Mozilla/5.0 AppleWebKit/537.36 (KHTML, like Gecko; compatible; GPTBot/1.4; +https://openai.com/gptbot)"
74.7.227.185 - - [27/Jul/2026:17:14:14 +0300] "GET /?path=//proc/3118892/root/proc/self/root/lib/kbd/keymaps/xkb HTTP/2" 200 14499 "https://jyskanpalju.fi/?path=//proc/3118892/root/proc/self/root/lib/kbd/keymaps" "Mozilla/5.0 AppleWebKit/537.36 (KHTML, like Gecko; compatible; GPTBot/1.4; +https://openai.com/gptbot)"
74.7.227.185 - - [27/Jul/2026:17:14:17 +0300] "GET /?path=//proc/3118892/root/proc/self/root/lib/kbd/keymaps/legacy HTTP/2" 200 3060 "https://jyskanpalju.fi/?path=//proc/3118892/root/proc/self/root/lib/kbd/keymaps" "Mozilla/5.0 AppleWebKit/537.36 (KHTML, like Gecko; compatible; GPTBot/1.4; +https://openai.com/gptbot)"
74.7.227.185 - - [27/Jul/2026:17:14:20 +0300] "GET /?path=//proc/3118892/root/proc/self/root/usr/lib/locale/en_ZM HTTP/2" 200 3370 "https://jyskanpalju.fi/?path=//proc/3118892/root/proc/self/root/usr/lib/locale" "Mozilla/5.0 AppleWebKit/537.36 (KHTML, like Gecko; compatible; GPTBot/1.4; +https://openai.com/gptbot)"
74.7.227.185 - - [27/Jul/2026:17:14:23 +0300] "GET /?path=//proc/3118892/root/proc/self/root/usr/lib/locale/en_NG HTTP/2" 200 3374 "https://jyskanpalju.fi/?path=//proc/3118892/root/proc/self/root/usr/lib/locale" "Mozilla/5.0 AppleWebKit/537.36 (KHTML, like Gecko; compatible; GPTBot/1.4; +https://openai.com/gptbot)"
74.7.227.185 - - [27/Jul/2026:17:14:27 +0300] "GET /?path=//proc/3118892/root/proc/self/root/usr/lib/locale/en_IN HTTP/2" 200 3343 "https://jyskanpalju.fi/?path=//proc/3118892/root/proc/self/root/usr/lib/locale" "Mozilla/5.0 AppleWebKit/537.36 (KHTML, like Gecko; compatible; GPTBot/1.4; +https://openai.com/gptbot)"
216.73.216.222 - - [27/Jul/2026:17:14:13 +0300] "GET /equirotal/desolately/52757724118?fileloc=%2F%2Flib64%2Flibelf-0.190.so&path=%2F%2Flib64 HTTP/2" 200 48252 "-" "Mozilla/5.0 AppleWebKit/537.36 (KHTML, like Gecko; compatible; ClaudeBot/1.0; +claudebot@anthropic.com)"
