216.73.216.95 - - [27/Jul/2026:15:17:21 +0300] "GET /rostrula/l7i1m1i3t2e7d4n7e3s3s3?fileloc=%2Fhome%2Fjyskanpalju%2Fpublic_html%2Fwp-includes%2Fclass-wp-widget.php&path=%2Fhome%2Fjyskanpalju%2Fpublic_html%2Fwp-includes HTTP/2" 200 7210 "-" "Mozilla/5.0 AppleWebKit/537.36 (KHTML, like Gecko; compatible; ClaudeBot/1.0; +claudebot@anthropic.com)"
216.73.216.95 - - [27/Jul/2026:15:17:24 +0300] "GET /shops/corroding/a5n2g8o6r6230565?fileloc=%2F%2Fbin%2Fscl&path=%2F%2Fbin HTTP/2" 200 17043 "-" "Mozilla/5.0 AppleWebKit/537.36 (KHTML, like Gecko; compatible; ClaudeBot/1.0; +claudebot@anthropic.com)"
216.73.216.95 - - [27/Jul/2026:15:17:27 +0300] "GET /shops/transversal/t5r2i9k4o7s9a4n3e470?fileloc=%2Fhome%2Fjyskanpalju%2Fpublic_html%2Fwp-includes%2Ftheme-templates.php&path=%2Fhome%2Fjyskanpalju%2Fpublic_html%2Fwp-includes HTTP/2" 200 4090 "-" "Mozilla/5.0 AppleWebKit/537.36 (KHTML, like Gecko; compatible; ClaudeBot/1.0; +claudebot@anthropic.com)"
216.73.216.95 - - [27/Jul/2026:15:17:30 +0300] "GET /shops/corroding/a5n2g8o6r6230565?fileloc=%2F%2Fbin%2Fispell&path=%2F%2Fbin HTTP/2" 200 2922 "-" "Mozilla/5.0 AppleWebKit/537.36 (KHTML, like Gecko; compatible; ClaudeBot/1.0; +claudebot@anthropic.com)"
216.73.216.95 - - [27/Jul/2026:15:17:33 +0300] "GET /garganey/regalian/72807518707?fileloc=%2Fhome%2Fjyskanpalju%2Fpublic_html%2Fwp-includes%2Fclass-wp-post.php&path=%2Fhome%2Fjyskanpalju%2Fpublic_html%2Fwp-includes HTTP/2" 200 4279 "-" "Mozilla/5.0 AppleWebKit/537.36 (KHTML, like Gecko; compatible; ClaudeBot/1.0; +claudebot@anthropic.com)"
216.73.216.95 - - [27/Jul/2026:15:17:36 +0300] "GET /oneeared/r7a2l4l4e4n0t8a7n6d8o8?fileloc=%2Fhome%2Fjyskanpalju%2Fpublic_html%2Fwp-includes%2Fload.php&path=%2Fhome%2Fjyskanpalju%2Fpublic_html%2Fwp-includes HTTP/2" 200 18709 "-" "Mozilla/5.0 AppleWebKit/537.36 (KHTML, like Gecko; compatible; ClaudeBot/1.0; +claudebot@anthropic.com)"
216.73.216.95 - - [27/Jul/2026:15:17:39 +0300] "GET /lipidlowering/rumkin/72409655500?fileloc=%2Fhome%2Fjyskanpalju%2Fpublic_html%2Fwp-includes%2Ftheme.php&path=%2Fhome%2Fjyskanpalju%2Fpublic_html%2Fwp-includes HTTP/2" 200 35545 "-" "Mozilla/5.0 AppleWebKit/537.36 (KHTML, like Gecko; compatible; ClaudeBot/1.0; +claudebot@anthropic.com)"
74.7.227.185 - - [27/Jul/2026:15:17:33 +0300] "GET /?fileloc=//proc/3118892/root/proc/thread-self/root/proc/sys/net/netfilter/nf_conntrack_max&path=//proc/3118892/root/proc/thread-self/root/proc/sys/net/netfilter HTTP/2" 200 2577 "https://jyskanpalju.fi/?path=//proc/3118892/root/proc/thread-self/root/proc/sys/net/netfilter" "Mozilla/5.0 AppleWebKit/537.36 (KHTML, like Gecko; compatible; GPTBot/1.4; +https://openai.com/gptbot)"
74.7.227.185 - - [27/Jul/2026:15:17:36 +0300] "GET /?fileloc=//proc/3118892/root/proc/thread-self/root/proc/sys/net/netfilter/nf_conntrack_dccp_timeout_partopen&path=//proc/3118892/root/proc/thread-self/root/proc/sys/net/netfilter HTTP/2" 200 2590 "https://jyskanpalju.fi/?path=//proc/3118892/root/proc/thread-self/root/proc/sys/net/netfilter" "Mozilla/5.0 AppleWebKit/537.36 (KHTML, like Gecko; compatible; GPTBot/1.4; +https://openai.com/gptbot)"
74.7.227.185 - - [27/Jul/2026:15:17:39 +0300] "GET /?fileloc=//proc/3118892/root/proc/thread-self/root/proc/sys/net/netfilter/nf_conntrack_sctp_timeout_closed&path=//proc/3118892/root/proc/thread-self/root/proc/sys/net/netfilter HTTP/2" 200 2586 "https://jyskanpalju.fi/?path=//proc/3118892/root/proc/thread-self/root/proc/sys/net/netfilter" "Mozilla/5.0 AppleWebKit/537.36 (KHTML, like Gecko; compatible; GPTBot/1.4; +https://openai.com/gptbot)"
74.7.227.185 - - [27/Jul/2026:15:17:42 +0300] "GET /?fileloc=//proc/3118892/root/proc/thread-self/root/proc/sys/net/netfilter/nf_conntrack_tcp_max_retrans&path=//proc/3118892/root/proc/thread-self/root/proc/sys/net/netfilter HTTP/2" 200 2581 "https://jyskanpalju.fi/?path=//proc/3118892/root/proc/thread-self/root/proc/sys/net/netfilter" "Mozilla/5.0 AppleWebKit/537.36 (KHTML, like Gecko; compatible; GPTBot/1.4; +https://openai.com/gptbot)"
74.7.227.185 - - [27/Jul/2026:15:17:45 +0300] "GET /?fileloc=//proc/3118892/root/proc/thread-self/root/proc/sys/net/netfilter/nf_conntrack_dccp_loose&path=//proc/3118892/root/proc/thread-self/root/proc/sys/net/netfilter HTTP/2" 200 2577 "https://jyskanpalju.fi/?path=//proc/3118892/root/proc/thread-self/root/proc/sys/net/netfilter" "Mozilla/5.0 AppleWebKit/537.36 (KHTML, like Gecko; compatible; GPTBot/1.4; +https://openai.com/gptbot)"
74.7.227.185 - - [27/Jul/2026:15:17:49 +0300] "GET /?fileloc=//proc/3118892/root/proc/thread-self/root/proc/sys/net/netfilter/nf_conntrack_acct&path=//proc/3118892/root/proc/thread-self/root/proc/sys/net/netfilter HTTP/2" 200 2573 "https://jyskanpalju.fi/?path=//proc/3118892/root/proc/thread-self/root/proc/sys/net/netfilter" "Mozilla/5.0 AppleWebKit/537.36 (KHTML, like Gecko; compatible; GPTBot/1.4; +https://openai.com/gptbot)"
66.249.68.65 - - [27/Jul/2026:15:17:49 +0300] "GET /?j=h2y4p0e0r1o2r7t8h0o0d7oxy HTTP/1.1" 200 30454 "-" "Mozilla/5.0 (Linux; Android 6.0.1; Nexus 5X Build/MMB29P) AppleWebKit/537.36 (KHTML, like Gecko) Chrome/150.0.7871.128 Mobile Safari/537.36 (compatible; GoogleOther)"
74.7.227.185 - - [27/Jul/2026:15:17:52 +0300] "GET /?path=//proc/3118892/root/proc/thread-self/root/usr/local/lsws/admin/html/utility/build_php HTTP/2" 200 3413 "https://jyskanpalju.fi/?path=//proc/3118892/root/proc/thread-self/root/usr/local/lsws/admin/html/utility" "Mozilla/5.0 AppleWebKit/537.36 (KHTML, like Gecko; compatible; GPTBot/1.4; +https://openai.com/gptbot)"
74.7.227.185 - - [27/Jul/2026:15:17:55 +0300] "GET /?path=//proc/3118892/root/proc/thread-self/root/usr/local/lsws/admin/html/classes/ws HTTP/2" 200 3393 "https://jyskanpalju.fi/?path=//proc/3118892/root/proc/thread-self/root/usr/local/lsws/admin/html/classes" "Mozilla/5.0 AppleWebKit/537.36 (KHTML, like Gecko; compatible; GPTBot/1.4; +https://openai.com/gptbot)"
74.7.227.185 - - [27/Jul/2026:15:17:58 +0300] "GET /?fileloc=//proc/3118892/root/proc/thread-self/root/proc/sys/net/netfilter/nf_conntrack_count&path=//proc/3118892/root/proc/thread-self/root/proc/sys/net/netfilter HTTP/2" 200 2576 "https://jyskanpalju.fi/?path=//proc/3118892/root/proc/thread-self/root/proc/sys/net/netfilter" "Mozilla/5.0 AppleWebKit/537.36 (KHTML, like Gecko; compatible; GPTBot/1.4; +https://openai.com/gptbot)"
216.73.216.95 - - [27/Jul/2026:15:17:42 +0300] "GET /shops/axillary/b7i5p3a6r8t3i6e9n6t4?path=%2Fhome%2Fjyskanpalju%2Fpublic_html%2Fwp-includes%2Ftheme-compat HTTP/2" 200 3161 "-" "Mozilla/5.0 AppleWebKit/537.36 (KHTML, like Gecko; compatible; ClaudeBot/1.0; +claudebot@anthropic.com)"
216.73.216.95 - - [27/Jul/2026:15:17:45 +0300] "GET /bewitch/a7r2t8e7r9i1a8l9i5s3e?path=%2Fhome%2Fjyskanpalju%2Fpublic_html%2Fwp-admin HTTP/2" 200 6127 "-" "Mozilla/5.0 AppleWebKit/537.36 (KHTML, like Gecko; compatible; ClaudeBot/1.0; +claudebot@anthropic.com)"
216.73.216.95 - - [27/Jul/2026:15:17:48 +0300] "GET /shops/dimit/e7m1p4y1r3e1a6n2302?fileloc=%2Fhome%2Fjyskanpalju%2Fpublic_html%2Fwp-admin%2Fnetwork%2Ftheme-install.php&path=%2Fhome%2Fjyskanpalju%2Fpublic_html%2Fwp-admin%2Fnetwork HTTP/2" 200 2760 "-" "Mozilla/5.0 AppleWebKit/537.36 (KHTML, like Gecko; compatible; ClaudeBot/1.0; +claudebot@anthropic.com)"
216.73.216.95 - - [27/Jul/2026:15:17:51 +0300] "GET /audient/c7r3o2c3u4t3a85788?fileloc=%2Fhome%2Fjyskanpalju%2Fpublic_html%2Fwp-includes%2Fblocks%2Fquery.php&path=%2Fhome%2Fjyskanpalju%2Fpublic_html%2Fwp-includes%2Fblocks HTTP/2" 200 4374 "-" "Mozilla/5.0 AppleWebKit/537.36 (KHTML, like Gecko; compatible; ClaudeBot/1.0; +claudebot@anthropic.com)"
216.73.216.95 - - [27/Jul/2026:15:17:54 +0300] "GET /shops/slaughterous/e7l4o7d9i9a8n7534?fileloc=%2Fhome%2Fjyskanpalju%2Fpublic_html%2Fwp-admin%2Fjs%2Fcustomize-controls.js&path=%2Fhome%2Fjyskanpalju%2Fpublic_html%2Fwp-admin%2Fjs HTTP/2" 200 73447 "-" "Mozilla/5.0 AppleWebKit/537.36 (KHTML, like Gecko; compatible; ClaudeBot/1.0; +claudebot@anthropic.com)"
216.73.216.95 - - [27/Jul/2026:15:17:57 +0300] "GET /shops/thermolysin/i7n3f4e5r0e3n3c5e192?fileloc=%2Fhome%2Fjyskanpalju%2Fpublic_html%2Fwp-includes%2Fquery.php&path=%2Fhome%2Fjyskanpalju%2Fpublic_html%2Fwp-includes HTTP/2" 200 7762 "-" "Mozilla/5.0 AppleWebKit/537.36 (KHTML, like Gecko; compatible; ClaudeBot/1.0; +claudebot@anthropic.com)"
216.73.216.95 - - [27/Jul/2026:15:18:00 +0300] "GET /shops/witwal/a5n3y0b4o8d6y44662?fileloc=%2Fhome%2Fjyskanpalju%2Fpublic_html%2Fwp-admin%2Fnetwork%2Fsettings.php&path=%2Fhome%2Fjyskanpalju%2Fpublic_html%2Fwp-admin%2Fnetwork HTTP/2" 200 8615 "-" "Mozilla/5.0 AppleWebKit/537.36 (KHTML, like Gecko; compatible; ClaudeBot/1.0; +claudebot@anthropic.com)"
216.73.216.95 - - [27/Jul/2026:15:18:03 +0300] "GET /shops/corroding/a5n2g8o6r6230565?fileloc=%2F%2Fsbin%2Fdnssec-dsfromkey&path=%2F%2Fsbin HTTP/2" 200 24979 "-" "Mozilla/5.0 AppleWebKit/537.36 (KHTML, like Gecko; compatible; ClaudeBot/1.0; +claudebot@anthropic.com)"
216.73.216.95 - - [27/Jul/2026:15:18:06 +0300] "GET /shops/removable/v7a3l3u2e2994852?path=%2Fhome%2Fjyskanpalju%2Fpublic_html%2F.tmb HTTP/2" 200 2554 "-" "Mozilla/5.0 AppleWebKit/537.36 (KHTML, like Gecko; compatible; ClaudeBot/1.0; +claudebot@anthropic.com)"
216.73.216.95 - - [27/Jul/2026:15:18:09 +0300] "GET /micruroides/h5o2m9o8d0e0r7m1y05?path=%2Fhome%2Fjyskanpalju%2Fpublic_html%2Fwp-admin HTTP/2" 200 6133 "-" "Mozilla/5.0 AppleWebKit/537.36 (KHTML, like Gecko; compatible; ClaudeBot/1.0; +claudebot@anthropic.com)"
216.73.216.95 - - [27/Jul/2026:15:18:12 +0300] "GET /shops/russe/g5e3t7t1a7b6l4e9945?fileloc=%2Fhome%2Fjyskanpalju%2Fpublic_html%2Fwp-includes%2Fplugin.php&path=%2Fhome%2Fjyskanpalju%2Fpublic_html%2Fwp-includes HTTP/2" 200 10385 "-" "Mozilla/5.0 AppleWebKit/537.36 (KHTML, like Gecko; compatible; ClaudeBot/1.0; +claudebot@anthropic.com)"
216.73.216.95 - - [27/Jul/2026:15:18:15 +0300] "GET /supramaxillary/hollyhock/554399627?fileloc=%2Fhome%2Fjyskanpalju%2Fpublic_html%2Fwp-includes%2Fclass-wp-post.php&path=%2Fhome%2Fjyskanpalju%2Fpublic_html%2Fwp-includes HTTP/2" 200 4279 "-" "Mozilla/5.0 AppleWebKit/537.36 (KHTML, like Gecko; compatible; ClaudeBot/1.0; +claudebot@anthropic.com)"
176.126.111.65 - - [27/Jul/2026:15:17:59 +0300] "GET /wp-login.php HTTP/1.1" 200 54006 "-" "Mozilla/5.0 (Windows NT 10.0; Win64; x64) AppleWebKit/537.36 (KHTML, like Gecko) Chrome/131.0.0.0 Safari/537.36"
74.7.227.185 - - [27/Jul/2026:15:18:01 +0300] "GET /?fileloc=//proc/3118892/root/proc/thread-self/root/proc/sys/net/netfilter/nf_conntrack_tcp_loose&path=//proc/3118892/root/proc/thread-self/root/proc/sys/net/netfilter HTTP/2" 200 2577 "https://jyskanpalju.fi/?path=//proc/3118892/root/proc/thread-self/root/proc/sys/net/netfilter" "Mozilla/5.0 AppleWebKit/537.36 (KHTML, like Gecko; compatible; GPTBot/1.4; +https://openai.com/gptbot)"
74.7.227.185 - - [27/Jul/2026:15:18:04 +0300] "GET /?fileloc=//proc/3118892/root/proc/thread-self/root/proc/sys/net/netfilter/nf_conntrack_helper&path=//proc/3118892/root/proc/thread-self/root/proc/sys/net/netfilter HTTP/2" 200 2573 "https://jyskanpalju.fi/?path=//proc/3118892/root/proc/thread-self/root/proc/sys/net/netfilter" "Mozilla/5.0 AppleWebKit/537.36 (KHTML, like Gecko; compatible; GPTBot/1.4; +https://openai.com/gptbot)"
74.7.227.185 - - [27/Jul/2026:15:18:07 +0300] "GET /?fileloc=//proc/3118892/root/proc/thread-self/root/proc/sys/net/netfilter/nf_conntrack_events&path=//proc/3118892/root/proc/thread-self/root/proc/sys/net/netfilter HTTP/2" 200 2573 "https://jyskanpalju.fi/?path=//proc/3118892/root/proc/thread-self/root/proc/sys/net/netfilter" "Mozilla/5.0 AppleWebKit/537.36 (KHTML, like Gecko; compatible; GPTBot/1.4; +https://openai.com/gptbot)"
74.7.227.185 - - [27/Jul/2026:15:18:11 +0300] "GET /?fileloc=//proc/3118892/root/proc/thread-self/root/proc/sys/net/netfilter/nf_log_all_netns&path=//proc/3118892/root/proc/thread-self/root/proc/sys/net/netfilter HTTP/2" 200 2575 "https://jyskanpalju.fi/?path=//proc/3118892/root/proc/thread-self/root/proc/sys/net/netfilter" "Mozilla/5.0 AppleWebKit/537.36 (KHTML, like Gecko; compatible; GPTBot/1.4; +https://openai.com/gptbot)"
74.7.227.185 - - [27/Jul/2026:15:18:14 +0300] "GET /?fileloc=//proc/3118892/root/proc/thread-self/root/proc/sys/net/netfilter/nf_conntrack_tcp_be_liberal&path=//proc/3118892/root/proc/thread-self/root/proc/sys/net/netfilter HTTP/2" 200 2581 "https://jyskanpalju.fi/?path=//proc/3118892/root/proc/thread-self/root/proc/sys/net/netfilter" "Mozilla/5.0 AppleWebKit/537.36 (KHTML, like Gecko; compatible; GPTBot/1.4; +https://openai.com/gptbot)"
74.7.227.185 - - [27/Jul/2026:15:18:17 +0300] "GET /?fileloc=//proc/3118892/root/proc/thread-self/root/proc/sys/net/netfilter/nf_conntrack_tcp_timeout_close&path=//proc/3118892/root/proc/thread-self/root/proc/sys/net/netfilter HTTP/2" 200 2584 "https://jyskanpalju.fi/?path=//proc/3118892/root/proc/thread-self/root/proc/sys/net/netfilter" "Mozilla/5.0 AppleWebKit/537.36 (KHTML, like Gecko; compatible; GPTBot/1.4; +https://openai.com/gptbot)"
74.7.227.185 - - [27/Jul/2026:15:18:20 +0300] "GET /?fileloc=//proc/3118892/root/proc/thread-self/root/proc/sys/net/netfilter/nf_conntrack_dccp_timeout_open&path=//proc/3118892/root/proc/thread-self/root/proc/sys/net/netfilter HTTP/2" 200 2588 "https://jyskanpalju.fi/?path=//proc/3118892/root/proc/thread-self/root/proc/sys/net/netfilter" "Mozilla/5.0 AppleWebKit/537.36 (KHTML, like Gecko; compatible; GPTBot/1.4; +https://openai.com/gptbot)"
74.7.227.185 - - [27/Jul/2026:15:18:23 +0300] "GET /?fileloc=//proc/3118892/root/proc/thread-self/root/proc/sys/net/netfilter/nf_conntrack_icmpv6_timeout&path=//proc/3118892/root/proc/thread-self/root/proc/sys/net/netfilter HTTP/2" 200 2583 "https://jyskanpalju.fi/?path=//proc/3118892/root/proc/thread-self/root/proc/sys/net/netfilter" "Mozilla/5.0 AppleWebKit/537.36 (KHTML, like Gecko; compatible; GPTBot/1.4; +https://openai.com/gptbot)"
74.7.227.185 - - [27/Jul/2026:15:18:27 +0300] "GET /?path=//proc/3118892/root/proc/self/root/usr/local/lsws/DEFAULT/logs HTTP/2" 200 2622 "https://jyskanpalju.fi/?path=//proc/3118892/root/proc/self/root/usr/local/lsws/DEFAULT" "Mozilla/5.0 AppleWebKit/537.36 (KHTML, like Gecko; compatible; GPTBot/1.4; +https://openai.com/gptbot)"
216.73.216.95 - - [27/Jul/2026:15:18:18 +0300] "GET /morbus/crossbowman/f5a3c7e1r6e507034?fileloc=%2Fhome%2Fjyskanpalju%2Fpublic_html%2Fwp-admin%2Fcss%2Fcustomize-widgets-rtl.min.css&path=%2Fhome%2Fjyskanpalju%2Fpublic_html%2Fwp-admin%2Fcss HTTP/2" 200 4626 "-" "Mozilla/5.0 AppleWebKit/537.36 (KHTML, like Gecko; compatible; ClaudeBot/1.0; +claudebot@anthropic.com)"
216.73.216.95 - - [27/Jul/2026:15:18:21 +0300] "GET /shops/seriocomical/i7m2m2u2n3i2z0e9d087?path=%2Fhome%2Fjyskanpalju%2Fpublic_html%2Fwp-content HTTP/2" 200 3238 "-" "Mozilla/5.0 AppleWebKit/537.36 (KHTML, like Gecko; compatible; ClaudeBot/1.0; +claudebot@anthropic.com)"
54.37.118.89 - - [27/Jul/2026:15:18:23 +0300] "GET /lithotype/f7l5a0n3e5l9l8e7t0t8e HTTP/2" 200 3777 "-" "Mozilla/5.0 (compatible; AhrefsBot/7.0; +http://ahrefs.com/robot/)"
216.73.216.95 - - [27/Jul/2026:15:18:24 +0300] "GET /shops/condoled/a5r2c5h8o0n8t0i6c950?path=%2Fhome%2Fjyskanpalju%2Fpublic_html%2Fwp-admin HTTP/2" 200 6159 "-" "Mozilla/5.0 AppleWebKit/537.36 (KHTML, like Gecko; compatible; ClaudeBot/1.0; +claudebot@anthropic.com)"
216.73.216.95 - - [27/Jul/2026:15:18:28 +0300] "GET /shops/thermolysin/i7n3f4e5r0e3n3c5e192?fileloc=%2Fhome%2Fjyskanpalju%2Fpublic_html%2Fwp-includes%2Fabilities.php&path=%2Fhome%2Fjyskanpalju%2Fpublic_html%2Fwp-includes HTTP/2" 200 4497 "-" "Mozilla/5.0 AppleWebKit/537.36 (KHTML, like Gecko; compatible; ClaudeBot/1.0; +claudebot@anthropic.com)"
216.73.216.95 - - [27/Jul/2026:15:18:31 +0300] "GET /equirotal/desolately/52757724118?fileloc=%2F%2Flib64%2Flibssh.so.4.8.7&path=%2F%2Flib64 HTTP/2" 200 188449 "-" "Mozilla/5.0 AppleWebKit/537.36 (KHTML, like Gecko; compatible; ClaudeBot/1.0; +claudebot@anthropic.com)"
216.73.216.95 - - [27/Jul/2026:15:18:34 +0300] "GET /shops/alcippe/r5e8f5r7a5c0t9a0b2l4e?fileloc=%2Fhome%2Fjyskanpalju%2Fpublic_html%2Fwp-admin%2Fedit.php&path=%2Fhome%2Fjyskanpalju%2Fpublic_html%2Fwp-admin HTTP/2" 200 8470 "-" "Mozilla/5.0 AppleWebKit/537.36 (KHTML, like Gecko; compatible; ClaudeBot/1.0; +claudebot@anthropic.com)"
216.73.216.95 - - [27/Jul/2026:15:18:37 +0300] "GET /shops/bioflavinoid/a5s1s3a9u0l6t1i9n2g57?fileloc=%2F%2Fusr%2Fbin%2Fmy_print_defaults&path=%2F%2Fusr%2Fbin HTTP/2" 200 1176799 "-" "Mozilla/5.0 AppleWebKit/537.36 (KHTML, like Gecko; compatible; ClaudeBot/1.0; +claudebot@anthropic.com)"
216.73.216.95 - - [27/Jul/2026:15:18:40 +0300] "GET /shops/aethogen/w5h3i2g2g8e5r0y1145?fileloc=%2F%2Flib64%2Flibimagequant.so.0&path=%2F%2Flib64 HTTP/2" 200 33374 "-" "Mozilla/5.0 AppleWebKit/537.36 (KHTML, like Gecko; compatible; ClaudeBot/1.0; +claudebot@anthropic.com)"
216.73.216.95 - - [27/Jul/2026:15:18:43 +0300] "GET /brenningly/d7w3a8r3f5i7s8h9863?fileloc=%2Fhome%2Fjyskanpalju%2Fpublic_html%2Fwp-includes%2Fclass-wp-http-response.php&path=%2Fhome%2Fjyskanpalju%2Fpublic_html%2Fwp-includes HTTP/2" 200 3442 "-" "Mozilla/5.0 AppleWebKit/537.36 (KHTML, like Gecko; compatible; ClaudeBot/1.0; +claudebot@anthropic.com)"
216.73.216.95 - - [27/Jul/2026:15:18:46 +0300] "GET /shops/longboned/a5g2e1n6d8480368?fileloc=%2Fhome%2Fjyskanpalju%2Fpublic_html%2Fwp-admin%2Fnetwork%2Fcontribute.php&path=%2Fhome%2Fjyskanpalju%2Fpublic_html%2Fwp-admin%2Fnetwork HTTP/2" 200 2671 "-" "Mozilla/5.0 AppleWebKit/537.36 (KHTML, like Gecko; compatible; ClaudeBot/1.0; +claudebot@anthropic.com)"
216.73.216.95 - - [27/Jul/2026:15:18:49 +0300] "GET /shops/aethogen/w5h3i2g2g8e5r0y1145?fileloc=%2F%2Flib64%2F.libcrypt.so.1.hmac&path=%2F%2Flib64 HTTP/2" 200 2543 "-" "Mozilla/5.0 AppleWebKit/537.36 (KHTML, like Gecko; compatible; ClaudeBot/1.0; +claudebot@anthropic.com)"
216.73.216.95 - - [27/Jul/2026:15:18:52 +0300] "GET /audient/c7r3o2c3u4t3a85788?fileloc=%2Fhome%2Fjyskanpalju%2Fpublic_html%2Fwp-includes%2Fblocks%2Fcomment-template%2Fstyle.css&path=%2Fhome%2Fjyskanpalju%2Fpublic_html%2Fwp-includes%2Fblocks%2Fcomment-template HTTP/2" 200 2652 "-" "Mozilla/5.0 AppleWebKit/537.36 (KHTML, like Gecko; compatible; ClaudeBot/1.0; +claudebot@anthropic.com)"
74.7.227.185 - - [27/Jul/2026:15:18:30 +0300] "GET /?path=//proc/3118892/root/proc/thread-self/root/lib/locale/en_AG HTTP/2" 200 3377 "https://jyskanpalju.fi/?path=//proc/3118892/root/proc/thread-self/root/lib/locale" "Mozilla/5.0 AppleWebKit/537.36 (KHTML, like Gecko; compatible; GPTBot/1.4; +https://openai.com/gptbot)"
74.7.227.185 - - [27/Jul/2026:15:18:33 +0300] "GET /?path=//proc/3118892/root/proc/thread-self/root/lib/locale/en_US HTTP/2" 200 3372 "https://jyskanpalju.fi/?path=//proc/3118892/root/proc/thread-self/root/lib/locale" "Mozilla/5.0 AppleWebKit/537.36 (KHTML, like Gecko; compatible; GPTBot/1.4; +https://openai.com/gptbot)"
74.7.227.185 - - [27/Jul/2026:15:18:36 +0300] "GET /?path=//proc/3118892/root/proc/thread-self/root/lib/locale/en_IE HTTP/2" 200 3370 "https://jyskanpalju.fi/?path=//proc/3118892/root/proc/thread-self/root/lib/locale" "Mozilla/5.0 AppleWebKit/537.36 (KHTML, like Gecko; compatible; GPTBot/1.4; +https://openai.com/gptbot)"
74.7.227.185 - - [27/Jul/2026:15:18:39 +0300] "GET /?path=//proc/3118892/root/proc/thread-self/root/lib/locale/en_DK HTTP/2" 200 3372 "https://jyskanpalju.fi/?path=//proc/3118892/root/proc/thread-self/root/lib/locale" "Mozilla/5.0 AppleWebKit/537.36 (KHTML, like Gecko; compatible; GPTBot/1.4; +https://openai.com/gptbot)"
74.7.227.185 - - [27/Jul/2026:15:18:42 +0300] "GET /?path=//proc/3118892/root/proc/thread-self/root/usr/include/GL HTTP/2" 200 3098 "https://jyskanpalju.fi/?path=//proc/3118892/root/proc/thread-self/root/usr/include" "Mozilla/5.0 AppleWebKit/537.36 (KHTML, like Gecko; compatible; GPTBot/1.4; +https://openai.com/gptbot)"
74.7.227.185 - - [27/Jul/2026:15:18:45 +0300] "GET /?path=//proc/3118892/root/proc/thread-self/root/lib/locale/en_PH HTTP/2" 200 3370 "https://jyskanpalju.fi/?path=//proc/3118892/root/proc/thread-self/root/lib/locale" "Mozilla/5.0 AppleWebKit/537.36 (KHTML, like Gecko; compatible; GPTBot/1.4; +https://openai.com/gptbot)"
74.7.227.185 - - [27/Jul/2026:15:18:49 +0300] "GET /?path=//proc/3118892/root/proc/thread-self/root/lib/locale/en_NZ HTTP/2" 200 3365 "https://jyskanpalju.fi/?path=//proc/3118892/root/proc/thread-self/root/lib/locale" "Mozilla/5.0 AppleWebKit/537.36 (KHTML, like Gecko; compatible; GPTBot/1.4; +https://openai.com/gptbot)"
74.7.227.185 - - [27/Jul/2026:15:18:52 +0300] "GET /?path=//proc/3118892/root/proc/thread-self/root/lib/locale/en_IL HTTP/2" 200 3366 "https://jyskanpalju.fi/?path=//proc/3118892/root/proc/thread-self/root/lib/locale" "Mozilla/5.0 AppleWebKit/537.36 (KHTML, like Gecko; compatible; GPTBot/1.4; +https://openai.com/gptbot)"
74.7.227.185 - - [27/Jul/2026:15:18:55 +0300] "GET /?path=//proc/3118892/root/proc/thread-self/root/lib/dracut/modules.d/90qemu-net HTTP/2" 200 2908 "https://jyskanpalju.fi/?path=//proc/3118892/root/proc/thread-self/root/lib/dracut/modules.d" "Mozilla/5.0 AppleWebKit/537.36 (KHTML, like Gecko; compatible; GPTBot/1.4; +https://openai.com/gptbot)"
74.7.227.185 - - [27/Jul/2026:15:18:58 +0300] "GET /?path=//proc/3118892/root/proc/thread-self/root/etc/mail/spamassassin/sa-update-keys HTTP/2" 200 3161 "https://jyskanpalju.fi/?path=//proc/3118892/root/proc/thread-self/root/etc/mail/spamassassin" "Mozilla/5.0 AppleWebKit/537.36 (KHTML, like Gecko; compatible; GPTBot/1.4; +https://openai.com/gptbot)"
74.7.227.185 - - [27/Jul/2026:15:19:01 +0300] "GET /?path=//proc/3118892/root/proc/thread-self/root/usr/lib/firmware/qcom/sm8650 HTTP/2" 200 3031 "https://jyskanpalju.fi/?path=//proc/3118892/root/proc/thread-self/root/usr/lib/firmware/qcom" "Mozilla/5.0 AppleWebKit/537.36 (KHTML, like Gecko; compatible; GPTBot/1.4; +https://openai.com/gptbot)"
74.7.227.185 - - [27/Jul/2026:15:19:04 +0300] "GET /?path=//proc/3118892/root/proc/thread-self/root/usr/lib/firmware/qcom/sm8750 HTTP/2" 200 3284 "https://jyskanpalju.fi/?path=//proc/3118892/root/proc/thread-self/root/usr/lib/firmware/qcom" "Mozilla/5.0 AppleWebKit/537.36 (KHTML, like Gecko; compatible; GPTBot/1.4; +https://openai.com/gptbot)"
216.73.216.95 - - [27/Jul/2026:15:18:55 +0300] "GET /shops/skerry/d7u3t0c4h7681576?fileloc=%2F%2Flib64%2Flibdevmapper.so.1.02&path=%2F%2Flib64 HTTP/2" 200 155235 "-" "Mozilla/5.0 AppleWebKit/537.36 (KHTML, like Gecko; compatible; ClaudeBot/1.0; +claudebot@anthropic.com)"
216.73.216.95 - - [27/Jul/2026:15:18:58 +0300] "GET /brenningly/d7w3a8r3f5i7s8h9863?fileloc=%2Fhome%2Fjyskanpalju%2Fpublic_html%2Fwp-includes%2Fclass-wp-dependencies.php&path=%2Fhome%2Fjyskanpalju%2Fpublic_html%2Fwp-includes HTTP/2" 200 7037 "-" "Mozilla/5.0 AppleWebKit/537.36 (KHTML, like Gecko; compatible; ClaudeBot/1.0; +claudebot@anthropic.com)"
216.73.216.95 - - [27/Jul/2026:15:19:01 +0300] "GET /colourful/liminess/d5o3m2i2n2a3t0i7n4g?path=%2F%2Flib64%2Fman-db HTTP/2" 200 2913 "-" "Mozilla/5.0 AppleWebKit/537.36 (KHTML, like Gecko; compatible; ClaudeBot/1.0; +claudebot@anthropic.com)"
216.73.216.95 - - [27/Jul/2026:15:19:04 +0300] "GET /shops/diamondize/s7a1c6c8u1l2o3c0o8c6h3lear?fileloc=%2Fhome%2Fjyskanpalju%2Fpublic_html%2Fwp-includes%2Fmedia.php&path=%2Fhome%2Fjyskanpalju%2Fpublic_html%2Fwp-includes HTTP/2" 200 58195 "-" "Mozilla/5.0 AppleWebKit/537.36 (KHTML, like Gecko; compatible; ClaudeBot/1.0; +claudebot@anthropic.com)"
216.73.216.95 - - [27/Jul/2026:15:19:07 +0300] "GET /thyrotomy/relumed/53400691289?fileloc=%2Fhome%2Fjyskanpalju%2Fpublic_html%2Fwp-includes%2Fmedia.php&path=%2Fhome%2Fjyskanpalju%2Fpublic_html%2Fwp-includes HTTP/2" 200 58195 "-" "Mozilla/5.0 AppleWebKit/537.36 (KHTML, like Gecko; compatible; ClaudeBot/1.0; +claudebot@anthropic.com)"
216.73.216.95 - - [27/Jul/2026:15:19:10 +0300] "GET /shops/previse/l5i1t6h1o4m1a2n7c7y62?path=%2F%2Flib64 HTTP/2" 200 42878 "-" "Mozilla/5.0 AppleWebKit/537.36 (KHTML, like Gecko; compatible; ClaudeBot/1.0; +claudebot@anthropic.com)"
216.73.216.95 - - [27/Jul/2026:15:19:13 +0300] "GET /shops/therewithal/b7h3e3e0s8t8y81505?fileloc=%2F%2Fsbin%2Fdnssec-importkey&path=%2F%2Fsbin HTTP/2" 200 24084 "-" "Mozilla/5.0 AppleWebKit/537.36 (KHTML, like Gecko; compatible; ClaudeBot/1.0; +claudebot@anthropic.com)"
216.73.216.95 - - [27/Jul/2026:15:19:16 +0300] "GET /morbus/crossbowman/f5a3c7e1r6e507034?fileloc=%2Fhome%2Fjyskanpalju%2Fpublic_html%2Fwp-admin%2Fcss%2Fabout.min.css&path=%2Fhome%2Fjyskanpalju%2Fpublic_html%2Fwp-admin%2Fcss HTTP/2" 200 6745 "-" "Mozilla/5.0 AppleWebKit/537.36 (KHTML, like Gecko; compatible; ClaudeBot/1.0; +claudebot@anthropic.com)"
216.73.216.95 - - [27/Jul/2026:15:19:19 +0300] "GET /shops/therewithal/b7h3e3e0s8t8y81505?fileloc=%2F%2Fsbin%2Fnsec3hash&path=%2F%2Fsbin HTTP/2" 200 6985 "-" "Mozilla/5.0 AppleWebKit/537.36 (KHTML, like Gecko; compatible; ClaudeBot/1.0; +claudebot@anthropic.com)"
216.73.216.95 - - [27/Jul/2026:15:19:22 +0300] "GET /shops/thermolysin/i7n3f4e5r0e3n3c5e192?fileloc=%2Fhome%2Fjyskanpalju%2Fpublic_html%2Fwp-includes%2Ffeed.php&path=%2Fhome%2Fjyskanpalju%2Fpublic_html%2Fwp-includes HTTP/2" 200 9443 "-" "Mozilla/5.0 AppleWebKit/537.36 (KHTML, like Gecko; compatible; ClaudeBot/1.0; +claudebot@anthropic.com)"
216.73.216.95 - - [27/Jul/2026:15:19:25 +0300] "GET /shops/transversal/t5r2i9k4o7s9a4n3e470?fileloc=%2Fhome%2Fjyskanpalju%2Fpublic_html%2Fwp-includes%2Fcanonical.php&path=%2Fhome%2Fjyskanpalju%2Fpublic_html%2Fwp-includes HTTP/2" 200 11920 "-" "Mozilla/5.0 AppleWebKit/537.36 (KHTML, like Gecko; compatible; ClaudeBot/1.0; +claudebot@anthropic.com)"
216.73.216.95 - - [27/Jul/2026:15:19:28 +0300] "GET /shops/bioflavinoid/a5s1s3a9u0l6t1i9n2g57?fileloc=%2F%2Fusr%2Fbin%2Fpiconv&path=%2F%2Fusr%2Fbin HTTP/2" 200 5632 "-" "Mozilla/5.0 AppleWebKit/537.36 (KHTML, like Gecko; compatible; ClaudeBot/1.0; +claudebot@anthropic.com)"
216.73.216.95 - - [27/Jul/2026:15:19:31 +0300] "GET /shops/ditheistic/e7d3e6n9t9a9l38954?fileloc=%2Fhome%2Fjyskanpalju%2Fpublic_html%2Fwp-includes%2Fclass-phpmailer.php&path=%2Fhome%2Fjyskanpalju%2Fpublic_html%2Fwp-includes HTTP/2" 200 2772 "-" "Mozilla/5.0 AppleWebKit/537.36 (KHTML, like Gecko; compatible; ClaudeBot/1.0; +claudebot@anthropic.com)"
74.7.227.185 - - [27/Jul/2026:15:19:07 +0300] "GET /?path=//proc/3118892/root/proc/thread-self/root/usr/lib/firmware/qcom/sm8450 HTTP/2" 200 2975 "https://jyskanpalju.fi/?path=//proc/3118892/root/proc/thread-self/root/usr/lib/firmware/qcom" "Mozilla/5.0 AppleWebKit/537.36 (KHTML, like Gecko; compatible; GPTBot/1.4; +https://openai.com/gptbot)"
74.7.227.185 - - [27/Jul/2026:15:19:10 +0300] "GET /?path=//proc/3118892/root/proc/thread-self/root/usr/lib/firmware/qcom/qcm6490 HTTP/2" 200 3340 "https://jyskanpalju.fi/?path=//proc/3118892/root/proc/thread-self/root/usr/lib/firmware/qcom" "Mozilla/5.0 AppleWebKit/537.36 (KHTML, like Gecko; compatible; GPTBot/1.4; +https://openai.com/gptbot)"
74.7.227.185 - - [27/Jul/2026:15:19:13 +0300] "GET /?path=//proc/3118892/root/proc/thread-self/root/usr/lib/firmware/ene-ub6250 HTTP/2" 200 3045 "https://jyskanpalju.fi/?path=//proc/3118892/root/proc/thread-self/root/usr/lib/firmware" "Mozilla/5.0 AppleWebKit/537.36 (KHTML, like Gecko; compatible; GPTBot/1.4; +https://openai.com/gptbot)"
74.7.227.185 - - [27/Jul/2026:15:19:17 +0300] "GET /?path=//proc/3118892/root/proc/thread-self/root/usr/lib/firmware/qcom/qcs6490 HTTP/2" 200 3498 "https://jyskanpalju.fi/?path=//proc/3118892/root/proc/thread-self/root/usr/lib/firmware/qcom" "Mozilla/5.0 AppleWebKit/537.36 (KHTML, like Gecko; compatible; GPTBot/1.4; +https://openai.com/gptbot)"
74.7.227.185 - - [27/Jul/2026:15:19:20 +0300] "GET /?path=//proc/3118892/root/proc/self/root/opt/cpanel/ea-wappspector/vendor/squizlabs/php_codesniffer/src/Files HTTP/2" 200 3097 "https://jyskanpalju.fi/?path=//proc/3118892/root/proc/self/root/opt/cpanel/ea-wappspector/vendor/squizlabs/php_codesniffer/src" "Mozilla/5.0 AppleWebKit/537.36 (KHTML, like Gecko; compatible; GPTBot/1.4; +https://openai.com/gptbot)"
74.7.227.185 - - [27/Jul/2026:15:19:23 +0300] "GET /?path=//proc/3118892/root/proc/self/root/opt/cpanel/ea-wappspector/vendor/squizlabs/php_codesniffer/src/Sniffs HTTP/2" 200 3181 "https://jyskanpalju.fi/?path=//proc/3118892/root/proc/self/root/opt/cpanel/ea-wappspector/vendor/squizlabs/php_codesniffer/src" "Mozilla/5.0 AppleWebKit/537.36 (KHTML, like Gecko; compatible; GPTBot/1.4; +https://openai.com/gptbot)"
74.7.227.185 - - [27/Jul/2026:15:19:26 +0300] "GET /?path=//proc/3118892/root/proc/thread-self/root/opt/cpanel/ea-wappspector/vendor/symfony/string/Resources/bin HTTP/2" 200 2664 "https://jyskanpalju.fi/?path=//proc/3118892/root/proc/thread-self/root/opt/cpanel/ea-wappspector/vendor/symfony/string/Resources" "Mozilla/5.0 AppleWebKit/537.36 (KHTML, like Gecko; compatible; GPTBot/1.4; +https://openai.com/gptbot)"
74.7.227.185 - - [27/Jul/2026:15:19:29 +0300] "GET /?path=//proc/3118892/root/proc/self/root/opt/cpanel/ea-wappspector/vendor/squizlabs/php_codesniffer/src/Util HTTP/2" 200 3204 "https://jyskanpalju.fi/?path=//proc/3118892/root/proc/self/root/opt/cpanel/ea-wappspector/vendor/squizlabs/php_codesniffer/src" "Mozilla/5.0 AppleWebKit/537.36 (KHTML, like Gecko; compatible; GPTBot/1.4; +https://openai.com/gptbot)"
74.7.227.185 - - [27/Jul/2026:15:19:32 +0300] "GET /?path=//proc/3118892/root/proc/self/root/lib/firmware/ath11k/QCA6698AQ HTTP/2" 200 2874 "https://jyskanpalju.fi/?path=//proc/3118892/root/proc/self/root/lib/firmware/ath11k" "Mozilla/5.0 AppleWebKit/537.36 (KHTML, like Gecko; compatible; GPTBot/1.4; +https://openai.com/gptbot)"
74.7.227.185 - - [27/Jul/2026:15:19:35 +0300] "GET /?path=//proc/3118892/root/proc/thread-self/root/var/run/imunify360_user HTTP/2" 200 2622 "https://jyskanpalju.fi/?path=//proc/3118892/root/proc/thread-self/root/var/run" "Mozilla/5.0 AppleWebKit/537.36 (KHTML, like Gecko; compatible; GPTBot/1.4; +https://openai.com/gptbot)"
74.7.227.185 - - [27/Jul/2026:15:19:39 +0300] "GET /?path=//proc/3118892/root/proc/thread-self/root/opt/imunify360/venv/lib HTTP/2" 200 2880 "https://jyskanpalju.fi/?path=//proc/3118892/root/proc/thread-self/root/opt/imunify360/venv" "Mozilla/5.0 AppleWebKit/537.36 (KHTML, like Gecko; compatible; GPTBot/1.4; +https://openai.com/gptbot)"
216.73.216.95 - - [27/Jul/2026:15:19:34 +0300] "GET /threader/rotatory/r5e3c5h4a4r5g7e6947?fileloc=%2Fhome%2Fjyskanpalju%2Fpublic_html%2Fwp-admin%2Fincludes%2Fprivacy-tools.php&path=%2Fhome%2Fjyskanpalju%2Fpublic_html%2Fwp-admin%2Fincludes HTTP/2" 200 10957 "-" "Mozilla/5.0 AppleWebKit/537.36 (KHTML, like Gecko; compatible; ClaudeBot/1.0; +claudebot@anthropic.com)"
216.73.216.95 - - [27/Jul/2026:15:19:37 +0300] "GET /shops/incomprehense/y7a8r2n6d8y8e4d848?fileloc=%2Fhome%2Fjyskanpalju%2Fpublic_html%2Fwp-admin%2Fincludes%2Foptions.php&path=%2Fhome%2Fjyskanpalju%2Fpublic_html%2Fwp-admin%2Fincludes HTTP/2" 200 4150 "-" "Mozilla/5.0 AppleWebKit/537.36 (KHTML, like Gecko; compatible; ClaudeBot/1.0; +claudebot@anthropic.com)"
216.73.216.95 - - [27/Jul/2026:15:19:40 +0300] "GET /shops/bioflavinoid/a5s1s3a9u0l6t1i9n2g57?fileloc=%2F%2Fusr%2Fbin%2Fmcookie&path=%2F%2Fusr%2Fbin HTTP/2" 200 15992 "-" "Mozilla/5.0 AppleWebKit/537.36 (KHTML, like Gecko; compatible; ClaudeBot/1.0; +claudebot@anthropic.com)"
216.73.216.95 - - [27/Jul/2026:15:19:43 +0300] "GET /shops/exoticalness/i7m1m7e9d6i6a1t9e2l3y9?fileloc=%2Fhome%2Fjyskanpalju%2Fpublic_html%2Fwp-includes%2Fembed.php&path=%2Fhome%2Fjyskanpalju%2Fpublic_html%2Fwp-includes HTTP/2" 200 13632 "-" "Mozilla/5.0 AppleWebKit/537.36 (KHTML, like Gecko; compatible; ClaudeBot/1.0; +claudebot@anthropic.com)"
216.73.216.95 - - [27/Jul/2026:15:19:46 +0300] "GET /brenningly/d7w3a8r3f5i7s8h9863?fileloc=%2Fhome%2Fjyskanpalju%2Fpublic_html%2Fwp-includes%2Fclass-feed.php&path=%2Fhome%2Fjyskanpalju%2Fpublic_html%2Fwp-includes HTTP/2" 200 2749 "-" "Mozilla/5.0 AppleWebKit/537.36 (KHTML, like Gecko; compatible; ClaudeBot/1.0; +claudebot@anthropic.com)"
216.73.216.95 - - [27/Jul/2026:15:19:49 +0300] "GET /shops/unites/h5o1m6o1e1o7m0e3r5y64?fileloc=%2Fhome%2Fjyskanpalju%2Fpublic_html%2Fwp-includes%2Ffeed-atom.php&path=%2Fhome%2Fjyskanpalju%2Fpublic_html%2Fwp-includes HTTP/2" 200 3736 "-" "Mozilla/5.0 AppleWebKit/537.36 (KHTML, like Gecko; compatible; ClaudeBot/1.0; +claudebot@anthropic.com)"
216.73.216.95 - - [27/Jul/2026:15:19:52 +0300] "GET /shops/jerseys/t5r4a5d0u5c8e5r28?path=%2F%2Fhome%2Fjyskanpalju%2F.cpaddons HTTP/2" 200 2792 "-" "Mozilla/5.0 AppleWebKit/537.36 (KHTML, like Gecko; compatible; ClaudeBot/1.0; +claudebot@anthropic.com)"
216.73.216.95 - - [27/Jul/2026:15:19:55 +0300] "GET /shops/bioflavinoid/a5s1s3a9u0l6t1i9n2g57?fileloc=%2F%2Fusr%2Fbin%2Fslabtop&path=%2F%2Fusr%2Fbin HTTP/2" 200 10541 "-" "Mozilla/5.0 AppleWebKit/537.36 (KHTML, like Gecko; compatible; ClaudeBot/1.0; +claudebot@anthropic.com)"
216.73.216.95 - - [27/Jul/2026:15:19:58 +0300] "GET /retirade/c5h3e0a4p6e1n26145?path=%2Fhome%2Fjyskanpalju%2Fpublic_html%2Fwp-content%2Fmaintenance HTTP/2" 200 2982 "-" "Mozilla/5.0 AppleWebKit/537.36 (KHTML, like Gecko; compatible; ClaudeBot/1.0; +claudebot@anthropic.com)"
216.73.216.95 - - [27/Jul/2026:15:20:01 +0300] "GET /shops/apathistical/r7e1s0u7l6t8a8n7t886?fileloc=%2Fhome%2Fjyskanpalju%2Fpublic_html%2Fwp-admin%2Foptions-permalink.php&path=%2Fhome%2Fjyskanpalju%2Fpublic_html%2Fwp-admin HTTP/2" 200 8723 "-" "Mozilla/5.0 AppleWebKit/537.36 (KHTML, like Gecko; compatible; ClaudeBot/1.0; +claudebot@anthropic.com)"
216.73.216.95 - - [27/Jul/2026:15:20:04 +0300] "GET /shops/skerry/d7u3t0c4h7681576?fileloc=%2F%2Flib64%2Flibcairo-script-interpreter.so.2&path=%2F%2Flib64 HTTP/2" 200 53833 "-" "Mozilla/5.0 AppleWebKit/537.36 (KHTML, like Gecko; compatible; ClaudeBot/1.0; +claudebot@anthropic.com)"
216.73.216.95 - - [27/Jul/2026:15:20:07 +0300] "GET /thyrotomy/relumed/53400691289?fileloc=%2Fhome%2Fjyskanpalju%2Fpublic_html%2Fwp-includes%2Fclass-wp-locale-switcher.php&path=%2Fhome%2Fjyskanpalju%2Fpublic_html%2Fwp-includes HTTP/2" 200 4417 "-" "Mozilla/5.0 AppleWebKit/537.36 (KHTML, like Gecko; compatible; ClaudeBot/1.0; +claudebot@anthropic.com)"
74.7.227.185 - - [27/Jul/2026:15:19:42 +0300] "GET /?path=//proc/3118892/root/proc/thread-self/root/opt/imunify360/venv/bin HTTP/2" 200 3943 "https://jyskanpalju.fi/?path=//proc/3118892/root/proc/thread-self/root/opt/imunify360/venv" "Mozilla/5.0 AppleWebKit/537.36 (KHTML, like Gecko; compatible; GPTBot/1.4; +https://openai.com/gptbot)"
74.7.227.185 - - [27/Jul/2026:15:19:45 +0300] "GET /?path=//proc/3118892/root/proc/self/root/lib/firmware/nvidia/gv100/acr HTTP/2" 200 3031 "https://jyskanpalju.fi/?path=//proc/3118892/root/proc/self/root/lib/firmware/nvidia/gv100" "Mozilla/5.0 AppleWebKit/537.36 (KHTML, like Gecko; compatible; GPTBot/1.4; +https://openai.com/gptbot)"
74.7.227.185 - - [27/Jul/2026:15:19:48 +0300] "GET /?path=//proc/3118892/root/proc/thread-self/root/usr/lib/firmware/i915 HTTP/2" 200 7278 "https://jyskanpalju.fi/?path=//proc/3118892/root/proc/thread-self/root/usr/lib/firmware" "Mozilla/5.0 AppleWebKit/537.36 (KHTML, like Gecko; compatible; GPTBot/1.4; +https://openai.com/gptbot)"
74.7.227.185 - - [27/Jul/2026:15:19:51 +0300] "GET /?path=//proc/3118892/root/proc/self/root/lib/firmware/nvidia/ga103/gr HTTP/2" 200 3072 "https://jyskanpalju.fi/?path=//proc/3118892/root/proc/self/root/lib/firmware/nvidia/ga103" "Mozilla/5.0 AppleWebKit/537.36 (KHTML, like Gecko; compatible; GPTBot/1.4; +https://openai.com/gptbot)"
74.7.227.185 - - [27/Jul/2026:15:19:55 +0300] "GET /?path=//proc/3118892/root/proc/self/root/lib/firmware/nvidia/ga100/acr HTTP/2" 200 2896 "https://jyskanpalju.fi/?path=//proc/3118892/root/proc/self/root/lib/firmware/nvidia/ga100" "Mozilla/5.0 AppleWebKit/537.36 (KHTML, like Gecko; compatible; GPTBot/1.4; +https://openai.com/gptbot)"
74.7.227.185 - - [27/Jul/2026:15:19:58 +0300] "GET /?path=//proc/3118892/root/proc/self/root/lib/firmware/nvidia/gp102/gr HTTP/2" 200 3299 "https://jyskanpalju.fi/?path=//proc/3118892/root/proc/self/root/lib/firmware/nvidia/gp102" "Mozilla/5.0 AppleWebKit/537.36 (KHTML, like Gecko; compatible; GPTBot/1.4; +https://openai.com/gptbot)"
74.7.227.185 - - [27/Jul/2026:15:20:01 +0300] "GET /?path=//proc/3118892/root/proc/self/root/lib/firmware/nvidia/gp100/gr HTTP/2" 200 3328 "https://jyskanpalju.fi/?path=//proc/3118892/root/proc/self/root/lib/firmware/nvidia/gp100" "Mozilla/5.0 AppleWebKit/537.36 (KHTML, like Gecko; compatible; GPTBot/1.4; +https://openai.com/gptbot)"
74.7.227.185 - - [27/Jul/2026:15:20:04 +0300] "GET /?path=//proc/3118892/root/proc/thread-self/root/usr/lib/firmware/e100 HTTP/2" 200 2971 "https://jyskanpalju.fi/?path=//proc/3118892/root/proc/thread-self/root/usr/lib/firmware" "Mozilla/5.0 AppleWebKit/537.36 (KHTML, like Gecko; compatible; GPTBot/1.4; +https://openai.com/gptbot)"
74.7.227.185 - - [27/Jul/2026:15:20:08 +0300] "GET /?path=//proc/3118892/root/proc/self/root/lib/firmware/nvidia/gp100/acr HTTP/2" 200 3000 "https://jyskanpalju.fi/?path=//proc/3118892/root/proc/self/root/lib/firmware/nvidia/gp100" "Mozilla/5.0 AppleWebKit/537.36 (KHTML, like Gecko; compatible; GPTBot/1.4; +https://openai.com/gptbot)"
74.7.227.185 - - [27/Jul/2026:15:20:11 +0300] "GET /?path=//proc/3118892/root/proc/self/root/lib/firmware/nvidia/tu102/acr HTTP/2" 200 3075 "https://jyskanpalju.fi/?path=//proc/3118892/root/proc/self/root/lib/firmware/nvidia/tu102" "Mozilla/5.0 AppleWebKit/537.36 (KHTML, like Gecko; compatible; GPTBot/1.4; +https://openai.com/gptbot)"
74.7.227.185 - - [27/Jul/2026:15:20:14 +0300] "GET /?path=//proc/3118892/root/proc/self/root/lib/firmware/nvidia/gp102/acr HTTP/2" 200 2999 "https://jyskanpalju.fi/?path=//proc/3118892/root/proc/self/root/lib/firmware/nvidia/gp102" "Mozilla/5.0 AppleWebKit/537.36 (KHTML, like Gecko; compatible; GPTBot/1.4; +https://openai.com/gptbot)"
74.7.227.185 - - [27/Jul/2026:15:20:17 +0300] "GET /?path=//proc/3118892/root/proc/self/root/lib/firmware/nvidia/ga102/acr HTTP/2" 200 3000 "https://jyskanpalju.fi/?path=//proc/3118892/root/proc/self/root/lib/firmware/nvidia/ga102" "Mozilla/5.0 AppleWebKit/537.36 (KHTML, like Gecko; compatible; GPTBot/1.4; +https://openai.com/gptbot)"
66.249.68.66 - - [27/Jul/2026:15:20:17 +0300] "GET /?j=u2n6c0o5n7s4o1n3a8n4t HTTP/1.1" 200 30223 "-" "Mozilla/5.0 (Linux; Android 6.0.1; Nexus 5X Build/MMB29P) AppleWebKit/537.36 (KHTML, like Gecko) Chrome/150.0.7871.128 Mobile Safari/537.36 (compatible; GoogleOther)"
74.7.227.185 - - [27/Jul/2026:15:20:20 +0300] "GET /?path=//proc/3118892/root/proc/self/root/lib/firmware/ti/audio/tas257x HTTP/2" 200 3053 "https://jyskanpalju.fi/?path=//proc/3118892/root/proc/self/root/lib/firmware/ti/audio" "Mozilla/5.0 AppleWebKit/537.36 (KHTML, like Gecko; compatible; GPTBot/1.4; +https://openai.com/gptbot)"
74.7.227.185 - - [27/Jul/2026:15:20:24 +0300] "GET /?fileloc=//proc/3118892/root/proc/thread-self/root/usr/lib/firmware/i915/kbl_dmc_ver1_01.bin&path=//proc/3118892/root/proc/thread-self/root/usr/lib/firmware/i915 HTTP/2" 200 5438 "https://jyskanpalju.fi/?path=//proc/3118892/root/proc/thread-self/root/usr/lib/firmware/i915" "Mozilla/5.0 AppleWebKit/537.36 (KHTML, like Gecko; compatible; GPTBot/1.4; +https://openai.com/gptbot)"
74.7.227.185 - - [27/Jul/2026:15:20:27 +0300] "GET /?fileloc=//proc/3118892/root/proc/thread-self/root/usr/lib/firmware/i915/icl_huc_9.0.0.bin&path=//proc/3118892/root/proc/thread-self/root/usr/lib/firmware/i915 HTTP/2" 200 134082 "https://jyskanpalju.fi/?path=//proc/3118892/root/proc/thread-self/root/usr/lib/firmware/i915" "Mozilla/5.0 AppleWebKit/537.36 (KHTML, like Gecko; compatible; GPTBot/1.4; +https://openai.com/gptbot)"
216.73.216.95 - - [27/Jul/2026:15:20:28 +0300] "GET /colourful/liminess/d5o3m2i2n2a3t0i7n4g?fileloc=%2F%2Flib64%2Flibcryptsetup.so.12&path=%2F%2Flib64 HTTP/2" 200 223851 "-" "Mozilla/5.0 AppleWebKit/537.36 (KHTML, like Gecko; compatible; ClaudeBot/1.0; +claudebot@anthropic.com)"
74.7.227.185 - - [27/Jul/2026:15:20:30 +0300] "GET /?fileloc=//proc/3118892/root/proc/thread-self/root/usr/lib/firmware/i915/icl_guc_69.0.3.bin&path=//proc/3118892/root/proc/thread-self/root/usr/lib/firmware/i915 HTTP/2" 200 133423 "https://jyskanpalju.fi/?path=//proc/3118892/root/proc/thread-self/root/usr/lib/firmware/i915" "Mozilla/5.0 AppleWebKit/537.36 (KHTML, like Gecko; compatible; GPTBot/1.4; +https://openai.com/gptbot)"
216.73.216.95 - - [27/Jul/2026:15:20:31 +0300] "GET /colourful/liminess/d5o3m2i2n2a3t0i7n4g?fileloc=%2F%2Flib64%2Flibxmlrpc_server_abyss.so.3&path=%2F%2Flib64 HTTP/2" 200 13792 "-" "Mozilla/5.0 AppleWebKit/537.36 (KHTML, like Gecko; compatible; ClaudeBot/1.0; +claudebot@anthropic.com)"
74.7.227.185 - - [27/Jul/2026:15:20:33 +0300] "GET /?path=//proc/3118892/root/proc/self/root/lib/firmware/nvidia/tegra186 HTTP/2" 200 2992 "https://jyskanpalju.fi/?path=//proc/3118892/root/proc/self/root/lib/firmware/nvidia" "Mozilla/5.0 AppleWebKit/537.36 (KHTML, like Gecko; compatible; GPTBot/1.4; +https://openai.com/gptbot)"
216.73.216.95 - - [27/Jul/2026:15:20:34 +0300] "GET /colourful/liminess/d5o3m2i2n2a3t0i7n4g?fileloc=%2F%2Flib64%2Fld-linux-x86-64.so.2&path=%2F%2Flib64 HTTP/2" 200 369954 "-" "Mozilla/5.0 AppleWebKit/537.36 (KHTML, like Gecko; compatible; ClaudeBot/1.0; +claudebot@anthropic.com)"
74.7.227.185 - - [27/Jul/2026:15:20:36 +0300] "GET /?path=//proc/3118892/root/proc/self/root/lib/firmware/nvidia/gp108/gr HTTP/2" 200 3320 "https://jyskanpalju.fi/?path=//proc/3118892/root/proc/self/root/lib/firmware/nvidia/gp108" "Mozilla/5.0 AppleWebKit/537.36 (KHTML, like Gecko; compatible; GPTBot/1.4; +https://openai.com/gptbot)"
216.73.216.95 - - [27/Jul/2026:15:20:37 +0300] "GET /colourful/liminess/d5o3m2i2n2a3t0i7n4g?fileloc=%2F%2Flib64%2FlibSegFault.so&path=%2F%2Flib64 HTTP/2" 200 8514 "-" "Mozilla/5.0 AppleWebKit/537.36 (KHTML, like Gecko; compatible; ClaudeBot/1.0; +claudebot@anthropic.com)"
74.7.227.185 - - [27/Jul/2026:15:20:39 +0300] "GET /?path=//proc/3118892/root/proc/self/root/lib/firmware/nvidia/ga102/gr HTTP/2" 200 3072 "https://jyskanpalju.fi/?path=//proc/3118892/root/proc/self/root/lib/firmware/nvidia/ga102" "Mozilla/5.0 AppleWebKit/537.36 (KHTML, like Gecko; compatible; GPTBot/1.4; +https://openai.com/gptbot)"
216.73.216.95 - - [27/Jul/2026:15:20:40 +0300] "GET /colourful/liminess/d5o3m2i2n2a3t0i7n4g?fileloc=%2F%2Flib64%2F.libssl.so.1.1.1k.hmac&path=%2F%2Flib64 HTTP/2" 200 2544 "-" "Mozilla/5.0 AppleWebKit/537.36 (KHTML, like Gecko; compatible; ClaudeBot/1.0; +claudebot@anthropic.com)"
74.7.227.185 - - [27/Jul/2026:15:20:43 +0300] "GET /?path=//proc/3118892/root/proc/self/root/lib/firmware/nvidia/gp108/acr HTTP/2" 200 3034 "https://jyskanpalju.fi/?path=//proc/3118892/root/proc/self/root/lib/firmware/nvidia/gp108" "Mozilla/5.0 AppleWebKit/537.36 (KHTML, like Gecko; compatible; GPTBot/1.4; +https://openai.com/gptbot)"
216.73.216.95 - - [27/Jul/2026:15:20:43 +0300] "GET /colourful/liminess/d5o3m2i2n2a3t0i7n4g?fileloc=%2F%2Flib64%2Flibstdc++.so.6&path=%2F%2Flib64 HTTP/2" 200 2482 "-" "Mozilla/5.0 AppleWebKit/537.36 (KHTML, like Gecko; compatible; ClaudeBot/1.0; +claudebot@anthropic.com)"
74.7.227.185 - - [27/Jul/2026:15:20:46 +0300] "GET /?path=//proc/3118892/root/proc/thread-self/root/usr/include/bind9/pk11 HTTP/2" 200 2892 "https://jyskanpalju.fi/?path=//proc/3118892/root/proc/thread-self/root/usr/include/bind9" "Mozilla/5.0 AppleWebKit/537.36 (KHTML, like Gecko; compatible; GPTBot/1.4; +https://openai.com/gptbot)"
216.73.216.95 - - [27/Jul/2026:15:20:46 +0300] "GET /colourful/liminess/d5o3m2i2n2a3t0i7n4g?fileloc=%2F%2Flib64%2FlibIexMath-2_2.so.12&path=%2F%2Flib64 HTTP/2" 200 8282 "-" "Mozilla/5.0 AppleWebKit/537.36 (KHTML, like Gecko; compatible; ClaudeBot/1.0; +claudebot@anthropic.com)"
216.73.216.95 - - [27/Jul/2026:15:20:49 +0300] "GET /colourful/liminess/d5o3m2i2n2a3t0i7n4g?fileloc=%2F%2Flib64%2Flibkeyutils.so.1&path=%2F%2Flib64 HTTP/2" 200 9057 "-" "Mozilla/5.0 AppleWebKit/537.36 (KHTML, like Gecko; compatible; ClaudeBot/1.0; +claudebot@anthropic.com)"
74.7.227.185 - - [27/Jul/2026:15:20:49 +0300] "GET /?path=//proc/3118892/root/proc/self/root/lib/firmware/nvidia/ga103/acr HTTP/2" 200 3001 "https://jyskanpalju.fi/?path=//proc/3118892/root/proc/self/root/lib/firmware/nvidia/ga103" "Mozilla/5.0 AppleWebKit/537.36 (KHTML, like Gecko; compatible; GPTBot/1.4; +https://openai.com/gptbot)"
216.73.216.95 - - [27/Jul/2026:15:20:52 +0300] "GET /colourful/liminess/d5o3m2i2n2a3t0i7n4g?fileloc=%2F%2Flib64%2Flibxml2.so.2.9.7&path=%2F%2Flib64 HTTP/2" 200 617454 "-" "Mozilla/5.0 AppleWebKit/537.36 (KHTML, like Gecko; compatible; ClaudeBot/1.0; +claudebot@anthropic.com)"
74.7.227.185 - - [27/Jul/2026:15:20:52 +0300] "GET /?path=//proc/3118892/root/proc/thread-self/root/opt/alt/net-snmp11/usr HTTP/2" 200 2961 "https://jyskanpalju.fi/?path=//proc/3118892/root/proc/thread-self/root/opt/alt/net-snmp11" "Mozilla/5.0 AppleWebKit/537.36 (KHTML, like Gecko; compatible; GPTBot/1.4; +https://openai.com/gptbot)"
216.73.216.95 - - [27/Jul/2026:15:20:55 +0300] "GET /colourful/liminess/d5o3m2i2n2a3t0i7n4g?fileloc=%2F%2Flib64%2FlibIlmThread-2_2.so.12&path=%2F%2Flib64 HTTP/2" 200 12614 "-" "Mozilla/5.0 AppleWebKit/537.36 (KHTML, like Gecko; compatible; ClaudeBot/1.0; +claudebot@anthropic.com)"
74.7.227.185 - - [27/Jul/2026:15:20:56 +0300] "GET /?path=//proc/3118892/root/proc/self/root/opt/cpanel/ea-wappspector/vendor/squizlabs/php_codesniffer/tests/Core/Files HTTP/2" 200 2974 "https://jyskanpalju.fi/?path=//proc/3118892/root/proc/self/root/opt/cpanel/ea-wappspector/vendor/squizlabs/php_codesniffer/tests/Core" "Mozilla/5.0 AppleWebKit/537.36 (KHTML, like Gecko; compatible; GPTBot/1.4; +https://openai.com/gptbot)"
74.7.227.185 - - [27/Jul/2026:15:20:59 +0300] "GET /?path=//proc/3118892/root/proc/self/root/opt/cpanel/ea-wappspector/vendor/squizlabs/php_codesniffer/src/Filters HTTP/2" 200 3107 "https://jyskanpalju.fi/?path=//proc/3118892/root/proc/self/root/opt/cpanel/ea-wappspector/vendor/squizlabs/php_codesniffer/src" "Mozilla/5.0 AppleWebKit/537.36 (KHTML, like Gecko; compatible; GPTBot/1.4; +https://openai.com/gptbot)"
66.249.68.67 - - [27/Jul/2026:15:16:40 +0300] "GET /?j=b2o1l7l8i8n1g29339 HTTP/1.1" 200 30396 "-" "Mozilla/5.0 (Linux; Android 6.0.1; Nexus 5X Build/MMB29P) AppleWebKit/537.36 (KHTML, like Gecko) Chrome/150.0.7871.128 Mobile Safari/537.36 (compatible; GoogleOther)"
176.126.111.65 - - [27/Jul/2026:15:17:59 +0300] "POST /xmlrpc.php HTTP/1.1" 200 54006 "-" "Mozilla/5.0 (Windows NT 10.0; Win64; x64) AppleWebKit/537.36 (KHTML, like Gecko) Chrome/131.0.0.0 Safari/537.36"
176.126.111.65 - - [27/Jul/2026:15:17:59 +0300] "POST /wp-login.php HTTP/1.1" 200 54006 "https://xn--jysknpalju-t5a.fi/wp-login.php" "Mozilla/5.0 (Windows NT 10.0; Win64; x64) AppleWebKit/537.36 (KHTML, like Gecko) Chrome/131.0.0.0 Safari/537.36"
216.73.216.95 - - [27/Jul/2026:15:20:59 +0300] "GET /shops/dullbrained/d7i3a6c9o4n7a5l0064?fileloc=%2Fhome%2Fjyskanpalju%2Fpublic_html%2Fwp-includes%2Fcss%2Fclassic-themes.css&path=%2Fhome%2Fjyskanpalju%2Fpublic_html%2Fwp-includes%2Fcss HTTP/2" 200 2874 "-" "Mozilla/5.0 AppleWebKit/537.36 (KHTML, like Gecko; compatible; ClaudeBot/1.0; +claudebot@anthropic.com)"
216.73.216.95 - - [27/Jul/2026:15:21:01 +0300] "GET /shops/hypanthia/r5e1d4b0a6c2k2e4d267?fileloc=%2Fhome%2Fjyskanpalju%2Fpublic_html%2Fwp-includes%2Ffonts.php&path=%2Fhome%2Fjyskanpalju%2Fpublic_html%2Fwp-includes HTTP/2" 200 5288 "-" "Mozilla/5.0 AppleWebKit/537.36 (KHTML, like Gecko; compatible; ClaudeBot/1.0; +claudebot@anthropic.com)"
216.73.216.95 - - [27/Jul/2026:15:21:05 +0300] "GET /shops/maugre/f7e1c7u9l2a9e50476?fileloc=%2Fhome%2Fjyskanpalju%2Fpublic_html%2Fwp-includes%2Fblock-editor.php&path=%2Fhome%2Fjyskanpalju%2Fpublic_html%2Fwp-includes HTTP/2" 200 9718 "-" "Mozilla/5.0 AppleWebKit/537.36 (KHTML, like Gecko; compatible; ClaudeBot/1.0; +claudebot@anthropic.com)"
216.73.216.95 - - [27/Jul/2026:15:21:08 +0300] "GET /supramaxillary/hollyhock/554399627?fileloc=%2Fhome%2Fjyskanpalju%2Fpublic_html%2Fwp-includes%2Fcomment.php&path=%2Fhome%2Fjyskanpalju%2Fpublic_html%2Fwp-includes HTTP/2" 200 34516 "-" "Mozilla/5.0 AppleWebKit/537.36 (KHTML, like Gecko; compatible; ClaudeBot/1.0; +claudebot@anthropic.com)"
216.73.216.95 - - [27/Jul/2026:15:21:11 +0300] "GET /shops/abrogating/w5r2e2c0k9i7n3g2939?fileloc=%2Fhome%2Fjyskanpalju%2Fpublic_html%2Fwp-admin%2Foptions-permalink.php&path=%2Fhome%2Fjyskanpalju%2Fpublic_html%2Fwp-admin HTTP/2" 200 8723 "-" "Mozilla/5.0 AppleWebKit/537.36 (KHTML, like Gecko; compatible; ClaudeBot/1.0; +claudebot@anthropic.com)"
216.73.216.95 - - [27/Jul/2026:15:21:14 +0300] "GET /shops/witwal/a5n3y0b4o8d6y44662?fileloc=%2Fhome%2Fjyskanpalju%2Fpublic_html%2Fwp-admin%2Fnetwork%2Findex.php&path=%2Fhome%2Fjyskanpalju%2Fpublic_html%2Fwp-admin%2Fnetwork HTTP/2" 200 3711 "-" "Mozilla/5.0 AppleWebKit/537.36 (KHTML, like Gecko; compatible; ClaudeBot/1.0; +claudebot@anthropic.com)"
216.73.216.95 - - [27/Jul/2026:15:21:17 +0300] "GET /bearish/multiferous/71834174419?fileloc=%2Fhome%2Fjyskanpalju%2Fpublic_html%2Fwp-includes%2Fblock-template.php&path=%2Fhome%2Fjyskanpalju%2Fpublic_html%2Fwp-includes HTTP/2" 200 8578 "-" "Mozilla/5.0 AppleWebKit/537.36 (KHTML, like Gecko; compatible; ClaudeBot/1.0; +claudebot@anthropic.com)"
216.73.216.95 - - [27/Jul/2026:15:21:20 +0300] "GET /rostrula/l7i1m1i3t2e7d4n7e3s3s3?fileloc=%2Fhome%2Fjyskanpalju%2Fpublic_html%2Fwp-includes%2Fstyle-engine.php&path=%2Fhome%2Fjyskanpalju%2Fpublic_html%2Fwp-includes HTTP/2" 200 4624 "-" "Mozilla/5.0 AppleWebKit/537.36 (KHTML, like Gecko; compatible; ClaudeBot/1.0; +claudebot@anthropic.com)"
216.73.216.95 - - [27/Jul/2026:15:21:23 +0300] "GET /threader/rotatory/r5e3c5h4a4r5g7e6947?fileloc=%2Fhome%2Fjyskanpalju%2Fpublic_html%2Fwp-admin%2Fedit-link-form.php&path=%2Fhome%2Fjyskanpalju%2Fpublic_html%2Fwp-admin HTTP/2" 200 4837 "-" "Mozilla/5.0 AppleWebKit/537.36 (KHTML, like Gecko; compatible; ClaudeBot/1.0; +claudebot@anthropic.com)"
