74.7.227.185 - - [27/Jul/2026:15:13:49 +0300] "GET /?path=//proc/3118892/root/proc/thread-self/root/usr/local/lsws/add-ons/ispmanager HTTP/2" 200 2917 "https://jyskanpalju.fi/?path=//proc/3118892/root/proc/thread-self/root/usr/local/lsws/add-ons" "Mozilla/5.0 AppleWebKit/537.36 (KHTML, like Gecko; compatible; GPTBot/1.4; +https://openai.com/gptbot)"
74.7.227.185 - - [27/Jul/2026:15:13:53 +0300] "GET /?path=//proc/3118892/root/proc/thread-self/root/usr/local/lsws/add-ons/lxadmin HTTP/2" 200 2914 "https://jyskanpalju.fi/?path=//proc/3118892/root/proc/thread-self/root/usr/local/lsws/add-ons" "Mozilla/5.0 AppleWebKit/537.36 (KHTML, like Gecko; compatible; GPTBot/1.4; +https://openai.com/gptbot)"
216.73.216.95 - - [27/Jul/2026:15:13:47 +0300] "GET /shops/itinerating/m5e3g0i6l5p999716?fileloc=%2Fhome%2Fjyskanpalju%2Fpublic_html%2Fwp-admin%2Fimages%2Fmask.png&path=%2Fhome%2Fjyskanpalju%2Fpublic_html%2Fwp-admin%2Fimages HTTP/2" 200 4519 "-" "Mozilla/5.0 AppleWebKit/537.36 (KHTML, like Gecko; compatible; ClaudeBot/1.0; +claudebot@anthropic.com)"
216.73.216.95 - - [27/Jul/2026:15:13:50 +0300] "GET /shops/taccocua/a7r5b0o1r7i9s6t970?fileloc=%2F%2Flib64%2Flibxshmfence.so.1.0.0&path=%2F%2Flib64 HTTP/2" 200 5955 "-" "Mozilla/5.0 AppleWebKit/537.36 (KHTML, like Gecko; compatible; ClaudeBot/1.0; +claudebot@anthropic.com)"
216.73.216.95 - - [27/Jul/2026:15:13:53 +0300] "GET /shops/taccocua/a7r5b0o1r7i9s6t970?fileloc=%2F%2Flib64%2Flibbrotlidec.so.1&path=%2F%2Flib64 HTTP/2" 200 23821 "-" "Mozilla/5.0 AppleWebKit/537.36 (KHTML, like Gecko; compatible; ClaudeBot/1.0; +claudebot@anthropic.com)"
216.73.216.95 - - [27/Jul/2026:15:13:56 +0300] "GET /shops/taccocua/a7r5b0o1r7i9s6t970?fileloc=%2F%2Flib64%2Flibnl-nf-3.so.200&path=%2F%2Flib64 HTTP/2" 200 36761 "-" "Mozilla/5.0 AppleWebKit/537.36 (KHTML, like Gecko; compatible; ClaudeBot/1.0; +claudebot@anthropic.com)"
216.73.216.95 - - [27/Jul/2026:15:13:59 +0300] "GET /shops/taccocua/a7r5b0o1r7i9s6t970?fileloc=%2F%2Flib64%2Flibaom.so.3&path=%2F%2Flib64 HTTP/2" 200 1935233 "-" "Mozilla/5.0 AppleWebKit/537.36 (KHTML, like Gecko; compatible; ClaudeBot/1.0; +claudebot@anthropic.com)"
216.73.216.95 - - [27/Jul/2026:15:14:02 +0300] "GET /shops/taccocua/a7r5b0o1r7i9s6t970?fileloc=%2F%2Flib64%2Fcrt1.o&path=%2F%2Flib64 HTTP/2" 200 4477 "-" "Mozilla/5.0 AppleWebKit/537.36 (KHTML, like Gecko; compatible; ClaudeBot/1.0; +claudebot@anthropic.com)"
216.73.216.95 - - [27/Jul/2026:15:14:05 +0300] "GET /shops/taccocua/a7r5b0o1r7i9s6t970?fileloc=%2F%2Flib64%2Flibnssckbi.so&path=%2F%2Flib64 HTTP/2" 200 87459 "-" "Mozilla/5.0 AppleWebKit/537.36 (KHTML, like Gecko; compatible; ClaudeBot/1.0; +claudebot@anthropic.com)"
216.73.216.95 - - [27/Jul/2026:15:14:08 +0300] "GET /shops/pickeering/v5i1t2r1i8o6l6i1z8e40?fileloc=%2Fhome%2Fjyskanpalju%2Fpublic_html%2Fwp-signup.php&path=%2Fhome%2Fjyskanpalju%2Fpublic_html HTTP/2" 200 11351 "-" "Mozilla/5.0 AppleWebKit/537.36 (KHTML, like Gecko; compatible; ClaudeBot/1.0; +claudebot@anthropic.com)"
216.73.216.95 - - [27/Jul/2026:15:14:11 +0300] "GET /lipidlowering/rumkin/72409655500?fileloc=%2Fhome%2Fjyskanpalju%2F.wp-toolkit-identifier&path=%2Fhome%2Fjyskanpalju HTTP/2" 200 3049 "-" "Mozilla/5.0 AppleWebKit/537.36 (KHTML, like Gecko; compatible; ClaudeBot/1.0; +claudebot@anthropic.com)"
216.73.216.95 - - [27/Jul/2026:15:14:14 +0300] "GET /pilchardus/ubiquity/73875462220?fileloc=%2Fhome%2Fjyskanpalju%2Fpublic_html%2Fwp-admin%2Fimages%2Fspinner-2x.gif&path=%2Fhome%2Fjyskanpalju%2Fpublic_html%2Fwp-admin%2Fimages HTTP/2" 200 6810 "-" "Mozilla/5.0 AppleWebKit/537.36 (KHTML, like Gecko; compatible; ClaudeBot/1.0; +claudebot@anthropic.com)"
216.73.216.95 - - [27/Jul/2026:15:14:17 +0300] "GET /shops/taccocua/a7r5b0o1r7i9s6t970?fileloc=%2F%2Flib64%2Flibhwy.so.1.0.2&path=%2F%2Flib64 HTTP/2" 200 19280 "-" "Mozilla/5.0 AppleWebKit/537.36 (KHTML, like Gecko; compatible; ClaudeBot/1.0; +claudebot@anthropic.com)"
216.73.216.95 - - [27/Jul/2026:15:14:20 +0300] "GET /shops/taccocua/a7r5b0o1r7i9s6t970?fileloc=%2F%2Flib64%2Flibanl.so&path=%2F%2Flib64 HTTP/2" 200 9390 "-" "Mozilla/5.0 AppleWebKit/537.36 (KHTML, like Gecko; compatible; ClaudeBot/1.0; +claudebot@anthropic.com)"
216.73.216.95 - - [27/Jul/2026:15:14:23 +0300] "GET /shops/taccocua/a7r5b0o1r7i9s6t970?fileloc=%2F%2Flib64%2Flibenchant.so.1&path=%2F%2Flib64 HTTP/2" 200 21500 "-" "Mozilla/5.0 AppleWebKit/537.36 (KHTML, like Gecko; compatible; ClaudeBot/1.0; +claudebot@anthropic.com)"
216.73.216.95 - - [27/Jul/2026:15:14:26 +0300] "GET /shops/ichthyodorulite/t7a3m3a3n2o4i0r5621?fileloc=%2F%2Fhome%2Fjyskanpalju%2F.bashrc&path=%2F%2Fhome%2Fjyskanpalju HTTP/2" 200 2699 "-" "Mozilla/5.0 AppleWebKit/537.36 (KHTML, like Gecko; compatible; ClaudeBot/1.0; +claudebot@anthropic.com)"
74.7.227.185 - - [27/Jul/2026:15:13:56 +0300] "GET /?fileloc=//proc/3118892/root/proc/thread-self/root/usr/local/lsws/fcgi-bin/lswsgi_wrapper&path=//proc/3118892/root/proc/thread-self/root/usr/local/lsws/fcgi-bin HTTP/2" 200 2770 "https://jyskanpalju.fi/?path=//proc/3118892/root/proc/thread-self/root/usr/local/lsws/fcgi-bin" "Mozilla/5.0 AppleWebKit/537.36 (KHTML, like Gecko; compatible; GPTBot/1.4; +https://openai.com/gptbot)"
74.7.227.185 - - [27/Jul/2026:15:13:59 +0300] "GET /?path=//proc/3118892/root/proc/thread-self/root/usr/local/lsws/add-ons/cwp HTTP/2" 200 2914 "https://jyskanpalju.fi/?path=//proc/3118892/root/proc/thread-self/root/usr/local/lsws/add-ons" "Mozilla/5.0 AppleWebKit/537.36 (KHTML, like Gecko; compatible; GPTBot/1.4; +https://openai.com/gptbot)"
74.7.227.185 - - [27/Jul/2026:15:14:02 +0300] "GET /?path=//proc/3118892/root/proc/thread-self/root/usr/local/lsws/add-ons/frontpage/conf HTTP/2" 200 3009 "https://jyskanpalju.fi/?path=//proc/3118892/root/proc/thread-self/root/usr/local/lsws/add-ons/frontpage" "Mozilla/5.0 AppleWebKit/537.36 (KHTML, like Gecko; compatible; GPTBot/1.4; +https://openai.com/gptbot)"
74.7.227.185 - - [27/Jul/2026:15:14:05 +0300] "GET /?path=//proc/3118892/root/proc/thread-self/root/usr/local/lsws/add-ons/webcachemgr HTTP/2" 200 3141 "https://jyskanpalju.fi/?path=//proc/3118892/root/proc/thread-self/root/usr/local/lsws/add-ons" "Mozilla/5.0 AppleWebKit/537.36 (KHTML, like Gecko; compatible; GPTBot/1.4; +https://openai.com/gptbot)"
74.7.227.185 - - [27/Jul/2026:15:14:09 +0300] "GET /?path=//proc/3118892/root/proc/thread-self/root/usr/local/apache/htdocs/.well-known/acme-challenge HTTP/2" 200 2646 "https://jyskanpalju.fi/?path=//proc/3118892/root/proc/thread-self/root/usr/local/apache/htdocs/.well-known" "Mozilla/5.0 AppleWebKit/537.36 (KHTML, like Gecko; compatible; GPTBot/1.4; +https://openai.com/gptbot)"
74.7.227.185 - - [27/Jul/2026:15:14:12 +0300] "GET /?path=//proc/3118892/root/proc/thread-self/root/usr/local/lsws/add-ons/snmp_monitoring HTTP/2" 200 3218 "https://jyskanpalju.fi/?path=//proc/3118892/root/proc/thread-self/root/usr/local/lsws/add-ons" "Mozilla/5.0 AppleWebKit/537.36 (KHTML, like Gecko; compatible; GPTBot/1.4; +https://openai.com/gptbot)"
74.7.227.185 - - [27/Jul/2026:15:14:15 +0300] "GET /?path=//proc/3118892/root/proc/thread-self/root/usr/local/lib/php/autoindex/assets/js HTTP/2" 200 2968 "https://jyskanpalju.fi/?path=//proc/3118892/root/proc/thread-self/root/usr/local/lib/php/autoindex/assets" "Mozilla/5.0 AppleWebKit/537.36 (KHTML, like Gecko; compatible; GPTBot/1.4; +https://openai.com/gptbot)"
74.7.227.185 - - [27/Jul/2026:15:14:18 +0300] "GET /?path=//proc/3118892/root/proc/thread-self/root/usr/local/lib/php/autoindex/assets/icons HTTP/2" 200 3158 "https://jyskanpalju.fi/?path=//proc/3118892/root/proc/thread-self/root/usr/local/lib/php/autoindex/assets" "Mozilla/5.0 AppleWebKit/537.36 (KHTML, like Gecko; compatible; GPTBot/1.4; +https://openai.com/gptbot)"
74.7.227.185 - - [27/Jul/2026:15:14:21 +0300] "GET /?path=//proc/3118892/root/proc/thread-self/root/usr/local/lsws/add-ons/plesk HTTP/2" 200 2959 "https://jyskanpalju.fi/?path=//proc/3118892/root/proc/thread-self/root/usr/local/lsws/add-ons" "Mozilla/5.0 AppleWebKit/537.36 (KHTML, like Gecko; compatible; GPTBot/1.4; +https://openai.com/gptbot)"
74.7.227.185 - - [27/Jul/2026:15:14:24 +0300] "GET /?path=//proc/3118892/root/proc/thread-self/root/usr/local/lsws/add-ons/cpanel HTTP/2" 200 3061 "https://jyskanpalju.fi/?path=//proc/3118892/root/proc/thread-self/root/usr/local/lsws/add-ons" "Mozilla/5.0 AppleWebKit/537.36 (KHTML, like Gecko; compatible; GPTBot/1.4; +https://openai.com/gptbot)"
74.7.227.185 - - [27/Jul/2026:15:14:27 +0300] "GET /?path=//proc/3118892/root/proc/thread-self/root/usr/local/lsws/add-ons/modsec HTTP/2" 200 2911 "https://jyskanpalju.fi/?path=//proc/3118892/root/proc/thread-self/root/usr/local/lsws/add-ons" "Mozilla/5.0 AppleWebKit/537.36 (KHTML, like Gecko; compatible; GPTBot/1.4; +https://openai.com/gptbot)"
74.7.227.185 - - [27/Jul/2026:15:14:30 +0300] "GET /?path=//proc/3118892/root/proc/thread-self/root/usr/local/apache/htdocs/.well-known/pki-validation HTTP/2" 200 2954 "https://jyskanpalju.fi/?path=//proc/3118892/root/proc/thread-self/root/usr/local/apache/htdocs/.well-known" "Mozilla/5.0 AppleWebKit/537.36 (KHTML, like Gecko; compatible; GPTBot/1.4; +https://openai.com/gptbot)"
74.7.227.185 - - [27/Jul/2026:15:14:33 +0300] "GET /?path=//proc/3118892/root/proc/self/root/usr/include/bind9/isccc HTTP/2" 200 3351 "https://jyskanpalju.fi/?path=//proc/3118892/root/proc/self/root/usr/include/bind9" "Mozilla/5.0 AppleWebKit/537.36 (KHTML, like Gecko; compatible; GPTBot/1.4; +https://openai.com/gptbot)"
74.7.227.185 - - [27/Jul/2026:15:14:37 +0300] "GET /?fileloc=//proc/3118892/root/proc/thread-self/root/usr/include/net/if_slip.h&path=//proc/3118892/root/proc/thread-self/root/usr/include/net HTTP/2" 200 3035 "https://jyskanpalju.fi/?path=//proc/3118892/root/proc/thread-self/root/usr/include/net" "Mozilla/5.0 AppleWebKit/537.36 (KHTML, like Gecko; compatible; GPTBot/1.4; +https://openai.com/gptbot)"
74.7.227.185 - - [27/Jul/2026:15:14:40 +0300] "GET /?path=//proc/3118892/root/proc/thread-self/root/usr/local/lsws/add-ons/webcachemgr/src HTTP/2" 200 3756 "https://jyskanpalju.fi/?path=//proc/3118892/root/proc/thread-self/root/usr/local/lsws/add-ons/webcachemgr" "Mozilla/5.0 AppleWebKit/537.36 (KHTML, like Gecko; compatible; GPTBot/1.4; +https://openai.com/gptbot)"
74.7.227.185 - - [27/Jul/2026:15:14:43 +0300] "GET /?path=//proc/3118892/root/proc/self/root/usr/include/kadm5 HTTP/2" 200 2992 "https://jyskanpalju.fi/?path=//proc/3118892/root/proc/self/root/usr/include" "Mozilla/5.0 AppleWebKit/537.36 (KHTML, like Gecko; compatible; GPTBot/1.4; +https://openai.com/gptbot)"
74.7.227.185 - - [27/Jul/2026:15:14:46 +0300] "GET /?path=//proc/3118892/root/proc/bus/pci/e2 HTTP/2" 200 2929 "https://jyskanpalju.fi/?path=//proc/3118892/root/proc/bus/pci" "Mozilla/5.0 AppleWebKit/537.36 (KHTML, like Gecko; compatible; GPTBot/1.4; +https://openai.com/gptbot)"
74.7.227.185 - - [27/Jul/2026:15:14:49 +0300] "GET /?path=//proc/3118892/root/proc/bus/pci/7f HTTP/2" 200 3168 "https://jyskanpalju.fi/?path=//proc/3118892/root/proc/bus/pci" "Mozilla/5.0 AppleWebKit/537.36 (KHTML, like Gecko; compatible; GPTBot/1.4; +https://openai.com/gptbot)"
74.7.227.185 - - [27/Jul/2026:15:14:52 +0300] "GET /?path=//proc/3118892/root/proc/bus/pci/4a HTTP/2" 200 2930 "https://jyskanpalju.fi/?path=//proc/3118892/root/proc/bus/pci" "Mozilla/5.0 AppleWebKit/537.36 (KHTML, like Gecko; compatible; GPTBot/1.4; +https://openai.com/gptbot)"
74.7.227.185 - - [27/Jul/2026:15:14:56 +0300] "GET /?path=//proc/3118892/root/proc/bus/pci/7e HTTP/2" 200 3245 "https://jyskanpalju.fi/?path=//proc/3118892/root/proc/bus/pci" "Mozilla/5.0 AppleWebKit/537.36 (KHTML, like Gecko; compatible; GPTBot/1.4; +https://openai.com/gptbot)"
74.7.227.185 - - [27/Jul/2026:15:14:59 +0300] "GET /?path=//proc/3118892/root/proc/thread-self/root/usr/local/lsws/add-ons/cpanel/lsws_whm_plugin HTTP/2" 200 2925 "https://jyskanpalju.fi/?path=//proc/3118892/root/proc/thread-self/root/usr/local/lsws/add-ons/cpanel" "Mozilla/5.0 AppleWebKit/537.36 (KHTML, like Gecko; compatible; GPTBot/1.4; +https://openai.com/gptbot)"
74.7.227.185 - - [27/Jul/2026:15:15:02 +0300] "GET /?path=//proc/3118892/root/proc/bus/pci/b0 HTTP/2" 200 2932 "https://jyskanpalju.fi/?path=//proc/3118892/root/proc/bus/pci" "Mozilla/5.0 AppleWebKit/537.36 (KHTML, like Gecko; compatible; GPTBot/1.4; +https://openai.com/gptbot)"
74.7.227.185 - - [27/Jul/2026:15:15:05 +0300] "GET /?path=//proc/3118892/root/proc/thread-self/root/usr/lib/systemd/system-sleep HTTP/2" 200 2617 "https://jyskanpalju.fi/?path=//proc/3118892/root/proc/thread-self/root/usr/lib/systemd" "Mozilla/5.0 AppleWebKit/537.36 (KHTML, like Gecko; compatible; GPTBot/1.4; +https://openai.com/gptbot)"
216.73.216.95 - - [27/Jul/2026:15:15:06 +0300] "GET /shops/russe/g5e3t7t1a7b6l4e9945?fileloc=%2Fhome%2Fjyskanpalju%2Fpublic_html%2Fwp-includes%2Fblocks%2Fquery-title.php&path=%2Fhome%2Fjyskanpalju%2Fpublic_html%2Fwp-includes%2Fblocks HTTP/2" 200 3559 "-" "Mozilla/5.0 AppleWebKit/537.36 (KHTML, like Gecko; compatible; ClaudeBot/1.0; +claudebot@anthropic.com)"
74.7.227.185 - - [27/Jul/2026:15:15:08 +0300] "GET /?fileloc=//proc/3118892/root/proc/self/root/usr/include/bind9/isccc/types.h&path=//proc/3118892/root/proc/self/root/usr/include/bind9/isccc HTTP/2" 200 3440 "https://jyskanpalju.fi/?path=//proc/3118892/root/proc/self/root/usr/include/bind9/isccc" "Mozilla/5.0 AppleWebKit/537.36 (KHTML, like Gecko; compatible; GPTBot/1.4; +https://openai.com/gptbot)"
216.73.216.95 - - [27/Jul/2026:15:15:09 +0300] "GET /emphatically/g5m3e5l0i1n2i2t8e990?fileloc=%2Fhome%2Fjyskanpalju%2Fpublic_html%2Fwp-includes%2Fcategory-template.php&path=%2Fhome%2Fjyskanpalju%2Fpublic_html%2Fwp-includes HTTP/2" 200 16615 "-" "Mozilla/5.0 AppleWebKit/537.36 (KHTML, like Gecko; compatible; ClaudeBot/1.0; +claudebot@anthropic.com)"
74.7.227.185 - - [27/Jul/2026:15:15:11 +0300] "GET /?path=//proc/3118892/root/proc/thread-self/root/usr/lib/systemd/system-preset HTTP/2" 200 3182 "https://jyskanpalju.fi/?path=//proc/3118892/root/proc/thread-self/root/usr/lib/systemd" "Mozilla/5.0 AppleWebKit/537.36 (KHTML, like Gecko; compatible; GPTBot/1.4; +https://openai.com/gptbot)"
216.73.216.95 - - [27/Jul/2026:15:15:12 +0300] "GET /shops/diamondize/s7a1c6c8u1l2o3c0o8c6h3lear?fileloc=%2Fhome%2Fjyskanpalju%2Fpublic_html%2Fwp-admin%2Ftheme-install.php&path=%2Fhome%2Fjyskanpalju%2Fpublic_html%2Fwp-admin HTTP/2" 200 8873 "-" "Mozilla/5.0 AppleWebKit/537.36 (KHTML, like Gecko; compatible; ClaudeBot/1.0; +claudebot@anthropic.com)"
74.7.227.185 - - [27/Jul/2026:15:15:14 +0300] "GET /?path=//proc/3118892/root/proc/thread-self/root/usr/local/lsws/add-ons/webcachemgr/src/WpWrapper HTTP/2" 200 3169 "https://jyskanpalju.fi/?path=//proc/3118892/root/proc/thread-self/root/usr/local/lsws/add-ons/webcachemgr/src" "Mozilla/5.0 AppleWebKit/537.36 (KHTML, like Gecko; compatible; GPTBot/1.4; +https://openai.com/gptbot)"
216.73.216.95 - - [27/Jul/2026:15:15:15 +0300] "GET /shops/shaffler/a7t3t8a4r1152947?fileloc=%2F%2Fsbin%2Fsnmptrapd&path=%2F%2Fsbin HTTP/2" 200 13012 "-" "Mozilla/5.0 AppleWebKit/537.36 (KHTML, like Gecko; compatible; ClaudeBot/1.0; +claudebot@anthropic.com)"
74.7.227.185 - - [27/Jul/2026:15:15:17 +0300] "GET /?path=//proc/3118892/root/proc/thread-self/root/usr/local/lsws/admin HTTP/2" 200 3264 "https://jyskanpalju.fi/?path=//proc/3118892/root/proc/thread-self/root/usr/local/lsws" "Mozilla/5.0 AppleWebKit/537.36 (KHTML, like Gecko; compatible; GPTBot/1.4; +https://openai.com/gptbot)"
216.73.216.95 - - [27/Jul/2026:15:15:18 +0300] "GET /shops/thermolysin/i7n3f4e5r0e3n3c5e192?fileloc=%2Fhome%2Fjyskanpalju%2Fpublic_html%2Fwp-includes%2Ffunctions.wp-styles.php&path=%2Fhome%2Fjyskanpalju%2Fpublic_html%2Fwp-includes HTTP/2" 200 4959 "-" "Mozilla/5.0 AppleWebKit/537.36 (KHTML, like Gecko; compatible; ClaudeBot/1.0; +claudebot@anthropic.com)"
74.7.227.185 - - [27/Jul/2026:15:15:21 +0300] "GET /?path=//proc/3118892/root/proc/self/root/usr/local/lsws/admin/cgid HTTP/2" 200 2622 "https://jyskanpalju.fi/?path=//proc/3118892/root/proc/self/root/usr/local/lsws/admin" "Mozilla/5.0 AppleWebKit/537.36 (KHTML, like Gecko; compatible; GPTBot/1.4; +https://openai.com/gptbot)"
216.73.216.95 - - [27/Jul/2026:15:15:21 +0300] "GET /supramaxillary/hollyhock/554399627?fileloc=%2Fhome%2Fjyskanpalju%2Fpublic_html%2Fwp-includes%2Fembed.php&path=%2Fhome%2Fjyskanpalju%2Fpublic_html%2Fwp-includes HTTP/2" 200 13632 "-" "Mozilla/5.0 AppleWebKit/537.36 (KHTML, like Gecko; compatible; ClaudeBot/1.0; +claudebot@anthropic.com)"
74.7.227.185 - - [27/Jul/2026:15:15:24 +0300] "GET /?path=//proc/3118892/root/proc/thread-self/root/proc/tty HTTP/2" 200 3032 "https://jyskanpalju.fi/?path=//proc/3118892/root/proc/thread-self/root/proc" "Mozilla/5.0 AppleWebKit/537.36 (KHTML, like Gecko; compatible; GPTBot/1.4; +https://openai.com/gptbot)"
216.73.216.95 - - [27/Jul/2026:15:15:24 +0300] "GET /shops/palladic/e7l4e0c0t5i1o6n2065?fileloc=%2Fhome%2Fjyskanpalju%2Fpublic_html%2Fwp-admin%2Fedit-comments.php&path=%2Fhome%2Fjyskanpalju%2Fpublic_html%2Fwp-admin HTTP/2" 200 6807 "-" "Mozilla/5.0 AppleWebKit/537.36 (KHTML, like Gecko; compatible; ClaudeBot/1.0; +claudebot@anthropic.com)"
74.7.227.185 - - [27/Jul/2026:15:15:27 +0300] "GET /?path=//proc/3118892/root/proc/thread-self/root/proc/sys HTTP/2" 200 3126 "https://jyskanpalju.fi/?path=//proc/3118892/root/proc/thread-self/root/proc" "Mozilla/5.0 AppleWebKit/537.36 (KHTML, like Gecko; compatible; GPTBot/1.4; +https://openai.com/gptbot)"
216.73.216.95 - - [27/Jul/2026:15:15:27 +0300] "GET /audient/c7r3o2c3u4t3a85788?fileloc=%2Fhome%2Fjyskanpalju%2Fpublic_html%2Fwp-includes%2Fblock-bindings%2Fterm-data.php&path=%2Fhome%2Fjyskanpalju%2Fpublic_html%2Fwp-includes%2Fblock-bindings HTTP/2" 200 3734 "-" "Mozilla/5.0 AppleWebKit/537.36 (KHTML, like Gecko; compatible; ClaudeBot/1.0; +claudebot@anthropic.com)"
216.73.216.95 - - [27/Jul/2026:15:15:30 +0300] "GET /shops/fubbery/g5o1d5d0e6s9s25459?fileloc=%2Fhome%2Fjyskanpalju%2Fpublic_html%2Fwp-admin%2Fedit-comments.php&path=%2Fhome%2Fjyskanpalju%2Fpublic_html%2Fwp-admin HTTP/2" 200 6786 "-" "Mozilla/5.0 AppleWebKit/537.36 (KHTML, like Gecko; compatible; ClaudeBot/1.0; +claudebot@anthropic.com)"
74.7.227.185 - - [27/Jul/2026:15:15:30 +0300] "GET /?path=//proc/3118892/root/proc/thread-self/root/proc/irq HTTP/2" 200 3800 "https://jyskanpalju.fi/?path=//proc/3118892/root/proc/thread-self/root/proc" "Mozilla/5.0 AppleWebKit/537.36 (KHTML, like Gecko; compatible; GPTBot/1.4; +https://openai.com/gptbot)"
216.73.216.95 - - [27/Jul/2026:15:15:33 +0300] "GET /lipidlowering/rumkin/72409655500?fileloc=%2Fhome%2Fjyskanpalju%2Fpublic_html%2Fwp-includes%2Fblocks.php&path=%2Fhome%2Fjyskanpalju%2Fpublic_html%2Fwp-includes HTTP/2" 200 28618 "-" "Mozilla/5.0 AppleWebKit/537.36 (KHTML, like Gecko; compatible; ClaudeBot/1.0; +claudebot@anthropic.com)"
74.7.227.185 - - [27/Jul/2026:15:15:33 +0300] "GET /?path=//proc/3118892/root/proc/thread-self/root/proc/fs HTTP/2" 200 2966 "https://jyskanpalju.fi/?path=//proc/3118892/root/proc/thread-self/root/proc" "Mozilla/5.0 AppleWebKit/537.36 (KHTML, like Gecko; compatible; GPTBot/1.4; +https://openai.com/gptbot)"
216.73.216.95 - - [27/Jul/2026:15:15:36 +0300] "GET /monoclinal/reflexly/74171159321?fileloc=%2Fhome%2Fjyskanpalju%2Fpublic_html%2Fwp-includes%2Fclass-pop3.php&path=%2Fhome%2Fjyskanpalju%2Fpublic_html%2Fwp-includes HTTP/2" 200 7714 "-" "Mozilla/5.0 AppleWebKit/537.36 (KHTML, like Gecko; compatible; ClaudeBot/1.0; +claudebot@anthropic.com)"
74.7.227.185 - - [27/Jul/2026:15:15:36 +0300] "GET /?path=//proc/3118892/root/proc/thread-self/root/proc/lve HTTP/2" 200 3244 "https://jyskanpalju.fi/?path=//proc/3118892/root/proc/thread-self/root/proc" "Mozilla/5.0 AppleWebKit/537.36 (KHTML, like Gecko; compatible; GPTBot/1.4; +https://openai.com/gptbot)"
216.73.216.95 - - [27/Jul/2026:15:15:39 +0300] "GET /naumachy/kneading/b7a1r4b5a6r2e2a7556?path=%2Fhome%2Fjyskanpalju%2Fpublic_html%2Fwp-includes HTTP/2" 200 12252 "-" "Mozilla/5.0 AppleWebKit/537.36 (KHTML, like Gecko; compatible; ClaudeBot/1.0; +claudebot@anthropic.com)"
74.7.227.185 - - [27/Jul/2026:15:15:40 +0300] "GET /?path=//proc/3118892/root/proc/thread-self/root/lib/locale/en_ZA HTTP/2" 200 3368 "https://jyskanpalju.fi/?path=//proc/3118892/root/proc/thread-self/root/lib/locale" "Mozilla/5.0 AppleWebKit/537.36 (KHTML, like Gecko; compatible; GPTBot/1.4; +https://openai.com/gptbot)"
216.73.216.95 - - [27/Jul/2026:15:15:42 +0300] "GET /thyrotomy/relumed/53400691289?path=%2Fhome%2Fjyskanpalju HTTP/2" 200 3837 "-" "Mozilla/5.0 AppleWebKit/537.36 (KHTML, like Gecko; compatible; ClaudeBot/1.0; +claudebot@anthropic.com)"
74.7.227.185 - - [27/Jul/2026:15:15:43 +0300] "GET /?path=//proc/3118892/root/proc/thread-self/root/lib/locale/en_SG HTTP/2" 200 3367 "https://jyskanpalju.fi/?path=//proc/3118892/root/proc/thread-self/root/lib/locale" "Mozilla/5.0 AppleWebKit/537.36 (KHTML, like Gecko; compatible; GPTBot/1.4; +https://openai.com/gptbot)"
216.73.216.95 - - [27/Jul/2026:15:15:45 +0300] "GET /shops/manageableness/n7y3m7p1h2a4e5a0c4e6a0e?fileloc=%2Fhome%2Fjyskanpalju%2Fpublic_html%2Fwp-admin%2Fadmin.php&path=%2Fhome%2Fjyskanpalju%2Fpublic_html%2Fwp-admin HTTP/2" 200 6446 "-" "Mozilla/5.0 AppleWebKit/537.36 (KHTML, like Gecko; compatible; ClaudeBot/1.0; +claudebot@anthropic.com)"
74.7.227.185 - - [27/Jul/2026:15:15:46 +0300] "GET /?path=//proc/3118892/root/proc/thread-self/root/lib/locale/en_ZW HTTP/2" 200 3365 "https://jyskanpalju.fi/?path=//proc/3118892/root/proc/thread-self/root/lib/locale" "Mozilla/5.0 AppleWebKit/537.36 (KHTML, like Gecko; compatible; GPTBot/1.4; +https://openai.com/gptbot)"
216.73.216.95 - - [27/Jul/2026:15:15:48 +0300] "GET /emphatically/g5m3e5l0i1n2i2t8e990?fileloc=%2Fhome%2Fjyskanpalju%2Fpublic_html%2Fwp-includes%2Ftemplate-canvas.php&path=%2Fhome%2Fjyskanpalju%2Fpublic_html%2Fwp-includes HTTP/2" 200 2809 "-" "Mozilla/5.0 AppleWebKit/537.36 (KHTML, like Gecko; compatible; ClaudeBot/1.0; +claudebot@anthropic.com)"
74.7.227.185 - - [27/Jul/2026:15:15:49 +0300] "GET /?path=//proc/3118892/root/proc/thread-self/root/lib/locale/en_GB HTTP/2" 200 3370 "https://jyskanpalju.fi/?path=//proc/3118892/root/proc/thread-self/root/lib/locale" "Mozilla/5.0 AppleWebKit/537.36 (KHTML, like Gecko; compatible; GPTBot/1.4; +https://openai.com/gptbot)"
216.73.216.95 - - [27/Jul/2026:15:15:51 +0300] "GET /oneeared/r7a2l4l4e4n0t8a7n6d8o8?fileloc=%2Fhome%2Fjyskanpalju%2Fpublic_html%2Fwp-includes%2Fadmin-bar.php&path=%2Fhome%2Fjyskanpalju%2Fpublic_html%2Fwp-includes HTTP/2" 200 12603 "-" "Mozilla/5.0 AppleWebKit/537.36 (KHTML, like Gecko; compatible; ClaudeBot/1.0; +claudebot@anthropic.com)"
74.7.227.185 - - [27/Jul/2026:15:15:52 +0300] "GET /?path=//proc/3118892/root/proc/thread-self/root/usr/local/lsws/admin/misc HTTP/2" 200 4202 "https://jyskanpalju.fi/?path=//proc/3118892/root/proc/thread-self/root/usr/local/lsws/admin" "Mozilla/5.0 AppleWebKit/537.36 (KHTML, like Gecko; compatible; GPTBot/1.4; +https://openai.com/gptbot)"
216.73.216.95 - - [27/Jul/2026:15:15:54 +0300] "GET /latinitaster/vagabondry/73029954781?fileloc=%2Fhome%2Fjyskanpalju%2Fpublic_html%2Fwp-includes%2Fblock-template-utils.php&path=%2Fhome%2Fjyskanpalju%2Fpublic_html%2Fwp-includes HTTP/2" 200 16892 "-" "Mozilla/5.0 AppleWebKit/537.36 (KHTML, like Gecko; compatible; ClaudeBot/1.0; +claudebot@anthropic.com)"
74.7.227.185 - - [27/Jul/2026:15:15:55 +0300] "GET /?path=//proc/3118892/root/proc/thread-self/root/usr/local/lsws/admin/logs HTTP/2" 200 2628 "https://jyskanpalju.fi/?path=//proc/3118892/root/proc/thread-self/root/usr/local/lsws/admin" "Mozilla/5.0 AppleWebKit/537.36 (KHTML, like Gecko; compatible; GPTBot/1.4; +https://openai.com/gptbot)"
216.73.216.95 - - [27/Jul/2026:15:15:57 +0300] "GET /shops/maugre/f7e1c7u9l2a9e50476?path=%2Fhome%2Fjyskanpalju%2Fpublic_html%2Fwp-includes%2Fpomo HTTP/2" 200 3074 "-" "Mozilla/5.0 AppleWebKit/537.36 (KHTML, like Gecko; compatible; ClaudeBot/1.0; +claudebot@anthropic.com)"
74.7.227.185 - - [27/Jul/2026:15:15:58 +0300] "GET /?path=//proc/3118892/root/proc/thread-self/root/usr/local/lsws/admin/conf HTTP/2" 200 2627 "https://jyskanpalju.fi/?path=//proc/3118892/root/proc/thread-self/root/usr/local/lsws/admin" "Mozilla/5.0 AppleWebKit/537.36 (KHTML, like Gecko; compatible; GPTBot/1.4; +https://openai.com/gptbot)"
216.73.216.95 - - [27/Jul/2026:15:16:00 +0300] "GET /shops/russe/g5e3t7t1a7b6l4e9945?path=%2Fhome%2Fjyskanpalju%2Fpublic_html%2Fwp-includes%2Fblocks%2Fpage-list HTTP/2" 200 3136 "-" "Mozilla/5.0 AppleWebKit/537.36 (KHTML, like Gecko; compatible; ClaudeBot/1.0; +claudebot@anthropic.com)"
74.7.227.185 - - [27/Jul/2026:15:16:01 +0300] "GET /?path=//proc/3118892/root/proc/thread-self/root/usr/local/lsws/admin/cgid HTTP/2" 200 2629 "https://jyskanpalju.fi/?path=//proc/3118892/root/proc/thread-self/root/usr/local/lsws/admin" "Mozilla/5.0 AppleWebKit/537.36 (KHTML, like Gecko; compatible; GPTBot/1.4; +https://openai.com/gptbot)"
216.73.216.95 - - [27/Jul/2026:15:16:03 +0300] "GET /surrounded/u5n4s9p1o8t1t1e8d3n0ess?path=%2Fhome%2Fjyskanpalju%2Fpublic_html%2Fwp-includes HTTP/2" 200 12232 "-" "Mozilla/5.0 AppleWebKit/537.36 (KHTML, like Gecko; compatible; ClaudeBot/1.0; +claudebot@anthropic.com)"
74.7.227.185 - - [27/Jul/2026:15:16:04 +0300] "GET /?path=//proc/3118892/root/proc/thread-self/root/proc/irq/7 HTTP/2" 200 3082 "https://jyskanpalju.fi/?path=//proc/3118892/root/proc/thread-self/root/proc/irq" "Mozilla/5.0 AppleWebKit/537.36 (KHTML, like Gecko; compatible; GPTBot/1.4; +https://openai.com/gptbot)"
216.73.216.95 - - [27/Jul/2026:15:16:06 +0300] "GET /ravenousness/z7a1p3h0a7r4a70233?path=%2Fhome%2Fjyskanpalju%2Fpublic_html%2Fwp-admin%2Fuser HTTP/2" 200 3238 "-" "Mozilla/5.0 AppleWebKit/537.36 (KHTML, like Gecko; compatible; ClaudeBot/1.0; +claudebot@anthropic.com)"
74.7.227.185 - - [27/Jul/2026:15:16:08 +0300] "GET /?path=//proc/3118892/root/proc/thread-self/root/proc/fs/xfs HTTP/2" 200 2898 "https://jyskanpalju.fi/?path=//proc/3118892/root/proc/thread-self/root/proc/fs" "Mozilla/5.0 AppleWebKit/537.36 (KHTML, like Gecko; compatible; GPTBot/1.4; +https://openai.com/gptbot)"
216.73.216.95 - - [27/Jul/2026:15:16:09 +0300] "GET /pilchardus/ubiquity/73875462220?fileloc=%2Fhome%2Fjyskanpalju%2Fpublic_html%2Fwp-includes%2Fcss%2Fjquery-ui-dialog.css&path=%2Fhome%2Fjyskanpalju%2Fpublic_html%2Fwp-includes%2Fcss HTTP/2" 200 4248 "-" "Mozilla/5.0 AppleWebKit/537.36 (KHTML, like Gecko; compatible; ClaudeBot/1.0; +claudebot@anthropic.com)"
74.7.227.185 - - [27/Jul/2026:15:16:11 +0300] "GET /?path=//proc/3118892/root/proc/thread-self/root/proc/lve/per-lve HTTP/2" 200 2600 "https://jyskanpalju.fi/?path=//proc/3118892/root/proc/thread-self/root/proc/lve" "Mozilla/5.0 AppleWebKit/537.36 (KHTML, like Gecko; compatible; GPTBot/1.4; +https://openai.com/gptbot)"
216.73.216.95 - - [27/Jul/2026:15:16:12 +0300] "GET /shops/oblatration/p7i7c7a4r0e1s2q9u0e8?path=%2Fhome%2Fjyskanpalju%2Fpublic_html%2Fwp-admin HTTP/2" 200 6197 "-" "Mozilla/5.0 AppleWebKit/537.36 (KHTML, like Gecko; compatible; ClaudeBot/1.0; +claudebot@anthropic.com)"
74.7.227.185 - - [27/Jul/2026:15:16:14 +0300] "GET /?path=//proc/3118892/root/proc/thread-self/root/proc/sys/net HTTP/2" 200 3128 "https://jyskanpalju.fi/?path=//proc/3118892/root/proc/thread-self/root/proc/sys" "Mozilla/5.0 AppleWebKit/537.36 (KHTML, like Gecko; compatible; GPTBot/1.4; +https://openai.com/gptbot)"
216.73.216.95 - - [27/Jul/2026:15:16:15 +0300] "GET /shops/virginal/p7r4o7d4u4c9e7d555?fileloc=%2Fhome%2Fjyskanpalju%2Fpublic_html%2Fwp-comments-post.php&path=%2Fhome%2Fjyskanpalju%2Fpublic_html HTTP/2" 200 3578 "-" "Mozilla/5.0 AppleWebKit/537.36 (KHTML, like Gecko; compatible; ClaudeBot/1.0; +claudebot@anthropic.com)"
74.7.227.185 - - [27/Jul/2026:15:16:17 +0300] "GET /?path=//proc/3118892/root/proc/thread-self/root/usr/local/lsws/admin/htpasswds HTTP/2" 200 2910 "https://jyskanpalju.fi/?path=//proc/3118892/root/proc/thread-self/root/usr/local/lsws/admin" "Mozilla/5.0 AppleWebKit/537.36 (KHTML, like Gecko; compatible; GPTBot/1.4; +https://openai.com/gptbot)"
216.73.216.95 - - [27/Jul/2026:15:16:18 +0300] "GET /shops/russe/g5e3t7t1a7b6l4e9945?path=%2Fhome%2Fjyskanpalju%2Fpublic_html%2Fwp-includes%2Fblocks%2Fcomments-pagination-numbers HTTP/2" 200 3066 "-" "Mozilla/5.0 AppleWebKit/537.36 (KHTML, like Gecko; compatible; ClaudeBot/1.0; +claudebot@anthropic.com)"
74.7.227.185 - - [27/Jul/2026:15:16:20 +0300] "GET /?path=//proc/3118892/root/proc/thread-self/root/usr/local/lsws/admin/lscdata HTTP/2" 200 2948 "https://jyskanpalju.fi/?path=//proc/3118892/root/proc/thread-self/root/usr/local/lsws/admin" "Mozilla/5.0 AppleWebKit/537.36 (KHTML, like Gecko; compatible; GPTBot/1.4; +https://openai.com/gptbot)"
216.73.216.95 - - [27/Jul/2026:15:16:21 +0300] "GET /threader/rotatory/r5e3c5h4a4r5g7e6947?fileloc=%2Fhome%2Fjyskanpalju%2Fpublic_html%2Fwp-admin%2Fincludes%2Fcomment.php&path=%2Fhome%2Fjyskanpalju%2Fpublic_html%2Fwp-admin%2Fincludes HTTP/2" 200 4786 "-" "Mozilla/5.0 AppleWebKit/537.36 (KHTML, like Gecko; compatible; ClaudeBot/1.0; +claudebot@anthropic.com)"
74.7.227.185 - - [27/Jul/2026:15:16:23 +0300] "GET /?path=//proc/3118892/root/proc/thread-self/root/proc/sys/debug HTTP/2" 200 2928 "https://jyskanpalju.fi/?path=//proc/3118892/root/proc/thread-self/root/proc/sys" "Mozilla/5.0 AppleWebKit/537.36 (KHTML, like Gecko; compatible; GPTBot/1.4; +https://openai.com/gptbot)"
216.73.216.95 - - [27/Jul/2026:15:16:24 +0300] "GET /rostrula/l7i1m1i3t2e7d4n7e3s3s3?fileloc=%2Fhome%2Fjyskanpalju%2Fpublic_html%2Fwp-includes%2Fclass-json.php&path=%2Fhome%2Fjyskanpalju%2Fpublic_html%2Fwp-includes HTTP/2" 200 11401 "-" "Mozilla/5.0 AppleWebKit/537.36 (KHTML, like Gecko; compatible; ClaudeBot/1.0; +claudebot@anthropic.com)"
74.7.227.185 - - [27/Jul/2026:15:16:27 +0300] "GET /?path=//proc/3118892/root/proc/thread-self/root/proc/sys/abi HTTP/2" 200 2875 "https://jyskanpalju.fi/?path=//proc/3118892/root/proc/thread-self/root/proc/sys" "Mozilla/5.0 AppleWebKit/537.36 (KHTML, like Gecko; compatible; GPTBot/1.4; +https://openai.com/gptbot)"
216.73.216.95 - - [27/Jul/2026:15:16:27 +0300] "GET /shops/jerseys/t5r4a5d0u5c8e5r28?path=%2Fhome%2Fjyskanpalju%2Fpublic_html%2F.tmb HTTP/2" 200 2554 "-" "Mozilla/5.0 AppleWebKit/537.36 (KHTML, like Gecko; compatible; ClaudeBot/1.0; +claudebot@anthropic.com)"
74.7.227.185 - - [27/Jul/2026:15:16:30 +0300] "GET /?path=//proc/3118892/root/proc/thread-self/root/proc/sys/vm HTTP/2" 200 4714 "https://jyskanpalju.fi/?path=//proc/3118892/root/proc/thread-self/root/proc/sys" "Mozilla/5.0 AppleWebKit/537.36 (KHTML, like Gecko; compatible; GPTBot/1.4; +https://openai.com/gptbot)"
216.73.216.95 - - [27/Jul/2026:15:16:30 +0300] "GET /shops/slaughterous/e7l4o7d9i9a8n7534?fileloc=%2Fhome%2Fjyskanpalju%2Fpublic_html%2Fwp-admin%2Fjs%2Fcustomize-widgets.min.js&path=%2Fhome%2Fjyskanpalju%2Fpublic_html%2Fwp-admin%2Fjs HTTP/2" 200 11221 "-" "Mozilla/5.0 AppleWebKit/537.36 (KHTML, like Gecko; compatible; ClaudeBot/1.0; +claudebot@anthropic.com)"
74.7.227.185 - - [27/Jul/2026:15:16:33 +0300] "GET /?path=//proc/3118892/root/proc/thread-self/root/usr/local/lsws/admin/html HTTP/2" 200 3225 "https://jyskanpalju.fi/?path=//proc/3118892/root/proc/thread-self/root/usr/local/lsws/admin" "Mozilla/5.0 AppleWebKit/537.36 (KHTML, like Gecko; compatible; GPTBot/1.4; +https://openai.com/gptbot)"
216.73.216.95 - - [27/Jul/2026:15:16:33 +0300] "GET /incendiarism/chamfrain/72390743005?fileloc=%2Fhome%2Fjyskanpalju%2Fpublic_html%2Fwp-includes%2Frobots-template.php&path=%2Fhome%2Fjyskanpalju%2Fpublic_html%2Fwp-includes HTTP/2" 200 3733 "-" "Mozilla/5.0 AppleWebKit/537.36 (KHTML, like Gecko; compatible; ClaudeBot/1.0; +claudebot@anthropic.com)"
74.7.227.185 - - [27/Jul/2026:15:16:36 +0300] "GET /?path=//proc/3118892/root/proc/thread-self/root/proc/lve/resellers HTTP/2" 200 2606 "https://jyskanpalju.fi/?path=//proc/3118892/root/proc/thread-self/root/proc/lve" "Mozilla/5.0 AppleWebKit/537.36 (KHTML, like Gecko; compatible; GPTBot/1.4; +https://openai.com/gptbot)"
216.73.216.95 - - [27/Jul/2026:15:16:36 +0300] "GET /shops/enthronement/c5l2a8r2o6o5b5s3curo?path=%2Fhome%2Fjyskanpalju%2Fpublic_html%2Fwp-includes%2Fblocks%2Flist HTTP/2" 200 3036 "-" "Mozilla/5.0 AppleWebKit/537.36 (KHTML, like Gecko; compatible; ClaudeBot/1.0; +claudebot@anthropic.com)"
216.73.216.95 - - [27/Jul/2026:15:14:29 +0300] "GET /shops/wungout/r5e3s3p2o5n1s7i0v0e3n7ess?fileloc=%2Fhome%2Fjyskanpalju%2Fpublic_html%2Ferror_log&path=%2Fhome%2Fjyskanpalju%2Fpublic_html HTTP/2" 200 12771 "-" "Mozilla/5.0 AppleWebKit/537.36 (KHTML, like Gecko; compatible; ClaudeBot/1.0; +claudebot@anthropic.com)"
216.73.216.95 - - [27/Jul/2026:15:14:32 +0300] "GET /shops/taccocua/a7r5b0o1r7i9s6t970?fileloc=%2F%2Flib64%2FlibXxf86vm.so.1&path=%2F%2Flib64 HTTP/2" 200 10394 "-" "Mozilla/5.0 AppleWebKit/537.36 (KHTML, like Gecko; compatible; ClaudeBot/1.0; +claudebot@anthropic.com)"
216.73.216.95 - - [27/Jul/2026:15:14:35 +0300] "GET /pilchardus/ubiquity/73875462220?fileloc=%2Fhome%2Fjyskanpalju%2Fpublic_html%2Fwp-admin%2Fimages%2Fmenu.png&path=%2Fhome%2Fjyskanpalju%2Fpublic_html%2Fwp-admin%2Fimages HTTP/2" 200 7220 "-" "Mozilla/5.0 AppleWebKit/537.36 (KHTML, like Gecko; compatible; ClaudeBot/1.0; +claudebot@anthropic.com)"
216.73.216.95 - - [27/Jul/2026:15:14:39 +0300] "GET /lemurine/meanspirited/52050891572?fileloc=%2Fhome%2Fjyskanpalju%2F.caldav%2Fjyskanpalju%2F.metadata&path=%2Fhome%2Fjyskanpalju%2F.caldav%2Fjyskanpalju HTTP/2" 200 2640 "-" "Mozilla/5.0 AppleWebKit/537.36 (KHTML, like Gecko; compatible; ClaudeBot/1.0; +claudebot@anthropic.com)"
216.73.216.95 - - [27/Jul/2026:15:14:42 +0300] "GET /redshank/repetend/52146789808?fileloc=%2Fhome%2Fjyskanpalju%2Flogs%2Fjyskanpalju.fi-Jul-2026.gz&path=%2Fhome%2Fjyskanpalju%2Flogs HTTP/2" 200 140306 "-" "Mozilla/5.0 AppleWebKit/537.36 (KHTML, like Gecko; compatible; ClaudeBot/1.0; +claudebot@anthropic.com)"
216.73.216.95 - - [27/Jul/2026:15:14:45 +0300] "GET /shops/gymnolaema/c7o4m2p2o4r7t7e6d885?fileloc=%2Fhome%2Fjyskanpalju%2Flogs%2Fjyskanpalju.fi-Jul-2026.gz&path=%2Fhome%2Fjyskanpalju%2Flogs HTTP/2" 200 140306 "-" "Mozilla/5.0 AppleWebKit/537.36 (KHTML, like Gecko; compatible; ClaudeBot/1.0; +claudebot@anthropic.com)"
216.73.216.95 - - [27/Jul/2026:15:14:48 +0300] "GET /shops/providentially/u7s3u7r0p3a5t7i5o2n51?fileloc=%2Fhome%2Fjyskanpalju%2F.caldav%2Fjyskanpalju%2F.metadata&path=%2Fhome%2Fjyskanpalju%2F.caldav%2Fjyskanpalju HTTP/2" 200 2640 "-" "Mozilla/5.0 AppleWebKit/537.36 (KHTML, like Gecko; compatible; ClaudeBot/1.0; +claudebot@anthropic.com)"
216.73.216.95 - - [27/Jul/2026:15:14:51 +0300] "GET /redshank/repetend/52146789808?fileloc=%2Fhome%2Fjyskanpalju%2Flogs%2Fjyskanpalju.fi-ssl_log-Jul-2026.gz&path=%2Fhome%2Fjyskanpalju%2Flogs HTTP/2" 200 1649297 "-" "Mozilla/5.0 AppleWebKit/537.36 (KHTML, like Gecko; compatible; ClaudeBot/1.0; +claudebot@anthropic.com)"
216.73.216.95 - - [27/Jul/2026:15:14:54 +0300] "GET /shops/gymnolaema/c7o4m2p2o4r7t7e6d885?fileloc=%2Fhome%2Fjyskanpalju%2Flogs%2Fjyskanpalju.fi-ssl_log-Jul-2026.gz&path=%2Fhome%2Fjyskanpalju%2Flogs HTTP/2" 200 1649297 "-" "Mozilla/5.0 AppleWebKit/537.36 (KHTML, like Gecko; compatible; ClaudeBot/1.0; +claudebot@anthropic.com)"
216.73.216.95 - - [27/Jul/2026:15:14:57 +0300] "GET /lemurine/meanspirited/52050891572?fileloc=%2Fhome%2Fjyskanpalju%2Faccess-logs%2Fjyskanpalju.fi&path=%2Fhome%2Fjyskanpalju%2Faccess-logs HTTP/2" 200 2494 "-" "Mozilla/5.0 AppleWebKit/537.36 (KHTML, like Gecko; compatible; ClaudeBot/1.0; +claudebot@anthropic.com)"
216.73.216.95 - - [27/Jul/2026:15:15:00 +0300] "GET /shops/maugre/f7e1c7u9l2a9e50476?fileloc=%2Fhome%2Fjyskanpalju%2Fwww%2Fimages%2Ftoggige-arrow.jpg&path=%2Fhome%2Fjyskanpalju%2Fwww%2Fimages HTTP/2" 200 17308 "-" "Mozilla/5.0 AppleWebKit/537.36 (KHTML, like Gecko; compatible; ClaudeBot/1.0; +claudebot@anthropic.com)"
216.73.216.95 - - [27/Jul/2026:15:15:03 +0300] "GET /shops/watchhouse/r5e3s7t7a2u7r4a3n4t12?fileloc=%2Fhome%2Fjyskanpalju%2Fpublic_html%2Fimages%2Ftoggige-arrow.jpg&path=%2Fhome%2Fjyskanpalju%2Fpublic_html%2Fimages HTTP/2" 200 17317 "-" "Mozilla/5.0 AppleWebKit/537.36 (KHTML, like Gecko; compatible; ClaudeBot/1.0; +claudebot@anthropic.com)"
216.73.216.95 - - [27/Jul/2026:15:16:39 +0300] "GET /shops/incomprehense/y7a8r2n6d8y8e4d848?fileloc=%2Fhome%2Fjyskanpalju%2Fpublic_html%2Fwp-admin%2Fincludes%2Fexport.php&path=%2Fhome%2Fjyskanpalju%2Fpublic_html%2Fwp-admin%2Fincludes HTTP/2" 200 9794 "-" "Mozilla/5.0 AppleWebKit/537.36 (KHTML, like Gecko; compatible; ClaudeBot/1.0; +claudebot@anthropic.com)"
74.7.227.185 - - [27/Jul/2026:15:16:39 +0300] "GET /?path=//proc/3118892/root/proc/thread-self/root/usr/local/lsws/admin/tmp HTTP/2" 200 2629 "https://jyskanpalju.fi/?path=//proc/3118892/root/proc/thread-self/root/usr/local/lsws/admin" "Mozilla/5.0 AppleWebKit/537.36 (KHTML, like Gecko; compatible; GPTBot/1.4; +https://openai.com/gptbot)"
216.73.216.95 - - [27/Jul/2026:15:16:42 +0300] "GET /janusfaced/s7y4m7p2h0o9r9i7c8a8rpus?fileloc=%2Fhome%2Fjyskanpalju%2Fpublic_html%2Fwp-includes%2Fclass-wp-customize-section.php&path=%2Fhome%2Fjyskanpalju%2Fpublic_html%2Fwp-includes HTTP/2" 200 5842 "-" "Mozilla/5.0 AppleWebKit/537.36 (KHTML, like Gecko; compatible; ClaudeBot/1.0; +claudebot@anthropic.com)"
74.7.227.185 - - [27/Jul/2026:15:16:42 +0300] "GET /?path=//proc/3118892/root/proc/thread-self/root/lib/locale/en_NG HTTP/2" 200 3377 "https://jyskanpalju.fi/?path=//proc/3118892/root/proc/thread-self/root/lib/locale" "Mozilla/5.0 AppleWebKit/537.36 (KHTML, like Gecko; compatible; GPTBot/1.4; +https://openai.com/gptbot)"
216.73.216.95 - - [27/Jul/2026:15:16:45 +0300] "GET /emphatically/g5m3e5l0i1n2i2t8e990?fileloc=%2Fhome%2Fjyskanpalju%2Fpublic_html%2Fwp-includes%2Fai-client.php&path=%2Fhome%2Fjyskanpalju%2Fpublic_html%2Fwp-includes HTTP/2" 200 3370 "-" "Mozilla/5.0 AppleWebKit/537.36 (KHTML, like Gecko; compatible; ClaudeBot/1.0; +claudebot@anthropic.com)"
74.7.227.185 - - [27/Jul/2026:15:16:45 +0300] "GET /?path=//proc/3118892/root/proc/thread-self/root/lib/locale/en_CA HTTP/2" 200 3361 "https://jyskanpalju.fi/?path=//proc/3118892/root/proc/thread-self/root/lib/locale" "Mozilla/5.0 AppleWebKit/537.36 (KHTML, like Gecko; compatible; GPTBot/1.4; +https://openai.com/gptbot)"
216.73.216.95 - - [27/Jul/2026:15:16:48 +0300] "GET /rebelling/c5o9t0t8o4n0a5d7e45?path=%2Fhome%2Fjyskanpalju%2Fpublic_html%2Fwp-includes%2Fblocks%2Floginout HTTP/2" 200 3036 "-" "Mozilla/5.0 AppleWebKit/537.36 (KHTML, like Gecko; compatible; ClaudeBot/1.0; +claudebot@anthropic.com)"
74.7.227.185 - - [27/Jul/2026:15:16:49 +0300] "GET /?fileloc=//proc/3118892/root/proc/thread-self/root/proc/sys/net/nf_conntrack_max&path=//proc/3118892/root/proc/thread-self/root/proc/sys/net HTTP/2" 200 2566 "https://jyskanpalju.fi/?path=//proc/3118892/root/proc/thread-self/root/proc/sys/net" "Mozilla/5.0 AppleWebKit/537.36 (KHTML, like Gecko; compatible; GPTBot/1.4; +https://openai.com/gptbot)"
216.73.216.95 - - [27/Jul/2026:15:16:51 +0300] "GET /shops/rejoining/v5a2i2n4g7l6o9r9i8o7u1sness?path=%2Fhome%2Fjyskanpalju%2Fpublic_html%2Fwp-includes%2Fblocks%2Fsite-logo HTTP/2" 200 3158 "-" "Mozilla/5.0 AppleWebKit/537.36 (KHTML, like Gecko; compatible; ClaudeBot/1.0; +claudebot@anthropic.com)"
74.7.227.185 - - [27/Jul/2026:15:16:52 +0300] "GET /?path=//proc/3118892/root/proc/thread-self/root/proc/sys/net/netfilter HTTP/2" 200 4659 "https://jyskanpalju.fi/?path=//proc/3118892/root/proc/thread-self/root/proc/sys/net" "Mozilla/5.0 AppleWebKit/537.36 (KHTML, like Gecko; compatible; GPTBot/1.4; +https://openai.com/gptbot)"
216.73.216.95 - - [27/Jul/2026:15:16:54 +0300] "GET /janusfaced/s7y4m7p2h0o9r9i7c8a8rpus?path=%2Fhome%2Fjyskanpalju%2Fpublic_html%2Fwp-includes%2Fcollaboration HTTP/2" 200 3040 "-" "Mozilla/5.0 AppleWebKit/537.36 (KHTML, like Gecko; compatible; ClaudeBot/1.0; +claudebot@anthropic.com)"
74.7.227.185 - - [27/Jul/2026:15:16:55 +0300] "GET /?path=//proc/3118892/root/proc/self/root/lib/locale/en_US@ampm HTTP/2" 200 3371 "https://jyskanpalju.fi/?path=//proc/3118892/root/proc/self/root/lib/locale" "Mozilla/5.0 AppleWebKit/537.36 (KHTML, like Gecko; compatible; GPTBot/1.4; +https://openai.com/gptbot)"
216.73.216.95 - - [27/Jul/2026:15:10:39 +0300] "GET /oneeared/r7a2l4l4e4n0t8a7n6d8o8?fileloc=%2Fhome%2Fjyskanpalju%2Fpublic_html%2Fwp-includes%2Fclass-wp-navigation-fallback.php&path=%2Fhome%2Fjyskanpalju%2Fpublic_html%2Fwp-includes HTTP/2" 200 4894 "-" "Mozilla/5.0 AppleWebKit/537.36 (KHTML, like Gecko; compatible; ClaudeBot/1.0; +claudebot@anthropic.com)"
216.73.216.95 - - [27/Jul/2026:15:10:42 +0300] "GET /mawkishly/c7o3n4c8a0v1e6d0303?fileloc=%2Fhome%2Fjyskanpalju%2Fpublic_html%2Fwp-admin%2Fcss%2Fl10n.min.css&path=%2Fhome%2Fjyskanpalju%2Fpublic_html%2Fwp-admin%2Fcss HTTP/2" 200 3192 "-" "Mozilla/5.0 AppleWebKit/537.36 (KHTML, like Gecko; compatible; ClaudeBot/1.0; +claudebot@anthropic.com)"
216.73.216.95 - - [27/Jul/2026:15:10:45 +0300] "GET /shops/shaffler/a7t3t8a4r1152947?fileloc=%2F%2Fproc%2Fcmdline&path=%2F%2Fproc HTTP/2" 200 2675 "-" "Mozilla/5.0 AppleWebKit/537.36 (KHTML, like Gecko; compatible; ClaudeBot/1.0; +claudebot@anthropic.com)"
216.73.216.95 - - [27/Jul/2026:15:10:48 +0300] "GET /spotting/d5e2n2o0m7i0n7a6t0i3v0ely?path=%2F%2Flib64%2Fcifs-utils HTTP/2" 200 2817 "-" "Mozilla/5.0 AppleWebKit/537.36 (KHTML, like Gecko; compatible; ClaudeBot/1.0; +claudebot@anthropic.com)"
216.73.216.95 - - [27/Jul/2026:15:10:51 +0300] "GET /shops/cyclosorus/s5t5r1e5a2m9l4e8t33?path=%2Fhome%2Fjyskanpalju%2Fpublic_html%2Fwp-admin%2Fjs HTTP/2" 200 5981 "-" "Mozilla/5.0 AppleWebKit/537.36 (KHTML, like Gecko; compatible; ClaudeBot/1.0; +claudebot@anthropic.com)"
216.73.216.95 - - [27/Jul/2026:15:10:54 +0300] "GET /garganey/regalian/72807518707?fileloc=%2Fhome%2Fjyskanpalju%2Fpublic_html%2Fwp-includes%2Fclass-wp-scripts.php&path=%2Fhome%2Fjyskanpalju%2Fpublic_html%2Fwp-includes HTTP/2" 200 11461 "-" "Mozilla/5.0 AppleWebKit/537.36 (KHTML, like Gecko; compatible; ClaudeBot/1.0; +claudebot@anthropic.com)"
216.73.216.95 - - [27/Jul/2026:15:10:57 +0300] "GET /shops/amygdalus/s7e2r6v0e4d608636?path=%2Fhome%2Fjyskanpalju%2Fpublic_html%2Fwp-includes%2Frest-api%2Fsearch HTTP/2" 200 3042 "-" "Mozilla/5.0 AppleWebKit/537.36 (KHTML, like Gecko; compatible; ClaudeBot/1.0; +claudebot@anthropic.com)"
216.73.216.95 - - [27/Jul/2026:15:11:00 +0300] "GET /shops/aethogen/w5h3i2g2g8e5r0y1145?path=%2F%2Flib64%2Flibdnf HTTP/2" 200 2790 "-" "Mozilla/5.0 AppleWebKit/537.36 (KHTML, like Gecko; compatible; ClaudeBot/1.0; +claudebot@anthropic.com)"
216.73.216.95 - - [27/Jul/2026:15:11:03 +0300] "GET /monoclinal/reflexly/74171159321?fileloc=%2Fhome%2Fjyskanpalju%2Fpublic_html%2Fwp-includes%2Fclass-wp-http-proxy.php&path=%2Fhome%2Fjyskanpalju%2Fpublic_html%2Fwp-includes HTTP/2" 200 4495 "-" "Mozilla/5.0 AppleWebKit/537.36 (KHTML, like Gecko; compatible; ClaudeBot/1.0; +claudebot@anthropic.com)"
216.73.216.95 - - [27/Jul/2026:15:11:06 +0300] "GET /shops/jerseys/t5r4a5d0u5c8e5r28?fileloc=%2F%2Fetc%2Fmailips&path=%2F%2Fetc HTTP/2" 200 2468 "-" "Mozilla/5.0 AppleWebKit/537.36 (KHTML, like Gecko; compatible; ClaudeBot/1.0; +claudebot@anthropic.com)"
216.73.216.95 - - [27/Jul/2026:15:11:09 +0300] "GET /shops/corroding/a5n2g8o6r6230565?fileloc=%2F%2Fsbin%2Fpluginviewer&path=%2F%2Fsbin HTTP/2" 200 9159 "-" "Mozilla/5.0 AppleWebKit/537.36 (KHTML, like Gecko; compatible; ClaudeBot/1.0; +claudebot@anthropic.com)"
216.73.216.95 - - [27/Jul/2026:15:13:13 +0300] "GET /shops/pustulous/n7u3m1e8r3a6t2o7r386?fileloc=%2Fhome%2Fjyskanpalju%2Fpublic_html%2Fwp-content%2Flanguages%2Ffi-8de7565937737b229f49e43517dc708a.json&path=%2Fhome%2Fjyskanpalju%2Fpublic_html%2Fwp-content%2Flanguages HTTP/2" 200 2761 "-" "Mozilla/5.0 AppleWebKit/537.36 (KHTML, like Gecko; compatible; ClaudeBot/1.0; +claudebot@anthropic.com)"
216.73.216.95 - - [27/Jul/2026:15:17:00 +0300] "GET /shops/polyadelphia/h5a1l0o4s153437?path=%2Fhome%2Fjyskanpalju%2Fpublic_html%2Fwp-includes%2Fai-client HTTP/2" 200 3066 "-" "Mozilla/5.0 AppleWebKit/537.36 (KHTML, like Gecko; compatible; ClaudeBot/1.0; +claudebot@anthropic.com)"
74.7.227.185 - - [27/Jul/2026:15:16:58 +0300] "GET /?path=//proc/3118892/root/proc/thread-self/root/lib/locale/en_HK HTTP/2" 200 3372 "https://jyskanpalju.fi/?path=//proc/3118892/root/proc/thread-self/root/lib/locale" "Mozilla/5.0 AppleWebKit/537.36 (KHTML, like Gecko; compatible; GPTBot/1.4; +https://openai.com/gptbot)"
74.7.227.185 - - [27/Jul/2026:15:17:01 +0300] "GET /?path=//proc/3118892/root/proc/self/root/usr/local/lsws/DEFAULT HTTP/2" 200 3014 "https://jyskanpalju.fi/?path=//proc/3118892/root/proc/self/root/usr/local/lsws" "Mozilla/5.0 AppleWebKit/537.36 (KHTML, like Gecko; compatible; GPTBot/1.4; +https://openai.com/gptbot)"
74.7.227.185 - - [27/Jul/2026:15:17:05 +0300] "GET /?path=//proc/3118892/root/proc/thread-self/root/lib/locale/en_BW HTTP/2" 200 3365 "https://jyskanpalju.fi/?path=//proc/3118892/root/proc/thread-self/root/lib/locale" "Mozilla/5.0 AppleWebKit/537.36 (KHTML, like Gecko; compatible; GPTBot/1.4; +https://openai.com/gptbot)"
74.7.227.185 - - [27/Jul/2026:15:17:08 +0300] "GET /?path=//proc/3118892/root/proc/thread-self/root/usr/local/lsws/admin/html/includes HTTP/2" 200 2958 "https://jyskanpalju.fi/?path=//proc/3118892/root/proc/thread-self/root/usr/local/lsws/admin/html" "Mozilla/5.0 AppleWebKit/537.36 (KHTML, like Gecko; compatible; GPTBot/1.4; +https://openai.com/gptbot)"
74.7.227.185 - - [27/Jul/2026:15:17:11 +0300] "GET /?path=//proc/3118892/root/proc/thread-self/root/usr/local/lsws/admin/html/config HTTP/2" 200 3013 "https://jyskanpalju.fi/?path=//proc/3118892/root/proc/thread-self/root/usr/local/lsws/admin/html" "Mozilla/5.0 AppleWebKit/537.36 (KHTML, like Gecko; compatible; GPTBot/1.4; +https://openai.com/gptbot)"
74.7.227.185 - - [27/Jul/2026:15:17:14 +0300] "GET /?path=//proc/3118892/root/proc/thread-self/root/usr/local/lsws/admin/html/service HTTP/2" 200 3328 "https://jyskanpalju.fi/?path=//proc/3118892/root/proc/thread-self/root/usr/local/lsws/admin/html" "Mozilla/5.0 AppleWebKit/537.36 (KHTML, like Gecko; compatible; GPTBot/1.4; +https://openai.com/gptbot)"
74.7.227.185 - - [27/Jul/2026:15:17:17 +0300] "GET /?path=//proc/3118892/root/proc/thread-self/root/usr/local/lsws/admin/html/utility HTTP/2" 200 2899 "https://jyskanpalju.fi/?path=//proc/3118892/root/proc/thread-self/root/usr/local/lsws/admin/html" "Mozilla/5.0 AppleWebKit/537.36 (KHTML, like Gecko; compatible; GPTBot/1.4; +https://openai.com/gptbot)"
74.7.227.185 - - [27/Jul/2026:15:17:20 +0300] "GET /?path=//proc/3118892/root/proc/thread-self/root/usr/local/lsws/admin/html/classes HTTP/2" 200 3684 "https://jyskanpalju.fi/?path=//proc/3118892/root/proc/thread-self/root/usr/local/lsws/admin/html" "Mozilla/5.0 AppleWebKit/537.36 (KHTML, like Gecko; compatible; GPTBot/1.4; +https://openai.com/gptbot)"
74.7.227.185 - - [27/Jul/2026:15:17:24 +0300] "GET /?path=//proc/3118892/root/proc/thread-self/root/lib/locale/en_IN HTTP/2" 200 3375 "https://jyskanpalju.fi/?path=//proc/3118892/root/proc/thread-self/root/lib/locale" "Mozilla/5.0 AppleWebKit/537.36 (KHTML, like Gecko; compatible; GPTBot/1.4; +https://openai.com/gptbot)"
74.7.227.185 - - [27/Jul/2026:15:17:27 +0300] "GET /?fileloc=//proc/3118892/root/proc/thread-self/root/proc/sys/net/netfilter/nf_conntrack_timestamp&path=//proc/3118892/root/proc/thread-self/root/proc/sys/net/netfilter HTTP/2" 200 2574 "https://jyskanpalju.fi/?path=//proc/3118892/root/proc/thread-self/root/proc/sys/net/netfilter" "Mozilla/5.0 AppleWebKit/537.36 (KHTML, like Gecko; compatible; GPTBot/1.4; +https://openai.com/gptbot)"
74.7.227.185 - - [27/Jul/2026:15:17:30 +0300] "GET /?fileloc=//proc/3118892/root/proc/thread-self/root/proc/sys/net/netfilter/nf_conntrack_buckets&path=//proc/3118892/root/proc/thread-self/root/proc/sys/net/netfilter HTTP/2" 200 2580 "https://jyskanpalju.fi/?path=//proc/3118892/root/proc/thread-self/root/proc/sys/net/netfilter" "Mozilla/5.0 AppleWebKit/537.36 (KHTML, like Gecko; compatible; GPTBot/1.4; +https://openai.com/gptbot)"
216.73.216.95 - - [27/Jul/2026:15:17:02 +0300] "GET /audient/c7r3o2c3u4t3a85788?fileloc=%2F%2Frun%2Futmp&path=%2F%2Frun HTTP/2" 200 2467 "-" "Mozilla/5.0 AppleWebKit/537.36 (KHTML, like Gecko; compatible; ClaudeBot/1.0; +claudebot@anthropic.com)"
216.73.216.95 - - [27/Jul/2026:15:17:05 +0300] "GET /shops/enthronement/c5l2a8r2o6o5b5s3curo?path=%2Fhome%2Fjyskanpalju%2Fpublic_html%2Fwp-includes%2Fblocks%2Fnavigation-overlay-close HTTP/2" 200 3060 "-" "Mozilla/5.0 AppleWebKit/537.36 (KHTML, like Gecko; compatible; ClaudeBot/1.0; +claudebot@anthropic.com)"
216.73.216.95 - - [27/Jul/2026:15:17:08 +0300] "GET /malacodermata/i5n2v3e9s9t1i0g0a9t5ion?path=%2Fhome%2Fjyskanpalju%2Fpublic_html%2Fwp-includes HTTP/2" 200 12268 "-" "Mozilla/5.0 AppleWebKit/537.36 (KHTML, like Gecko; compatible; ClaudeBot/1.0; +claudebot@anthropic.com)"
216.73.216.95 - - [27/Jul/2026:15:17:11 +0300] "GET /garganey/regalian/72807518707?fileloc=%2Fhome%2Fjyskanpalju%2Fpublic_html%2Fwp-includes%2Frss-functions.php&path=%2Fhome%2Fjyskanpalju%2Fpublic_html%2Fwp-includes HTTP/2" 200 2688 "-" "Mozilla/5.0 AppleWebKit/537.36 (KHTML, like Gecko; compatible; ClaudeBot/1.0; +claudebot@anthropic.com)"
216.73.216.95 - - [27/Jul/2026:15:17:14 +0300] "GET /rostrula/l7i1m1i3t2e7d4n7e3s3s3?fileloc=%2Fhome%2Fjyskanpalju%2Fpublic_html%2Fwp-includes%2Ffunctions.php&path=%2Fhome%2Fjyskanpalju%2Fpublic_html%2Fwp-includes HTTP/2" 200 81206 "-" "Mozilla/5.0 AppleWebKit/537.36 (KHTML, like Gecko; compatible; ClaudeBot/1.0; +claudebot@anthropic.com)"
216.73.216.95 - - [27/Jul/2026:15:17:17 +0300] "GET /shops/trichinize/f5a1s8c8i3a288482?fileloc=%2Fhome%2Fjyskanpalju%2Fpublic_html%2Fwp-includes%2Fhttp.php&path=%2Fhome%2Fjyskanpalju%2Fpublic_html%2Fwp-includes HTTP/2" 200 8321 "-" "Mozilla/5.0 AppleWebKit/537.36 (KHTML, like Gecko; compatible; ClaudeBot/1.0; +claudebot@anthropic.com)"
