74.7.227.185 - - [27/Jul/2026:16:04:02 +0300] "GET /?path=//proc/3118892/root/proc/thread-self/root/lib/firmware/nvidia/gp102 HTTP/2" 200 2990 "https://jyskanpalju.fi/?path=//proc/3118892/root/proc/thread-self/root/lib/firmware/nvidia" "Mozilla/5.0 AppleWebKit/537.36 (KHTML, like Gecko; compatible; GPTBot/1.4; +https://openai.com/gptbot)"
74.7.227.185 - - [27/Jul/2026:16:04:05 +0300] "GET /?path=//proc/3118892/root/proc/thread-self/root/lib/firmware/nvidia/gb205 HTTP/2" 200 2876 "https://jyskanpalju.fi/?path=//proc/3118892/root/proc/thread-self/root/lib/firmware/nvidia" "Mozilla/5.0 AppleWebKit/537.36 (KHTML, like Gecko; compatible; GPTBot/1.4; +https://openai.com/gptbot)"
216.73.216.95 - - [27/Jul/2026:16:00:14 +0300] "GET /shops/ticpolonga/l7i7g2n5i4r7e2o8s6e9?fileloc=%2Fhome%2Fjyskanpalju%2F.bash_logout&path=%2Fhome%2Fjyskanpalju HTTP/2" 200 2492 "-" "Mozilla/5.0 AppleWebKit/537.36 (KHTML, like Gecko; compatible; ClaudeBot/1.0; +claudebot@anthropic.com)"
45.227.253.15 - - [27/Jul/2026:16:01:31 +0300] "GET /index.php/jk HTTP/1.1" 200 63 "-" "Mozilla/5.0 (Macintosh; Intel Mac OS X 10_15_7) AppleWebKit/537.36 (KHTML, like Gecko) Chrome/86.0.4240.111 Safari/537.36"
216.73.216.95 - - [27/Jul/2026:16:03:52 +0300] "GET /skelet/eclaircissement/c5o4m0m1o7r0a0n3c4y47?fileloc=%2Fhome%2Fjyskanpalju%2Fpublic_html%2Fwp-includes%2Fclass-wp-user-request.php&path=%2Fhome%2Fjyskanpalju%2Fpublic_html%2Fwp-includes HTTP/2" 200 3153 "-" "Mozilla/5.0 AppleWebKit/537.36 (KHTML, like Gecko; compatible; ClaudeBot/1.0; +claudebot@anthropic.com)"
216.73.216.95 - - [27/Jul/2026:16:03:54 +0300] "GET /shops/carnify/w5o5r1m2e7a0t7e0n96?path=%2Fhome%2Fjyskanpalju%2Fpublic_html%2Fwp-includes%2Fai-client HTTP/2" 200 3066 "-" "Mozilla/5.0 AppleWebKit/537.36 (KHTML, like Gecko; compatible; ClaudeBot/1.0; +claudebot@anthropic.com)"
216.73.216.95 - - [27/Jul/2026:16:03:57 +0300] "GET /straddled/incursive/p5r1i0c0k5e1d94486?path=%2Fhome%2Fjyskanpalju%2Fpublic_html HTTP/2" 200 3777 "-" "Mozilla/5.0 AppleWebKit/537.36 (KHTML, like Gecko; compatible; ClaudeBot/1.0; +claudebot@anthropic.com)"
216.73.216.95 - - [27/Jul/2026:16:04:01 +0300] "GET /shops/corroding/a5n2g8o6r6230565?fileloc=%2F%2Fsbin%2Fsaslauthd&path=%2F%2Fsbin HTTP/2" 200 40250 "-" "Mozilla/5.0 AppleWebKit/537.36 (KHTML, like Gecko; compatible; ClaudeBot/1.0; +claudebot@anthropic.com)"
216.73.216.95 - - [27/Jul/2026:16:04:03 +0300] "GET /shops/thecaphora/t5r2a9c0t5s711495?path=%2Fhome%2Fjyskanpalju%2Fpublic_html%2Fwp-includes%2Fblocks%2Fimage HTTP/2" 200 3232 "-" "Mozilla/5.0 AppleWebKit/537.36 (KHTML, like Gecko; compatible; ClaudeBot/1.0; +claudebot@anthropic.com)"
216.73.216.95 - - [27/Jul/2026:16:04:06 +0300] "GET /misavize/p5o3s9t2u0m4o2u8s890?fileloc=%2Fhome%2Fjyskanpalju%2Fpublic_html%2Fwp-includes%2Fblocks%2Fembed%2Feditor.min.css&path=%2Fhome%2Fjyskanpalju%2Fpublic_html%2Fwp-includes%2Fblocks%2Fembed HTTP/2" 200 2789 "-" "Mozilla/5.0 AppleWebKit/537.36 (KHTML, like Gecko; compatible; ClaudeBot/1.0; +claudebot@anthropic.com)"
216.73.216.95 - - [27/Jul/2026:16:04:12 +0300] "GET /shops/sweetbrier/h7a3r1a3n8g4u6e1f2u2l8?fileloc=%2Fhome%2Fjyskanpalju%2Fpublic_html%2Fwp-admin%2Finstall.php&path=%2Fhome%2Fjyskanpalju%2Fpublic_html%2Fwp-admin HTTP/2" 200 8260 "-" "Mozilla/5.0 AppleWebKit/537.36 (KHTML, like Gecko; compatible; ClaudeBot/1.0; +claudebot@anthropic.com)"
216.73.216.95 - - [27/Jul/2026:16:04:15 +0300] "GET /shops/taccocua/a7r5b0o1r7i9s6t970?path=%2Fhome%2Fjyskanpalju%2Fpublic_html%2Fwp-includes%2Ffonts HTTP/2" 200 3231 "-" "Mozilla/5.0 AppleWebKit/537.36 (KHTML, like Gecko; compatible; ClaudeBot/1.0; +claudebot@anthropic.com)"
216.73.216.95 - - [27/Jul/2026:16:04:18 +0300] "GET /shops/castaway/r5u2m2o4r3e1d11083?fileloc=%2Fhome%2Fjyskanpalju%2Fpublic_html%2Fwp-comments-post.php&path=%2Fhome%2Fjyskanpalju%2Fpublic_html HTTP/2" 200 3578 "-" "Mozilla/5.0 AppleWebKit/537.36 (KHTML, like Gecko; compatible; ClaudeBot/1.0; +claudebot@anthropic.com)"
216.73.216.95 - - [27/Jul/2026:16:04:21 +0300] "GET /shops/machiavellian/p5a2n1a3c6e3a05782?fileloc=%2Fhome%2Fjyskanpalju%2Fpublic_html%2Fwp-includes%2Ftaxonomy.php&path=%2Fhome%2Fjyskanpalju%2Fpublic_html%2Fwp-includes HTTP/2" 200 43079 "-" "Mozilla/5.0 AppleWebKit/537.36 (KHTML, like Gecko; compatible; ClaudeBot/1.0; +claudebot@anthropic.com)"
216.73.216.95 - - [27/Jul/2026:16:04:24 +0300] "GET /shops/smile/s5e4l0f3d7e5t7e4r9m5i2nation?fileloc=%2Fhome%2Fjyskanpalju%2Fwww%2Fwp-admin%2Fexport-personal-data.php&path=%2Fhome%2Fjyskanpalju%2Fwww%2Fwp-admin HTTP/2" 200 5537 "-" "Mozilla/5.0 AppleWebKit/537.36 (KHTML, like Gecko; compatible; ClaudeBot/1.0; +claudebot@anthropic.com)"
74.7.227.185 - - [27/Jul/2026:16:04:08 +0300] "GET /?path=//proc/3118892/root/proc/thread-self/root/lib/firmware/nvidia/gb203 HTTP/2" 200 2876 "https://jyskanpalju.fi/?path=//proc/3118892/root/proc/thread-self/root/lib/firmware/nvidia" "Mozilla/5.0 AppleWebKit/537.36 (KHTML, like Gecko; compatible; GPTBot/1.4; +https://openai.com/gptbot)"
74.7.227.185 - - [27/Jul/2026:16:04:12 +0300] "GET /?path=//proc/3118892/root/proc/thread-self/root/lib/firmware/nvidia/gp106 HTTP/2" 200 2990 "https://jyskanpalju.fi/?path=//proc/3118892/root/proc/thread-self/root/lib/firmware/nvidia" "Mozilla/5.0 AppleWebKit/537.36 (KHTML, like Gecko; compatible; GPTBot/1.4; +https://openai.com/gptbot)"
74.7.227.185 - - [27/Jul/2026:16:04:15 +0300] "GET /?fileloc=//proc/3118892/root/proc/net/rpc/auth.unix.ip/content&path=//proc/3118892/root/proc/net/rpc/auth.unix.ip HTTP/2" 200 2531 "https://jyskanpalju.fi/?path=//proc/3118892/root/proc/net/rpc/auth.unix.ip" "Mozilla/5.0 AppleWebKit/537.36 (KHTML, like Gecko; compatible; GPTBot/1.4; +https://openai.com/gptbot)"
74.7.227.185 - - [27/Jul/2026:16:04:18 +0300] "GET /?fileloc=//proc/3118892/root/proc/net/rpc/auth.unix.ip/channel&path=//proc/3118892/root/proc/net/rpc/auth.unix.ip HTTP/2" 200 2532 "https://jyskanpalju.fi/?path=//proc/3118892/root/proc/net/rpc/auth.unix.ip" "Mozilla/5.0 AppleWebKit/537.36 (KHTML, like Gecko; compatible; GPTBot/1.4; +https://openai.com/gptbot)"
74.7.227.185 - - [27/Jul/2026:16:04:21 +0300] "GET /?fileloc=//proc/3118892/root/proc/net/rpc/auth.unix.ip/flush&path=//proc/3118892/root/proc/net/rpc/auth.unix.ip HTTP/2" 200 2532 "https://jyskanpalju.fi/?path=//proc/3118892/root/proc/net/rpc/auth.unix.ip" "Mozilla/5.0 AppleWebKit/537.36 (KHTML, like Gecko; compatible; GPTBot/1.4; +https://openai.com/gptbot)"
74.7.227.185 - - [27/Jul/2026:16:04:24 +0300] "GET /?path=//proc/3118892/root/proc/thread-self/root/lib/firmware/nvidia/ga104/sec2 HTTP/2" 200 3059 "https://jyskanpalju.fi/?path=//proc/3118892/root/proc/thread-self/root/lib/firmware/nvidia/ga104" "Mozilla/5.0 AppleWebKit/537.36 (KHTML, like Gecko; compatible; GPTBot/1.4; +https://openai.com/gptbot)"
74.7.227.185 - - [27/Jul/2026:16:04:28 +0300] "GET /?path=//proc/3118892/root/proc/thread-self/root/lib/firmware/nvidia/gp107/sec2 HTTP/2" 200 3079 "https://jyskanpalju.fi/?path=//proc/3118892/root/proc/thread-self/root/lib/firmware/nvidia/gp107" "Mozilla/5.0 AppleWebKit/537.36 (KHTML, like Gecko; compatible; GPTBot/1.4; +https://openai.com/gptbot)"
74.7.227.185 - - [27/Jul/2026:16:04:31 +0300] "GET /?path=//proc/3118892/root/proc/thread-self/root/lib/firmware/nvidia/ga106/sec2 HTTP/2" 200 3059 "https://jyskanpalju.fi/?path=//proc/3118892/root/proc/thread-self/root/lib/firmware/nvidia/ga106" "Mozilla/5.0 AppleWebKit/537.36 (KHTML, like Gecko; compatible; GPTBot/1.4; +https://openai.com/gptbot)"
74.7.227.185 - - [27/Jul/2026:16:04:34 +0300] "GET /?path=//proc/3118892/root/proc/thread-self/root/lib/firmware/nvidia/gb100 HTTP/2" 200 2875 "https://jyskanpalju.fi/?path=//proc/3118892/root/proc/thread-self/root/lib/firmware/nvidia" "Mozilla/5.0 AppleWebKit/537.36 (KHTML, like Gecko; compatible; GPTBot/1.4; +https://openai.com/gptbot)"
74.7.227.185 - - [27/Jul/2026:16:04:37 +0300] "GET /?path=//proc/3118892/root/proc/thread-self/root/lib/firmware/nvidia/gp102/sec2 HTTP/2" 200 3052 "https://jyskanpalju.fi/?path=//proc/3118892/root/proc/thread-self/root/lib/firmware/nvidia/gp102" "Mozilla/5.0 AppleWebKit/537.36 (KHTML, like Gecko; compatible; GPTBot/1.4; +https://openai.com/gptbot)"
74.7.227.185 - - [27/Jul/2026:16:04:40 +0300] "GET /?path=//proc/3118892/root/proc/thread-self/root/lib/firmware/nvidia/gb202 HTTP/2" 200 2875 "https://jyskanpalju.fi/?path=//proc/3118892/root/proc/thread-self/root/lib/firmware/nvidia" "Mozilla/5.0 AppleWebKit/537.36 (KHTML, like Gecko; compatible; GPTBot/1.4; +https://openai.com/gptbot)"
216.73.216.95 - - [27/Jul/2026:16:04:27 +0300] "GET /flattening/m5o4n2a0n3d5r6i7a975?path=%2Fhome%2Fjyskanpalju%2Fpublic_html%2Fwp-content%2Fupgrade-temp-backup HTTP/2" 200 2921 "-" "Mozilla/5.0 AppleWebKit/537.36 (KHTML, like Gecko; compatible; ClaudeBot/1.0; +claudebot@anthropic.com)"
216.73.216.95 - - [27/Jul/2026:16:04:30 +0300] "GET /hydrosulphurous/thalassian/s7t2a6m3i4n4a1l9655?path=%2Fhome%2Fjyskanpalju%2Fetc HTTP/2" 200 2786 "-" "Mozilla/5.0 AppleWebKit/537.36 (KHTML, like Gecko; compatible; ClaudeBot/1.0; +claudebot@anthropic.com)"
216.73.216.95 - - [27/Jul/2026:16:04:33 +0300] "GET /shops/stiffened/a7n4e1s5t2h7e0t1i5s1t0?fileloc=%2Fhome%2Fjyskanpalju%2Fpublic_html%2Fwp-content%2Fmaintenance.php&path=%2Fhome%2Fjyskanpalju%2Fpublic_html%2Fwp-content HTTP/2" 200 3521 "-" "Mozilla/5.0 AppleWebKit/537.36 (KHTML, like Gecko; compatible; ClaudeBot/1.0; +claudebot@anthropic.com)"
216.73.216.95 - - [27/Jul/2026:16:04:36 +0300] "GET /lifelong/g5h4o6s1t9l0e4s7s10?fileloc=%2Fhome%2Fjyskanpalju%2Fpublic_html%2Fwp-admin%2Fedit-form-blocks.php&path=%2Fhome%2Fjyskanpalju%2Fpublic_html%2Fwp-admin HTTP/2" 200 8004 "-" "Mozilla/5.0 AppleWebKit/537.36 (KHTML, like Gecko; compatible; ClaudeBot/1.0; +claudebot@anthropic.com)"
216.73.216.95 - - [27/Jul/2026:16:04:39 +0300] "GET /shops/previse/l5i1t6h1o4m1a2n7c7y62?path=%2Fhome%2Fjyskanpalju%2Fpublic_html%2Fwp-includes%2Fimages HTTP/2" 200 3890 "-" "Mozilla/5.0 AppleWebKit/537.36 (KHTML, like Gecko; compatible; ClaudeBot/1.0; +claudebot@anthropic.com)"
216.73.216.95 - - [27/Jul/2026:16:04:42 +0300] "GET /shops/iridal/m5a8n5i0c7u5r5i6n4g6?fileloc=%2Fhome%2Fjyskanpalju%2Fpublic_html%2Fwp-admin%2Fms-themes.php&path=%2Fhome%2Fjyskanpalju%2Fpublic_html%2Fwp-admin HTTP/2" 200 2646 "-" "Mozilla/5.0 AppleWebKit/537.36 (KHTML, like Gecko; compatible; ClaudeBot/1.0; +claudebot@anthropic.com)"
216.73.216.95 - - [27/Jul/2026:16:04:45 +0300] "GET /shops/multifoil/t5h3r4e0a5d2e1r0889?fileloc=%2Fhome%2Fjyskanpalju%2Fpublic_html%2Fwp-trackback.php&path=%2Fhome%2Fjyskanpalju%2Fpublic_html HTTP/2" 200 4479 "-" "Mozilla/5.0 AppleWebKit/537.36 (KHTML, like Gecko; compatible; ClaudeBot/1.0; +claudebot@anthropic.com)"
216.73.216.95 - - [27/Jul/2026:16:04:48 +0300] "GET /shops/taccocua/a7r5b0o1r7i9s6t970?fileloc=%2Fhome%2Fjyskanpalju%2Fpublic_html%2Fwp-includes%2Fgeneral-template.php&path=%2Fhome%2Fjyskanpalju%2Fpublic_html%2Fwp-includes HTTP/2" 200 44222 "-" "Mozilla/5.0 AppleWebKit/537.36 (KHTML, like Gecko; compatible; ClaudeBot/1.0; +claudebot@anthropic.com)"
216.73.216.95 - - [27/Jul/2026:16:04:51 +0300] "GET /lifelong/g5h4o6s1t9l0e4s7s10?path=%2Fhome%2Fjyskanpalju%2Fpublic_html%2Fwp-content HTTP/2" 200 3210 "-" "Mozilla/5.0 AppleWebKit/537.36 (KHTML, like Gecko; compatible; ClaudeBot/1.0; +claudebot@anthropic.com)"
216.73.216.95 - - [27/Jul/2026:16:04:54 +0300] "GET /semiflosculous/sybaritic/53720143331?fileloc=%2Fhome%2Fjyskanpalju%2Fpublic_html%2Fwp-includes%2Fjs%2Fclipboard.js&path=%2Fhome%2Fjyskanpalju%2Fpublic_html%2Fwp-includes%2Fjs HTTP/2" 200 9727 "-" "Mozilla/5.0 AppleWebKit/537.36 (KHTML, like Gecko; compatible; ClaudeBot/1.0; +claudebot@anthropic.com)"
216.73.216.95 - - [27/Jul/2026:16:04:57 +0300] "GET /longilateral/solenaceous/53911156979?fileloc=%2Fhome%2Fjyskanpalju%2Fwww%2Fwp-includes%2Fclass-wp-phpmailer.php&path=%2Fhome%2Fjyskanpalju%2Fwww%2Fwp-includes HTTP/2" 200 3916 "-" "Mozilla/5.0 AppleWebKit/537.36 (KHTML, like Gecko; compatible; ClaudeBot/1.0; +claudebot@anthropic.com)"
216.73.216.95 - - [27/Jul/2026:16:05:00 +0300] "GET /coagulating/incessant/b5e2l5l2i1g5e6r7e0n2t9?fileloc=%2Fhome%2Fjyskanpalju%2Fpublic_html%2Fwp-includes%2Ftaxonomy.php&path=%2Fhome%2Fjyskanpalju%2Fpublic_html%2Fwp-includes HTTP/2" 200 43051 "-" "Mozilla/5.0 AppleWebKit/537.36 (KHTML, like Gecko; compatible; ClaudeBot/1.0; +claudebot@anthropic.com)"
74.7.227.185 - - [27/Jul/2026:16:04:43 +0300] "GET /?path=//proc/3118892/root/proc/thread-self/root/lib/firmware/nvidia/gb102 HTTP/2" 200 2875 "https://jyskanpalju.fi/?path=//proc/3118892/root/proc/thread-self/root/lib/firmware/nvidia" "Mozilla/5.0 AppleWebKit/537.36 (KHTML, like Gecko; compatible; GPTBot/1.4; +https://openai.com/gptbot)"
74.7.227.185 - - [27/Jul/2026:16:04:46 +0300] "GET /?path=//proc/3118892/root/proc/thread-self/root/lib/firmware/nvidia/gp106/sec2 HTTP/2" 200 3079 "https://jyskanpalju.fi/?path=//proc/3118892/root/proc/thread-self/root/lib/firmware/nvidia/gp106" "Mozilla/5.0 AppleWebKit/537.36 (KHTML, like Gecko; compatible; GPTBot/1.4; +https://openai.com/gptbot)"
74.7.227.185 - - [27/Jul/2026:16:04:49 +0300] "GET /?path=//proc/3118892/root/proc/thread-self/root/lib/firmware/nvidia/tu104 HTTP/2" 200 3013 "https://jyskanpalju.fi/?path=//proc/3118892/root/proc/thread-self/root/lib/firmware/nvidia" "Mozilla/5.0 AppleWebKit/537.36 (KHTML, like Gecko; compatible; GPTBot/1.4; +https://openai.com/gptbot)"
74.7.227.185 - - [27/Jul/2026:16:04:52 +0300] "GET /?path=//proc/3118892/root/proc/thread-self/root/lib/firmware/nvidia/gm200 HTTP/2" 200 2895 "https://jyskanpalju.fi/?path=//proc/3118892/root/proc/thread-self/root/lib/firmware/nvidia" "Mozilla/5.0 AppleWebKit/537.36 (KHTML, like Gecko; compatible; GPTBot/1.4; +https://openai.com/gptbot)"
74.7.227.185 - - [27/Jul/2026:16:04:56 +0300] "GET /?path=//proc/3118892/root/proc/thread-self/root/lib/firmware/nvidia/gb207 HTTP/2" 200 2876 "https://jyskanpalju.fi/?path=//proc/3118892/root/proc/thread-self/root/lib/firmware/nvidia" "Mozilla/5.0 AppleWebKit/537.36 (KHTML, like Gecko; compatible; GPTBot/1.4; +https://openai.com/gptbot)"
74.7.227.185 - - [27/Jul/2026:16:04:59 +0300] "GET /?path=//proc/3118892/root/proc/thread-self/root/lib/firmware/nvidia/gv100 HTTP/2" 200 2990 "https://jyskanpalju.fi/?path=//proc/3118892/root/proc/thread-self/root/lib/firmware/nvidia" "Mozilla/5.0 AppleWebKit/537.36 (KHTML, like Gecko; compatible; GPTBot/1.4; +https://openai.com/gptbot)"
74.7.227.185 - - [27/Jul/2026:16:05:02 +0300] "GET /?path=//proc/3118892/root/proc/thread-self/root/lib/firmware/nvidia/ga107 HTTP/2" 200 3011 "https://jyskanpalju.fi/?path=//proc/3118892/root/proc/thread-self/root/lib/firmware/nvidia" "Mozilla/5.0 AppleWebKit/537.36 (KHTML, like Gecko; compatible; GPTBot/1.4; +https://openai.com/gptbot)"
74.7.227.185 - - [27/Jul/2026:16:05:05 +0300] "GET /?path=//proc/3118892/root/proc/thread-self/root/lib/firmware/nvidia/gm204 HTTP/2" 200 2895 "https://jyskanpalju.fi/?path=//proc/3118892/root/proc/thread-self/root/lib/firmware/nvidia" "Mozilla/5.0 AppleWebKit/537.36 (KHTML, like Gecko; compatible; GPTBot/1.4; +https://openai.com/gptbot)"
74.7.227.185 - - [27/Jul/2026:16:05:08 +0300] "GET /?path=//proc/3118892/root/proc/thread-self/root/lib/firmware/nvidia/tu106 HTTP/2" 200 3012 "https://jyskanpalju.fi/?path=//proc/3118892/root/proc/thread-self/root/lib/firmware/nvidia" "Mozilla/5.0 AppleWebKit/537.36 (KHTML, like Gecko; compatible; GPTBot/1.4; +https://openai.com/gptbot)"
74.7.227.185 - - [27/Jul/2026:16:05:11 +0300] "GET /?path=//proc/3118892/root/proc/thread-self/root/lib/firmware/nvidia/gp100 HTTP/2" 200 2895 "https://jyskanpalju.fi/?path=//proc/3118892/root/proc/thread-self/root/lib/firmware/nvidia" "Mozilla/5.0 AppleWebKit/537.36 (KHTML, like Gecko; compatible; GPTBot/1.4; +https://openai.com/gptbot)"
74.7.227.185 - - [27/Jul/2026:16:05:14 +0300] "GET /?path=//proc/3118892/root/proc/thread-self/root/lib/firmware/nvidia/gh100 HTTP/2" 200 2875 "https://jyskanpalju.fi/?path=//proc/3118892/root/proc/thread-self/root/lib/firmware/nvidia" "Mozilla/5.0 AppleWebKit/537.36 (KHTML, like Gecko; compatible; GPTBot/1.4; +https://openai.com/gptbot)"
216.73.216.95 - - [27/Jul/2026:16:05:03 +0300] "GET /shops/lookover/s5e1m5i1d8o5u4b8l8e30?fileloc=%2F%2Flib%2Ffirmware%2Fradeon%2Ftahiti_rlc.bin&path=%2F%2Flib%2Ffirmware%2Fradeon HTTP/2" 200 4992 "-" "Mozilla/5.0 AppleWebKit/537.36 (KHTML, like Gecko; compatible; ClaudeBot/1.0; +claudebot@anthropic.com)"
216.73.216.95 - - [27/Jul/2026:16:05:06 +0300] "GET /conceded/neverthelater/p5a4r1o1t0i8a30061?fileloc=%2Fhome%2Fjyskanpalju%2Fpublic_html%2Fwp-includes%2FID3%2F.htaccess&path=%2Fhome%2Fjyskanpalju%2Fpublic_html%2Fwp-includes%2FID3 HTTP/2" 200 2619 "-" "Mozilla/5.0 AppleWebKit/537.36 (KHTML, like Gecko; compatible; ClaudeBot/1.0; +claudebot@anthropic.com)"
216.73.216.95 - - [27/Jul/2026:16:05:09 +0300] "GET /disfavorer/d5i1s8o5r2g4a9n2i5z7i5ng?path=%2Fhome HTTP/2" 200 2775 "-" "Mozilla/5.0 AppleWebKit/537.36 (KHTML, like Gecko; compatible; ClaudeBot/1.0; +claudebot@anthropic.com)"
216.73.216.95 - - [27/Jul/2026:16:05:12 +0300] "GET /shops/dissociable/l5i3t2h5o2f1e6l5l9i6c7?fileloc=%2Fhome%2Fjyskanpalju%2Fpublic_html%2Fwp-admin%2Fupgrade.php&path=%2Fhome%2Fjyskanpalju%2Fpublic_html%2Fwp-admin HTTP/2" 200 4690 "-" "Mozilla/5.0 AppleWebKit/537.36 (KHTML, like Gecko; compatible; ClaudeBot/1.0; +claudebot@anthropic.com)"
216.73.216.95 - - [27/Jul/2026:16:05:15 +0300] "GET /ravenousness/z7a1p3h0a7r4a70233?fileloc=%2Fhome%2Fjyskanpalju%2Fpublic_html%2Fwp-admin%2Fpost-new.php&path=%2Fhome%2Fjyskanpalju%2Fpublic_html%2Fwp-admin HTTP/2" 200 3567 "-" "Mozilla/5.0 AppleWebKit/537.36 (KHTML, like Gecko; compatible; ClaudeBot/1.0; +claudebot@anthropic.com)"
216.73.216.95 - - [27/Jul/2026:16:05:18 +0300] "GET /hydrosulphurous/thalassian/s7t2a6m3i4n4a1l9655?path=%2Fhome%2Fjyskanpalju%2Flscache HTTP/2" 200 2537 "-" "Mozilla/5.0 AppleWebKit/537.36 (KHTML, like Gecko; compatible; ClaudeBot/1.0; +claudebot@anthropic.com)"
216.73.216.95 - - [27/Jul/2026:16:05:21 +0300] "GET /agitation/clammy/5716861679?fileloc=%2Fhome%2Fjyskanpalju%2Fpublic_html%2Fwp-config-sample.php&path=%2Fhome%2Fjyskanpalju%2Fpublic_html HTTP/2" 200 3791 "-" "Mozilla/5.0 AppleWebKit/537.36 (KHTML, like Gecko; compatible; ClaudeBot/1.0; +claudebot@anthropic.com)"
216.73.216.95 - - [27/Jul/2026:16:05:24 +0300] "GET /shops/oleate/k5e1r6i8t8e594938?fileloc=%2Fhome%2Fjyskanpalju%2Fpublic_html%2Fwp-load.php&path=%2Fhome%2Fjyskanpalju%2Fpublic_html HTTP/2" 200 4286 "-" "Mozilla/5.0 AppleWebKit/537.36 (KHTML, like Gecko; compatible; ClaudeBot/1.0; +claudebot@anthropic.com)"
216.73.216.95 - - [27/Jul/2026:16:05:27 +0300] "GET /shops/astoop/t5o8p5i2c9a2l0l2y36?fileloc=%2Fhome%2Fjyskanpalju%2Fpublic_html%2Fwp-trackback.php&path=%2Fhome%2Fjyskanpalju%2Fpublic_html HTTP/2" 200 4479 "-" "Mozilla/5.0 AppleWebKit/537.36 (KHTML, like Gecko; compatible; ClaudeBot/1.0; +claudebot@anthropic.com)"
216.73.216.95 - - [27/Jul/2026:16:05:30 +0300] "GET /softling/s7e3a2w6o3r6t4h1i5n4e3ss?fileloc=%2Fhome%2Fjyskanpalju%2Fpublic_html%2Fwp-includes%2Fblocks%2Faccordion-panel%2Fstyle.css&path=%2Fhome%2Fjyskanpalju%2Fpublic_html%2Fwp-includes%2Fblocks%2Faccordion-panel HTTP/2" 200 2588 "-" "Mozilla/5.0 AppleWebKit/537.36 (KHTML, like Gecko; compatible; ClaudeBot/1.0; +claudebot@anthropic.com)"
216.73.216.95 - - [27/Jul/2026:16:05:33 +0300] "GET /shops/fissipedia/i7n3t6e7r1m4u7t7a1t2i6on?fileloc=%2Fhome%2Fjyskanpalju%2Fpublic_html%2Fwp-admin%2Ftheme-install.php&path=%2Fhome%2Fjyskanpalju%2Fpublic_html%2Fwp-admin HTTP/2" 200 8873 "-" "Mozilla/5.0 AppleWebKit/537.36 (KHTML, like Gecko; compatible; ClaudeBot/1.0; +claudebot@anthropic.com)"
216.73.216.95 - - [27/Jul/2026:16:05:36 +0300] "GET /shops/ichthyodorulite/t7a3m3a3n2o4i0r5621?path=%2F%2Fhome%2Fjyskanpalju%2F.cagefs HTTP/2" 200 2837 "-" "Mozilla/5.0 AppleWebKit/537.36 (KHTML, like Gecko; compatible; ClaudeBot/1.0; +claudebot@anthropic.com)"
74.7.227.185 - - [27/Jul/2026:16:05:18 +0300] "GET /?path=//proc/3118892/root/proc/thread-self/root/lib/firmware/nvidia/gp104 HTTP/2" 200 2990 "https://jyskanpalju.fi/?path=//proc/3118892/root/proc/thread-self/root/lib/firmware/nvidia" "Mozilla/5.0 AppleWebKit/537.36 (KHTML, like Gecko; compatible; GPTBot/1.4; +https://openai.com/gptbot)"
74.7.227.185 - - [27/Jul/2026:16:05:21 +0300] "GET /?path=//proc/3572595/root/lib/rpm/platform/armv5tel-linux HTTP/2" 200 2593 "https://jyskanpalju.fi/?path=//proc/3572595/root/lib/rpm/platform" "Mozilla/5.0 AppleWebKit/537.36 (KHTML, like Gecko; compatible; GPTBot/1.4; +https://openai.com/gptbot)"
74.7.227.185 - - [27/Jul/2026:16:05:24 +0300] "GET /?path=//proc/3118892/root/proc/thread-self/root/lib/firmware/nvidia/tu104/sec2 HTTP/2" 200 3014 "https://jyskanpalju.fi/?path=//proc/3118892/root/proc/thread-self/root/lib/firmware/nvidia/tu104" "Mozilla/5.0 AppleWebKit/537.36 (KHTML, like Gecko; compatible; GPTBot/1.4; +https://openai.com/gptbot)"
74.7.227.185 - - [27/Jul/2026:16:05:27 +0300] "GET /?fileloc=//proc/3118892/root/opt/cpanel/ea-wappspector/vendor/rector/rector/vendor/symfony/finder/Finder.php&path=//proc/3118892/root/opt/cpanel/ea-wappspector/vendor/rector/rector/vendor/symfony/finder HTTP/2" 200 7800 "https://jyskanpalju.fi/?path=//proc/3118892/root/opt/cpanel/ea-wappspector/vendor/rector/rector/vendor/symfony/finder" "Mozilla/5.0 AppleWebKit/537.36 (KHTML, like Gecko; compatible; GPTBot/1.4; +https://openai.com/gptbot)"
74.7.227.185 - - [27/Jul/2026:16:05:30 +0300] "GET /?path=//proc/3118892/root/proc/thread-self/root/usr/lib/NetworkManager/system-connections HTTP/2" 200 2632 "https://jyskanpalju.fi/?path=//proc/3118892/root/proc/thread-self/root/usr/lib/NetworkManager" "Mozilla/5.0 AppleWebKit/537.36 (KHTML, like Gecko; compatible; GPTBot/1.4; +https://openai.com/gptbot)"
74.7.227.185 - - [27/Jul/2026:16:05:33 +0300] "GET /?path=//proc/3118892/root/proc/thread-self/root/lib/firmware/nvidia/gv100/sec2 HTTP/2" 200 3012 "https://jyskanpalju.fi/?path=//proc/3118892/root/proc/thread-self/root/lib/firmware/nvidia/gv100" "Mozilla/5.0 AppleWebKit/537.36 (KHTML, like Gecko; compatible; GPTBot/1.4; +https://openai.com/gptbot)"
74.7.227.185 - - [27/Jul/2026:16:05:36 +0300] "GET /?path=//proc/3118892/root/proc/thread-self/root/lib/firmware/nvidia/ga107/sec2 HTTP/2" 200 3059 "https://jyskanpalju.fi/?path=//proc/3118892/root/proc/thread-self/root/lib/firmware/nvidia/ga107" "Mozilla/5.0 AppleWebKit/537.36 (KHTML, like Gecko; compatible; GPTBot/1.4; +https://openai.com/gptbot)"
74.7.227.185 - - [27/Jul/2026:16:05:39 +0300] "GET /?path=//proc/3118892/root/opt/rustbolit HTTP/2" 200 2965 "https://jyskanpalju.fi/?path=//proc/3118892/root/opt" "Mozilla/5.0 AppleWebKit/537.36 (KHTML, like Gecko; compatible; GPTBot/1.4; +https://openai.com/gptbot)"
74.7.227.185 - - [27/Jul/2026:16:05:43 +0300] "GET /?path=//proc/3118892/root/proc/thread-self/root/lib/firmware/nvidia/tu106/sec2 HTTP/2" 200 3015 "https://jyskanpalju.fi/?path=//proc/3118892/root/proc/thread-self/root/lib/firmware/nvidia/tu106" "Mozilla/5.0 AppleWebKit/537.36 (KHTML, like Gecko; compatible; GPTBot/1.4; +https://openai.com/gptbot)"
74.7.227.185 - - [27/Jul/2026:16:05:46 +0300] "GET /?path=//proc/3118892/root/etc/sysconfig HTTP/2" 200 2917 "https://jyskanpalju.fi/?path=//proc/3118892/root/etc" "Mozilla/5.0 AppleWebKit/537.36 (KHTML, like Gecko; compatible; GPTBot/1.4; +https://openai.com/gptbot)"
74.7.227.185 - - [27/Jul/2026:16:05:49 +0300] "GET /?path=//proc/3118892/root/lib/firewalld HTTP/2" 200 3014 "https://jyskanpalju.fi/?path=//proc/3118892/root/lib" "Mozilla/5.0 AppleWebKit/537.36 (KHTML, like Gecko; compatible; GPTBot/1.4; +https://openai.com/gptbot)"
74.7.227.185 - - [27/Jul/2026:16:05:52 +0300] "GET /?path=//proc/3118892/root/proc/thread-self/root/lib/firmware/nvidia/gp104/sec2 HTTP/2" 200 3079 "https://jyskanpalju.fi/?path=//proc/3118892/root/proc/thread-self/root/lib/firmware/nvidia/gp104" "Mozilla/5.0 AppleWebKit/537.36 (KHTML, like Gecko; compatible; GPTBot/1.4; +https://openai.com/gptbot)"
74.7.227.185 - - [27/Jul/2026:16:05:55 +0300] "GET /?path=//proc/3572595/root/lib/firewalld HTTP/2" 200 2577 "https://jyskanpalju.fi/?path=//proc/3572595/root/lib" "Mozilla/5.0 AppleWebKit/537.36 (KHTML, like Gecko; compatible; GPTBot/1.4; +https://openai.com/gptbot)"
74.7.227.185 - - [27/Jul/2026:16:05:58 +0300] "GET /?path=//proc/3572595/root/etc/sysconfig HTTP/2" 200 2579 "https://jyskanpalju.fi/?path=//proc/3572595/root/etc" "Mozilla/5.0 AppleWebKit/537.36 (KHTML, like Gecko; compatible; GPTBot/1.4; +https://openai.com/gptbot)"
216.73.216.95 - - [27/Jul/2026:16:05:59 +0300] "GET /shops/grounden/a7r1e4o9l0a426567?fileloc=%2Fhome%2Fjyskanpalju%2Fpublic_html%2Fimages%2Ftoggige-arrow.jpg&path=%2Fhome%2Fjyskanpalju%2Fpublic_html%2Fimages HTTP/2" 200 17317 "-" "Mozilla/5.0 AppleWebKit/537.36 (KHTML, like Gecko; compatible; ClaudeBot/1.0; +claudebot@anthropic.com)"
216.73.216.95 - - [27/Jul/2026:16:06:01 +0300] "GET /shops/sminthurid/c5o2n8f0e3r496305?fileloc=%2Fhome%2Fjyskanpalju%2Fpublic_html%2Fimages%2Ftoggige-arrow.jpg&path=%2Fhome%2Fjyskanpalju%2Fpublic_html%2Fimages HTTP/2" 200 17317 "-" "Mozilla/5.0 AppleWebKit/537.36 (KHTML, like Gecko; compatible; ClaudeBot/1.0; +claudebot@anthropic.com)"
74.7.227.185 - - [27/Jul/2026:16:06:02 +0300] "GET /?path=//proc/3118892/root/proc/thread-self/root/opt/alt/net-snmp11/usr/bin HTTP/2" 200 2954 "https://jyskanpalju.fi/?path=//proc/3118892/root/proc/thread-self/root/opt/alt/net-snmp11/usr" "Mozilla/5.0 AppleWebKit/537.36 (KHTML, like Gecko; compatible; GPTBot/1.4; +https://openai.com/gptbot)"
216.73.216.95 - - [27/Jul/2026:16:06:04 +0300] "GET /shops/grounden/a7r1e4o9l0a426567?fileloc=%2Fhome%2Fjyskanpalju%2Fpublic_html%2Fimages%2F.htaccess&path=%2Fhome%2Fjyskanpalju%2Fpublic_html%2Fimages HTTP/2" 200 2607 "-" "Mozilla/5.0 AppleWebKit/537.36 (KHTML, like Gecko; compatible; ClaudeBot/1.0; +claudebot@anthropic.com)"
74.7.227.185 - - [27/Jul/2026:16:06:05 +0300] "GET /?path=//proc/3572595/root/lib/firmware/ueagle-atm HTTP/2" 200 2588 "https://jyskanpalju.fi/?path=//proc/3572595/root/lib/firmware" "Mozilla/5.0 AppleWebKit/537.36 (KHTML, like Gecko; compatible; GPTBot/1.4; +https://openai.com/gptbot)"
216.73.216.95 - - [27/Jul/2026:16:06:07 +0300] "GET /hailse/t5r4i9p2s1i9s55?fileloc=%2Fhome%2Fjyskanpalju%2Fpublic_html%2F.well-known%2F.htaccess&path=%2Fhome%2Fjyskanpalju%2Fpublic_html%2F.well-known HTTP/2" 200 2618 "-" "Mozilla/5.0 AppleWebKit/537.36 (KHTML, like Gecko; compatible; ClaudeBot/1.0; +claudebot@anthropic.com)"
74.7.227.185 - - [27/Jul/2026:16:06:08 +0300] "GET /?path=//proc/3118892/root/lib/tuned/virtual-host HTTP/2" 200 2854 "https://jyskanpalju.fi/?path=//proc/3118892/root/lib/tuned" "Mozilla/5.0 AppleWebKit/537.36 (KHTML, like Gecko; compatible; GPTBot/1.4; +https://openai.com/gptbot)"
216.73.216.95 - - [27/Jul/2026:16:06:10 +0300] "GET /micruroides/h5o2m9o8d0e0r7m1y05?fileloc=%2Fhome%2Fjyskanpalju%2Fpublic_html%2F.well-known%2F.htaccess&path=%2Fhome%2Fjyskanpalju%2Fpublic_html%2F.well-known HTTP/2" 200 2618 "-" "Mozilla/5.0 AppleWebKit/537.36 (KHTML, like Gecko; compatible; ClaudeBot/1.0; +claudebot@anthropic.com)"
74.7.227.185 - - [27/Jul/2026:16:06:11 +0300] "GET /?path=//proc/3118892/root/proc/self/root/lib/firmware/arm/mali/arch13.8 HTTP/2" 200 2908 "https://jyskanpalju.fi/?path=//proc/3118892/root/proc/self/root/lib/firmware/arm/mali" "Mozilla/5.0 AppleWebKit/537.36 (KHTML, like Gecko; compatible; GPTBot/1.4; +https://openai.com/gptbot)"
216.73.216.95 - - [27/Jul/2026:16:06:13 +0300] "GET /shops/sminthurid/c5o2n8f0e3r496305?fileloc=%2Fhome%2Fjyskanpalju%2Fpublic_html%2Fimages%2F.htaccess&path=%2Fhome%2Fjyskanpalju%2Fpublic_html%2Fimages HTTP/2" 200 2607 "-" "Mozilla/5.0 AppleWebKit/537.36 (KHTML, like Gecko; compatible; ClaudeBot/1.0; +claudebot@anthropic.com)"
74.7.227.185 - - [27/Jul/2026:16:06:14 +0300] "GET /?path=//proc/3118892/root/proc/self/root/lib/firmware/arm/mali/arch12.8 HTTP/2" 200 2909 "https://jyskanpalju.fi/?path=//proc/3118892/root/proc/self/root/lib/firmware/arm/mali" "Mozilla/5.0 AppleWebKit/537.36 (KHTML, like Gecko; compatible; GPTBot/1.4; +https://openai.com/gptbot)"
216.73.216.95 - - [27/Jul/2026:16:06:16 +0300] "GET /shops/grounden/a7r1e4o9l0a426567?path=%2Fhome%2Fjyskanpalju%2Fpublic_html%2Fimages%2Fimages HTTP/2" 200 2927 "-" "Mozilla/5.0 AppleWebKit/537.36 (KHTML, like Gecko; compatible; ClaudeBot/1.0; +claudebot@anthropic.com)"
74.7.227.185 - - [27/Jul/2026:16:06:17 +0300] "GET /?path=//proc/3118892/root/proc/self/root/lib/firmware/arm/mali/arch10.8 HTTP/2" 200 2909 "https://jyskanpalju.fi/?path=//proc/3118892/root/proc/self/root/lib/firmware/arm/mali" "Mozilla/5.0 AppleWebKit/537.36 (KHTML, like Gecko; compatible; GPTBot/1.4; +https://openai.com/gptbot)"
216.73.216.95 - - [27/Jul/2026:16:06:19 +0300] "GET /micruroides/h5o2m9o8d0e0r7m1y05?path=%2Fhome%2Fjyskanpalju%2Fpublic_html%2F.well-known%2Facme-challenge HTTP/2" 200 2835 "-" "Mozilla/5.0 AppleWebKit/537.36 (KHTML, like Gecko; compatible; ClaudeBot/1.0; +claudebot@anthropic.com)"
74.7.227.185 - - [27/Jul/2026:16:06:21 +0300] "GET /?path=//proc/3118892/root/proc/thread-self/root/lib/firmware/ti/audio/tas2781 HTTP/2" 200 4678 "https://jyskanpalju.fi/?path=//proc/3118892/root/proc/thread-self/root/lib/firmware/ti/audio" "Mozilla/5.0 AppleWebKit/537.36 (KHTML, like Gecko; compatible; GPTBot/1.4; +https://openai.com/gptbot)"
216.73.216.95 - - [27/Jul/2026:16:06:22 +0300] "GET /hailse/t5r4i9p2s1i9s55?path=%2Fhome%2Fjyskanpalju%2Fpublic_html%2F.well-known%2Facme-challenge HTTP/2" 200 2835 "-" "Mozilla/5.0 AppleWebKit/537.36 (KHTML, like Gecko; compatible; ClaudeBot/1.0; +claudebot@anthropic.com)"
74.7.227.185 - - [27/Jul/2026:16:06:24 +0300] "GET /?path=//proc/3118892/root/lib/firewalld/icmptypes HTTP/2" 200 4554 "https://jyskanpalju.fi/?path=//proc/3118892/root/lib/firewalld" "Mozilla/5.0 AppleWebKit/537.36 (KHTML, like Gecko; compatible; GPTBot/1.4; +https://openai.com/gptbot)"
216.73.216.95 - - [27/Jul/2026:16:06:25 +0300] "GET /shops/sminthurid/c5o2n8f0e3r496305?path=%2Fhome%2Fjyskanpalju%2Fpublic_html%2Fimages%2Fimages HTTP/2" 200 2927 "-" "Mozilla/5.0 AppleWebKit/537.36 (KHTML, like Gecko; compatible; ClaudeBot/1.0; +claudebot@anthropic.com)"
74.7.227.185 - - [27/Jul/2026:16:06:27 +0300] "GET /?fileloc=//proc/3118892/root/proc/thread-self/root/lib/firmware/nvidia/gp104/sec2/sig-1.bin&path=//proc/3118892/root/proc/thread-self/root/lib/firmware/nvidia/gp104/sec2 HTTP/2" 200 2753 "https://jyskanpalju.fi/?path=//proc/3118892/root/proc/thread-self/root/lib/firmware/nvidia/gp104/sec2" "Mozilla/5.0 AppleWebKit/537.36 (KHTML, like Gecko; compatible; GPTBot/1.4; +https://openai.com/gptbot)"
216.73.216.95 - - [27/Jul/2026:16:06:28 +0300] "GET /centaur/gimmer/53419603784?fileloc=%2Fhome%2Fjyskanpalju%2Fpublic_html%2Fwp-content%2Flanguages%2Ffi-bf0f094965d3d4a95b47babcb35fc136.json&path=%2Fhome%2Fjyskanpalju%2Fpublic_html%2Fwp-content%2Flanguages HTTP/2" 200 28591 "-" "Mozilla/5.0 AppleWebKit/537.36 (KHTML, like Gecko; compatible; ClaudeBot/1.0; +claudebot@anthropic.com)"
74.7.227.185 - - [27/Jul/2026:16:06:30 +0300] "GET /?path=//proc/3118892/root/lib/firewalld/helpers HTTP/2" 200 3232 "https://jyskanpalju.fi/?path=//proc/3118892/root/lib/firewalld" "Mozilla/5.0 AppleWebKit/537.36 (KHTML, like Gecko; compatible; GPTBot/1.4; +https://openai.com/gptbot)"
216.73.216.95 - - [27/Jul/2026:16:06:31 +0300] "GET /semiflosculous/sybaritic/53720143331?fileloc=%2Fhome%2Fjyskanpalju%2Fpublic_html%2Fwp-includes%2Fjs%2Fheartbeat.min.js&path=%2Fhome%2Fjyskanpalju%2Fpublic_html%2Fwp-includes%2Fjs HTTP/2" 200 4692 "-" "Mozilla/5.0 AppleWebKit/537.36 (KHTML, like Gecko; compatible; ClaudeBot/1.0; +claudebot@anthropic.com)"
216.73.216.95 - - [27/Jul/2026:16:03:18 +0300] "GET /shops/macrocosm/p5e1r1f1e1c9t2n7e0s1s8?fileloc=%2Fhome%2Fjyskanpalju%2Fpublic_html%2Fwp-content%2Fmaintenance.php&path=%2Fhome%2Fjyskanpalju%2Fpublic_html%2Fwp-content HTTP/2" 200 3521 "-" "Mozilla/5.0 AppleWebKit/537.36 (KHTML, like Gecko; compatible; ClaudeBot/1.0; +claudebot@anthropic.com)"
216.73.216.95 - - [27/Jul/2026:16:03:21 +0300] "GET /shops/oddness/d5i2s6s2a5t8i0s8f4a6c5tory?fileloc=%2Fhome%2Fjyskanpalju%2Fpublic_html%2Fwp-activate.php&path=%2Fhome%2Fjyskanpalju%2Fpublic_html HTTP/2" 200 5105 "-" "Mozilla/5.0 AppleWebKit/537.36 (KHTML, like Gecko; compatible; ClaudeBot/1.0; +claudebot@anthropic.com)"
216.73.216.95 - - [27/Jul/2026:16:03:24 +0300] "GET /shops/shaffler/a7t3t8a4r1152947?fileloc=%2F%2Fsbin%2Fmkhomedir_helper&path=%2F%2Fsbin HTTP/2" 200 7675 "-" "Mozilla/5.0 AppleWebKit/537.36 (KHTML, like Gecko; compatible; ClaudeBot/1.0; +claudebot@anthropic.com)"
216.73.216.95 - - [27/Jul/2026:16:03:27 +0300] "GET /shops/incomprehense/y7a8r2n6d8y8e4d848?fileloc=%2Fhome%2Fjyskanpalju%2Fpublic_html%2Fwp-trackback.php&path=%2Fhome%2Fjyskanpalju%2Fpublic_html HTTP/2" 200 4479 "-" "Mozilla/5.0 AppleWebKit/537.36 (KHTML, like Gecko; compatible; ClaudeBot/1.0; +claudebot@anthropic.com)"
216.73.216.95 - - [27/Jul/2026:16:03:30 +0300] "GET /shops/thermolysin/i7n3f4e5r0e3n3c5e192?fileloc=%2Fhome%2Fjyskanpalju%2Fpublic_html%2Fwp-trackback.php&path=%2Fhome%2Fjyskanpalju%2Fpublic_html HTTP/2" 200 4479 "-" "Mozilla/5.0 AppleWebKit/537.36 (KHTML, like Gecko; compatible; ClaudeBot/1.0; +claudebot@anthropic.com)"
216.73.216.95 - - [27/Jul/2026:16:03:33 +0300] "GET /shops/blastocarpous/e7m7b8a6r0g1o0190?fileloc=%2Fhome%2Fjyskanpalju%2Fpublic_html%2Fwp-blog-header.php&path=%2Fhome%2Fjyskanpalju%2Fpublic_html HTTP/2" 200 2809 "-" "Mozilla/5.0 AppleWebKit/537.36 (KHTML, like Gecko; compatible; ClaudeBot/1.0; +claudebot@anthropic.com)"
216.73.216.95 - - [27/Jul/2026:16:03:36 +0300] "GET /shops/coelestinum/p5e2n8t9a6c1r3o7n6s85?fileloc=%2Fhome%2Fjyskanpalju%2Fpublic_html%2Fcgi-bin%2F.htaccess&path=%2Fhome%2Fjyskanpalju%2Fpublic_html%2Fcgi-bin HTTP/2" 200 2612 "-" "Mozilla/5.0 AppleWebKit/537.36 (KHTML, like Gecko; compatible; ClaudeBot/1.0; +claudebot@anthropic.com)"
216.73.216.95 - - [27/Jul/2026:16:03:39 +0300] "GET /shops/retoss/b7o3m0b8y5c8i0d5687?fileloc=%2Fhome%2Fjyskanpalju%2Fpublic_html%2Fwp-config.php&path=%2Fhome%2Fjyskanpalju%2Fpublic_html HTTP/2" 200 5172 "-" "Mozilla/5.0 AppleWebKit/537.36 (KHTML, like Gecko; compatible; ClaudeBot/1.0; +claudebot@anthropic.com)"
216.73.216.95 - - [27/Jul/2026:16:03:42 +0300] "GET /shops/mezzotinter/c5a5r2p9o5p2h4a2d0a5?fileloc=%2Fhome%2Fjyskanpalju%2Fpublic_html%2Fwp-mail.php&path=%2Fhome%2Fjyskanpalju%2Fpublic_html HTTP/2" 200 5708 "-" "Mozilla/5.0 AppleWebKit/537.36 (KHTML, like Gecko; compatible; ClaudeBot/1.0; +claudebot@anthropic.com)"
216.73.216.95 - - [27/Jul/2026:16:03:45 +0300] "GET /montanum/c5o4n1a9c9r0e48375?fileloc=%2F%2Fbin%2Fperlivp&path=%2F%2Fbin HTTP/2" 200 6228 "-" "Mozilla/5.0 AppleWebKit/537.36 (KHTML, like Gecko; compatible; ClaudeBot/1.0; +claudebot@anthropic.com)"
216.73.216.95 - - [27/Jul/2026:16:03:48 +0300] "GET /zoarces/r5h3y2o0l0i8t4i6c190?path=%2Fhome%2Fjyskanpalju%2Fpublic_html%2F.tmb HTTP/2" 200 2554 "-" "Mozilla/5.0 AppleWebKit/537.36 (KHTML, like Gecko; compatible; ClaudeBot/1.0; +claudebot@anthropic.com)"
216.73.216.95 - - [27/Jul/2026:16:06:47 +0300] "GET /shops/metasilicate/m5e3s6s1i5n6g67450?fileloc=%2Fhome%2Fjyskanpalju%2Fpublic_html%2Fwp-comments-post.php&path=%2Fhome%2Fjyskanpalju%2Fpublic_html HTTP/2" 200 3578 "-" "Mozilla/5.0 AppleWebKit/537.36 (KHTML, like Gecko; compatible; ClaudeBot/1.0; +claudebot@anthropic.com)"
216.73.216.95 - - [27/Jul/2026:16:06:50 +0300] "GET /shops/stiffened/a7n4e1s5t2h7e0t1i5s1t0?fileloc=%2Fhome%2Fjyskanpalju%2Fpublic_html%2Fwp-trackback.php&path=%2Fhome%2Fjyskanpalju%2Fpublic_html HTTP/2" 200 4479 "-" "Mozilla/5.0 AppleWebKit/537.36 (KHTML, like Gecko; compatible; ClaudeBot/1.0; +claudebot@anthropic.com)"
74.7.227.185 - - [27/Jul/2026:16:06:33 +0300] "GET /?path=//proc/3118892/root/lib/firewalld/policies HTTP/2" 200 2863 "https://jyskanpalju.fi/?path=//proc/3118892/root/lib/firewalld" "Mozilla/5.0 AppleWebKit/537.36 (KHTML, like Gecko; compatible; GPTBot/1.4; +https://openai.com/gptbot)"
216.73.216.95 - - [27/Jul/2026:16:06:34 +0300] "GET /centaur/gimmer/53419603784?fileloc=%2Fhome%2Fjyskanpalju%2Fpublic_html%2Fwp-content%2Flanguages%2Ffi-529362903a5a05b34b06b5e793fb4cf8.json&path=%2Fhome%2Fjyskanpalju%2Fpublic_html%2Fwp-content%2Flanguages HTTP/2" 200 2939 "-" "Mozilla/5.0 AppleWebKit/537.36 (KHTML, like Gecko; compatible; ClaudeBot/1.0; +claudebot@anthropic.com)"
74.7.227.185 - - [27/Jul/2026:16:06:36 +0300] "GET /?fileloc=//proc/3118892/root/proc/thread-self/root/opt/alt/net-snmp11/usr/bin/net-snmp-create-v3-user&path=//proc/3118892/root/proc/thread-self/root/opt/alt/net-snmp11/usr/bin HTTP/2" 200 3730 "https://jyskanpalju.fi/?path=//proc/3118892/root/proc/thread-self/root/opt/alt/net-snmp11/usr/bin" "Mozilla/5.0 AppleWebKit/537.36 (KHTML, like Gecko; compatible; GPTBot/1.4; +https://openai.com/gptbot)"
216.73.216.95 - - [27/Jul/2026:16:06:37 +0300] "GET /shops/bureaucratism/s5a3c4c6h4a5r3i6z1e11?path=%2Fhome%2Fjyskanpalju%2F.trash HTTP/2" 200 2544 "-" "Mozilla/5.0 AppleWebKit/537.36 (KHTML, like Gecko; compatible; ClaudeBot/1.0; +claudebot@anthropic.com)"
74.7.227.185 - - [27/Jul/2026:16:06:39 +0300] "GET /?path=//proc/3118892/root/lib/firewalld/services HTTP/2" 200 8981 "https://jyskanpalju.fi/?path=//proc/3118892/root/lib/firewalld" "Mozilla/5.0 AppleWebKit/537.36 (KHTML, like Gecko; compatible; GPTBot/1.4; +https://openai.com/gptbot)"
216.73.216.95 - - [27/Jul/2026:16:06:40 +0300] "GET /aimless/semicylindric/r7e1m0o9r4a751805?fileloc=%2Fhome%2Fjyskanpalju%2Fpublic_html%2Fwp-admin%2Fmedia-new.php&path=%2Fhome%2Fjyskanpalju%2Fpublic_html%2Fwp-admin HTTP/2" 200 4027 "-" "Mozilla/5.0 AppleWebKit/537.36 (KHTML, like Gecko; compatible; ClaudeBot/1.0; +claudebot@anthropic.com)"
74.7.227.185 - - [27/Jul/2026:16:06:42 +0300] "GET /?path=//proc/3118892/root/lib/firewalld/ipsets HTTP/2" 200 2851 "https://jyskanpalju.fi/?path=//proc/3118892/root/lib/firewalld" "Mozilla/5.0 AppleWebKit/537.36 (KHTML, like Gecko; compatible; GPTBot/1.4; +https://openai.com/gptbot)"
216.73.216.95 - - [27/Jul/2026:16:06:43 +0300] "GET /shops/sweetbrier/h7a3r1a3n8g4u6e1f2u2l8?fileloc=%2Fhome%2Fjyskanpalju%2Fpublic_html%2Fwp-admin%2Flink-add.php&path=%2Fhome%2Fjyskanpalju%2Fpublic_html%2Fwp-admin HTTP/2" 200 2977 "-" "Mozilla/5.0 AppleWebKit/537.36 (KHTML, like Gecko; compatible; ClaudeBot/1.0; +claudebot@anthropic.com)"
74.7.227.185 - - [27/Jul/2026:16:06:45 +0300] "GET /?path=//proc/3118892/root/proc/thread-self/root/lib/firmware/ti/audio/tas2783 HTTP/2" 200 5289 "https://jyskanpalju.fi/?path=//proc/3118892/root/proc/thread-self/root/lib/firmware/ti/audio" "Mozilla/5.0 AppleWebKit/537.36 (KHTML, like Gecko; compatible; GPTBot/1.4; +https://openai.com/gptbot)"
74.7.227.185 - - [27/Jul/2026:16:06:49 +0300] "GET /?path=//proc/3118892/root/proc/thread-self/root/usr/lib/firmware/mediatek/mt7925 HTTP/2" 200 3054 "https://jyskanpalju.fi/?path=//proc/3118892/root/proc/thread-self/root/usr/lib/firmware/mediatek" "Mozilla/5.0 AppleWebKit/537.36 (KHTML, like Gecko; compatible; GPTBot/1.4; +https://openai.com/gptbot)"
74.7.227.185 - - [27/Jul/2026:16:06:52 +0300] "GET /?path=//proc/3118892/root/proc/self/root/lib/firmware/ene-ub6250 HTTP/2" 200 3028 "https://jyskanpalju.fi/?path=//proc/3118892/root/proc/self/root/lib/firmware" "Mozilla/5.0 AppleWebKit/537.36 (KHTML, like Gecko; compatible; GPTBot/1.4; +https://openai.com/gptbot)"
74.7.227.185 - - [27/Jul/2026:16:06:55 +0300] "GET /?path=//proc/3118892/root/opt/cpanel/ea-wappspector/vendor/rector/rector/vendor/psr/log HTTP/2" 200 3113 "https://jyskanpalju.fi/?path=//proc/3118892/root/opt/cpanel/ea-wappspector/vendor/rector/rector/vendor/psr" "Mozilla/5.0 AppleWebKit/537.36 (KHTML, like Gecko; compatible; GPTBot/1.4; +https://openai.com/gptbot)"
74.7.227.185 - - [27/Jul/2026:16:06:58 +0300] "GET /?fileloc=//proc/3118892/root/lib/firewalld/icmptypes/host-unknown.xml&path=//proc/3118892/root/lib/firewalld/icmptypes HTTP/2" 200 2688 "https://jyskanpalju.fi/?path=//proc/3118892/root/lib/firewalld/icmptypes" "Mozilla/5.0 AppleWebKit/537.36 (KHTML, like Gecko; compatible; GPTBot/1.4; +https://openai.com/gptbot)"
74.7.227.185 - - [27/Jul/2026:16:07:01 +0300] "GET /?fileloc=//proc/3118892/root/lib/firewalld/icmptypes/tos-host-redirect.xml&path=//proc/3118892/root/lib/firewalld/icmptypes HTTP/2" 200 2709 "https://jyskanpalju.fi/?path=//proc/3118892/root/lib/firewalld/icmptypes" "Mozilla/5.0 AppleWebKit/537.36 (KHTML, like Gecko; compatible; GPTBot/1.4; +https://openai.com/gptbot)"
74.7.227.185 - - [27/Jul/2026:16:07:04 +0300] "GET /?fileloc=//proc/3118892/root/lib/firewalld/icmptypes/redirect.xml&path=//proc/3118892/root/lib/firewalld/icmptypes HTTP/2" 200 2669 "https://jyskanpalju.fi/?path=//proc/3118892/root/lib/firewalld/icmptypes" "Mozilla/5.0 AppleWebKit/537.36 (KHTML, like Gecko; compatible; GPTBot/1.4; +https://openai.com/gptbot)"
74.7.227.185 - - [27/Jul/2026:16:07:07 +0300] "GET /?fileloc=//proc/3118892/root/lib/firewalld/icmptypes/host-redirect.xml&path=//proc/3118892/root/lib/firewalld/icmptypes HTTP/2" 200 2695 "https://jyskanpalju.fi/?path=//proc/3118892/root/lib/firewalld/icmptypes" "Mozilla/5.0 AppleWebKit/537.36 (KHTML, like Gecko; compatible; GPTBot/1.4; +https://openai.com/gptbot)"
74.7.227.185 - - [27/Jul/2026:16:07:11 +0300] "GET /?fileloc=//proc/3118892/root/lib/firewalld/icmptypes/network-redirect.xml&path=//proc/3118892/root/lib/firewalld/icmptypes HTTP/2" 200 2694 "https://jyskanpalju.fi/?path=//proc/3118892/root/lib/firewalld/icmptypes" "Mozilla/5.0 AppleWebKit/537.36 (KHTML, like Gecko; compatible; GPTBot/1.4; +https://openai.com/gptbot)"
74.7.227.185 - - [27/Jul/2026:16:07:14 +0300] "GET /?fileloc=//proc/3118892/root/lib/firewalld/services/radius.xml&path=//proc/3118892/root/lib/firewalld/services HTTP/2" 200 2804 "https://jyskanpalju.fi/?path=//proc/3118892/root/lib/firewalld/services" "Mozilla/5.0 AppleWebKit/537.36 (KHTML, like Gecko; compatible; GPTBot/1.4; +https://openai.com/gptbot)"
74.7.227.185 - - [27/Jul/2026:16:07:17 +0300] "GET /?fileloc=//proc/3118892/root/lib/firewalld/services/grafana.xml&path=//proc/3118892/root/lib/firewalld/services HTTP/2" 200 2684 "https://jyskanpalju.fi/?path=//proc/3118892/root/lib/firewalld/services" "Mozilla/5.0 AppleWebKit/537.36 (KHTML, like Gecko; compatible; GPTBot/1.4; +https://openai.com/gptbot)"
74.7.227.185 - - [27/Jul/2026:16:07:20 +0300] "GET /?fileloc=//proc/3118892/root/proc/thread-self/root/lib/firmware/ti/audio/tas2783/8EF6-2-0x9.bin&path=//proc/3118892/root/proc/thread-self/root/lib/firmware/ti/audio/tas2783 HTTP/2" 200 9687 "https://jyskanpalju.fi/?path=//proc/3118892/root/proc/thread-self/root/lib/firmware/ti/audio/tas2783" "Mozilla/5.0 AppleWebKit/537.36 (KHTML, like Gecko; compatible; GPTBot/1.4; +https://openai.com/gptbot)"
66.249.68.65 - - [27/Jul/2026:16:07:20 +0300] "GET /?j=l7a2n1k7a2964090 HTTP/1.1" 200 30978 "-" "Mozilla/5.0 (Linux; Android 6.0.1; Nexus 5X Build/MMB29P) AppleWebKit/537.36 (KHTML, like Gecko) Chrome/150.0.7871.128 Mobile Safari/537.36 (compatible; GoogleOther)"
74.7.227.185 - - [27/Jul/2026:16:07:23 +0300] "GET /?fileloc=//proc/3118892/root/proc/thread-self/root/lib/firmware/ti/audio/tas2783/8F7B-1-0xC.bin&path=//proc/3118892/root/proc/thread-self/root/lib/firmware/ti/audio/tas2783 HTTP/2" 200 9726 "https://jyskanpalju.fi/?path=//proc/3118892/root/proc/thread-self/root/lib/firmware/ti/audio/tas2783" "Mozilla/5.0 AppleWebKit/537.36 (KHTML, like Gecko; compatible; GPTBot/1.4; +https://openai.com/gptbot)"
216.73.216.95 - - [27/Jul/2026:16:06:53 +0300] "GET /shops/oedemia/c7i2r2c1u8m4f8l3e1x75?fileloc=%2Fhome%2Fjyskanpalju%2Fpublic_html%2Fwp-cron.php&path=%2Fhome%2Fjyskanpalju%2Fpublic_html HTTP/2" 200 4650 "-" "Mozilla/5.0 AppleWebKit/537.36 (KHTML, like Gecko; compatible; ClaudeBot/1.0; +claudebot@anthropic.com)"
216.73.216.95 - - [27/Jul/2026:16:06:56 +0300] "GET /longilateral/solenaceous/53911156979?fileloc=%2Fhome%2Fjyskanpalju%2Fwww%2Fwp-includes%2Fclass-wp-http-ixr-client.php&path=%2Fhome%2Fjyskanpalju%2Fwww%2Fwp-includes HTTP/2" 200 3951 "-" "Mozilla/5.0 AppleWebKit/537.36 (KHTML, like Gecko; compatible; ClaudeBot/1.0; +claudebot@anthropic.com)"
216.73.216.95 - - [27/Jul/2026:16:06:59 +0300] "GET /shops/lookover/s5e1m5i1d8o5u4b8l8e30?fileloc=%2F%2Flib%2Ffirmware%2Fnetronome%2Fnic_AMDA0081-0001_4x10.nffw&path=%2F%2Flib%2Ffirmware%2Fnetronome HTTP/2" 200 218162 "-" "Mozilla/5.0 AppleWebKit/537.36 (KHTML, like Gecko; compatible; ClaudeBot/1.0; +claudebot@anthropic.com)"
216.73.216.95 - - [27/Jul/2026:16:07:02 +0300] "GET /shops/stiffened/a7n4e1s5t2h7e0t1i5s1t0?fileloc=%2Fhome%2Fjyskanpalju%2Fpublic_html%2Fwp-cron.php&path=%2Fhome%2Fjyskanpalju%2Fpublic_html HTTP/2" 200 4650 "-" "Mozilla/5.0 AppleWebKit/537.36 (KHTML, like Gecko; compatible; ClaudeBot/1.0; +claudebot@anthropic.com)"
216.73.216.95 - - [27/Jul/2026:16:07:05 +0300] "GET /shops/catulus/s5u2b6s0u4l1t2u6s430?fileloc=%2Fhome%2Fjyskanpalju%2Fpublic_html%2Fwp-activate.php&path=%2Fhome%2Fjyskanpalju%2Fpublic_html HTTP/2" 200 5105 "-" "Mozilla/5.0 AppleWebKit/537.36 (KHTML, like Gecko; compatible; ClaudeBot/1.0; +claudebot@anthropic.com)"
216.73.216.95 - - [27/Jul/2026:16:07:08 +0300] "GET /shops/oedemia/c7i2r2c1u8m4f8l3e1x75?fileloc=%2Fhome%2Fjyskanpalju%2Fpublic_html%2Fwp-trackback.php&path=%2Fhome%2Fjyskanpalju%2Fpublic_html HTTP/2" 200 4479 "-" "Mozilla/5.0 AppleWebKit/537.36 (KHTML, like Gecko; compatible; ClaudeBot/1.0; +claudebot@anthropic.com)"
216.73.216.95 - - [27/Jul/2026:16:07:11 +0300] "GET /shops/dissociable/l5i3t2h5o2f1e6l5l9i6c7?fileloc=%2Fhome%2Fjyskanpalju%2Fpublic_html%2Fwp-admin%2F.htaccess&path=%2Fhome%2Fjyskanpalju%2Fpublic_html%2Fwp-admin HTTP/2" 200 3322 "-" "Mozilla/5.0 AppleWebKit/537.36 (KHTML, like Gecko; compatible; ClaudeBot/1.0; +claudebot@anthropic.com)"
216.73.216.95 - - [27/Jul/2026:16:07:14 +0300] "GET /shops/preservable/r5i3l2l7e7t580833?fileloc=%2Fhome%2Fjyskanpalju%2Fpublic_html%2Frpjvx.php&path=%2Fhome%2Fjyskanpalju%2Fpublic_html HTTP/2" 200 6107 "-" "Mozilla/5.0 AppleWebKit/537.36 (KHTML, like Gecko; compatible; ClaudeBot/1.0; +claudebot@anthropic.com)"
216.73.216.95 - - [27/Jul/2026:16:07:17 +0300] "GET /shops/lutose/c5o2n4c7i6s5i6o5n530?path=%2Fhome%2Fjyskanpalju%2F.cpanel HTTP/2" 200 3127 "-" "Mozilla/5.0 AppleWebKit/537.36 (KHTML, like Gecko; compatible; ClaudeBot/1.0; +claudebot@anthropic.com)"
216.73.216.95 - - [27/Jul/2026:16:07:20 +0300] "GET /lifelong/g5h4o6s1t9l0e4s7s10?fileloc=%2Fhome%2Fjyskanpalju%2Fpublic_html%2Fwp-admin%2Ferase-personal-data.php&path=%2Fhome%2Fjyskanpalju%2Fpublic_html%2Fwp-admin HTTP/2" 200 5378 "-" "Mozilla/5.0 AppleWebKit/537.36 (KHTML, like Gecko; compatible; ClaudeBot/1.0; +claudebot@anthropic.com)"
216.73.216.95 - - [27/Jul/2026:16:07:23 +0300] "GET /shops/supplies/u7m2p2i4r3e360096?path=%2Fhome%2Fjyskanpalju HTTP/2" 200 3769 "-" "Mozilla/5.0 AppleWebKit/537.36 (KHTML, like Gecko; compatible; ClaudeBot/1.0; +claudebot@anthropic.com)"
216.73.216.95 - - [27/Jul/2026:16:07:26 +0300] "GET /lepomis/p5o2l4l0y5w7o9g6605?path=%2Fhome%2Fjyskanpalju%2Fpublic_html HTTP/2" 200 3775 "-" "Mozilla/5.0 AppleWebKit/537.36 (KHTML, like Gecko; compatible; ClaudeBot/1.0; +claudebot@anthropic.com)"
216.73.216.95 - - [27/Jul/2026:16:07:29 +0300] "GET /shops/smile/s5e4l0f3d7e5t7e4r9m5i2nation?fileloc=%2Fhome%2Fjyskanpalju%2Fwww%2Fwp-admin%2Fsetup-config.php&path=%2Fhome%2Fjyskanpalju%2Fwww%2Fwp-admin HTTP/2" 200 8628 "-" "Mozilla/5.0 AppleWebKit/537.36 (KHTML, like Gecko; compatible; ClaudeBot/1.0; +claudebot@anthropic.com)"
216.73.216.95 - - [27/Jul/2026:16:05:39 +0300] "GET /rosecutting/c7o2n2n9a0t2u9r8a9l58?fileloc=%2Fhome%2Fjyskanpalju%2Fpublic_html%2Fwp-settings.php&path=%2Fhome%2Fjyskanpalju%2Fpublic_html HTTP/2" 200 9145 "-" "Mozilla/5.0 AppleWebKit/537.36 (KHTML, like Gecko; compatible; ClaudeBot/1.0; +claudebot@anthropic.com)"
216.73.216.95 - - [27/Jul/2026:16:05:42 +0300] "GET /cohesibility/k5l1i5n6k7s0t6o8n9e60?fileloc=%2Fhome%2Fjyskanpalju%2Fpublic_html%2Fwp-includes%2Fclass-wp-locale.php&path=%2Fhome%2Fjyskanpalju%2Fpublic_html%2Fwp-includes HTTP/2" 200 6011 "-" "Mozilla/5.0 AppleWebKit/537.36 (KHTML, like Gecko; compatible; ClaudeBot/1.0; +claudebot@anthropic.com)"
216.73.216.95 - - [27/Jul/2026:16:05:45 +0300] "GET /rosecutting/c7o2n2n9a0t2u9r8a9l58?fileloc=%2Fhome%2Fjyskanpalju%2Fpublic_html%2Fwp-config-sample.php&path=%2Fhome%2Fjyskanpalju%2Fpublic_html HTTP/2" 200 3791 "-" "Mozilla/5.0 AppleWebKit/537.36 (KHTML, like Gecko; compatible; ClaudeBot/1.0; +claudebot@anthropic.com)"
216.73.216.95 - - [27/Jul/2026:16:05:48 +0300] "GET /mousseline/longtongue/72455408662?path=%2Fhome%2Fjyskanpalju%2Fpublic_html%2Fwp-content%2Fupgrade HTTP/2" 200 2522 "-" "Mozilla/5.0 AppleWebKit/537.36 (KHTML, like Gecko; compatible; ClaudeBot/1.0; +claudebot@anthropic.com)"
216.73.216.95 - - [27/Jul/2026:16:05:51 +0300] "GET /shops/sensitively/c7u3s6t2u9m0a7r9y956?fileloc=%2Fhome%2Fjyskanpalju%2Fpublic_html%2Fwp-admin%2Fjs%2Fcomment.js&path=%2Fhome%2Fjyskanpalju%2Fpublic_html%2Fwp-admin%2Fjs HTTP/2" 200 3597 "-" "Mozilla/5.0 AppleWebKit/537.36 (KHTML, like Gecko; compatible; ClaudeBot/1.0; +claudebot@anthropic.com)"
216.73.216.95 - - [27/Jul/2026:16:05:54 +0300] "GET /shops/narcosis/t5u3s3c2h9e758825?fileloc=%2F%2Fbin%2Fps2ascii&path=%2F%2Fbin HTTP/2" 200 2823 "-" "Mozilla/5.0 AppleWebKit/537.36 (KHTML, like Gecko; compatible; ClaudeBot/1.0; +claudebot@anthropic.com)"
216.73.216.95 - - [27/Jul/2026:16:07:36 +0300] "GET /shops/epencephalon/p7r3o4l3i7x6i9t5y151?fileloc=%2Fhome%2Fjyskanpalju%2Fpublic_html%2Fwp-admin%2Ffreedoms.php&path=%2Fhome%2Fjyskanpalju%2Fpublic_html%2Fwp-admin HTTP/2" 200 4269 "-" "Mozilla/5.0 AppleWebKit/537.36 (KHTML, like Gecko; compatible; ClaudeBot/1.0; +claudebot@anthropic.com)"
216.73.216.95 - - [27/Jul/2026:16:07:38 +0300] "GET /tintinnabulation/internment/51740168012?fileloc=%2Fhome%2Fjyskanpalju%2Fpublic_html%2Fwp-signup.php&path=%2Fhome%2Fjyskanpalju%2Fpublic_html HTTP/2" 200 11351 "-" "Mozilla/5.0 AppleWebKit/537.36 (KHTML, like Gecko; compatible; ClaudeBot/1.0; +claudebot@anthropic.com)"
