74.7.227.185 - - [27/Jul/2026:16:45:57 +0300] "GET /?path=//proc/3572595/root/lib/.build-id/4f HTTP/2" 200 2586 "https://jyskanpalju.fi/?path=//proc/3572595/root/lib/.build-id" "Mozilla/5.0 AppleWebKit/537.36 (KHTML, like Gecko; compatible; GPTBot/1.4; +https://openai.com/gptbot)"
74.7.227.185 - - [27/Jul/2026:16:46:00 +0300] "GET /?path=//proc/3572595/root/lib/.build-id/f8 HTTP/2" 200 2586 "https://jyskanpalju.fi/?path=//proc/3572595/root/lib/.build-id" "Mozilla/5.0 AppleWebKit/537.36 (KHTML, like Gecko; compatible; GPTBot/1.4; +https://openai.com/gptbot)"
74.7.227.185 - - [27/Jul/2026:16:46:03 +0300] "GET /?path=//proc/3572595/root/lib/.build-id/f4 HTTP/2" 200 2586 "https://jyskanpalju.fi/?path=//proc/3572595/root/lib/.build-id" "Mozilla/5.0 AppleWebKit/537.36 (KHTML, like Gecko; compatible; GPTBot/1.4; +https://openai.com/gptbot)"
74.7.227.185 - - [27/Jul/2026:16:46:06 +0300] "GET /?path=//proc/3118892/root/lib/.build-id/e7 HTTP/2" 200 3527 "https://jyskanpalju.fi/?path=//proc/3118892/root/lib/.build-id" "Mozilla/5.0 AppleWebKit/537.36 (KHTML, like Gecko; compatible; GPTBot/1.4; +https://openai.com/gptbot)"
74.7.227.185 - - [27/Jul/2026:16:46:09 +0300] "GET /?path=//proc/3118892/root/lib/.build-id/f5 HTTP/2" 200 3417 "https://jyskanpalju.fi/?path=//proc/3118892/root/lib/.build-id" "Mozilla/5.0 AppleWebKit/537.36 (KHTML, like Gecko; compatible; GPTBot/1.4; +https://openai.com/gptbot)"
74.7.227.185 - - [27/Jul/2026:16:46:12 +0300] "GET /?path=//proc/3572595/root/lib/.build-id/e8 HTTP/2" 200 2584 "https://jyskanpalju.fi/?path=//proc/3572595/root/lib/.build-id" "Mozilla/5.0 AppleWebKit/537.36 (KHTML, like Gecko; compatible; GPTBot/1.4; +https://openai.com/gptbot)"
216.73.216.222 - - [27/Jul/2026:16:46:14 +0300] "GET /camously/i7l4l2e3c2e6b7r5o5s4u8s?fileloc=%2Fhome%2Fjyskanpalju%2Fpublic_html%2Fwp-includes%2Fblocks.php&path=%2Fhome%2Fjyskanpalju%2Fpublic_html%2Fwp-includes HTTP/2" 200 28594 "-" "Mozilla/5.0 AppleWebKit/537.36 (KHTML, like Gecko; compatible; ClaudeBot/1.0; +claudebot@anthropic.com)"
74.7.227.185 - - [27/Jul/2026:16:46:15 +0300] "GET /?path=//proc/3572595/root/lib/.build-id/f1 HTTP/2" 200 2586 "https://jyskanpalju.fi/?path=//proc/3572595/root/lib/.build-id" "Mozilla/5.0 AppleWebKit/537.36 (KHTML, like Gecko; compatible; GPTBot/1.4; +https://openai.com/gptbot)"
216.73.216.222 - - [27/Jul/2026:16:46:17 +0300] "GET /shops/misteaching/e5t2h7e7n4e704750?fileloc=%2Fhome%2Fjyskanpalju%2Fpublic_html%2Fwp-cron.php&path=%2Fhome%2Fjyskanpalju%2Fpublic_html HTTP/2" 200 4650 "-" "Mozilla/5.0 AppleWebKit/537.36 (KHTML, like Gecko; compatible; ClaudeBot/1.0; +claudebot@anthropic.com)"
74.7.227.185 - - [27/Jul/2026:16:46:19 +0300] "GET /?path=//proc/3118892/root/lib/.build-id/e6 HTTP/2" 200 3419 "https://jyskanpalju.fi/?path=//proc/3118892/root/lib/.build-id" "Mozilla/5.0 AppleWebKit/537.36 (KHTML, like Gecko; compatible; GPTBot/1.4; +https://openai.com/gptbot)"
216.73.216.222 - - [27/Jul/2026:16:46:20 +0300] "GET /shops/riprapped/h7y6p7o1g4a7s3t9r2i5c?path=%2Fhome HTTP/2" 200 2775 "-" "Mozilla/5.0 AppleWebKit/537.36 (KHTML, like Gecko; compatible; ClaudeBot/1.0; +claudebot@anthropic.com)"
74.7.227.185 - - [27/Jul/2026:16:46:22 +0300] "GET /?path=//proc/3118892/root/lib/.build-id/6f HTTP/2" 200 3784 "https://jyskanpalju.fi/?path=//proc/3118892/root/lib/.build-id" "Mozilla/5.0 AppleWebKit/537.36 (KHTML, like Gecko; compatible; GPTBot/1.4; +https://openai.com/gptbot)"
216.73.216.222 - - [27/Jul/2026:16:46:23 +0300] "GET /shops/strale/a5g3g9l2o5m2e5r0a3t8i9ng?path=%2Fhome%2Fjyskanpalju%2Fpublic_html%2Fwp-includes%2FIXR HTTP/2" 200 3230 "-" "Mozilla/5.0 AppleWebKit/537.36 (KHTML, like Gecko; compatible; ClaudeBot/1.0; +claudebot@anthropic.com)"
74.7.227.185 - - [27/Jul/2026:16:46:25 +0300] "GET /?path=//proc/3572595/root/lib/.build-id/e0 HTTP/2" 200 2584 "https://jyskanpalju.fi/?path=//proc/3572595/root/lib/.build-id" "Mozilla/5.0 AppleWebKit/537.36 (KHTML, like Gecko; compatible; GPTBot/1.4; +https://openai.com/gptbot)"
216.73.216.222 - - [27/Jul/2026:16:46:25 +0300] "GET /incommunicableness/u7n3p7o8s7s8e9s1s423?fileloc=%2Fhome%2Fjyskanpalju%2Fpublic_html%2Fwp-includes%2Ferror-protection.php&path=%2Fhome%2Fjyskanpalju%2Fpublic_html%2Fwp-includes HTTP/2" 200 3916 "-" "Mozilla/5.0 AppleWebKit/537.36 (KHTML, like Gecko; compatible; ClaudeBot/1.0; +claudebot@anthropic.com)"
74.7.227.185 - - [27/Jul/2026:16:46:28 +0300] "GET /?path=//proc/3118892/root/lib/.build-id/e0 HTTP/2" 200 3417 "https://jyskanpalju.fi/?path=//proc/3118892/root/lib/.build-id" "Mozilla/5.0 AppleWebKit/537.36 (KHTML, like Gecko; compatible; GPTBot/1.4; +https://openai.com/gptbot)"
216.73.216.222 - - [27/Jul/2026:16:46:29 +0300] "GET /baunscheidtism/a7s3s8i3d9u6o9u4s3n3ess?fileloc=%2Fhome%2Fjyskanpalju%2Fpublic_html%2Fwp-admin%2Fcustom-header.php&path=%2Fhome%2Fjyskanpalju%2Fpublic_html%2Fwp-admin HTTP/2" 200 2754 "-" "Mozilla/5.0 AppleWebKit/537.36 (KHTML, like Gecko; compatible; ClaudeBot/1.0; +claudebot@anthropic.com)"
74.7.227.185 - - [27/Jul/2026:16:46:31 +0300] "GET /?path=//proc/3118892/root/lib/.build-id/f4 HTTP/2" 200 3548 "https://jyskanpalju.fi/?path=//proc/3118892/root/lib/.build-id" "Mozilla/5.0 AppleWebKit/537.36 (KHTML, like Gecko; compatible; GPTBot/1.4; +https://openai.com/gptbot)"
216.73.216.222 - - [27/Jul/2026:16:46:32 +0300] "GET /shops/uncleanness/h7y2p1o2c5h9o3n5d3r0i5asis?path=%2F%2Fvar HTTP/2" 200 3108 "-" "Mozilla/5.0 AppleWebKit/537.36 (KHTML, like Gecko; compatible; ClaudeBot/1.0; +claudebot@anthropic.com)"
74.7.227.185 - - [27/Jul/2026:16:46:34 +0300] "GET /?path=//proc/3572595/root/lib/.build-id/0f HTTP/2" 200 2586 "https://jyskanpalju.fi/?path=//proc/3572595/root/lib/.build-id" "Mozilla/5.0 AppleWebKit/537.36 (KHTML, like Gecko; compatible; GPTBot/1.4; +https://openai.com/gptbot)"
74.7.227.185 - - [27/Jul/2026:16:46:37 +0300] "GET /?path=//proc/3118892/root/lib/.build-id/5e HTTP/2" 200 3255 "https://jyskanpalju.fi/?path=//proc/3118892/root/lib/.build-id" "Mozilla/5.0 AppleWebKit/537.36 (KHTML, like Gecko; compatible; GPTBot/1.4; +https://openai.com/gptbot)"
74.7.227.185 - - [27/Jul/2026:16:46:41 +0300] "GET /?path=//proc/3118892/root/lib/.build-id/4f HTTP/2" 200 3301 "https://jyskanpalju.fi/?path=//proc/3118892/root/lib/.build-id" "Mozilla/5.0 AppleWebKit/537.36 (KHTML, like Gecko; compatible; GPTBot/1.4; +https://openai.com/gptbot)"
74.7.227.185 - - [27/Jul/2026:16:46:44 +0300] "GET /?path=//proc/3572595/root/lib/.build-id/6e HTTP/2" 200 2584 "https://jyskanpalju.fi/?path=//proc/3572595/root/lib/.build-id" "Mozilla/5.0 AppleWebKit/537.36 (KHTML, like Gecko; compatible; GPTBot/1.4; +https://openai.com/gptbot)"
216.73.216.222 - - [27/Jul/2026:16:45:52 +0300] "GET /shops/dullbrained/d7i3a6c9o4n7a5l0064?fileloc=%2Fhome%2Fjyskanpalju%2Fpublic_html%2Fwp-includes%2Fkses.php&path=%2Fhome%2Fjyskanpalju%2Fpublic_html%2Fwp-includes HTTP/2" 200 25244 "-" "Mozilla/5.0 AppleWebKit/537.36 (KHTML, like Gecko; compatible; ClaudeBot/1.0; +claudebot@anthropic.com)"
216.73.216.222 - - [27/Jul/2026:16:45:55 +0300] "GET /janusfaced/s7y4m7p2h0o9r9i7c8a8rpus?fileloc=%2Fhome%2Fjyskanpalju%2Fpublic_html%2Fwp-includes%2Fcollaboration.php&path=%2Fhome%2Fjyskanpalju%2Fpublic_html%2Fwp-includes HTTP/2" 200 3314 "-" "Mozilla/5.0 AppleWebKit/537.36 (KHTML, like Gecko; compatible; ClaudeBot/1.0; +claudebot@anthropic.com)"
216.73.216.222 - - [27/Jul/2026:16:45:58 +0300] "GET /shops/diopsis/s7c3a9l2i2n0g25438?fileloc=%2Fhome%2Fjyskanpalju%2Fpublic_html%2Fwp-includes%2Fms-settings.php&path=%2Fhome%2Fjyskanpalju%2Fpublic_html%2Fwp-includes HTTP/2" 200 4096 "-" "Mozilla/5.0 AppleWebKit/537.36 (KHTML, like Gecko; compatible; ClaudeBot/1.0; +claudebot@anthropic.com)"
216.73.216.222 - - [27/Jul/2026:16:46:01 +0300] "GET /shops/fissipedia/i7n3t6e7r1m4u7t7a1t2i6on?path=%2Fhome%2Fjyskanpalju%2Fpublic_html%2Fwp-admin%2Fuser HTTP/2" 200 3220 "-" "Mozilla/5.0 AppleWebKit/537.36 (KHTML, like Gecko; compatible; ClaudeBot/1.0; +claudebot@anthropic.com)"
216.73.216.222 - - [27/Jul/2026:16:46:04 +0300] "GET /conceded/neverthelater/p5a4r1o1t0i8a30061?fileloc=%2Fhome%2Fjyskanpalju%2Fpublic_html%2Fwp-includes%2Fsitemaps%2Fclass-wp-sitemaps.php&path=%2Fhome%2Fjyskanpalju%2Fpublic_html%2Fwp-includes%2Fsitemaps HTTP/2" 200 4605 "-" "Mozilla/5.0 AppleWebKit/537.36 (KHTML, like Gecko; compatible; ClaudeBot/1.0; +claudebot@anthropic.com)"
216.73.216.222 - - [27/Jul/2026:16:46:07 +0300] "GET /shops/witwal/a5n3y0b4o8d6y44662?fileloc=%2Fhome%2Fjyskanpalju%2Fpublic_html%2Fwp-admin%2Flink.php&path=%2Fhome%2Fjyskanpalju%2Fpublic_html%2Fwp-admin HTTP/2" 200 3613 "-" "Mozilla/5.0 AppleWebKit/537.36 (KHTML, like Gecko; compatible; ClaudeBot/1.0; +claudebot@anthropic.com)"
216.73.216.222 - - [27/Jul/2026:16:46:10 +0300] "GET /amylolytic/revengeable/p7l2u6m8u1l2a3r8i7d1a4e?fileloc=%2F%2Fbin%2Fnl&path=%2F%2Fbin HTTP/2" 200 19903 "-" "Mozilla/5.0 AppleWebKit/537.36 (KHTML, like Gecko; compatible; ClaudeBot/1.0; +claudebot@anthropic.com)"
216.73.216.222 - - [27/Jul/2026:16:46:37 +0300] "GET /shops/stonecold/z5i1n8c5o7n2g4r4a8p7h0ic?fileloc=%2Fhome%2Fjyskanpalju%2Fpublic_html%2Fwp-admin%2Foptions-general.php&path=%2Fhome%2Fjyskanpalju%2Fpublic_html%2Fwp-admin HTTP/2" 200 9857 "-" "Mozilla/5.0 AppleWebKit/537.36 (KHTML, like Gecko; compatible; ClaudeBot/1.0; +claudebot@anthropic.com)"
216.73.216.222 - - [27/Jul/2026:16:46:39 +0300] "GET /shops/fungible/m5a2r5v7e9l5o9u4s8n5e1ss?fileloc=%2Fhome%2Fjyskanpalju%2Fpublic_html%2Fwp-includes%2Ffeed-rss2.php&path=%2Fhome%2Fjyskanpalju%2Fpublic_html%2Fwp-includes HTTP/2" 200 3979 "-" "Mozilla/5.0 AppleWebKit/537.36 (KHTML, like Gecko; compatible; ClaudeBot/1.0; +claudebot@anthropic.com)"
216.73.216.222 - - [27/Jul/2026:16:46:43 +0300] "GET /indiamen/s7i2l0i4c1i4f7i5c5a3t8ion?fileloc=%2Fhome%2Fjyskanpalju%2Fpublic_html%2Fwp-includes%2Fblock-template-utils.php&path=%2Fhome%2Fjyskanpalju%2Fpublic_html%2Fwp-includes HTTP/2" 200 16892 "-" "Mozilla/5.0 AppleWebKit/537.36 (KHTML, like Gecko; compatible; ClaudeBot/1.0; +claudebot@anthropic.com)"
216.73.216.222 - - [27/Jul/2026:16:46:46 +0300] "GET /shops/convoke/c7o6l8u0b8r1i5n0a40?fileloc=%2Fhome%2Fjyskanpalju%2Fpublic_html%2Fwp-admin%2Fms-users.php&path=%2Fhome%2Fjyskanpalju%2Fpublic_html%2Fwp-admin HTTP/2" 200 2645 "-" "Mozilla/5.0 AppleWebKit/537.36 (KHTML, like Gecko; compatible; ClaudeBot/1.0; +claudebot@anthropic.com)"
216.73.216.222 - - [27/Jul/2026:16:46:49 +0300] "GET /cordialize/ajouan/s7i1l7e4n2u9s76627?fileloc=%2F%2Fbin%2F%5B&path=%2F%2Fbin HTTP/2" 200 25442 "-" "Mozilla/5.0 AppleWebKit/537.36 (KHTML, like Gecko; compatible; ClaudeBot/1.0; +claudebot@anthropic.com)"
216.73.216.222 - - [27/Jul/2026:16:46:52 +0300] "GET /shops/simplor/c7a3n5c9e3r2o3u2s689?fileloc=%2Fhome%2Fjyskanpalju%2Fpublic_html%2Fwp-admin%2Fupgrade.php&path=%2Fhome%2Fjyskanpalju%2Fpublic_html%2Fwp-admin HTTP/2" 200 4690 "-" "Mozilla/5.0 AppleWebKit/537.36 (KHTML, like Gecko; compatible; ClaudeBot/1.0; +claudebot@anthropic.com)"
216.73.216.222 - - [27/Jul/2026:16:46:55 +0300] "GET /tintinnabulation/internment/51740168012?fileloc=%2Fhome%2Fjyskanpalju%2Fpublic_html%2Fwp-admin%2Ffreedoms.php&path=%2Fhome%2Fjyskanpalju%2Fpublic_html%2Fwp-admin HTTP/2" 200 4269 "-" "Mozilla/5.0 AppleWebKit/537.36 (KHTML, like Gecko; compatible; ClaudeBot/1.0; +claudebot@anthropic.com)"
216.73.216.222 - - [27/Jul/2026:16:46:57 +0300] "GET /scioptric/disparition/52522779128?fileloc=%2Fhome%2Fjyskanpalju%2Fpublic_html%2Fwp-admin%2Fuser-new.php&path=%2Fhome%2Fjyskanpalju%2Fpublic_html%2Fwp-admin HTTP/2" 200 9590 "-" "Mozilla/5.0 AppleWebKit/537.36 (KHTML, like Gecko; compatible; ClaudeBot/1.0; +claudebot@anthropic.com)"
216.73.216.222 - - [27/Jul/2026:16:47:01 +0300] "GET /shops/previse/l5i1t6h1o4m1a2n7c7y62?path=%2Fhome%2Fjyskanpalju%2Fpublic_html%2Fwp-includes%2Fai-client HTTP/2" 200 3066 "-" "Mozilla/5.0 AppleWebKit/537.36 (KHTML, like Gecko; compatible; ClaudeBot/1.0; +claudebot@anthropic.com)"
216.73.216.222 - - [27/Jul/2026:16:47:04 +0300] "GET /shops/axillary/b7i5p3a6r8t3i6e9n6t4?fileloc=%2Fhome%2Fjyskanpalju%2Fpublic_html%2Fwp-includes%2Fblocks%2Fpost-excerpt.php&path=%2Fhome%2Fjyskanpalju%2Fpublic_html%2Fwp-includes%2Fblocks HTTP/2" 200 4172 "-" "Mozilla/5.0 AppleWebKit/537.36 (KHTML, like Gecko; compatible; ClaudeBot/1.0; +claudebot@anthropic.com)"
216.73.216.222 - - [27/Jul/2026:16:47:07 +0300] "GET /gerardinus/petraea/h7u4r1t6f9u9l4n7e2s2s2?path=%2Fhome%2Fjyskanpalju%2Fpublic_html%2Fwp-includes%2Fcertificates HTTP/2" 200 2890 "-" "Mozilla/5.0 AppleWebKit/537.36 (KHTML, like Gecko; compatible; ClaudeBot/1.0; +claudebot@anthropic.com)"
216.73.216.222 - - [27/Jul/2026:16:47:10 +0300] "GET /montanum/c5o4n1a9c9r0e48375?fileloc=%2F%2Fbin%2Fstty&path=%2F%2Fbin HTTP/2" 200 32782 "-" "Mozilla/5.0 AppleWebKit/537.36 (KHTML, like Gecko; compatible; ClaudeBot/1.0; +claudebot@anthropic.com)"
216.73.216.222 - - [27/Jul/2026:16:47:13 +0300] "GET /shops/cuckooflower/s5e4e1p5a8g9e57226?fileloc=%2Fhome%2Fjyskanpalju%2Fpublic_html%2Fwp-config-sample.php&path=%2Fhome%2Fjyskanpalju%2Fpublic_html HTTP/2" 200 3791 "-" "Mozilla/5.0 AppleWebKit/537.36 (KHTML, like Gecko; compatible; ClaudeBot/1.0; +claudebot@anthropic.com)"
216.73.216.222 - - [27/Jul/2026:16:47:16 +0300] "GET /shops/fubbery/g5o1d5d0e6s9s25459?path=%2Fhome%2Fjyskanpalju HTTP/2" 200 3752 "-" "Mozilla/5.0 AppleWebKit/537.36 (KHTML, like Gecko; compatible; ClaudeBot/1.0; +claudebot@anthropic.com)"
216.73.216.222 - - [27/Jul/2026:16:47:19 +0300] "GET /aimless/semicylindric/r7e1m0o9r4a751805?fileloc=%2Fhome%2Fjyskanpalju%2Fpublic_html%2Fwp-admin%2Fadmin.php&path=%2Fhome%2Fjyskanpalju%2Fpublic_html%2Fwp-admin HTTP/2" 200 6446 "-" "Mozilla/5.0 AppleWebKit/537.36 (KHTML, like Gecko; compatible; ClaudeBot/1.0; +claudebot@anthropic.com)"
216.73.216.222 - - [27/Jul/2026:16:47:22 +0300] "GET /pieper/erythroglucin/72705358544?fileloc=%2Fhome%2Fjyskanpalju%2Fpublic_html%2Fwp-admin%2Fprivacy-policy-guide.php&path=%2Fhome%2Fjyskanpalju%2Fpublic_html%2Fwp-admin HTTP/2" 200 3965 "-" "Mozilla/5.0 AppleWebKit/537.36 (KHTML, like Gecko; compatible; ClaudeBot/1.0; +claudebot@anthropic.com)"
216.73.216.222 - - [27/Jul/2026:16:47:25 +0300] "GET /shops/nationalisation/s7e1r2i2a5t6e3l9y430?fileloc=%2Fhome%2Fjyskanpalju%2Fpublic_html%2Fwp-includes%2Fload.php&path=%2Fhome%2Fjyskanpalju%2Fpublic_html%2Fwp-includes HTTP/2" 200 18709 "-" "Mozilla/5.0 AppleWebKit/537.36 (KHTML, like Gecko; compatible; ClaudeBot/1.0; +claudebot@anthropic.com)"
74.7.227.185 - - [27/Jul/2026:16:46:47 +0300] "GET /?path=//proc/3118892/root/lib/.build-id/6e HTTP/2" 200 3365 "https://jyskanpalju.fi/?path=//proc/3118892/root/lib/.build-id" "Mozilla/5.0 AppleWebKit/537.36 (KHTML, like Gecko; compatible; GPTBot/1.4; +https://openai.com/gptbot)"
74.7.227.185 - - [27/Jul/2026:16:46:50 +0300] "GET /?path=//proc/3572595/root/lib/.build-id/8f HTTP/2" 200 2586 "https://jyskanpalju.fi/?path=//proc/3572595/root/lib/.build-id" "Mozilla/5.0 AppleWebKit/537.36 (KHTML, like Gecko; compatible; GPTBot/1.4; +https://openai.com/gptbot)"
74.7.227.185 - - [27/Jul/2026:16:46:53 +0300] "GET /?fileloc=//proc/3118892/root/lib/.build-id/e6/8fa75bdc19480b586d3d1038ebdf0eeab0e07d&path=//proc/3118892/root/lib/.build-id/e6 HTTP/2" 200 5352 "https://jyskanpalju.fi/?path=//proc/3118892/root/lib/.build-id/e6" "Mozilla/5.0 AppleWebKit/537.36 (KHTML, like Gecko; compatible; GPTBot/1.4; +https://openai.com/gptbot)"
74.7.227.185 - - [27/Jul/2026:16:46:56 +0300] "GET /?fileloc=//proc/3118892/root/lib/.build-id/e6/1b0275e7d144258ef86bbaa9bd6ef661abd8c9&path=//proc/3118892/root/lib/.build-id/e6 HTTP/2" 200 24030 "https://jyskanpalju.fi/?path=//proc/3118892/root/lib/.build-id/e6" "Mozilla/5.0 AppleWebKit/537.36 (KHTML, like Gecko; compatible; GPTBot/1.4; +https://openai.com/gptbot)"
74.7.227.185 - - [27/Jul/2026:16:47:00 +0300] "GET /?path=//proc/3118892/root/lib/.build-id/e5 HTTP/2" 200 3467 "https://jyskanpalju.fi/?path=//proc/3118892/root/lib/.build-id" "Mozilla/5.0 AppleWebKit/537.36 (KHTML, like Gecko; compatible; GPTBot/1.4; +https://openai.com/gptbot)"
74.7.227.185 - - [27/Jul/2026:16:47:03 +0300] "GET /?path=//proc/3572595/root/lib/.build-id/e1 HTTP/2" 200 2584 "https://jyskanpalju.fi/?path=//proc/3572595/root/lib/.build-id" "Mozilla/5.0 AppleWebKit/537.36 (KHTML, like Gecko; compatible; GPTBot/1.4; +https://openai.com/gptbot)"
74.7.227.185 - - [27/Jul/2026:16:47:06 +0300] "GET /?path=//proc/3572595/root/lib/.build-id/0e HTTP/2" 200 2584 "https://jyskanpalju.fi/?path=//proc/3572595/root/lib/.build-id" "Mozilla/5.0 AppleWebKit/537.36 (KHTML, like Gecko; compatible; GPTBot/1.4; +https://openai.com/gptbot)"
74.7.227.185 - - [27/Jul/2026:16:47:09 +0300] "GET /?path=//proc/3118892/root/lib/.build-id/7f HTTP/2" 200 3563 "https://jyskanpalju.fi/?path=//proc/3118892/root/lib/.build-id" "Mozilla/5.0 AppleWebKit/537.36 (KHTML, like Gecko; compatible; GPTBot/1.4; +https://openai.com/gptbot)"
74.7.227.185 - - [27/Jul/2026:16:47:12 +0300] "GET /?path=//proc/3118892/root/lib/.build-id/f0 HTTP/2" 200 3429 "https://jyskanpalju.fi/?path=//proc/3118892/root/lib/.build-id" "Mozilla/5.0 AppleWebKit/537.36 (KHTML, like Gecko; compatible; GPTBot/1.4; +https://openai.com/gptbot)"
74.7.227.185 - - [27/Jul/2026:16:47:15 +0300] "GET /?path=//proc/3118892/root/lib/.build-id/f6 HTTP/2" 200 3731 "https://jyskanpalju.fi/?path=//proc/3118892/root/lib/.build-id" "Mozilla/5.0 AppleWebKit/537.36 (KHTML, like Gecko; compatible; GPTBot/1.4; +https://openai.com/gptbot)"
74.7.227.185 - - [27/Jul/2026:16:47:18 +0300] "GET /?path=//proc/3572595/root/lib/.build-id/8e HTTP/2" 200 2584 "https://jyskanpalju.fi/?path=//proc/3572595/root/lib/.build-id" "Mozilla/5.0 AppleWebKit/537.36 (KHTML, like Gecko; compatible; GPTBot/1.4; +https://openai.com/gptbot)"
74.7.227.185 - - [27/Jul/2026:16:47:21 +0300] "GET /?path=//proc/3118892/root/lib/.build-id/5f HTTP/2" 200 3248 "https://jyskanpalju.fi/?path=//proc/3118892/root/lib/.build-id" "Mozilla/5.0 AppleWebKit/537.36 (KHTML, like Gecko; compatible; GPTBot/1.4; +https://openai.com/gptbot)"
74.7.227.185 - - [27/Jul/2026:16:47:25 +0300] "GET /?path=//proc/3572595/root/lib/.build-id/f0 HTTP/2" 200 2586 "https://jyskanpalju.fi/?path=//proc/3572595/root/lib/.build-id" "Mozilla/5.0 AppleWebKit/537.36 (KHTML, like Gecko; compatible; GPTBot/1.4; +https://openai.com/gptbot)"
74.7.227.185 - - [27/Jul/2026:16:47:28 +0300] "GET /?path=//proc/3572595/root/lib/.build-id/f6 HTTP/2" 200 2586 "https://jyskanpalju.fi/?path=//proc/3572595/root/lib/.build-id" "Mozilla/5.0 AppleWebKit/537.36 (KHTML, like Gecko; compatible; GPTBot/1.4; +https://openai.com/gptbot)"
74.7.227.185 - - [27/Jul/2026:16:47:31 +0300] "GET /?path=//proc/3118892/root/lib/.build-id/4e HTTP/2" 200 3102 "https://jyskanpalju.fi/?path=//proc/3118892/root/lib/.build-id" "Mozilla/5.0 AppleWebKit/537.36 (KHTML, like Gecko; compatible; GPTBot/1.4; +https://openai.com/gptbot)"
74.7.227.185 - - [27/Jul/2026:16:47:34 +0300] "GET /?path=//proc/3572595/root/lib/.build-id/6f HTTP/2" 200 2586 "https://jyskanpalju.fi/?path=//proc/3572595/root/lib/.build-id" "Mozilla/5.0 AppleWebKit/537.36 (KHTML, like Gecko; compatible; GPTBot/1.4; +https://openai.com/gptbot)"
74.7.227.185 - - [27/Jul/2026:16:47:37 +0300] "GET /?path=//proc/3118892/root/lib/.build-id/e4 HTTP/2" 200 3150 "https://jyskanpalju.fi/?path=//proc/3118892/root/lib/.build-id" "Mozilla/5.0 AppleWebKit/537.36 (KHTML, like Gecko; compatible; GPTBot/1.4; +https://openai.com/gptbot)"
74.7.227.185 - - [27/Jul/2026:16:47:40 +0300] "GET /?path=//proc/3118892/root/lib/.build-id/7e HTTP/2" 200 3680 "https://jyskanpalju.fi/?path=//proc/3118892/root/lib/.build-id" "Mozilla/5.0 AppleWebKit/537.36 (KHTML, like Gecko; compatible; GPTBot/1.4; +https://openai.com/gptbot)"
74.7.227.185 - - [27/Jul/2026:16:47:44 +0300] "GET /?path=//proc/3572595/root/lib/.build-id/1e HTTP/2" 200 2584 "https://jyskanpalju.fi/?path=//proc/3572595/root/lib/.build-id" "Mozilla/5.0 AppleWebKit/537.36 (KHTML, like Gecko; compatible; GPTBot/1.4; +https://openai.com/gptbot)"
74.7.227.185 - - [27/Jul/2026:16:47:47 +0300] "GET /?path=//proc/3572595/root/lib/.build-id/e4 HTTP/2" 200 2584 "https://jyskanpalju.fi/?path=//proc/3572595/root/lib/.build-id" "Mozilla/5.0 AppleWebKit/537.36 (KHTML, like Gecko; compatible; GPTBot/1.4; +https://openai.com/gptbot)"
74.7.227.185 - - [27/Jul/2026:16:47:50 +0300] "GET /?path=//proc/3572595/root/lib/.build-id/1f HTTP/2" 200 2586 "https://jyskanpalju.fi/?path=//proc/3572595/root/lib/.build-id" "Mozilla/5.0 AppleWebKit/537.36 (KHTML, like Gecko; compatible; GPTBot/1.4; +https://openai.com/gptbot)"
74.7.227.185 - - [27/Jul/2026:16:47:53 +0300] "GET /?path=//proc/3118892/root/lib/.build-id/0e HTTP/2" 200 3617 "https://jyskanpalju.fi/?path=//proc/3118892/root/lib/.build-id" "Mozilla/5.0 AppleWebKit/537.36 (KHTML, like Gecko; compatible; GPTBot/1.4; +https://openai.com/gptbot)"
74.7.227.185 - - [27/Jul/2026:16:47:56 +0300] "GET /?path=//proc/3572595/root/lib/.build-id/e6 HTTP/2" 200 2584 "https://jyskanpalju.fi/?path=//proc/3572595/root/lib/.build-id" "Mozilla/5.0 AppleWebKit/537.36 (KHTML, like Gecko; compatible; GPTBot/1.4; +https://openai.com/gptbot)"
74.7.227.185 - - [27/Jul/2026:16:47:59 +0300] "GET /?path=//proc/3118892/root/lib/.build-id/0f HTTP/2" 200 3393 "https://jyskanpalju.fi/?path=//proc/3118892/root/lib/.build-id" "Mozilla/5.0 AppleWebKit/537.36 (KHTML, like Gecko; compatible; GPTBot/1.4; +https://openai.com/gptbot)"
74.7.227.185 - - [27/Jul/2026:16:48:02 +0300] "GET /?path=//proc/3572595/root/lib/.build-id/4e HTTP/2" 200 2584 "https://jyskanpalju.fi/?path=//proc/3572595/root/lib/.build-id" "Mozilla/5.0 AppleWebKit/537.36 (KHTML, like Gecko; compatible; GPTBot/1.4; +https://openai.com/gptbot)"
74.7.227.185 - - [27/Jul/2026:16:48:05 +0300] "GET /?path=//proc/3118892/root/lib/.build-id/f7 HTTP/2" 200 3250 "https://jyskanpalju.fi/?path=//proc/3118892/root/lib/.build-id" "Mozilla/5.0 AppleWebKit/537.36 (KHTML, like Gecko; compatible; GPTBot/1.4; +https://openai.com/gptbot)"
216.73.216.222 - - [27/Jul/2026:16:48:06 +0300] "GET /shops/witwal/a5n3y0b4o8d6y44662?fileloc=%2Fhome%2Fjyskanpalju%2Fpublic_html%2Fwp-admin%2Fpost-new.php&path=%2Fhome%2Fjyskanpalju%2Fpublic_html%2Fwp-admin HTTP/2" 200 3567 "-" "Mozilla/5.0 AppleWebKit/537.36 (KHTML, like Gecko; compatible; ClaudeBot/1.0; +claudebot@anthropic.com)"
74.7.227.185 - - [27/Jul/2026:16:48:08 +0300] "GET /?path=//proc/3118892/root/proc/thread-self/root/usr/lib/python2.7 HTTP/2" 200 2859 "https://jyskanpalju.fi/?path=//proc/3118892/root/proc/thread-self/root/usr/lib" "Mozilla/5.0 AppleWebKit/537.36 (KHTML, like Gecko; compatible; GPTBot/1.4; +https://openai.com/gptbot)"
216.73.216.222 - - [27/Jul/2026:16:48:08 +0300] "GET /shops/routinist/g5l2a2u4c9o7s9i2s23?fileloc=%2F%2Flib64%2Flibisl.so.15&path=%2F%2Flib64 HTTP/2" 200 651598 "-" "Mozilla/5.0 AppleWebKit/537.36 (KHTML, like Gecko; compatible; ClaudeBot/1.0; +claudebot@anthropic.com)"
216.73.216.222 - - [27/Jul/2026:16:48:11 +0300] "GET /shops/diocess/l7a6m2e0s195726?fileloc=%2Fhome%2Fjyskanpalju%2Fpublic_html%2Fwp-includes%2Fcanonical.php&path=%2Fhome%2Fjyskanpalju%2Fpublic_html%2Fwp-includes HTTP/2" 200 11920 "-" "Mozilla/5.0 AppleWebKit/537.36 (KHTML, like Gecko; compatible; ClaudeBot/1.0; +claudebot@anthropic.com)"
74.7.227.185 - - [27/Jul/2026:16:48:11 +0300] "GET /?path=//proc/3118892/root/proc/thread-self/root/usr/lib/python3.6 HTTP/2" 200 2859 "https://jyskanpalju.fi/?path=//proc/3118892/root/proc/thread-self/root/usr/lib" "Mozilla/5.0 AppleWebKit/537.36 (KHTML, like Gecko; compatible; GPTBot/1.4; +https://openai.com/gptbot)"
216.73.216.222 - - [27/Jul/2026:16:48:14 +0300] "GET /shops/gouache/e5n2o2t8h9e1r6a6642?fileloc=%2Fhome%2Fjyskanpalju%2Fpublic_html%2Fwp-includes%2Fsitemaps.php&path=%2Fhome%2Fjyskanpalju%2Fpublic_html%2Fwp-includes HTTP/2" 200 3535 "-" "Mozilla/5.0 AppleWebKit/537.36 (KHTML, like Gecko; compatible; ClaudeBot/1.0; +claudebot@anthropic.com)"
74.7.227.185 - - [27/Jul/2026:16:48:15 +0300] "GET /?path=//proc/3118892/root/opt/cpanel/ea-wappspector/vendor/rector/rector/rules/Carbon/Rector/MethodCall HTTP/2" 200 2944 "https://jyskanpalju.fi/?path=//proc/3118892/root/opt/cpanel/ea-wappspector/vendor/rector/rector/rules/Carbon/Rector" "Mozilla/5.0 AppleWebKit/537.36 (KHTML, like Gecko; compatible; GPTBot/1.4; +https://openai.com/gptbot)"
216.73.216.222 - - [27/Jul/2026:16:48:17 +0300] "GET /cohesibility/k5l1i5n6k7s0t6o8n9e60?fileloc=%2Fhome%2Fjyskanpalju%2Fpublic_html%2Fwp-includes%2Ftemplate-loader.php&path=%2Fhome%2Fjyskanpalju%2Fpublic_html%2Fwp-includes HTTP/2" 200 4278 "-" "Mozilla/5.0 AppleWebKit/537.36 (KHTML, like Gecko; compatible; ClaudeBot/1.0; +claudebot@anthropic.com)"
74.7.227.185 - - [27/Jul/2026:16:48:18 +0300] "GET /?path=//proc/3118892/root/opt/cpanel/ea-wappspector/vendor/rector/rector/rules/DeadCode/Rector/Property HTTP/2" 200 3076 "https://jyskanpalju.fi/?path=//proc/3118892/root/opt/cpanel/ea-wappspector/vendor/rector/rector/rules/DeadCode/Rector" "Mozilla/5.0 AppleWebKit/537.36 (KHTML, like Gecko; compatible; GPTBot/1.4; +https://openai.com/gptbot)"
216.73.216.222 - - [27/Jul/2026:16:48:20 +0300] "GET /shops/retoss/b7o3m0b8y5c8i0d5687?fileloc=%2Fhome%2Fjyskanpalju%2Fpublic_html%2Fxmlrpc.php&path=%2Fhome%2Fjyskanpalju%2Fpublic_html HTTP/2" 200 3952 "-" "Mozilla/5.0 AppleWebKit/537.36 (KHTML, like Gecko; compatible; ClaudeBot/1.0; +claudebot@anthropic.com)"
74.7.227.185 - - [27/Jul/2026:16:48:21 +0300] "GET /?path=//proc/3118892/root/opt/cpanel/ea-wappspector/vendor/rector/rector/src/ValueObject/Bootstrap HTTP/2" 200 2933 "https://jyskanpalju.fi/?path=//proc/3118892/root/opt/cpanel/ea-wappspector/vendor/rector/rector/src/ValueObject" "Mozilla/5.0 AppleWebKit/537.36 (KHTML, like Gecko; compatible; GPTBot/1.4; +https://openai.com/gptbot)"
216.73.216.222 - - [27/Jul/2026:16:48:23 +0300] "GET /shops/smile/s5e4l0f3d7e5t7e4r9m5i2nation?fileloc=%2F%2Fbin%2Frenice&path=%2F%2Fbin HTTP/2" 200 7747 "-" "Mozilla/5.0 AppleWebKit/537.36 (KHTML, like Gecko; compatible; ClaudeBot/1.0; +claudebot@anthropic.com)"
74.7.227.185 - - [27/Jul/2026:16:48:24 +0300] "GET /?path=//proc/3118892/root/opt/cpanel/ea-wappspector/vendor/rector/rector/vendor/symfony/console/Logger HTTP/2" 200 2933 "https://jyskanpalju.fi/?path=//proc/3118892/root/opt/cpanel/ea-wappspector/vendor/rector/rector/vendor/symfony/console" "Mozilla/5.0 AppleWebKit/537.36 (KHTML, like Gecko; compatible; GPTBot/1.4; +https://openai.com/gptbot)"
216.73.216.222 - - [27/Jul/2026:16:48:26 +0300] "GET /shops/designedly/d5e3f9i6e5d499577?fileloc=%2Fhome%2Fjyskanpalju%2Fpublic_html%2Fwp-blog-header.php&path=%2Fhome%2Fjyskanpalju%2Fpublic_html HTTP/2" 200 2809 "-" "Mozilla/5.0 AppleWebKit/537.36 (KHTML, like Gecko; compatible; ClaudeBot/1.0; +claudebot@anthropic.com)"
74.7.227.185 - - [27/Jul/2026:16:48:27 +0300] "GET /?path=//proc/3118892/root/opt/cpanel/ea-wappspector/vendor/rector/rector/src/Comments/NodeTraverser HTTP/2" 200 2936 "https://jyskanpalju.fi/?path=//proc/3118892/root/opt/cpanel/ea-wappspector/vendor/rector/rector/src/Comments" "Mozilla/5.0 AppleWebKit/537.36 (KHTML, like Gecko; compatible; GPTBot/1.4; +https://openai.com/gptbot)"
216.73.216.222 - - [27/Jul/2026:16:48:29 +0300] "GET /degeneracy/gaverick/h5a1l0i3o2t6i7d7a4e24?fileloc=%2Fhome%2Fjyskanpalju%2Fpublic_html%2Fwp-includes%2Fclass-wp-block.php&path=%2Fhome%2Fjyskanpalju%2Fpublic_html%2Fwp-includes HTTP/2" 200 9487 "-" "Mozilla/5.0 AppleWebKit/537.36 (KHTML, like Gecko; compatible; ClaudeBot/1.0; +claudebot@anthropic.com)"
74.7.227.185 - - [27/Jul/2026:16:48:30 +0300] "GET /?path=//proc/3118892/root/opt/cpanel/ea-wappspector/vendor/rector/rector/src/PhpAttribute/Contract HTTP/2" 200 2944 "https://jyskanpalju.fi/?path=//proc/3118892/root/opt/cpanel/ea-wappspector/vendor/rector/rector/src/PhpAttribute" "Mozilla/5.0 AppleWebKit/537.36 (KHTML, like Gecko; compatible; GPTBot/1.4; +https://openai.com/gptbot)"
216.73.216.222 - - [27/Jul/2026:16:48:32 +0300] "GET /shops/jerseys/t5r4a5d0u5c8e5r28?fileloc=%2Fhome%2Fjyskanpalju%2Fpublic_html%2Fwp-settings.php&path=%2Fhome%2Fjyskanpalju%2Fpublic_html HTTP/2" 200 9145 "-" "Mozilla/5.0 AppleWebKit/537.36 (KHTML, like Gecko; compatible; ClaudeBot/1.0; +claudebot@anthropic.com)"
74.7.227.185 - - [27/Jul/2026:16:48:33 +0300] "GET /?path=//proc/3118892/root/opt/cpanel/ea-wappspector/vendor/rector/rector/src/PhpParser/Node/CustomNode HTTP/2" 200 2947 "https://jyskanpalju.fi/?path=//proc/3118892/root/opt/cpanel/ea-wappspector/vendor/rector/rector/src/PhpParser/Node" "Mozilla/5.0 AppleWebKit/537.36 (KHTML, like Gecko; compatible; GPTBot/1.4; +https://openai.com/gptbot)"
74.7.227.185 - - [27/Jul/2026:16:48:36 +0300] "GET /?path=//proc/3118892/root/opt/cpanel/ea-wappspector/vendor/rector/rector/src/PhpDocParser/PhpParser HTTP/2" 200 2978 "https://jyskanpalju.fi/?path=//proc/3118892/root/opt/cpanel/ea-wappspector/vendor/rector/rector/src/PhpDocParser" "Mozilla/5.0 AppleWebKit/537.36 (KHTML, like Gecko; compatible; GPTBot/1.4; +https://openai.com/gptbot)"
74.7.227.185 - - [27/Jul/2026:16:48:40 +0300] "GET /?fileloc=//proc/3118892/root/lib/.build-id/f7/0d08d2d46b074e7a761820874fa61965981218&path=//proc/3118892/root/lib/.build-id/f7 HTTP/2" 200 9614 "https://jyskanpalju.fi/?path=//proc/3118892/root/lib/.build-id/f7" "Mozilla/5.0 AppleWebKit/537.36 (KHTML, like Gecko; compatible; GPTBot/1.4; +https://openai.com/gptbot)"
74.7.227.185 - - [27/Jul/2026:16:48:43 +0300] "GET /?path=//proc/3118892/root/opt/cpanel/ea-wappspector/vendor/rector/rector/src/PhpParser/NodeTraverser HTTP/2" 200 2997 "https://jyskanpalju.fi/?path=//proc/3118892/root/opt/cpanel/ea-wappspector/vendor/rector/rector/src/PhpParser" "Mozilla/5.0 AppleWebKit/537.36 (KHTML, like Gecko; compatible; GPTBot/1.4; +https://openai.com/gptbot)"
216.73.216.222 - - [27/Jul/2026:16:43:28 +0300] "GET /shops/diopsis/s7c3a9l2i2n0g25438?fileloc=%2Fhome%2Fjyskanpalju%2Fpublic_html%2Fwp-includes%2Ffunctions.php&path=%2Fhome%2Fjyskanpalju%2Fpublic_html%2Fwp-includes HTTP/2" 200 81206 "-" "Mozilla/5.0 AppleWebKit/537.36 (KHTML, like Gecko; compatible; ClaudeBot/1.0; +claudebot@anthropic.com)"
216.73.216.222 - - [27/Jul/2026:16:43:30 +0300] "GET /softling/s7e3a2w6o3r6t4h1i5n4e3ss?fileloc=%2Fhome%2Fjyskanpalju%2Fpublic_html%2Fwp-includes%2Ffeed.php&path=%2Fhome%2Fjyskanpalju%2Fpublic_html%2Fwp-includes HTTP/2" 200 9443 "-" "Mozilla/5.0 AppleWebKit/537.36 (KHTML, like Gecko; compatible; ClaudeBot/1.0; +claudebot@anthropic.com)"
94.23.188.197 - - [27/Jul/2026:16:43:53 +0300] "GET /sajene/t7r6e1b9l3e7n1e4s3s8 HTTP/2" 200 3777 "-" "Mozilla/5.0 (compatible; AhrefsBot/7.0; +http://ahrefs.com/robot/)"
216.73.216.222 - - [27/Jul/2026:16:48:36 +0300] "GET /disglory/physiognomic/53642039858?path=%2Fhome%2Fjyskanpalju HTTP/2" 200 3769 "-" "Mozilla/5.0 AppleWebKit/537.36 (KHTML, like Gecko; compatible; ClaudeBot/1.0; +claudebot@anthropic.com)"
216.73.216.222 - - [27/Jul/2026:16:48:39 +0300] "GET /longilateral/solenaceous/53911156979?fileloc=%2Fhome%2Fjyskanpalju%2Fwww%2Fwp-includes%2Fclass-wp-token-map.php&path=%2Fhome%2Fjyskanpalju%2Fwww%2Fwp-includes HTTP/2" 200 10976 "-" "Mozilla/5.0 AppleWebKit/537.36 (KHTML, like Gecko; compatible; ClaudeBot/1.0; +claudebot@anthropic.com)"
216.73.216.222 - - [27/Jul/2026:16:48:42 +0300] "GET /shops/outmantle/s7u6a8s9i6v8e3364?fileloc=%2Fhome%2Fjyskanpalju%2Fpublic_html%2Fwp-includes%2F.htaccess&path=%2Fhome%2Fjyskanpalju%2Fpublic_html%2Fwp-includes HTTP/2" 200 2617 "-" "Mozilla/5.0 AppleWebKit/537.36 (KHTML, like Gecko; compatible; ClaudeBot/1.0; +claudebot@anthropic.com)"
216.73.216.222 - - [27/Jul/2026:16:48:45 +0300] "GET /shops/araucariaceae/l5a5m5b0d5o3i9d844?path=%2Fhome%2Fjyskanpalju%2Fpublic_html%2F.tmb HTTP/2" 200 2554 "-" "Mozilla/5.0 AppleWebKit/537.36 (KHTML, like Gecko; compatible; ClaudeBot/1.0; +claudebot@anthropic.com)"
216.73.216.222 - - [27/Jul/2026:16:48:48 +0300] "GET /shops/convoke/c7o6l8u0b8r1i5n0a40?fileloc=%2Fhome%2Fjyskanpalju%2Fpublic_html%2Fwp-admin%2Fterm.php&path=%2Fhome%2Fjyskanpalju%2Fpublic_html%2Fwp-admin HTTP/2" 200 3483 "-" "Mozilla/5.0 AppleWebKit/537.36 (KHTML, like Gecko; compatible; ClaudeBot/1.0; +claudebot@anthropic.com)"
216.73.216.222 - - [27/Jul/2026:16:48:51 +0300] "GET /shops/amassment/c5o1n8o0p0h3o1l4i5s51?path=%2Fhome%2Fjyskanpalju%2Fpublic_html%2Fwp-includes HTTP/2" 200 12305 "-" "Mozilla/5.0 AppleWebKit/537.36 (KHTML, like Gecko; compatible; ClaudeBot/1.0; +claudebot@anthropic.com)"
216.73.216.222 - - [27/Jul/2026:16:48:54 +0300] "GET /cordialize/ajouan/s7i1l7e4n2u9s76627?fileloc=%2F%2Fbin%2Fc89&path=%2F%2Fbin HTTP/2" 200 2644 "-" "Mozilla/5.0 AppleWebKit/537.36 (KHTML, like Gecko; compatible; ClaudeBot/1.0; +claudebot@anthropic.com)"
216.73.216.222 - - [27/Jul/2026:16:48:57 +0300] "GET /falco/o7r4g5a1n6o0p1h7y3l3y?fileloc=%2Fhome%2Fjyskanpalju%2Fpublic_html%2Fwp-includes%2Fmedia-template.php&path=%2Fhome%2Fjyskanpalju%2Fpublic_html%2Fwp-includes HTTP/2" 200 16038 "-" "Mozilla/5.0 AppleWebKit/537.36 (KHTML, like Gecko; compatible; ClaudeBot/1.0; +claudebot@anthropic.com)"
216.73.216.222 - - [27/Jul/2026:16:49:02 +0300] "GET /shops/fumigating/s5c1r6a1p6p2y92352?path=%2Fhome%2Fjyskanpalju%2Fpublic_html%2Fimages HTTP/2" 200 2953 "-" "Mozilla/5.0 AppleWebKit/537.36 (KHTML, like Gecko; compatible; ClaudeBot/1.0; +claudebot@anthropic.com)"
216.73.216.222 - - [27/Jul/2026:16:49:04 +0300] "GET /lipidlowering/rumkin/72409655500?fileloc=%2Fhome%2Fjyskanpalju%2Fpublic_html%2Fwp-mail.php&path=%2Fhome%2Fjyskanpalju%2Fpublic_html HTTP/2" 200 5708 "-" "Mozilla/5.0 AppleWebKit/537.36 (KHTML, like Gecko; compatible; ClaudeBot/1.0; +claudebot@anthropic.com)"
74.7.227.185 - - [27/Jul/2026:16:48:46 +0300] "GET /?path=//proc/3118892/root/opt/cpanel/ea-wappspector/vendor/rector/rector/src/BetterPhpDocParser/Guard HTTP/2" 200 2949 "https://jyskanpalju.fi/?path=//proc/3118892/root/opt/cpanel/ea-wappspector/vendor/rector/rector/src/BetterPhpDocParser" "Mozilla/5.0 AppleWebKit/537.36 (KHTML, like Gecko; compatible; GPTBot/1.4; +https://openai.com/gptbot)"
74.7.227.185 - - [27/Jul/2026:16:48:49 +0300] "GET /?path=//proc/3118892/root/opt/cpanel/ea-wappspector/vendor/rector/rector/src/Testing/TestingParser HTTP/2" 200 2926 "https://jyskanpalju.fi/?path=//proc/3118892/root/opt/cpanel/ea-wappspector/vendor/rector/rector/src/Testing" "Mozilla/5.0 AppleWebKit/537.36 (KHTML, like Gecko; compatible; GPTBot/1.4; +https://openai.com/gptbot)"
74.7.227.185 - - [27/Jul/2026:16:48:52 +0300] "GET /?fileloc=//proc/3118892/root/opt/cpanel/ea-wappspector/vendor/rector/rector/rules/DeadCode/Rector/Property/RemoveUselessReadOnlyTagRector.php&path=//proc/3118892/root/opt/cpanel/ea-wappspector/vendor/rector/rector/rules/DeadCode/Rector/Property HTTP/2" 200 3649 "https://jyskanpalju.fi/?path=//proc/3118892/root/opt/cpanel/ea-wappspector/vendor/rector/rector/rules/DeadCode/Rector/Property" "Mozilla/5.0 AppleWebKit/537.36 (KHTML, like Gecko; compatible; GPTBot/1.4; +https://openai.com/gptbot)"
74.7.227.185 - - [27/Jul/2026:16:48:55 +0300] "GET /?path=//proc/3118892/root/opt/cpanel/ea-wappspector/vendor/rector/rector/rules/TypeDeclaration/Rector HTTP/2" 200 3276 "https://jyskanpalju.fi/?path=//proc/3118892/root/opt/cpanel/ea-wappspector/vendor/rector/rector/rules/TypeDeclaration" "Mozilla/5.0 AppleWebKit/537.36 (KHTML, like Gecko; compatible; GPTBot/1.4; +https://openai.com/gptbot)"
74.7.227.185 - - [27/Jul/2026:16:48:59 +0300] "GET /?path=//proc/3118892/root/opt/cpanel/ea-wappspector/vendor/rector/rector/src/StaticTypeMapper/PhpDoc HTTP/2" 200 2930 "https://jyskanpalju.fi/?path=//proc/3118892/root/opt/cpanel/ea-wappspector/vendor/rector/rector/src/StaticTypeMapper" "Mozilla/5.0 AppleWebKit/537.36 (KHTML, like Gecko; compatible; GPTBot/1.4; +https://openai.com/gptbot)"
74.7.227.185 - - [27/Jul/2026:16:49:02 +0300] "GET /?path=//proc/3118892/root/opt/cpanel/ea-wappspector/vendor/rector/rector/vendor/symfony/console/Helper HTTP/2" 200 3711 "https://jyskanpalju.fi/?path=//proc/3118892/root/opt/cpanel/ea-wappspector/vendor/rector/rector/vendor/symfony/console" "Mozilla/5.0 AppleWebKit/537.36 (KHTML, like Gecko; compatible; GPTBot/1.4; +https://openai.com/gptbot)"
74.7.227.185 - - [27/Jul/2026:16:49:05 +0300] "GET /?path=//proc/3118892/root/opt/cpanel/ea-wappspector/vendor/rector/rector/rules/Privatization/Rector HTTP/2" 200 3036 "https://jyskanpalju.fi/?path=//proc/3118892/root/opt/cpanel/ea-wappspector/vendor/rector/rector/rules/Privatization" "Mozilla/5.0 AppleWebKit/537.36 (KHTML, like Gecko; compatible; GPTBot/1.4; +https://openai.com/gptbot)"
74.7.227.185 - - [27/Jul/2026:16:49:08 +0300] "GET /?path=//proc/3118892/root/opt/cpanel/ea-wappspector/vendor/rector/rector/vendor/symfony/finder/Iterator HTTP/2" 200 3501 "https://jyskanpalju.fi/?path=//proc/3118892/root/opt/cpanel/ea-wappspector/vendor/rector/rector/vendor/symfony/finder" "Mozilla/5.0 AppleWebKit/537.36 (KHTML, like Gecko; compatible; GPTBot/1.4; +https://openai.com/gptbot)"
74.7.227.185 - - [27/Jul/2026:16:49:11 +0300] "GET /?path=//proc/3118892/root/opt/cpanel/ea-wappspector/vendor/rector/rector/rules/Strict/Rector/BooleanNot HTTP/2" 200 2945 "https://jyskanpalju.fi/?path=//proc/3118892/root/opt/cpanel/ea-wappspector/vendor/rector/rector/rules/Strict/Rector" "Mozilla/5.0 AppleWebKit/537.36 (KHTML, like Gecko; compatible; GPTBot/1.4; +https://openai.com/gptbot)"
74.7.227.185 - - [27/Jul/2026:16:49:14 +0300] "GET /?path=//proc/3118892/root/opt/cpanel/ea-wappspector/vendor/rector/rector/src/StaticTypeMapper/Mapper HTTP/2" 200 2995 "https://jyskanpalju.fi/?path=//proc/3118892/root/opt/cpanel/ea-wappspector/vendor/rector/rector/src/StaticTypeMapper" "Mozilla/5.0 AppleWebKit/537.36 (KHTML, like Gecko; compatible; GPTBot/1.4; +https://openai.com/gptbot)"
74.7.227.185 - - [27/Jul/2026:16:49:18 +0300] "GET /?path=//proc/3118892/root/opt/cpanel/ea-wappspector/vendor/rector/rector/src/NodeTypeResolver/Node HTTP/2" 200 2932 "https://jyskanpalju.fi/?path=//proc/3118892/root/opt/cpanel/ea-wappspector/vendor/rector/rector/src/NodeTypeResolver" "Mozilla/5.0 AppleWebKit/537.36 (KHTML, like Gecko; compatible; GPTBot/1.4; +https://openai.com/gptbot)"
74.7.227.185 - - [27/Jul/2026:16:49:21 +0300] "GET /?path=//proc/3118892/root/opt/cpanel/ea-wappspector/vendor/rector/rector/src/PostRector/Application HTTP/2" 200 2934 "https://jyskanpalju.fi/?path=//proc/3118892/root/opt/cpanel/ea-wappspector/vendor/rector/rector/src/PostRector" "Mozilla/5.0 AppleWebKit/537.36 (KHTML, like Gecko; compatible; GPTBot/1.4; +https://openai.com/gptbot)"
74.7.227.185 - - [27/Jul/2026:16:49:24 +0300] "GET /?path=//proc/3118892/root/opt/cpanel/ea-wappspector/vendor/rector/rector/rules/Transform/Rector/Scalar HTTP/2" 200 2948 "https://jyskanpalju.fi/?path=//proc/3118892/root/opt/cpanel/ea-wappspector/vendor/rector/rector/rules/Transform/Rector" "Mozilla/5.0 AppleWebKit/537.36 (KHTML, like Gecko; compatible; GPTBot/1.4; +https://openai.com/gptbot)"
74.7.227.185 - - [27/Jul/2026:16:49:27 +0300] "GET /?path=//proc/3118892/root/opt/cpanel/ea-wappspector/vendor/rector/rector/src/VendorLocker/Exception HTTP/2" 200 2946 "https://jyskanpalju.fi/?path=//proc/3118892/root/opt/cpanel/ea-wappspector/vendor/rector/rector/src/VendorLocker" "Mozilla/5.0 AppleWebKit/537.36 (KHTML, like Gecko; compatible; GPTBot/1.4; +https://openai.com/gptbot)"
74.7.227.185 - - [27/Jul/2026:16:49:30 +0300] "GET /?path=//proc/3118892/root/opt/cpanel/ea-wappspector/vendor/rector/rector/src/PhpDocParser/NodeVisitor HTTP/2" 200 2931 "https://jyskanpalju.fi/?path=//proc/3118892/root/opt/cpanel/ea-wappspector/vendor/rector/rector/src/PhpDocParser" "Mozilla/5.0 AppleWebKit/537.36 (KHTML, like Gecko; compatible; GPTBot/1.4; +https://openai.com/gptbot)"
74.7.227.185 - - [27/Jul/2026:16:49:34 +0300] "GET /?path=//proc/3118892/root/opt/cpanel/ea-wappspector/vendor/rector/rector/src/NodeNameResolver/Regex HTTP/2" 200 2935 "https://jyskanpalju.fi/?path=//proc/3118892/root/opt/cpanel/ea-wappspector/vendor/rector/rector/src/NodeNameResolver" "Mozilla/5.0 AppleWebKit/537.36 (KHTML, like Gecko; compatible; GPTBot/1.4; +https://openai.com/gptbot)"
74.7.227.185 - - [27/Jul/2026:16:49:37 +0300] "GET /?fileloc=//proc/3118892/root/opt/cpanel/ea-wappspector/vendor/rector/rector/vendor/symfony/console/Helper/Dumper.php&path=//proc/3118892/root/opt/cpanel/ea-wappspector/vendor/rector/rector/vendor/symfony/console/Helper HTTP/2" 200 3391 "https://jyskanpalju.fi/?path=//proc/3118892/root/opt/cpanel/ea-wappspector/vendor/rector/rector/vendor/symfony/console/Helper" "Mozilla/5.0 AppleWebKit/537.36 (KHTML, like Gecko; compatible; GPTBot/1.4; +https://openai.com/gptbot)"
74.7.227.185 - - [27/Jul/2026:16:49:40 +0300] "GET /?fileloc=//proc/3118892/root/opt/cpanel/ea-wappspector/vendor/rector/rector/vendor/symfony/console/Helper/ProgressIndicator.php&path=//proc/3118892/root/opt/cpanel/ea-wappspector/vendor/rector/rector/vendor/symfony/console/Helper HTTP/2" 200 4535 "https://jyskanpalju.fi/?path=//proc/3118892/root/opt/cpanel/ea-wappspector/vendor/rector/rector/vendor/symfony/console/Helper" "Mozilla/5.0 AppleWebKit/537.36 (KHTML, like Gecko; compatible; GPTBot/1.4; +https://openai.com/gptbot)"
216.73.216.222 - - [27/Jul/2026:16:49:07 +0300] "GET /autonomic/trias/c5h1i0c7k1e6n9b6r2e0a1sted?path=%2Fhome%2Fjyskanpalju%2Fpublic_html%2Fwp-content HTTP/2" 200 3210 "-" "Mozilla/5.0 AppleWebKit/537.36 (KHTML, like Gecko; compatible; ClaudeBot/1.0; +claudebot@anthropic.com)"
216.73.216.222 - - [27/Jul/2026:16:49:10 +0300] "GET /shops/wastorel/o5m3n1i6p4r4e1s5e1n1t8?fileloc=%2Fhome%2Fjyskanpalju%2Fpublic_html%2Fwp-includes%2Fpost.php&path=%2Fhome%2Fjyskanpalju%2Fpublic_html%2Fwp-includes HTTP/2" 200 69640 "-" "Mozilla/5.0 AppleWebKit/537.36 (KHTML, like Gecko; compatible; ClaudeBot/1.0; +claudebot@anthropic.com)"
216.73.216.222 - - [27/Jul/2026:16:49:13 +0300] "GET /shops/enthronement/c5l2a8r2o6o5b5s3curo?fileloc=%2Fhome%2Fjyskanpalju%2Fpublic_html%2Fwp-admin%2Fms-sites.php&path=%2Fhome%2Fjyskanpalju%2Fpublic_html%2Fwp-admin HTTP/2" 200 2645 "-" "Mozilla/5.0 AppleWebKit/537.36 (KHTML, like Gecko; compatible; ClaudeBot/1.0; +claudebot@anthropic.com)"
216.73.216.222 - - [27/Jul/2026:16:49:16 +0300] "GET /shops/tawse/q7u1e0r3q9u1e2d4u0l2e4?path=%2Fhome%2Fjyskanpalju%2Fpublic_html%2Fwp-includes%2Fpomo HTTP/2" 200 3074 "-" "Mozilla/5.0 AppleWebKit/537.36 (KHTML, like Gecko; compatible; ClaudeBot/1.0; +claudebot@anthropic.com)"
216.73.216.222 - - [27/Jul/2026:16:49:19 +0300] "GET /shops/largish/d7e1v4i9s1o6r38666?fileloc=%2Fhome%2Fjyskanpalju%2Fpublic_html%2Fwp-admin%2Fprofile.php&path=%2Fhome%2Fjyskanpalju%2Fpublic_html%2Fwp-admin HTTP/2" 200 2679 "-" "Mozilla/5.0 AppleWebKit/537.36 (KHTML, like Gecko; compatible; ClaudeBot/1.0; +claudebot@anthropic.com)"
216.73.216.222 - - [27/Jul/2026:16:49:22 +0300] "GET /shops/routinist/g5l2a2u4c9o7s9i2s23?fileloc=%2F%2Flib64%2Flibtdb.so.1.4.9&path=%2F%2Flib64 HTTP/2" 200 44104 "-" "Mozilla/5.0 AppleWebKit/537.36 (KHTML, like Gecko; compatible; ClaudeBot/1.0; +claudebot@anthropic.com)"
216.73.216.222 - - [27/Jul/2026:16:49:25 +0300] "GET /thimblerigged/t7r4a2g0o9p7s81398?path=%2Fhome%2Fjyskanpalju%2Fpublic_html%2Fwp-content HTTP/2" 200 3210 "-" "Mozilla/5.0 AppleWebKit/537.36 (KHTML, like Gecko; compatible; ClaudeBot/1.0; +claudebot@anthropic.com)"
216.73.216.222 - - [27/Jul/2026:16:49:28 +0300] "GET /emulable/lithonthryptic/53816351009?fileloc=%2Fhome%2Fjyskanpalju%2Fpublic_html%2Freadme.html&path=%2Fhome%2Fjyskanpalju%2Fpublic_html HTTP/2" 200 5547 "-" "Mozilla/5.0 AppleWebKit/537.36 (KHTML, like Gecko; compatible; ClaudeBot/1.0; +claudebot@anthropic.com)"
216.73.216.222 - - [27/Jul/2026:16:49:31 +0300] "GET /shops/bullying/a5c6h6l1a6m9y7d7e1o6us?fileloc=%2Fhome%2Fjyskanpalju%2Fpublic_html%2Fwp-includes%2Fclass-simplepie.php&path=%2Fhome%2Fjyskanpalju%2Fpublic_html%2Fwp-includes HTTP/2" 200 2778 "-" "Mozilla/5.0 AppleWebKit/537.36 (KHTML, like Gecko; compatible; ClaudeBot/1.0; +claudebot@anthropic.com)"
216.73.216.222 - - [27/Jul/2026:16:49:34 +0300] "GET /shops/centrolinead/l7o1c1h2i0a0l13741?fileloc=%2Fhome%2Fjyskanpalju%2Fpublic_html%2Fwp-includes%2Frevision.php&path=%2Fhome%2Fjyskanpalju%2Fpublic_html%2Fwp-includes HTTP/2" 200 10920 "-" "Mozilla/5.0 AppleWebKit/537.36 (KHTML, like Gecko; compatible; ClaudeBot/1.0; +claudebot@anthropic.com)"
216.73.216.222 - - [27/Jul/2026:16:49:37 +0300] "GET /bluey/respired/72141074411?path=%2Fhome%2Fjyskanpalju HTTP/2" 200 3769 "-" "Mozilla/5.0 AppleWebKit/537.36 (KHTML, like Gecko; compatible; ClaudeBot/1.0; +claudebot@anthropic.com)"
216.73.216.222 - - [27/Jul/2026:16:49:40 +0300] "GET /equirotal/desolately/52757724118?fileloc=%2F%2Flib64%2Flibm.so.6&path=%2F%2Flib64 HTTP/2" 200 924870 "-" "Mozilla/5.0 AppleWebKit/537.36 (KHTML, like Gecko; compatible; ClaudeBot/1.0; +claudebot@anthropic.com)"
216.73.216.222 - - [27/Jul/2026:16:49:43 +0300] "GET /shops/iridal/m5a8n5i0c7u5r5i6n4g6?fileloc=%2Fhome%2Fjyskanpalju%2Fpublic_html%2Fwp-admin%2Ftheme-install.php&path=%2Fhome%2Fjyskanpalju%2Fpublic_html%2Fwp-admin HTTP/2" 200 8873 "-" "Mozilla/5.0 AppleWebKit/537.36 (KHTML, like Gecko; compatible; ClaudeBot/1.0; +claudebot@anthropic.com)"
74.7.227.185 - - [27/Jul/2026:16:49:43 +0300] "GET /?path=//proc/3118892/root/opt/cpanel/ea-wappspector/vendor/rector/rector/rules/DeadCode/Rector/Ternary HTTP/2" 200 2945 "https://jyskanpalju.fi/?path=//proc/3118892/root/opt/cpanel/ea-wappspector/vendor/rector/rector/rules/DeadCode/Rector" "Mozilla/5.0 AppleWebKit/537.36 (KHTML, like Gecko; compatible; GPTBot/1.4; +https://openai.com/gptbot)"
74.7.227.185 - - [27/Jul/2026:16:49:46 +0300] "GET /?path=//proc/3118892/root/opt/cpanel/ea-wappspector/vendor/rector/rector/src/VersionBonding/Contract HTTP/2" 200 2992 "https://jyskanpalju.fi/?path=//proc/3118892/root/opt/cpanel/ea-wappspector/vendor/rector/rector/src/VersionBonding" "Mozilla/5.0 AppleWebKit/537.36 (KHTML, like Gecko; compatible; GPTBot/1.4; +https://openai.com/gptbot)"
74.7.227.185 - - [27/Jul/2026:16:49:50 +0300] "GET /?path=//proc/3118892/root/opt/cpanel/ea-wappspector/vendor/rector/rector/vendor/illuminate/contracts/Bus HTTP/2" 200 2989 "https://jyskanpalju.fi/?path=//proc/3118892/root/opt/cpanel/ea-wappspector/vendor/rector/rector/vendor/illuminate/contracts" "Mozilla/5.0 AppleWebKit/537.36 (KHTML, like Gecko; compatible; GPTBot/1.4; +https://openai.com/gptbot)"
74.7.227.185 - - [27/Jul/2026:16:49:53 +0300] "GET /?path=//proc/3118892/root/opt/cpanel/ea-wappspector/vendor/rector/rector/rules/DeadCode/NodeCollector HTTP/2" 200 2939 "https://jyskanpalju.fi/?path=//proc/3118892/root/opt/cpanel/ea-wappspector/vendor/rector/rector/rules/DeadCode" "Mozilla/5.0 AppleWebKit/537.36 (KHTML, like Gecko; compatible; GPTBot/1.4; +https://openai.com/gptbot)"
74.7.227.185 - - [27/Jul/2026:16:49:56 +0300] "GET /?path=//proc/3118892/root/opt/cpanel/ea-wappspector/vendor/rector/rector/vendor/react/dns/src/Query HTTP/2" 200 3457 "https://jyskanpalju.fi/?path=//proc/3118892/root/opt/cpanel/ea-wappspector/vendor/rector/rector/vendor/react/dns/src" "Mozilla/5.0 AppleWebKit/537.36 (KHTML, like Gecko; compatible; GPTBot/1.4; +https://openai.com/gptbot)"
74.7.227.185 - - [27/Jul/2026:16:49:59 +0300] "GET /?path=//proc/3118892/root/proc/self/root/lib/firmware/ath11k/IPQ5018 HTTP/2" 200 2870 "https://jyskanpalju.fi/?path=//proc/3118892/root/proc/self/root/lib/firmware/ath11k" "Mozilla/5.0 AppleWebKit/537.36 (KHTML, like Gecko; compatible; GPTBot/1.4; +https://openai.com/gptbot)"
74.7.227.185 - - [27/Jul/2026:16:50:02 +0300] "GET /?path=//proc/3118892/root/proc/self/root/lib/firmware/ath12k/QCC2072 HTTP/2" 200 2870 "https://jyskanpalju.fi/?path=//proc/3118892/root/proc/self/root/lib/firmware/ath12k" "Mozilla/5.0 AppleWebKit/537.36 (KHTML, like Gecko; compatible; GPTBot/1.4; +https://openai.com/gptbot)"
74.7.227.185 - - [27/Jul/2026:16:50:06 +0300] "GET /?path=//proc/3118892/root/proc/self/root/lib/firmware/ath11k/IPQ6018 HTTP/2" 200 2870 "https://jyskanpalju.fi/?path=//proc/3118892/root/proc/self/root/lib/firmware/ath11k" "Mozilla/5.0 AppleWebKit/537.36 (KHTML, like Gecko; compatible; GPTBot/1.4; +https://openai.com/gptbot)"
74.7.227.185 - - [27/Jul/2026:16:50:09 +0300] "GET /?path=//proc/3118892/root/proc/self/root/lib/firmware/ath10k/WCN3990 HTTP/2" 200 2871 "https://jyskanpalju.fi/?path=//proc/3118892/root/proc/self/root/lib/firmware/ath10k" "Mozilla/5.0 AppleWebKit/537.36 (KHTML, like Gecko; compatible; GPTBot/1.4; +https://openai.com/gptbot)"
74.7.227.185 - - [27/Jul/2026:16:50:12 +0300] "GET /?path=//proc/3118892/root/proc/sys/kernel/sched_domain/cpu1/domain1 HTTP/2" 200 3135 "https://jyskanpalju.fi/?path=//proc/3118892/root/proc/sys/kernel/sched_domain/cpu1" "Mozilla/5.0 AppleWebKit/537.36 (KHTML, like Gecko; compatible; GPTBot/1.4; +https://openai.com/gptbot)"
74.7.227.185 - - [27/Jul/2026:16:50:15 +0300] "GET /?path=//proc/3118892/root/proc/self/root/lib/dracut/modules.d/95debug HTTP/2" 200 2892 "https://jyskanpalju.fi/?path=//proc/3118892/root/proc/self/root/lib/dracut/modules.d" "Mozilla/5.0 AppleWebKit/537.36 (KHTML, like Gecko; compatible; GPTBot/1.4; +https://openai.com/gptbot)"
216.73.216.222 - - [27/Jul/2026:16:49:46 +0300] "GET /shops/leucaniline/r5e1c8e0i0v3e8r3s755?fileloc=%2Fhome%2Fjyskanpalju%2Fpublic_html%2Fwp-includes%2Foption.php&path=%2Fhome%2Fjyskanpalju%2Fpublic_html%2Fwp-includes HTTP/2" 200 22475 "-" "Mozilla/5.0 AppleWebKit/537.36 (KHTML, like Gecko; compatible; ClaudeBot/1.0; +claudebot@anthropic.com)"
216.73.216.222 - - [27/Jul/2026:16:49:49 +0300] "GET /pilchardus/ubiquity/73875462220?fileloc=%2Fhome%2Fjyskanpalju%2Fpublic_html%2Fwp-admin%2Fincludes%2Fupgrade.php&path=%2Fhome%2Fjyskanpalju%2Fpublic_html%2Fwp-admin%2Fincludes HTTP/2" 200 31840 "-" "Mozilla/5.0 AppleWebKit/537.36 (KHTML, like Gecko; compatible; ClaudeBot/1.0; +claudebot@anthropic.com)"
216.73.216.222 - - [27/Jul/2026:16:49:52 +0300] "GET /emulable/lithonthryptic/53816351009?fileloc=%2Fhome%2Fjyskanpalju%2Fpublic_html%2Ferror_log&path=%2Fhome%2Fjyskanpalju%2Fpublic_html HTTP/2" 200 12771 "-" "Mozilla/5.0 AppleWebKit/537.36 (KHTML, like Gecko; compatible; ClaudeBot/1.0; +claudebot@anthropic.com)"
