216.73.216.95 - - [27/Jul/2026:15:52:11 +0300] "GET /shops/clorox/i7n2t6e1r6n9a9l8414?fileloc=%2Fhome%2Fjyskanpalju%2Fpublic_html%2Fwp-admin%2Fcss%2Fabout.css&path=%2Fhome%2Fjyskanpalju%2Fpublic_html%2Fwp-admin%2Fcss HTTP/2" 200 7694 "-" "Mozilla/5.0 AppleWebKit/537.36 (KHTML, like Gecko; compatible; ClaudeBot/1.0; +claudebot@anthropic.com)"
216.73.216.95 - - [27/Jul/2026:15:52:14 +0300] "GET /shops/bounteously/a5s1s2e8v9e5r1a9t6e3d2?path=%2F%2Fopt%2Frustbolit HTTP/2" 200 2855 "-" "Mozilla/5.0 AppleWebKit/537.36 (KHTML, like Gecko; compatible; ClaudeBot/1.0; +claudebot@anthropic.com)"
74.7.227.185 - - [27/Jul/2026:15:52:14 +0300] "GET /?path=//proc/3118892/root/opt/cpanel/ea-wappspector/vendor/myclabs/deep-copy/src/DeepCopy/Matcher/Doctrine HTTP/2" 200 2951 "https://jyskanpalju.fi/?path=//proc/3118892/root/opt/cpanel/ea-wappspector/vendor/myclabs/deep-copy/src/DeepCopy/Matcher" "Mozilla/5.0 AppleWebKit/537.36 (KHTML, like Gecko; compatible; GPTBot/1.4; +https://openai.com/gptbot)"
216.73.216.95 - - [27/Jul/2026:15:52:17 +0300] "GET /equirotal/desolately/52757724118?fileloc=%2F%2Flib64%2Flibevent_pthreads-2.1.so.6.0.2&path=%2F%2Flib64 HTTP/2" 200 6285 "-" "Mozilla/5.0 AppleWebKit/537.36 (KHTML, like Gecko; compatible; ClaudeBot/1.0; +claudebot@anthropic.com)"
74.7.227.185 - - [27/Jul/2026:15:52:18 +0300] "GET /?path=//proc/3118892/root/opt/cloudlinux/venv/include HTTP/2" 200 2813 "https://jyskanpalju.fi/?path=//proc/3118892/root/opt/cloudlinux/venv" "Mozilla/5.0 AppleWebKit/537.36 (KHTML, like Gecko; compatible; GPTBot/1.4; +https://openai.com/gptbot)"
216.73.216.95 - - [27/Jul/2026:15:52:20 +0300] "GET /shops/unites/h5o1m6o1e1o7m0e3r5y64?fileloc=%2Fhome%2Fjyskanpalju%2Fpublic_html%2Fwp-admin%2Foptions-head.php&path=%2Fhome%2Fjyskanpalju%2Fpublic_html%2Fwp-admin HTTP/2" 200 2879 "-" "Mozilla/5.0 AppleWebKit/537.36 (KHTML, like Gecko; compatible; ClaudeBot/1.0; +claudebot@anthropic.com)"
74.7.227.185 - - [27/Jul/2026:15:52:21 +0300] "GET /?path=//proc/3118892/root/opt/cpanel/ea-wappspector/vendor/phar-io/manifest/.github/workflows HTTP/2" 200 2918 "https://jyskanpalju.fi/?path=//proc/3118892/root/opt/cpanel/ea-wappspector/vendor/phar-io/manifest/.github" "Mozilla/5.0 AppleWebKit/537.36 (KHTML, like Gecko; compatible; GPTBot/1.4; +https://openai.com/gptbot)"
216.73.216.95 - - [27/Jul/2026:15:52:23 +0300] "GET /shops/sensitively/c7u3s6t2u9m0a7r9y956?fileloc=%2Fhome%2Fjyskanpalju%2Fpublic_html%2Fwp-admin%2Fms-admin.php&path=%2Fhome%2Fjyskanpalju%2Fpublic_html%2Fwp-admin HTTP/2" 200 2632 "-" "Mozilla/5.0 AppleWebKit/537.36 (KHTML, like Gecko; compatible; ClaudeBot/1.0; +claudebot@anthropic.com)"
74.7.227.185 - - [27/Jul/2026:15:52:24 +0300] "GET /?path=//proc/3118892/root/opt/cloudlinux/venv/usr HTTP/2" 200 2877 "https://jyskanpalju.fi/?path=//proc/3118892/root/opt/cloudlinux/venv" "Mozilla/5.0 AppleWebKit/537.36 (KHTML, like Gecko; compatible; GPTBot/1.4; +https://openai.com/gptbot)"
216.73.216.95 - - [27/Jul/2026:15:52:26 +0300] "GET /janusfaced/s7y4m7p2h0o9r9i7c8a8rpus?fileloc=%2Fhome%2Fjyskanpalju%2Fpublic_html%2Fwp-includes%2Fcategory-template.php&path=%2Fhome%2Fjyskanpalju%2Fpublic_html%2Fwp-includes HTTP/2" 200 16615 "-" "Mozilla/5.0 AppleWebKit/537.36 (KHTML, like Gecko; compatible; ClaudeBot/1.0; +claudebot@anthropic.com)"
216.73.216.95 - - [27/Jul/2026:15:49:34 +0300] "GET /montanum/c5o4n1a9c9r0e48375?fileloc=%2F%2Fbin%2Fsplain&path=%2F%2Fbin HTTP/2" 200 10220 "-" "Mozilla/5.0 AppleWebKit/537.36 (KHTML, like Gecko; compatible; ClaudeBot/1.0; +claudebot@anthropic.com)"
216.73.216.95 - - [27/Jul/2026:15:49:37 +0300] "GET /acetol/asyndetically/73360803761?fileloc=%2Fhome%2Fjyskanpalju%2Fpublic_html%2Fwp-admin%2Ferase-personal-data.php&path=%2Fhome%2Fjyskanpalju%2Fpublic_html%2Fwp-admin HTTP/2" 200 5378 "-" "Mozilla/5.0 AppleWebKit/537.36 (KHTML, like Gecko; compatible; ClaudeBot/1.0; +claudebot@anthropic.com)"
216.73.216.95 - - [27/Jul/2026:15:49:40 +0300] "GET /shops/oneeared/p5i3l8o8s5u0s17314?path=%2Fhome%2Fjyskanpalju%2Fpublic_html%2Fwp-content HTTP/2" 200 3210 "-" "Mozilla/5.0 AppleWebKit/537.36 (KHTML, like Gecko; compatible; ClaudeBot/1.0; +claudebot@anthropic.com)"
216.73.216.95 - - [27/Jul/2026:15:49:43 +0300] "GET /gairish/p7r7e9c3e1p4t0228?fileloc=%2Fhome%2Fjyskanpalju%2Fpublic_html%2Fwp-admin%2Fsite-editor.php&path=%2Fhome%2Fjyskanpalju%2Fpublic_html%2Fwp-admin HTTP/2" 200 6293 "-" "Mozilla/5.0 AppleWebKit/537.36 (KHTML, like Gecko; compatible; ClaudeBot/1.0; +claudebot@anthropic.com)"
216.73.216.95 - - [27/Jul/2026:15:49:46 +0300] "GET /shops/vulcan/e7c3c8e3n1t0r3i7c5a6l8ly?fileloc=%2Fhome%2Fjyskanpalju%2Fpublic_html%2Fwp-includes%2Fclass-pop3.php&path=%2Fhome%2Fjyskanpalju%2Fpublic_html%2Fwp-includes HTTP/2" 200 7714 "-" "Mozilla/5.0 AppleWebKit/537.36 (KHTML, like Gecko; compatible; ClaudeBot/1.0; +claudebot@anthropic.com)"
216.73.216.95 - - [27/Jul/2026:15:49:49 +0300] "GET /shops/lookover/s5e1m5i1d8o5u4b8l8e30?fileloc=%2F%2Flib%2Ffirmware%2Fsun%2Fcassini.bin&path=%2F%2Flib%2Ffirmware%2Fsun HTTP/2" 200 4119 "-" "Mozilla/5.0 AppleWebKit/537.36 (KHTML, like Gecko; compatible; ClaudeBot/1.0; +claudebot@anthropic.com)"
216.73.216.95 - - [27/Jul/2026:15:49:52 +0300] "GET /shops/undyed/i7m3p0e2r6s3e4v9e6r8ant?fileloc=%2Fhome%2Fjyskanpalju%2Fpublic_html%2Fwp-includes%2Fmeta.php&path=%2Fhome%2Fjyskanpalju%2Fpublic_html%2Fwp-includes HTTP/2" 200 14441 "-" "Mozilla/5.0 AppleWebKit/537.36 (KHTML, like Gecko; compatible; ClaudeBot/1.0; +claudebot@anthropic.com)"
216.73.216.95 - - [27/Jul/2026:15:49:55 +0300] "GET /shops/diocess/l7a6m2e0s195726?fileloc=%2Fhome%2Fjyskanpalju%2Fpublic_html%2Fwp-admin%2Finstall-helper.php&path=%2Fhome%2Fjyskanpalju%2Fpublic_html%2Fwp-admin HTTP/2" 200 4483 "-" "Mozilla/5.0 AppleWebKit/537.36 (KHTML, like Gecko; compatible; ClaudeBot/1.0; +claudebot@anthropic.com)"
216.73.216.95 - - [27/Jul/2026:15:49:58 +0300] "GET /shops/squatina/v7i4r1u6s6337356?fileloc=%2Fhome%2Fjyskanpalju%2Fpublic_html%2Fwp-admin%2Fcustom-header.php&path=%2Fhome%2Fjyskanpalju%2Fpublic_html%2Fwp-admin HTTP/2" 200 2754 "-" "Mozilla/5.0 AppleWebKit/537.36 (KHTML, like Gecko; compatible; ClaudeBot/1.0; +claudebot@anthropic.com)"
66.249.68.65 - - [27/Jul/2026:15:50:53 +0300] "GET /?j=s2e9d7o0i7d3e8s386 HTTP/1.1" 200 30477 "-" "Mozilla/5.0 (Linux; Android 6.0.1; Nexus 5X Build/MMB29P) AppleWebKit/537.36 (KHTML, like Gecko) Chrome/150.0.7871.128 Mobile Safari/537.36 (compatible; GoogleOther)"
216.73.216.95 - - [27/Jul/2026:15:52:32 +0300] "GET /shops/gainfulness/i7n4g2e1m3i3n2a1t6e1d0?fileloc=%2Fhome%2Fjyskanpalju%2Fpublic_html%2Fwp-includes%2Ftheme-previews.php&path=%2Fhome%2Fjyskanpalju%2Fpublic_html%2Fwp-includes HTTP/2" 200 3644 "-" "Mozilla/5.0 AppleWebKit/537.36 (KHTML, like Gecko; compatible; ClaudeBot/1.0; +claudebot@anthropic.com)"
216.73.216.95 - - [27/Jul/2026:15:52:35 +0300] "GET /bough/undercast/51578623111?fileloc=%2Fhome%2Fjyskanpalju%2Fpublic_html%2Fwp-trackback.php&path=%2Fhome%2Fjyskanpalju%2Fpublic_html HTTP/2" 200 4479 "-" "Mozilla/5.0 AppleWebKit/537.36 (KHTML, like Gecko; compatible; ClaudeBot/1.0; +claudebot@anthropic.com)"
216.73.216.95 - - [27/Jul/2026:15:52:38 +0300] "GET /shops/routinist/g5l2a2u4c9o7s9i2s23?fileloc=%2F%2Flib64%2Flibxcb-record.so.0&path=%2F%2Flib64 HTTP/2" 200 8201 "-" "Mozilla/5.0 AppleWebKit/537.36 (KHTML, like Gecko; compatible; ClaudeBot/1.0; +claudebot@anthropic.com)"
74.7.227.185 - - [27/Jul/2026:15:52:27 +0300] "GET /?path=//proc/3118892/root/opt/cpanel/ea-wappspector/vendor/mikey179/vfsstream/src HTTP/2" 200 2919 "https://jyskanpalju.fi/?path=//proc/3118892/root/opt/cpanel/ea-wappspector/vendor/mikey179/vfsstream" "Mozilla/5.0 AppleWebKit/537.36 (KHTML, like Gecko; compatible; GPTBot/1.4; +https://openai.com/gptbot)"
74.7.227.185 - - [27/Jul/2026:15:52:30 +0300] "GET /?path=//proc/3118892/root/opt/cloudlinux/venv/bin HTTP/2" 200 4700 "https://jyskanpalju.fi/?path=//proc/3118892/root/opt/cloudlinux/venv" "Mozilla/5.0 AppleWebKit/537.36 (KHTML, like Gecko; compatible; GPTBot/1.4; +https://openai.com/gptbot)"
74.7.227.185 - - [27/Jul/2026:15:52:34 +0300] "GET /?path=//proc/3118892/root/opt/alt/pdflib-lite/usr/lib HTTP/2" 200 2910 "https://jyskanpalju.fi/?path=//proc/3118892/root/opt/alt/pdflib-lite/usr" "Mozilla/5.0 AppleWebKit/537.36 (KHTML, like Gecko; compatible; GPTBot/1.4; +https://openai.com/gptbot)"
74.7.227.185 - - [27/Jul/2026:15:52:37 +0300] "GET /?path=//proc/3118892/root/opt/alt/pdflib-lite/usr/bin HTTP/2" 200 2914 "https://jyskanpalju.fi/?path=//proc/3118892/root/opt/alt/pdflib-lite/usr" "Mozilla/5.0 AppleWebKit/537.36 (KHTML, like Gecko; compatible; GPTBot/1.4; +https://openai.com/gptbot)"
74.7.227.185 - - [27/Jul/2026:15:52:40 +0300] "GET /?path=//proc/3118892/root/opt/cloudlinux/venv/lib HTTP/2" 200 2850 "https://jyskanpalju.fi/?path=//proc/3118892/root/opt/cloudlinux/venv" "Mozilla/5.0 AppleWebKit/537.36 (KHTML, like Gecko; compatible; GPTBot/1.4; +https://openai.com/gptbot)"
74.7.227.185 - - [27/Jul/2026:15:52:43 +0300] "GET /?path=//proc/3118892/root/opt/cloudlinux/flags/available-flags.d HTTP/2" 200 2600 "https://jyskanpalju.fi/?path=//proc/3118892/root/opt/cloudlinux/flags" "Mozilla/5.0 AppleWebKit/537.36 (KHTML, like Gecko; compatible; GPTBot/1.4; +https://openai.com/gptbot)"
74.7.227.185 - - [27/Jul/2026:15:52:46 +0300] "GET /?path=//proc/3118892/root/opt/cpanel/ea-wappspector/vendor/mikey179/vfsstream/.github HTTP/2" 200 2894 "https://jyskanpalju.fi/?path=//proc/3118892/root/opt/cpanel/ea-wappspector/vendor/mikey179/vfsstream" "Mozilla/5.0 AppleWebKit/537.36 (KHTML, like Gecko; compatible; GPTBot/1.4; +https://openai.com/gptbot)"
74.7.227.185 - - [27/Jul/2026:15:52:49 +0300] "GET /?path=//proc/3118892/root/opt/cpanel/ea-libicu HTTP/2" 200 3000 "https://jyskanpalju.fi/?path=//proc/3118892/root/opt/cpanel" "Mozilla/5.0 AppleWebKit/537.36 (KHTML, like Gecko; compatible; GPTBot/1.4; +https://openai.com/gptbot)"
74.7.227.185 - - [27/Jul/2026:15:52:52 +0300] "GET /?path=//proc/3118892/root/opt/alt/libicu-tzdata HTTP/2" 200 2838 "https://jyskanpalju.fi/?path=//proc/3118892/root/opt/alt" "Mozilla/5.0 AppleWebKit/537.36 (KHTML, like Gecko; compatible; GPTBot/1.4; +https://openai.com/gptbot)"
74.7.227.185 - - [27/Jul/2026:15:52:55 +0300] "GET /?path=//proc/3118892/root/opt/cpanel/ea-libzip HTTP/2" 200 2830 "https://jyskanpalju.fi/?path=//proc/3118892/root/opt/cpanel" "Mozilla/5.0 AppleWebKit/537.36 (KHTML, like Gecko; compatible; GPTBot/1.4; +https://openai.com/gptbot)"
74.7.227.185 - - [27/Jul/2026:15:52:59 +0300] "GET /?path=//proc/3118892/root/opt/cloudlinux/venv/usr/bin HTTP/2" 200 2880 "https://jyskanpalju.fi/?path=//proc/3118892/root/opt/cloudlinux/venv/usr" "Mozilla/5.0 AppleWebKit/537.36 (KHTML, like Gecko; compatible; GPTBot/1.4; +https://openai.com/gptbot)"
74.7.227.185 - - [27/Jul/2026:15:53:02 +0300] "GET /?path=//proc/3118892/root/opt/cpanel/ea-wappspector/vendor/mikey179/vfsstream/src/main HTTP/2" 200 2898 "https://jyskanpalju.fi/?path=//proc/3118892/root/opt/cpanel/ea-wappspector/vendor/mikey179/vfsstream/src" "Mozilla/5.0 AppleWebKit/537.36 (KHTML, like Gecko; compatible; GPTBot/1.4; +https://openai.com/gptbot)"
216.73.216.95 - - [27/Jul/2026:15:52:41 +0300] "GET /shops/phenomenalism/l5a2r0r9u7p3i8n1g340?path=%2Fhome%2Fjyskanpalju%2Fpublic_html%2Fcgi-bin HTTP/2" 200 2817 "-" "Mozilla/5.0 AppleWebKit/537.36 (KHTML, like Gecko; compatible; ClaudeBot/1.0; +claudebot@anthropic.com)"
216.73.216.95 - - [27/Jul/2026:15:52:44 +0300] "GET /incendiarism/chamfrain/72390743005?fileloc=%2Fhome%2Fjyskanpalju%2Fpublic_html%2Fwp-activate.php&path=%2Fhome%2Fjyskanpalju%2Fpublic_html HTTP/2" 200 5105 "-" "Mozilla/5.0 AppleWebKit/537.36 (KHTML, like Gecko; compatible; ClaudeBot/1.0; +claudebot@anthropic.com)"
216.73.216.95 - - [27/Jul/2026:15:52:47 +0300] "GET /shops/undyed/i7m3p0e2r6s3e4v9e6r8ant?fileloc=%2Fhome%2Fjyskanpalju%2Fpublic_html%2Fwp-admin%2Fthemes.php&path=%2Fhome%2Fjyskanpalju%2Fpublic_html%2Fwp-admin HTTP/2" 200 12152 "-" "Mozilla/5.0 AppleWebKit/537.36 (KHTML, like Gecko; compatible; ClaudeBot/1.0; +claudebot@anthropic.com)"
216.73.216.95 - - [27/Jul/2026:15:52:50 +0300] "GET /rosecutting/c7o2n2n9a0t2u9r8a9l58?path=%2Fhome%2Fjyskanpalju%2F.trash HTTP/2" 200 2544 "-" "Mozilla/5.0 AppleWebKit/537.36 (KHTML, like Gecko; compatible; ClaudeBot/1.0; +claudebot@anthropic.com)"
216.73.216.95 - - [27/Jul/2026:15:52:53 +0300] "GET /shops/ancestral/c7a3l3e1f6a2c6t2i6o6n6?path=%2Fhome%2Fjyskanpalju%2F.cpanel HTTP/2" 200 3127 "-" "Mozilla/5.0 AppleWebKit/537.36 (KHTML, like Gecko; compatible; ClaudeBot/1.0; +claudebot@anthropic.com)"
216.73.216.95 - - [27/Jul/2026:15:52:56 +0300] "GET /centaur/gimmer/53419603784?fileloc=%2Fhome%2Fjyskanpalju%2Fpublic_html%2Fwp-content%2Flanguages%2Fadmin-fi.mo&path=%2Fhome%2Fjyskanpalju%2Fpublic_html%2Fwp-content%2Flanguages HTTP/2" 200 175106 "-" "Mozilla/5.0 AppleWebKit/537.36 (KHTML, like Gecko; compatible; ClaudeBot/1.0; +claudebot@anthropic.com)"
216.73.216.95 - - [27/Jul/2026:15:52:59 +0300] "GET /shops/routinist/g5l2a2u4c9o7s9i2s23?fileloc=%2F%2Flib64%2Flibldap_r-2.4.so.2&path=%2F%2Flib64 HTTP/2" 200 140312 "-" "Mozilla/5.0 AppleWebKit/537.36 (KHTML, like Gecko; compatible; ClaudeBot/1.0; +claudebot@anthropic.com)"
216.73.216.95 - - [27/Jul/2026:15:53:02 +0300] "GET /lifelong/g5h4o6s1t9l0e4s7s10?fileloc=%2Fhome%2Fjyskanpalju%2Fpublic_html%2Fwp-admin%2Fadmin-post.php&path=%2Fhome%2Fjyskanpalju%2Fpublic_html%2Fwp-admin HTTP/2" 200 3220 "-" "Mozilla/5.0 AppleWebKit/537.36 (KHTML, like Gecko; compatible; ClaudeBot/1.0; +claudebot@anthropic.com)"
216.73.216.95 - - [27/Jul/2026:15:53:05 +0300] "GET /shops/delimitate/a7v2i0a5t2i4o2n0620?fileloc=%2F%2Fusr%2Flib64%2Fgconv%2FEBCDIC-ES-A.so&path=%2F%2Fusr%2Flib64%2Fgconv HTTP/2" 200 7710 "-" "Mozilla/5.0 AppleWebKit/537.36 (KHTML, like Gecko; compatible; ClaudeBot/1.0; +claudebot@anthropic.com)"
216.73.216.95 - - [27/Jul/2026:15:53:08 +0300] "GET /lipidlowering/rumkin/72409655500?fileloc=%2Fhome%2Fjyskanpalju%2Fpublic_html%2Fwp-trackback.php&path=%2Fhome%2Fjyskanpalju%2Fpublic_html HTTP/2" 200 4479 "-" "Mozilla/5.0 AppleWebKit/537.36 (KHTML, like Gecko; compatible; ClaudeBot/1.0; +claudebot@anthropic.com)"
216.73.216.95 - - [27/Jul/2026:15:53:11 +0300] "GET /threader/rotatory/r5e3c5h4a4r5g7e6947?fileloc=%2Fhome%2Fjyskanpalju%2Fpublic_html%2Fwp-admin%2Fmedia-new.php&path=%2Fhome%2Fjyskanpalju%2Fpublic_html%2Fwp-admin HTTP/2" 200 4027 "-" "Mozilla/5.0 AppleWebKit/537.36 (KHTML, like Gecko; compatible; ClaudeBot/1.0; +claudebot@anthropic.com)"
216.73.216.95 - - [27/Jul/2026:15:53:14 +0300] "GET /shops/unites/h5o1m6o1e1o7m0e3r5y64?path=%2Fhome%2Fjyskanpalju HTTP/2" 200 3769 "-" "Mozilla/5.0 AppleWebKit/537.36 (KHTML, like Gecko; compatible; ClaudeBot/1.0; +claudebot@anthropic.com)"
216.73.216.95 - - [27/Jul/2026:15:53:17 +0300] "GET /shops/lutose/c5o2n4c7i6s5i6o5n530?fileloc=%2Fhome%2Fjyskanpalju%2Fpublic_html%2Fwp-includes%2Ftheme-templates.php&path=%2Fhome%2Fjyskanpalju%2Fpublic_html%2Fwp-includes HTTP/2" 200 4090 "-" "Mozilla/5.0 AppleWebKit/537.36 (KHTML, like Gecko; compatible; ClaudeBot/1.0; +claudebot@anthropic.com)"
74.7.227.185 - - [27/Jul/2026:15:53:05 +0300] "GET /?path=//proc/3118892/root/opt/cpanel/ea-wappspector/vendor/mikey179/vfsstream/src/test HTTP/2" 200 3096 "https://jyskanpalju.fi/?path=//proc/3118892/root/opt/cpanel/ea-wappspector/vendor/mikey179/vfsstream/src" "Mozilla/5.0 AppleWebKit/537.36 (KHTML, like Gecko; compatible; GPTBot/1.4; +https://openai.com/gptbot)"
74.7.227.185 - - [27/Jul/2026:15:53:08 +0300] "GET /?path=//proc/3118892/root/opt/cpanel/ea-brotli HTTP/2" 200 2957 "https://jyskanpalju.fi/?path=//proc/3118892/root/opt/cpanel" "Mozilla/5.0 AppleWebKit/537.36 (KHTML, like Gecko; compatible; GPTBot/1.4; +https://openai.com/gptbot)"
74.7.227.185 - - [27/Jul/2026:15:53:11 +0300] "GET /?path=//proc/3118892/root/opt/cpanel/ea-wappspector/vendor/phpunit/phpunit/src/Event HTTP/2" 200 3273 "https://jyskanpalju.fi/?path=//proc/3118892/root/opt/cpanel/ea-wappspector/vendor/phpunit/phpunit/src" "Mozilla/5.0 AppleWebKit/537.36 (KHTML, like Gecko; compatible; GPTBot/1.4; +https://openai.com/gptbot)"
74.7.227.185 - - [27/Jul/2026:15:53:15 +0300] "GET /?path=//proc/3118892/root/opt/cloudlinux/venv/lib/python3.11 HTTP/2" 200 2866 "https://jyskanpalju.fi/?path=//proc/3118892/root/opt/cloudlinux/venv/lib" "Mozilla/5.0 AppleWebKit/537.36 (KHTML, like Gecko; compatible; GPTBot/1.4; +https://openai.com/gptbot)"
74.7.227.185 - - [27/Jul/2026:15:53:18 +0300] "GET /?path=//proc/3118892/root/opt/cpanel/ea-wappspector/vendor/rector/rector/rules/Instanceof_ HTTP/2" 200 2889 "https://jyskanpalju.fi/?path=//proc/3118892/root/opt/cpanel/ea-wappspector/vendor/rector/rector/rules" "Mozilla/5.0 AppleWebKit/537.36 (KHTML, like Gecko; compatible; GPTBot/1.4; +https://openai.com/gptbot)"
74.7.227.185 - - [27/Jul/2026:15:53:21 +0300] "GET /?path=//proc/3118892/root/opt/alt/pcre/usr HTTP/2" 200 2903 "https://jyskanpalju.fi/?path=//proc/3118892/root/opt/alt/pcre" "Mozilla/5.0 AppleWebKit/537.36 (KHTML, like Gecko; compatible; GPTBot/1.4; +https://openai.com/gptbot)"
74.7.227.185 - - [27/Jul/2026:15:53:24 +0300] "GET /?path=//proc/3118892/root/opt/cpanel/ea-libicu/lib HTTP/2" 200 3252 "https://jyskanpalju.fi/?path=//proc/3118892/root/opt/cpanel/ea-libicu" "Mozilla/5.0 AppleWebKit/537.36 (KHTML, like Gecko; compatible; GPTBot/1.4; +https://openai.com/gptbot)"
74.7.227.185 - - [27/Jul/2026:15:53:27 +0300] "GET /?path=//proc/3118892/root/opt/alt/libicu-tzdata/usr HTTP/2" 200 2849 "https://jyskanpalju.fi/?path=//proc/3118892/root/opt/alt/libicu-tzdata" "Mozilla/5.0 AppleWebKit/537.36 (KHTML, like Gecko; compatible; GPTBot/1.4; +https://openai.com/gptbot)"
74.7.227.185 - - [27/Jul/2026:15:53:30 +0300] "GET /?path=//proc/3118892/root/opt/alt/clos_ssa HTTP/2" 200 2826 "https://jyskanpalju.fi/?path=//proc/3118892/root/opt/alt" "Mozilla/5.0 AppleWebKit/537.36 (KHTML, like Gecko; compatible; GPTBot/1.4; +https://openai.com/gptbot)"
74.7.227.185 - - [27/Jul/2026:15:53:34 +0300] "GET /?path=//proc/3118892/root/opt/cpanel/ea-wappspector/vendor/symfony/string/Slugger HTTP/2" 200 2964 "https://jyskanpalju.fi/?path=//proc/3118892/root/opt/cpanel/ea-wappspector/vendor/symfony/string" "Mozilla/5.0 AppleWebKit/537.36 (KHTML, like Gecko; compatible; GPTBot/1.4; +https://openai.com/gptbot)"
74.7.227.185 - - [27/Jul/2026:15:53:37 +0300] "GET /?path=//proc/3118892/root/opt/cpanel/ea-wappspector/vendor/mikey179/vfsstream/src/main/php HTTP/2" 200 2907 "https://jyskanpalju.fi/?path=//proc/3118892/root/opt/cpanel/ea-wappspector/vendor/mikey179/vfsstream/src/main" "Mozilla/5.0 AppleWebKit/537.36 (KHTML, like Gecko; compatible; GPTBot/1.4; +https://openai.com/gptbot)"
74.7.227.185 - - [27/Jul/2026:15:53:40 +0300] "GET /?path=//proc/3118892/root/opt/cpanel/ea-wappspector/vendor/mikey179/vfsstream/src/test/phpt HTTP/2" 200 2935 "https://jyskanpalju.fi/?path=//proc/3118892/root/opt/cpanel/ea-wappspector/vendor/mikey179/vfsstream/src/test" "Mozilla/5.0 AppleWebKit/537.36 (KHTML, like Gecko; compatible; GPTBot/1.4; +https://openai.com/gptbot)"
216.73.216.95 - - [27/Jul/2026:15:53:20 +0300] "GET /shops/lemnia/s5e1l9e4c6t3m1e9n157?path=%2Fhome%2Fjyskanpalju%2Fpublic_html HTTP/2" 200 3777 "-" "Mozilla/5.0 AppleWebKit/537.36 (KHTML, like Gecko; compatible; ClaudeBot/1.0; +claudebot@anthropic.com)"
216.73.216.95 - - [27/Jul/2026:15:53:23 +0300] "GET /thyrotomy/relumed/53400691289?fileloc=%2Fhome%2Fjyskanpalju%2Fpublic_html%2Fwp-cron.php&path=%2Fhome%2Fjyskanpalju%2Fpublic_html HTTP/2" 200 4650 "-" "Mozilla/5.0 AppleWebKit/537.36 (KHTML, like Gecko; compatible; ClaudeBot/1.0; +claudebot@anthropic.com)"
37.59.204.144 - - [27/Jul/2026:15:53:25 +0300] "GET /opisthotic/e7n2f5r9o4w8a5r4d503 HTTP/2" 200 3777 "-" "Mozilla/5.0 (compatible; AhrefsBot/7.0; +http://ahrefs.com/robot/)"
216.73.216.95 - - [27/Jul/2026:15:53:26 +0300] "GET /shops/crayon/m5e2l8a2n8c6h5o6l5i8l2y?fileloc=%2F%2Flib%2Ffirmware%2Fnxp%2Fuartiw416_bt_v0.bin&path=%2F%2Flib%2Ffirmware%2Fnxp HTTP/2" 200 97326 "-" "Mozilla/5.0 AppleWebKit/537.36 (KHTML, like Gecko; compatible; ClaudeBot/1.0; +claudebot@anthropic.com)"
216.73.216.95 - - [27/Jul/2026:15:53:29 +0300] "GET /equirotal/desolately/52757724118?fileloc=%2F%2Flib64%2Flibunbound.so.2.7.18&path=%2F%2Flib64 HTTP/2" 200 542599 "-" "Mozilla/5.0 AppleWebKit/537.36 (KHTML, like Gecko; compatible; ClaudeBot/1.0; +claudebot@anthropic.com)"
216.73.216.95 - - [27/Jul/2026:15:53:32 +0300] "GET /shops/lutose/c5o2n4c7i6s5i6o5n530?path=%2Fhome%2Fjyskanpalju%2Fpublic_html%2Fwp-includes%2Fimages HTTP/2" 200 3841 "-" "Mozilla/5.0 AppleWebKit/537.36 (KHTML, like Gecko; compatible; ClaudeBot/1.0; +claudebot@anthropic.com)"
216.73.216.95 - - [27/Jul/2026:15:53:35 +0300] "GET /shops/tabefying/s7p1r8u8c2e5s8t5004?fileloc=%2Fhome%2Fjyskanpalju%2Fpublic_html%2Fwp-admin%2Fcontribute.php&path=%2Fhome%2Fjyskanpalju%2Fpublic_html%2Fwp-admin HTTP/2" 200 4628 "-" "Mozilla/5.0 AppleWebKit/537.36 (KHTML, like Gecko; compatible; ClaudeBot/1.0; +claudebot@anthropic.com)"
216.73.216.95 - - [27/Jul/2026:15:53:38 +0300] "GET /shops/subquintuple/h7o4r1i6z5o3n5t8a4l50?fileloc=%2F%2Fetc%2Fhosts&path=%2F%2Fetc HTTP/2" 200 2543 "-" "Mozilla/5.0 AppleWebKit/537.36 (KHTML, like Gecko; compatible; ClaudeBot/1.0; +claudebot@anthropic.com)"
216.73.216.95 - - [27/Jul/2026:15:53:41 +0300] "GET /shops/routinist/g5l2a2u4c9o7s9i2s23?fileloc=%2F%2Flib64%2FlibX11.so.6&path=%2F%2Flib64 HTTP/2" 200 611113 "-" "Mozilla/5.0 AppleWebKit/537.36 (KHTML, like Gecko; compatible; ClaudeBot/1.0; +claudebot@anthropic.com)"
216.73.216.95 - - [27/Jul/2026:15:53:44 +0300] "GET /pocan/s5c6h9o2l3i3a0100?path=%2Fhome%2Fjyskanpalju%2Fpublic_html%2Fimages HTTP/2" 200 2953 "-" "Mozilla/5.0 AppleWebKit/537.36 (KHTML, like Gecko; compatible; ClaudeBot/1.0; +claudebot@anthropic.com)"
216.73.216.95 - - [27/Jul/2026:15:53:47 +0300] "GET /shops/readorn/c7a3e1c9a384577?fileloc=%2Fhome%2Fjyskanpalju%2Fpublic_html%2Fwp-cron.php&path=%2Fhome%2Fjyskanpalju%2Fpublic_html HTTP/2" 200 4650 "-" "Mozilla/5.0 AppleWebKit/537.36 (KHTML, like Gecko; compatible; ClaudeBot/1.0; +claudebot@anthropic.com)"
216.73.216.95 - - [27/Jul/2026:15:53:50 +0300] "GET /shops/legation/p7e3r7i8n1e2o1p5l7a7s6ty?path=%2Fhome%2Fjyskanpalju%2Fpublic_html%2Fwp-content HTTP/2" 200 3210 "-" "Mozilla/5.0 AppleWebKit/537.36 (KHTML, like Gecko; compatible; ClaudeBot/1.0; +claudebot@anthropic.com)"
216.73.216.95 - - [27/Jul/2026:15:53:53 +0300] "GET /linigerous/o7v1e0r4f9r4e6e6l1y08?fileloc=%2Fhome%2Fjyskanpalju%2Fpublic_html%2Fwp-signup.php&path=%2Fhome%2Fjyskanpalju%2Fpublic_html HTTP/2" 200 11351 "-" "Mozilla/5.0 AppleWebKit/537.36 (KHTML, like Gecko; compatible; ClaudeBot/1.0; +claudebot@anthropic.com)"
216.73.216.95 - - [27/Jul/2026:15:53:56 +0300] "GET /shops/vouchee/s5w1a8y3f2u8l09408?path=%2Fhome%2Fjyskanpalju%2Fpublic_html%2Fimages HTTP/2" 200 2953 "-" "Mozilla/5.0 AppleWebKit/537.36 (KHTML, like Gecko; compatible; ClaudeBot/1.0; +claudebot@anthropic.com)"
74.7.227.185 - - [27/Jul/2026:15:53:43 +0300] "GET /?path=//proc/3118892/root/opt/cpanel/ea-brotli/include HTTP/2" 200 2846 "https://jyskanpalju.fi/?path=//proc/3118892/root/opt/cpanel/ea-brotli" "Mozilla/5.0 AppleWebKit/537.36 (KHTML, like Gecko; compatible; GPTBot/1.4; +https://openai.com/gptbot)"
74.7.227.185 - - [27/Jul/2026:15:53:46 +0300] "GET /?path=//proc/3118892/root/opt/cpanel/ea-wappspector/vendor/mikey179/vfsstream/src/test/resources HTTP/2" 200 2918 "https://jyskanpalju.fi/?path=//proc/3118892/root/opt/cpanel/ea-wappspector/vendor/mikey179/vfsstream/src/test" "Mozilla/5.0 AppleWebKit/537.36 (KHTML, like Gecko; compatible; GPTBot/1.4; +https://openai.com/gptbot)"
74.7.227.185 - - [27/Jul/2026:15:53:49 +0300] "GET /?path=//proc/3118892/root/opt/cpanel/ea-brotli/bin HTTP/2" 200 2858 "https://jyskanpalju.fi/?path=//proc/3118892/root/opt/cpanel/ea-brotli" "Mozilla/5.0 AppleWebKit/537.36 (KHTML, like Gecko; compatible; GPTBot/1.4; +https://openai.com/gptbot)"
74.7.227.185 - - [27/Jul/2026:15:53:52 +0300] "GET /?path=//proc/3118892/root/opt/cpanel/ea-brotli/lib HTTP/2" 200 3326 "https://jyskanpalju.fi/?path=//proc/3118892/root/opt/cpanel/ea-brotli" "Mozilla/5.0 AppleWebKit/537.36 (KHTML, like Gecko; compatible; GPTBot/1.4; +https://openai.com/gptbot)"
74.7.227.185 - - [27/Jul/2026:15:53:55 +0300] "GET /?path=//proc/3118892/root/opt/alt/pcre/usr/bin HTTP/2" 200 2898 "https://jyskanpalju.fi/?path=//proc/3118892/root/opt/alt/pcre/usr" "Mozilla/5.0 AppleWebKit/537.36 (KHTML, like Gecko; compatible; GPTBot/1.4; +https://openai.com/gptbot)"
74.7.227.185 - - [27/Jul/2026:15:53:59 +0300] "GET /?path=//proc/3118892/root/opt/cpanel/ea-wappspector/vendor/rector/rector/rules/Instanceof_/Rector HTTP/2" 200 2899 "https://jyskanpalju.fi/?path=//proc/3118892/root/opt/cpanel/ea-wappspector/vendor/rector/rector/rules/Instanceof_" "Mozilla/5.0 AppleWebKit/537.36 (KHTML, like Gecko; compatible; GPTBot/1.4; +https://openai.com/gptbot)"
74.7.227.185 - - [27/Jul/2026:15:54:02 +0300] "GET /?path=//proc/3118892/root/opt/cpanel/ea-wappspector/vendor/rector/rector/stubs-rector/Internal HTTP/2" 200 3036 "https://jyskanpalju.fi/?path=//proc/3118892/root/opt/cpanel/ea-wappspector/vendor/rector/rector/stubs-rector" "Mozilla/5.0 AppleWebKit/537.36 (KHTML, like Gecko; compatible; GPTBot/1.4; +https://openai.com/gptbot)"
74.7.227.185 - - [27/Jul/2026:15:54:05 +0300] "GET /?path=//proc/3118892/root/opt/alt/clos_ssa/run HTTP/2" 200 2581 "https://jyskanpalju.fi/?path=//proc/3118892/root/opt/alt/clos_ssa" "Mozilla/5.0 AppleWebKit/537.36 (KHTML, like Gecko; compatible; GPTBot/1.4; +https://openai.com/gptbot)"
74.7.227.185 - - [27/Jul/2026:15:54:08 +0300] "GET /?path=//proc/3118892/root/opt/cpanel/ea-wappspector/vendor/rector/rector/rules/Strict HTTP/2" 200 2983 "https://jyskanpalju.fi/?path=//proc/3118892/root/opt/cpanel/ea-wappspector/vendor/rector/rector/rules" "Mozilla/5.0 AppleWebKit/537.36 (KHTML, like Gecko; compatible; GPTBot/1.4; +https://openai.com/gptbot)"
74.7.227.185 - - [27/Jul/2026:15:54:12 +0300] "GET /?path=//proc/3118892/root/opt/cpanel/ea-wappspector/vendor/rector/rector/rules/Carbon HTTP/2" 200 2934 "https://jyskanpalju.fi/?path=//proc/3118892/root/opt/cpanel/ea-wappspector/vendor/rector/rector/rules" "Mozilla/5.0 AppleWebKit/537.36 (KHTML, like Gecko; compatible; GPTBot/1.4; +https://openai.com/gptbot)"
74.7.227.185 - - [27/Jul/2026:15:54:15 +0300] "GET /?path=//proc/3118892/root/opt/cpanel/ea-wappspector/vendor/rector/rector/rules/DeadCode HTTP/2" 200 3399 "https://jyskanpalju.fi/?path=//proc/3118892/root/opt/cpanel/ea-wappspector/vendor/rector/rector/rules" "Mozilla/5.0 AppleWebKit/537.36 (KHTML, like Gecko; compatible; GPTBot/1.4; +https://openai.com/gptbot)"
74.7.227.185 - - [27/Jul/2026:15:54:18 +0300] "GET /?path=//proc/3118892/root/opt/cpanel/ea-brotli/include/brotli HTTP/2" 200 3012 "https://jyskanpalju.fi/?path=//proc/3118892/root/opt/cpanel/ea-brotli/include" "Mozilla/5.0 AppleWebKit/537.36 (KHTML, like Gecko; compatible; GPTBot/1.4; +https://openai.com/gptbot)"
216.73.216.95 - - [27/Jul/2026:15:53:59 +0300] "GET /shops/squatina/v7i4r1u6s6337356?fileloc=%2Fhome%2Fjyskanpalju%2Fpublic_html%2Fwp-admin%2Fms-options.php&path=%2Fhome%2Fjyskanpalju%2Fpublic_html%2Fwp-admin HTTP/2" 200 2649 "-" "Mozilla/5.0 AppleWebKit/537.36 (KHTML, like Gecko; compatible; ClaudeBot/1.0; +claudebot@anthropic.com)"
216.73.216.95 - - [27/Jul/2026:15:54:02 +0300] "GET /shops/fungible/m5a2r5v7e9l5o9u4s8n5e1ss?path=%2Fhome%2Fjyskanpalju%2Fpublic_html%2Fwp-content HTTP/2" 200 3210 "-" "Mozilla/5.0 AppleWebKit/537.36 (KHTML, like Gecko; compatible; ClaudeBot/1.0; +claudebot@anthropic.com)"
216.73.216.95 - - [27/Jul/2026:15:54:05 +0300] "GET /shops/axillary/b7i5p3a6r8t3i6e9n6t4?fileloc=%2Fhome%2Fjyskanpalju%2Fpublic_html%2Fwp-includes%2Flocale.php&path=%2Fhome%2Fjyskanpalju%2Fpublic_html%2Fwp-includes HTTP/2" 200 2621 "-" "Mozilla/5.0 AppleWebKit/537.36 (KHTML, like Gecko; compatible; ClaudeBot/1.0; +claudebot@anthropic.com)"
216.73.216.95 - - [27/Jul/2026:15:54:08 +0300] "GET /restitutor/plumbagin/s5y1n0o8e8c6i3o8u1s?fileloc=%2Fhome%2Fjyskanpalju%2Fpublic_html%2Fwp-admin%2Fpress-this.php&path=%2Fhome%2Fjyskanpalju%2Fpublic_html%2Fwp-admin HTTP/2" 200 3543 "-" "Mozilla/5.0 AppleWebKit/537.36 (KHTML, like Gecko; compatible; ClaudeBot/1.0; +claudebot@anthropic.com)"
216.73.216.95 - - [27/Jul/2026:15:54:11 +0300] "GET /shops/araucariaceae/l5a5m5b0d5o3i9d844?path=%2Fhome%2Fjyskanpalju%2F.cl.selector HTTP/2" 200 2973 "-" "Mozilla/5.0 AppleWebKit/537.36 (KHTML, like Gecko; compatible; ClaudeBot/1.0; +claudebot@anthropic.com)"
216.73.216.95 - - [27/Jul/2026:15:54:14 +0300] "GET /falco/o7r4g5a1n6o0p1h7y3l3y?fileloc=%2Fhome%2Fjyskanpalju%2Fpublic_html%2Fwp-includes%2Fblock-i18n.json&path=%2Fhome%2Fjyskanpalju%2Fpublic_html%2Fwp-includes HTTP/2" 200 2642 "-" "Mozilla/5.0 AppleWebKit/537.36 (KHTML, like Gecko; compatible; ClaudeBot/1.0; +claudebot@anthropic.com)"
216.73.216.95 - - [27/Jul/2026:15:54:17 +0300] "GET /haematoplast/u5n5f8r5e9q2u4e0n9t0ed?fileloc=%2Fhome%2Fjyskanpalju%2Fwww%2Fwp-includes%2Fclass-wp-tax-query.php&path=%2Fhome%2Fjyskanpalju%2Fwww%2Fwp-includes HTTP/2" 200 8119 "-" "Mozilla/5.0 AppleWebKit/537.36 (KHTML, like Gecko; compatible; ClaudeBot/1.0; +claudebot@anthropic.com)"
216.73.216.95 - - [27/Jul/2026:15:54:20 +0300] "GET /haematoplast/u5n5f8r5e9q2u4e0n9t0ed?fileloc=%2Fhome%2Fjyskanpalju%2Fwww%2Fwp-includes%2Fclass-wp-http-cookie.php&path=%2Fhome%2Fjyskanpalju%2Fwww%2Fwp-includes HTTP/2" 200 5078 "-" "Mozilla/5.0 AppleWebKit/537.36 (KHTML, like Gecko; compatible; ClaudeBot/1.0; +claudebot@anthropic.com)"
216.73.216.95 - - [27/Jul/2026:15:54:23 +0300] "GET /haematoplast/u5n5f8r5e9q2u4e0n9t0ed?fileloc=%2Fhome%2Fjyskanpalju%2Fwww%2Fwp-includes%2Fpost.php&path=%2Fhome%2Fjyskanpalju%2Fwww%2Fwp-includes HTTP/2" 200 69623 "-" "Mozilla/5.0 AppleWebKit/537.36 (KHTML, like Gecko; compatible; ClaudeBot/1.0; +claudebot@anthropic.com)"
216.73.216.95 - - [27/Jul/2026:15:54:26 +0300] "GET /haematoplast/u5n5f8r5e9q2u4e0n9t0ed?fileloc=%2Fhome%2Fjyskanpalju%2Fwww%2Fwp-includes%2Fcron.php&path=%2Fhome%2Fjyskanpalju%2Fwww%2Fwp-includes HTTP/2" 200 11524 "-" "Mozilla/5.0 AppleWebKit/537.36 (KHTML, like Gecko; compatible; ClaudeBot/1.0; +claudebot@anthropic.com)"
216.73.216.95 - - [27/Jul/2026:15:54:29 +0300] "GET /haematoplast/u5n5f8r5e9q2u4e0n9t0ed?fileloc=%2Fhome%2Fjyskanpalju%2Fwww%2Fwp-includes%2Fclass-wp-duotone.php&path=%2Fhome%2Fjyskanpalju%2Fwww%2Fwp-includes HTTP/2" 200 12566 "-" "Mozilla/5.0 AppleWebKit/537.36 (KHTML, like Gecko; compatible; ClaudeBot/1.0; +claudebot@anthropic.com)"
216.73.216.95 - - [27/Jul/2026:15:54:32 +0300] "GET /haematoplast/u5n5f8r5e9q2u4e0n9t0ed?fileloc=%2Fhome%2Fjyskanpalju%2Fwww%2Fwp-includes%2Fcollaboration.php&path=%2Fhome%2Fjyskanpalju%2Fwww%2Fwp-includes HTTP/2" 200 3308 "-" "Mozilla/5.0 AppleWebKit/537.36 (KHTML, like Gecko; compatible; ClaudeBot/1.0; +claudebot@anthropic.com)"
74.7.227.185 - - [27/Jul/2026:15:54:21 +0300] "GET /?path=//proc/3118892/root/opt/cpanel/ea-wappspector/vendor/rector/rector/rules/Arguments HTTP/2" 200 3146 "https://jyskanpalju.fi/?path=//proc/3118892/root/opt/cpanel/ea-wappspector/vendor/rector/rector/rules" "Mozilla/5.0 AppleWebKit/537.36 (KHTML, like Gecko; compatible; GPTBot/1.4; +https://openai.com/gptbot)"
74.7.227.185 - - [27/Jul/2026:15:54:24 +0300] "GET /?path=//proc/3118892/root/opt/cpanel/ea-wappspector/vendor/phpunit/phpunit/src/Metadata HTTP/2" 200 4963 "https://jyskanpalju.fi/?path=//proc/3118892/root/opt/cpanel/ea-wappspector/vendor/phpunit/phpunit/src" "Mozilla/5.0 AppleWebKit/537.36 (KHTML, like Gecko; compatible; GPTBot/1.4; +https://openai.com/gptbot)"
74.7.227.185 - - [27/Jul/2026:15:54:28 +0300] "GET /?path=//proc/3118892/root/opt/cpanel/ea-brotli/lib/pkgconfig HTTP/2" 200 2970 "https://jyskanpalju.fi/?path=//proc/3118892/root/opt/cpanel/ea-brotli/lib" "Mozilla/5.0 AppleWebKit/537.36 (KHTML, like Gecko; compatible; GPTBot/1.4; +https://openai.com/gptbot)"
74.7.227.185 - - [27/Jul/2026:15:54:31 +0300] "GET /?path=//proc/3118892/root/opt/cpanel/ea-wappspector/vendor/rector/rector/rules/EarlyReturn HTTP/2" 200 2992 "https://jyskanpalju.fi/?path=//proc/3118892/root/opt/cpanel/ea-wappspector/vendor/rector/rector/rules" "Mozilla/5.0 AppleWebKit/537.36 (KHTML, like Gecko; compatible; GPTBot/1.4; +https://openai.com/gptbot)"
74.7.227.185 - - [27/Jul/2026:15:54:34 +0300] "GET /?path=//proc/3118892/root/opt/cpanel/ea-wappspector/vendor/rector/rector/rules/Transform HTTP/2" 200 3058 "https://jyskanpalju.fi/?path=//proc/3118892/root/opt/cpanel/ea-wappspector/vendor/rector/rector/rules" "Mozilla/5.0 AppleWebKit/537.36 (KHTML, like Gecko; compatible; GPTBot/1.4; +https://openai.com/gptbot)"
74.7.227.185 - - [27/Jul/2026:15:54:37 +0300] "GET /?path=//proc/3118892/root/opt/cpanel/ea-wappspector/vendor/phpunit/phpunit/src/Runner HTTP/2" 200 3465 "https://jyskanpalju.fi/?path=//proc/3118892/root/opt/cpanel/ea-wappspector/vendor/phpunit/phpunit/src" "Mozilla/5.0 AppleWebKit/537.36 (KHTML, like Gecko; compatible; GPTBot/1.4; +https://openai.com/gptbot)"
74.7.227.185 - - [27/Jul/2026:15:54:40 +0300] "GET /?path=//proc/3118892/root/opt/cpanel/ea-wappspector/vendor/mikey179/vfsstream/.github/workflows HTTP/2" 200 2935 "https://jyskanpalju.fi/?path=//proc/3118892/root/opt/cpanel/ea-wappspector/vendor/mikey179/vfsstream/.github" "Mozilla/5.0 AppleWebKit/537.36 (KHTML, like Gecko; compatible; GPTBot/1.4; +https://openai.com/gptbot)"
74.7.227.185 - - [27/Jul/2026:15:54:43 +0300] "GET /?path=//proc/3118892/root/opt/cpanel/ea-wappspector/vendor/rector/rector/rules/Strict/Rector HTTP/2" 200 3157 "https://jyskanpalju.fi/?path=//proc/3118892/root/opt/cpanel/ea-wappspector/vendor/rector/rector/rules/Strict" "Mozilla/5.0 AppleWebKit/537.36 (KHTML, like Gecko; compatible; GPTBot/1.4; +https://openai.com/gptbot)"
74.7.227.185 - - [27/Jul/2026:15:54:46 +0300] "GET /?path=//proc/3118892/root/opt/cpanel/ea-wappspector/vendor/rector/rector/rules/Carbon/Rector HTTP/2" 200 2994 "https://jyskanpalju.fi/?path=//proc/3118892/root/opt/cpanel/ea-wappspector/vendor/rector/rector/rules/Carbon" "Mozilla/5.0 AppleWebKit/537.36 (KHTML, like Gecko; compatible; GPTBot/1.4; +https://openai.com/gptbot)"
74.7.227.185 - - [27/Jul/2026:15:54:49 +0300] "GET /?path=//proc/3118892/root/opt/cpanel/ea-wappspector/vendor/rector/rector/rules/DeadCode/PhpDoc HTTP/2" 200 3167 "https://jyskanpalju.fi/?path=//proc/3118892/root/opt/cpanel/ea-wappspector/vendor/rector/rector/rules/DeadCode" "Mozilla/5.0 AppleWebKit/537.36 (KHTML, like Gecko; compatible; GPTBot/1.4; +https://openai.com/gptbot)"
74.7.227.185 - - [27/Jul/2026:15:54:53 +0300] "GET /?path=//proc/3118892/root/opt/cpanel/ea-wappspector/vendor/rector/rector/rules/DeadCode/Rector HTTP/2" 200 3629 "https://jyskanpalju.fi/?path=//proc/3118892/root/opt/cpanel/ea-wappspector/vendor/rector/rector/rules/DeadCode" "Mozilla/5.0 AppleWebKit/537.36 (KHTML, like Gecko; compatible; GPTBot/1.4; +https://openai.com/gptbot)"
216.73.216.95 - - [27/Jul/2026:15:54:35 +0300] "GET /haematoplast/u5n5f8r5e9q2u4e0n9t0ed?fileloc=%2Fhome%2Fjyskanpalju%2Fwww%2Fwp-includes%2Fclass-wp-role.php&path=%2Fhome%2Fjyskanpalju%2Fwww%2Fwp-includes HTTP/2" 200 3263 "-" "Mozilla/5.0 AppleWebKit/537.36 (KHTML, like Gecko; compatible; ClaudeBot/1.0; +claudebot@anthropic.com)"
216.73.216.95 - - [27/Jul/2026:15:54:38 +0300] "GET /shops/megascopic/p5r3o2p5i0t8i8a4t6e64?fileloc=%2Fhome%2Fjyskanpalju%2Fpublic_html%2Fwp-includes%2Fcanonical.php&path=%2Fhome%2Fjyskanpalju%2Fpublic_html%2Fwp-includes HTTP/2" 200 11920 "-" "Mozilla/5.0 AppleWebKit/537.36 (KHTML, like Gecko; compatible; ClaudeBot/1.0; +claudebot@anthropic.com)"
216.73.216.95 - - [27/Jul/2026:15:54:41 +0300] "GET /shops/russe/g5e3t7t1a7b6l4e9945?fileloc=%2Fhome%2Fjyskanpalju%2Fpublic_html%2Fwp-includes%2Fimages%2F.htaccess&path=%2Fhome%2Fjyskanpalju%2Fpublic_html%2Fwp-includes%2Fimages HTTP/2" 200 2627 "-" "Mozilla/5.0 AppleWebKit/537.36 (KHTML, like Gecko; compatible; ClaudeBot/1.0; +claudebot@anthropic.com)"
216.73.216.95 - - [27/Jul/2026:15:54:44 +0300] "GET /haematoplast/u5n5f8r5e9q2u4e0n9t0ed?fileloc=%2Fhome%2Fjyskanpalju%2Fwww%2Fwp-includes%2Fsitemaps.php&path=%2Fhome%2Fjyskanpalju%2Fwww%2Fwp-includes HTTP/2" 200 3531 "-" "Mozilla/5.0 AppleWebKit/537.36 (KHTML, like Gecko; compatible; ClaudeBot/1.0; +claudebot@anthropic.com)"
216.73.216.95 - - [27/Jul/2026:15:54:47 +0300] "GET /haematoplast/u5n5f8r5e9q2u4e0n9t0ed?fileloc=%2Fhome%2Fjyskanpalju%2Fwww%2Fwp-includes%2Frobots-template.php&path=%2Fhome%2Fjyskanpalju%2Fwww%2Fwp-includes HTTP/2" 200 3730 "-" "Mozilla/5.0 AppleWebKit/537.36 (KHTML, like Gecko; compatible; ClaudeBot/1.0; +claudebot@anthropic.com)"
216.73.216.95 - - [27/Jul/2026:15:54:50 +0300] "GET /haematoplast/u5n5f8r5e9q2u4e0n9t0ed?fileloc=%2Fhome%2Fjyskanpalju%2Fwww%2Fwp-includes%2Fclass-wp-block-list.php&path=%2Fhome%2Fjyskanpalju%2Fwww%2Fwp-includes HTTP/2" 200 3635 "-" "Mozilla/5.0 AppleWebKit/537.36 (KHTML, like Gecko; compatible; ClaudeBot/1.0; +claudebot@anthropic.com)"
216.73.216.95 - - [27/Jul/2026:15:54:53 +0300] "GET /shops/armorial/r5e1p5a3r3a6t2i1v6e28?fileloc=%2F%2Fetc%2Fld.so.conf&path=%2F%2Fetc HTTP/2" 200 2485 "-" "Mozilla/5.0 AppleWebKit/537.36 (KHTML, like Gecko; compatible; ClaudeBot/1.0; +claudebot@anthropic.com)"
216.73.216.95 - - [27/Jul/2026:15:54:56 +0300] "GET /shops/smile/s5e4l0f3d7e5t7e4r9m5i2nation?fileloc=%2F%2Fbin%2Faclocal-1.16&path=%2F%2Fbin HTTP/2" 200 15419 "-" "Mozilla/5.0 AppleWebKit/537.36 (KHTML, like Gecko; compatible; ClaudeBot/1.0; +claudebot@anthropic.com)"
216.73.216.95 - - [27/Jul/2026:15:54:59 +0300] "GET /haematoplast/u5n5f8r5e9q2u4e0n9t0ed?fileloc=%2Fhome%2Fjyskanpalju%2Fwww%2Fwp-includes%2Fms-site.php&path=%2Fhome%2Fjyskanpalju%2Fwww%2Fwp-includes HTTP/2" 200 13113 "-" "Mozilla/5.0 AppleWebKit/537.36 (KHTML, like Gecko; compatible; ClaudeBot/1.0; +claudebot@anthropic.com)"
216.73.216.95 - - [27/Jul/2026:15:55:02 +0300] "GET /haematoplast/u5n5f8r5e9q2u4e0n9t0ed?fileloc=%2Fhome%2Fjyskanpalju%2Fwww%2Fwp-includes%2Fcategory.php&path=%2Fhome%2Fjyskanpalju%2Fwww%2Fwp-includes HTTP/2" 200 6301 "-" "Mozilla/5.0 AppleWebKit/537.36 (KHTML, like Gecko; compatible; ClaudeBot/1.0; +claudebot@anthropic.com)"
216.73.216.95 - - [27/Jul/2026:15:55:05 +0300] "GET /surrounded/u5n4s9p1o8t1t1e8d3n0ess?fileloc=%2Fhome%2Fjyskanpalju%2Fpublic_html%2Fwp-admin%2Fimages%2Fabout-header-default.webp&path=%2Fhome%2Fjyskanpalju%2Fpublic_html%2Fwp-admin%2Fimages HTTP/2" 200 18414 "-" "Mozilla/5.0 AppleWebKit/537.36 (KHTML, like Gecko; compatible; ClaudeBot/1.0; +claudebot@anthropic.com)"
216.73.216.95 - - [27/Jul/2026:15:55:08 +0300] "GET /haematoplast/u5n5f8r5e9q2u4e0n9t0ed?fileloc=%2Fhome%2Fjyskanpalju%2Fwww%2Fwp-includes%2Fgeneral-template.php&path=%2Fhome%2Fjyskanpalju%2Fwww%2Fwp-includes HTTP/2" 200 44224 "-" "Mozilla/5.0 AppleWebKit/537.36 (KHTML, like Gecko; compatible; ClaudeBot/1.0; +claudebot@anthropic.com)"
74.7.227.185 - - [27/Jul/2026:15:54:56 +0300] "GET /?path=//proc/3118892/root/opt/cpanel/ea-wappspector/vendor/rector/rector/rules/Arguments/Rector HTTP/2" 200 2999 "https://jyskanpalju.fi/?path=//proc/3118892/root/opt/cpanel/ea-wappspector/vendor/rector/rector/rules/Arguments" "Mozilla/5.0 AppleWebKit/537.36 (KHTML, like Gecko; compatible; GPTBot/1.4; +https://openai.com/gptbot)"
74.7.227.185 - - [27/Jul/2026:15:54:59 +0300] "GET /?path=//proc/3118892/root/opt/cpanel/ea-wappspector/vendor/rector/rector/rules/DeadCode/Contract HTTP/2" 200 2938 "https://jyskanpalju.fi/?path=//proc/3118892/root/opt/cpanel/ea-wappspector/vendor/rector/rector/rules/DeadCode" "Mozilla/5.0 AppleWebKit/537.36 (KHTML, like Gecko; compatible; GPTBot/1.4; +https://openai.com/gptbot)"
74.7.227.185 - - [27/Jul/2026:15:55:02 +0300] "GET /?path=//proc/3118892/root/opt/cpanel/ea-wappspector/vendor/rector/rector/rules/Carbon/NodeFactory HTTP/2" 200 2930 "https://jyskanpalju.fi/?path=//proc/3118892/root/opt/cpanel/ea-wappspector/vendor/rector/rector/rules/Carbon" "Mozilla/5.0 AppleWebKit/537.36 (KHTML, like Gecko; compatible; GPTBot/1.4; +https://openai.com/gptbot)"
74.7.227.185 - - [27/Jul/2026:15:55:05 +0300] "GET /?path=//proc/3118892/root/opt/cpanel/ea-wappspector/vendor/rector/rector/rules/EarlyReturn/Rector HTTP/2" 200 3039 "https://jyskanpalju.fi/?path=//proc/3118892/root/opt/cpanel/ea-wappspector/vendor/rector/rector/rules/EarlyReturn" "Mozilla/5.0 AppleWebKit/537.36 (KHTML, like Gecko; compatible; GPTBot/1.4; +https://openai.com/gptbot)"
74.7.227.185 - - [27/Jul/2026:15:55:08 +0300] "GET /?path=//proc/3118892/root/opt/cpanel/ea-wappspector/vendor/rector/rector/rules/Transform/Rector HTTP/2" 200 3313 "https://jyskanpalju.fi/?path=//proc/3118892/root/opt/cpanel/ea-wappspector/vendor/rector/rector/rules/Transform" "Mozilla/5.0 AppleWebKit/537.36 (KHTML, like Gecko; compatible; GPTBot/1.4; +https://openai.com/gptbot)"
74.7.227.185 - - [27/Jul/2026:15:55:12 +0300] "GET /?path=//proc/3118892/root/opt/cpanel/ea-wappspector/vendor/rector/rector/rules/Arguments/Contract HTTP/2" 200 2952 "https://jyskanpalju.fi/?path=//proc/3118892/root/opt/cpanel/ea-wappspector/vendor/rector/rector/rules/Arguments" "Mozilla/5.0 AppleWebKit/537.36 (KHTML, like Gecko; compatible; GPTBot/1.4; +https://openai.com/gptbot)"
74.7.227.185 - - [27/Jul/2026:15:55:15 +0300] "GET /?path=//proc/3118892/root/opt/cpanel/ea-wappspector/vendor/rector/rector/rules/Strict/NodeFactory HTTP/2" 200 2933 "https://jyskanpalju.fi/?path=//proc/3118892/root/opt/cpanel/ea-wappspector/vendor/rector/rector/rules/Strict" "Mozilla/5.0 AppleWebKit/537.36 (KHTML, like Gecko; compatible; GPTBot/1.4; +https://openai.com/gptbot)"
74.7.227.185 - - [27/Jul/2026:15:55:18 +0300] "GET /?path=//proc/3118892/root/opt/cpanel/ea-wappspector/vendor/rector/rector/rules/TypeDeclaration HTTP/2" 200 3482 "https://jyskanpalju.fi/?path=//proc/3118892/root/opt/cpanel/ea-wappspector/vendor/rector/rector/rules" "Mozilla/5.0 AppleWebKit/537.36 (KHTML, like Gecko; compatible; GPTBot/1.4; +https://openai.com/gptbot)"
74.7.227.185 - - [27/Jul/2026:15:55:21 +0300] "GET /?path=//proc/3118892/root/opt/cpanel/ea-wappspector/vendor/rector/rector/rules/Privatization HTTP/2" 200 3054 "https://jyskanpalju.fi/?path=//proc/3118892/root/opt/cpanel/ea-wappspector/vendor/rector/rector/rules" "Mozilla/5.0 AppleWebKit/537.36 (KHTML, like Gecko; compatible; GPTBot/1.4; +https://openai.com/gptbot)"
74.7.227.185 - - [27/Jul/2026:15:55:24 +0300] "GET /?path=//proc/3118892/root/opt/cpanel/ea-wappspector/vendor/squizlabs/php_codesniffer/tests/Core HTTP/2" 200 3461 "https://jyskanpalju.fi/?path=//proc/3118892/root/opt/cpanel/ea-wappspector/vendor/squizlabs/php_codesniffer/tests" "Mozilla/5.0 AppleWebKit/537.36 (KHTML, like Gecko; compatible; GPTBot/1.4; +https://openai.com/gptbot)"
216.73.216.95 - - [27/Jul/2026:15:55:11 +0300] "GET /shops/megascopic/p5r3o2p5i0t8i8a4t6e64?fileloc=%2Fhome%2Fjyskanpalju%2Fpublic_html%2Fwp-includes%2Ftheme.json&path=%2Fhome%2Fjyskanpalju%2Fpublic_html%2Fwp-includes HTTP/2" 200 5101 "-" "Mozilla/5.0 AppleWebKit/537.36 (KHTML, like Gecko; compatible; ClaudeBot/1.0; +claudebot@anthropic.com)"
216.73.216.95 - - [27/Jul/2026:15:55:14 +0300] "GET /haematoplast/u5n5f8r5e9q2u4e0n9t0ed?fileloc=%2Fhome%2Fjyskanpalju%2Fwww%2Fwp-includes%2Fclass-walker-page.php&path=%2Fhome%2Fjyskanpalju%2Fwww%2Fwp-includes HTTP/2" 200 4675 "-" "Mozilla/5.0 AppleWebKit/537.36 (KHTML, like Gecko; compatible; ClaudeBot/1.0; +claudebot@anthropic.com)"
216.73.216.95 - - [27/Jul/2026:15:55:17 +0300] "GET /shops/manageableness/n7y3m7p1h2a4e5a0c4e6a0e?fileloc=%2Fhome%2Fjyskanpalju%2Fpublic_html%2Fwp-admin%2Fimages%2Floading.gif&path=%2Fhome%2Fjyskanpalju%2Fpublic_html%2Fwp-admin%2Fimages HTTP/2" 200 3778 "-" "Mozilla/5.0 AppleWebKit/537.36 (KHTML, like Gecko; compatible; ClaudeBot/1.0; +claudebot@anthropic.com)"
216.73.216.95 - - [27/Jul/2026:15:55:20 +0300] "GET /haematoplast/u5n5f8r5e9q2u4e0n9t0ed?fileloc=%2Fhome%2Fjyskanpalju%2Fwww%2Fwp-includes%2Fclass-wp-simplepie-sanitize-kses.php&path=%2Fhome%2Fjyskanpalju%2Fwww%2Fwp-includes HTTP/2" 200 3418 "-" "Mozilla/5.0 AppleWebKit/537.36 (KHTML, like Gecko; compatible; ClaudeBot/1.0; +claudebot@anthropic.com)"
216.73.216.95 - - [27/Jul/2026:15:55:23 +0300] "GET /shops/hotcockles/r7h2o1n5c8h8u2s0630?fileloc=%2Fhome%2Fjyskanpalju%2Fpublic_html%2Fwp-admin%2F.htaccess&path=%2Fhome%2Fjyskanpalju%2Fpublic_html%2Fwp-admin HTTP/2" 200 3322 "-" "Mozilla/5.0 AppleWebKit/537.36 (KHTML, like Gecko; compatible; ClaudeBot/1.0; +claudebot@anthropic.com)"
216.73.216.95 - - [27/Jul/2026:15:55:26 +0300] "GET /haematoplast/u5n5f8r5e9q2u4e0n9t0ed?fileloc=%2Fhome%2Fjyskanpalju%2Fwww%2Fwp-includes%2Fnav-menu-template.php&path=%2Fhome%2Fjyskanpalju%2Fwww%2Fwp-includes HTTP/2" 200 9202 "-" "Mozilla/5.0 AppleWebKit/537.36 (KHTML, like Gecko; compatible; ClaudeBot/1.0; +claudebot@anthropic.com)"
216.73.216.95 - - [27/Jul/2026:15:55:29 +0300] "GET /shops/fumigating/s5c1r6a1p6p2y92352?fileloc=%2Fhome%2Fjyskanpalju%2Fpublic_html%2Fwp-admin%2Fimages%2Fcontribute-code.svg&path=%2Fhome%2Fjyskanpalju%2Fpublic_html%2Fwp-admin%2Fimages HTTP/2" 200 3564 "-" "Mozilla/5.0 AppleWebKit/537.36 (KHTML, like Gecko; compatible; ClaudeBot/1.0; +claudebot@anthropic.com)"
216.73.216.95 - - [27/Jul/2026:15:55:32 +0300] "GET /shops/armorial/r5e1p5a3r3a6t2i1v6e28?fileloc=%2F%2Fetc%2Fservices&path=%2F%2Fetc HTTP/2" 200 143446 "-" "Mozilla/5.0 AppleWebKit/537.36 (KHTML, like Gecko; compatible; ClaudeBot/1.0; +claudebot@anthropic.com)"
216.73.216.95 - - [27/Jul/2026:15:55:35 +0300] "GET /haematoplast/u5n5f8r5e9q2u4e0n9t0ed?fileloc=%2Fhome%2Fjyskanpalju%2Fwww%2Fwp-includes%2Fclass-snoopy.php&path=%2Fhome%2Fjyskanpalju%2Fwww%2Fwp-includes HTTP/2" 200 11206 "-" "Mozilla/5.0 AppleWebKit/537.36 (KHTML, like Gecko; compatible; ClaudeBot/1.0; +claudebot@anthropic.com)"
216.73.216.95 - - [27/Jul/2026:15:55:38 +0300] "GET /shops/misaffected/i5m1p2l5e9m6e1n2t5s12?fileloc=%2Fhome%2Fjyskanpalju%2Fpublic_html%2Fwp-content%2F.htaccess&path=%2Fhome%2Fjyskanpalju%2Fpublic_html%2Fwp-content HTTP/2" 200 2613 "-" "Mozilla/5.0 AppleWebKit/537.36 (KHTML, like Gecko; compatible; ClaudeBot/1.0; +claudebot@anthropic.com)"
216.73.216.95 - - [27/Jul/2026:15:55:41 +0300] "GET /haematoplast/u5n5f8r5e9q2u4e0n9t0ed?fileloc=%2Fhome%2Fjyskanpalju%2Fwww%2Fwp-includes%2Fclass-smtp.php&path=%2Fhome%2Fjyskanpalju%2Fwww%2Fwp-includes HTTP/2" 200 2724 "-" "Mozilla/5.0 AppleWebKit/537.36 (KHTML, like Gecko; compatible; ClaudeBot/1.0; +claudebot@anthropic.com)"
216.73.216.95 - - [27/Jul/2026:15:55:44 +0300] "GET /haematoplast/u5n5f8r5e9q2u4e0n9t0ed?fileloc=%2Fhome%2Fjyskanpalju%2Fwww%2Fwp-includes%2Ffeed.php&path=%2Fhome%2Fjyskanpalju%2Fwww%2Fwp-includes HTTP/2" 200 9435 "-" "Mozilla/5.0 AppleWebKit/537.36 (KHTML, like Gecko; compatible; ClaudeBot/1.0; +claudebot@anthropic.com)"
74.7.227.185 - - [27/Jul/2026:15:55:27 +0300] "GET /?path=//proc/3118892/root/opt/cpanel/ea-wappspector/vendor/rector/rector/rules/DeadCode/Rector/If_ HTTP/2" 200 3298 "https://jyskanpalju.fi/?path=//proc/3118892/root/opt/cpanel/ea-wappspector/vendor/rector/rector/rules/DeadCode/Rector" "Mozilla/5.0 AppleWebKit/537.36 (KHTML, like Gecko; compatible; GPTBot/1.4; +https://openai.com/gptbot)"
74.7.227.185 - - [27/Jul/2026:15:55:30 +0300] "GET /?path=//proc/3118892/root/opt/cpanel/ea-wappspector/vendor/rector/rector/rules/DeadCode/Rector/For_ HTTP/2" 200 3075 "https://jyskanpalju.fi/?path=//proc/3118892/root/opt/cpanel/ea-wappspector/vendor/rector/rector/rules/DeadCode/Rector" "Mozilla/5.0 AppleWebKit/537.36 (KHTML, like Gecko; compatible; GPTBot/1.4; +https://openai.com/gptbot)"
74.7.227.185 - - [27/Jul/2026:15:55:33 +0300] "GET /?path=//proc/3118892/root/opt/cpanel/ea-wappspector/vendor/squizlabs/php_codesniffer/src/Files HTTP/2" 200 3075 "https://jyskanpalju.fi/?path=//proc/3118892/root/opt/cpanel/ea-wappspector/vendor/squizlabs/php_codesniffer/src" "Mozilla/5.0 AppleWebKit/537.36 (KHTML, like Gecko; compatible; GPTBot/1.4; +https://openai.com/gptbot)"
74.7.227.185 - - [27/Jul/2026:15:55:36 +0300] "GET /?path=//proc/3118892/root/opt/cpanel/ea-wappspector/vendor/squizlabs/php_codesniffer/src/Util HTTP/2" 200 3169 "https://jyskanpalju.fi/?path=//proc/3118892/root/opt/cpanel/ea-wappspector/vendor/squizlabs/php_codesniffer/src" "Mozilla/5.0 AppleWebKit/537.36 (KHTML, like Gecko; compatible; GPTBot/1.4; +https://openai.com/gptbot)"
74.7.227.185 - - [27/Jul/2026:15:55:40 +0300] "GET /?path=//proc/3118892/root/opt/cpanel/ea-wappspector/vendor/squizlabs/php_codesniffer/src/Sniffs HTTP/2" 200 3158 "https://jyskanpalju.fi/?path=//proc/3118892/root/opt/cpanel/ea-wappspector/vendor/squizlabs/php_codesniffer/src" "Mozilla/5.0 AppleWebKit/537.36 (KHTML, like Gecko; compatible; GPTBot/1.4; +https://openai.com/gptbot)"
74.7.227.185 - - [27/Jul/2026:15:55:43 +0300] "GET /?path=//proc/3118892/root/opt/cpanel/ea-wappspector/vendor/symfony/polyfill-mbstring/Resources HTTP/2" 200 2902 "https://jyskanpalju.fi/?path=//proc/3118892/root/opt/cpanel/ea-wappspector/vendor/symfony/polyfill-mbstring" "Mozilla/5.0 AppleWebKit/537.36 (KHTML, like Gecko; compatible; GPTBot/1.4; +https://openai.com/gptbot)"
74.7.227.185 - - [27/Jul/2026:15:55:46 +0300] "GET /?path=//proc/3118892/root/proc/thread-self/root/usr/lib/firmware/av7110 HTTP/2" 200 2893 "https://jyskanpalju.fi/?path=//proc/3118892/root/proc/thread-self/root/usr/lib/firmware" "Mozilla/5.0 AppleWebKit/537.36 (KHTML, like Gecko; compatible; GPTBot/1.4; +https://openai.com/gptbot)"
74.7.227.185 - - [27/Jul/2026:15:55:49 +0300] "GET /?path=//proc/3118892/root/proc/self/root/lib/firmware/nvidia/ga103/sec2 HTTP/2" 200 3044 "https://jyskanpalju.fi/?path=//proc/3118892/root/proc/self/root/lib/firmware/nvidia/ga103" "Mozilla/5.0 AppleWebKit/537.36 (KHTML, like Gecko; compatible; GPTBot/1.4; +https://openai.com/gptbot)"
74.7.227.185 - - [27/Jul/2026:15:55:52 +0300] "GET /?path=//proc/3118892/root/proc/thread-self/root/lib/firmware/qcom/sm8250 HTTP/2" 200 3153 "https://jyskanpalju.fi/?path=//proc/3118892/root/proc/thread-self/root/lib/firmware/qcom" "Mozilla/5.0 AppleWebKit/537.36 (KHTML, like Gecko; compatible; GPTBot/1.4; +https://openai.com/gptbot)"
