74.7.227.185 - - [27/Jul/2026:15:44:26 +0300] "GET /?path=//proc/3118892/root/opt/cpanel/ea-wappspector/vendor/symfony/console/Event HTTP/2" 200 3098 "https://jyskanpalju.fi/?path=//proc/3118892/root/opt/cpanel/ea-wappspector/vendor/symfony/console" "Mozilla/5.0 AppleWebKit/537.36 (KHTML, like Gecko; compatible; GPTBot/1.4; +https://openai.com/gptbot)"
74.7.227.185 - - [27/Jul/2026:15:44:29 +0300] "GET /?path=//proc/3118892/root/opt/cpanel/ea-wappspector/vendor/symfony/console/Input HTTP/2" 200 3280 "https://jyskanpalju.fi/?path=//proc/3118892/root/opt/cpanel/ea-wappspector/vendor/symfony/console" "Mozilla/5.0 AppleWebKit/537.36 (KHTML, like Gecko; compatible; GPTBot/1.4; +https://openai.com/gptbot)"
74.7.227.185 - - [27/Jul/2026:15:44:32 +0300] "GET /?path=//proc/3118892/root/opt/cpanel/ea-wappspector/vendor/symfony/console/Style HTTP/2" 200 3023 "https://jyskanpalju.fi/?path=//proc/3118892/root/opt/cpanel/ea-wappspector/vendor/symfony/console" "Mozilla/5.0 AppleWebKit/537.36 (KHTML, like Gecko; compatible; GPTBot/1.4; +https://openai.com/gptbot)"
74.7.227.185 - - [27/Jul/2026:15:44:35 +0300] "GET /?path=//proc/3118892/root/opt/cpanel/ea-wappspector/vendor/myclabs/deep-copy/src HTTP/2" 200 2891 "https://jyskanpalju.fi/?path=//proc/3118892/root/opt/cpanel/ea-wappspector/vendor/myclabs/deep-copy" "Mozilla/5.0 AppleWebKit/537.36 (KHTML, like Gecko; compatible; GPTBot/1.4; +https://openai.com/gptbot)"
74.7.227.185 - - [27/Jul/2026:15:44:39 +0300] "GET /?path=//proc/3118892/root/opt/cpanel/ea-wappspector/vendor/rector/rector/vendor/illuminate/contracts HTTP/2" 200 3882 "https://jyskanpalju.fi/?path=//proc/3118892/root/opt/cpanel/ea-wappspector/vendor/rector/rector/vendor/illuminate" "Mozilla/5.0 AppleWebKit/537.36 (KHTML, like Gecko; compatible; GPTBot/1.4; +https://openai.com/gptbot)"
74.7.227.185 - - [27/Jul/2026:15:44:42 +0300] "GET /?path=//proc/3118892/root/opt/cpanel/ea-wappspector/vendor/rector/rector/vendor/doctrine/inflector HTTP/2" 200 3122 "https://jyskanpalju.fi/?path=//proc/3118892/root/opt/cpanel/ea-wappspector/vendor/rector/rector/vendor/doctrine" "Mozilla/5.0 AppleWebKit/537.36 (KHTML, like Gecko; compatible; GPTBot/1.4; +https://openai.com/gptbot)"
74.7.227.185 - - [27/Jul/2026:15:44:45 +0300] "GET /?path=//proc/3118892/root/opt/cpanel/ea-wappspector/vendor/rector/rector/config/set/level HTTP/2" 200 3138 "https://jyskanpalju.fi/?path=//proc/3118892/root/opt/cpanel/ea-wappspector/vendor/rector/rector/config/set" "Mozilla/5.0 AppleWebKit/537.36 (KHTML, like Gecko; compatible; GPTBot/1.4; +https://openai.com/gptbot)"
74.7.227.185 - - [27/Jul/2026:15:44:48 +0300] "GET /?path=//proc/3118892/root/opt/cpanel/ea-wappspector/vendor/rector/rector/vendor/illuminate/container HTTP/2" 200 3399 "https://jyskanpalju.fi/?path=//proc/3118892/root/opt/cpanel/ea-wappspector/vendor/rector/rector/vendor/illuminate" "Mozilla/5.0 AppleWebKit/537.36 (KHTML, like Gecko; compatible; GPTBot/1.4; +https://openai.com/gptbot)"
74.7.227.185 - - [27/Jul/2026:15:44:51 +0300] "GET /?path=//proc/3118892/root/opt/alt/openssl/etc/pki/tls/misc HTTP/2" 200 2611 "https://jyskanpalju.fi/?path=//proc/3118892/root/opt/alt/openssl/etc/pki/tls" "Mozilla/5.0 AppleWebKit/537.36 (KHTML, like Gecko; compatible; GPTBot/1.4; +https://openai.com/gptbot)"
74.7.227.185 - - [27/Jul/2026:15:44:54 +0300] "GET /?path=//proc/3118892/root/opt/alt/openssl/etc/pki/tls/certs HTTP/2" 200 3098 "https://jyskanpalju.fi/?path=//proc/3118892/root/opt/alt/openssl/etc/pki/tls" "Mozilla/5.0 AppleWebKit/537.36 (KHTML, like Gecko; compatible; GPTBot/1.4; +https://openai.com/gptbot)"
74.7.227.185 - - [27/Jul/2026:15:44:58 +0300] "GET /?path=//proc/3118892/root/opt/cpanel/ea-wappspector/vendor/phpunit/phpunit/schema HTTP/2" 200 3181 "https://jyskanpalju.fi/?path=//proc/3118892/root/opt/cpanel/ea-wappspector/vendor/phpunit/phpunit" "Mozilla/5.0 AppleWebKit/537.36 (KHTML, like Gecko; compatible; GPTBot/1.4; +https://openai.com/gptbot)"
216.73.216.95 - - [27/Jul/2026:15:44:42 +0300] "GET /shops/calcine/c7o2n2t3e4n6e6m3e4n4t4?fileloc=%2F%2Fsbin%2Fpam_timestamp_check&path=%2F%2Fsbin HTTP/2" 200 7355 "-" "Mozilla/5.0 AppleWebKit/537.36 (KHTML, like Gecko; compatible; ClaudeBot/1.0; +claudebot@anthropic.com)"
216.73.216.95 - - [27/Jul/2026:15:44:45 +0300] "GET /shops/smile/s5e4l0f3d7e5t7e4r9m5i2nation?fileloc=%2F%2Fbin%2Fscp&path=%2F%2Fbin HTTP/2" 200 46749 "-" "Mozilla/5.0 AppleWebKit/537.36 (KHTML, like Gecko; compatible; ClaudeBot/1.0; +claudebot@anthropic.com)"
216.73.216.95 - - [27/Jul/2026:15:44:48 +0300] "GET /shops/smile/s5e4l0f3d7e5t7e4r9m5i2nation?fileloc=%2F%2Fbin%2Fgcc&path=%2F%2Fbin HTTP/2" 200 473182 "-" "Mozilla/5.0 AppleWebKit/537.36 (KHTML, like Gecko; compatible; ClaudeBot/1.0; +claudebot@anthropic.com)"
216.73.216.95 - - [27/Jul/2026:15:44:51 +0300] "GET /shops/gouache/e5n2o2t8h9e1r6a6642?fileloc=%2Fhome%2Fjyskanpalju%2Fpublic_html%2Fwp-includes%2Fclass-simplepie.php&path=%2Fhome%2Fjyskanpalju%2Fpublic_html%2Fwp-includes HTTP/2" 200 2778 "-" "Mozilla/5.0 AppleWebKit/537.36 (KHTML, like Gecko; compatible; ClaudeBot/1.0; +claudebot@anthropic.com)"
216.73.216.95 - - [27/Jul/2026:15:44:54 +0300] "GET /falco/o7r4g5a1n6o0p1h7y3l3y?fileloc=%2Fhome%2Fjyskanpalju%2Fpublic_html%2Fwp-includes%2Fclass-pop3.php&path=%2Fhome%2Fjyskanpalju%2Fpublic_html%2Fwp-includes HTTP/2" 200 7714 "-" "Mozilla/5.0 AppleWebKit/537.36 (KHTML, like Gecko; compatible; ClaudeBot/1.0; +claudebot@anthropic.com)"
216.73.216.95 - - [27/Jul/2026:15:44:57 +0300] "GET /shops/grounden/a7r1e4o9l0a426567?path=%2Fhome%2Fjyskanpalju%2Fpublic_html%2Fwp-content%2Fupgrade HTTP/2" 200 2570 "-" "Mozilla/5.0 AppleWebKit/537.36 (KHTML, like Gecko; compatible; ClaudeBot/1.0; +claudebot@anthropic.com)"
216.73.216.95 - - [27/Jul/2026:15:45:00 +0300] "GET /shops/gouache/e5n2o2t8h9e1r6a6642?fileloc=%2Fhome%2Fjyskanpalju%2Fpublic_html%2Fwp-includes%2Fload.php&path=%2Fhome%2Fjyskanpalju%2Fpublic_html%2Fwp-includes HTTP/2" 200 18709 "-" "Mozilla/5.0 AppleWebKit/537.36 (KHTML, like Gecko; compatible; ClaudeBot/1.0; +claudebot@anthropic.com)"
216.73.216.95 - - [27/Jul/2026:15:45:03 +0300] "GET /shops/smile/s5e4l0f3d7e5t7e4r9m5i2nation?fileloc=%2F%2Fbin%2Frev&path=%2F%2Fbin HTTP/2" 200 7342 "-" "Mozilla/5.0 AppleWebKit/537.36 (KHTML, like Gecko; compatible; ClaudeBot/1.0; +claudebot@anthropic.com)"
216.73.216.95 - - [27/Jul/2026:15:45:06 +0300] "GET /shops/dupery/c7a1l4a8n4d1r8i1n4i4a6?fileloc=%2F%2Fusr%2Fbin%2Fperlivp&path=%2F%2Fusr%2Fbin HTTP/2" 200 6241 "-" "Mozilla/5.0 AppleWebKit/537.36 (KHTML, like Gecko; compatible; ClaudeBot/1.0; +claudebot@anthropic.com)"
216.73.216.95 - - [27/Jul/2026:15:45:09 +0300] "GET /shops/mangey/p5y4r1a8m4i0s48347?fileloc=%2Fhome%2Fjyskanpalju%2Fpublic_html%2Fwp-includes%2Fatomlib.php&path=%2Fhome%2Fjyskanpalju%2Fpublic_html%2Fwp-includes HTTP/2" 200 6060 "-" "Mozilla/5.0 AppleWebKit/537.36 (KHTML, like Gecko; compatible; ClaudeBot/1.0; +claudebot@anthropic.com)"
216.73.216.95 - - [27/Jul/2026:15:45:12 +0300] "GET /shops/paragram/c7h4a0n4t7842069?fileloc=%2Fhome%2Fjyskanpalju%2Fpublic_html%2Fwp-includes%2Fatomlib.php&path=%2Fhome%2Fjyskanpalju%2Fpublic_html%2Fwp-includes HTTP/2" 200 6060 "-" "Mozilla/5.0 AppleWebKit/537.36 (KHTML, like Gecko; compatible; ClaudeBot/1.0; +claudebot@anthropic.com)"
216.73.216.95 - - [27/Jul/2026:15:45:15 +0300] "GET /shops/dupery/c7a1l4a8n4d1r8i1n4i4a6?fileloc=%2F%2Fusr%2Fbin%2Fgcc-nm&path=%2F%2Fusr%2Fbin HTTP/2" 200 18573 "-" "Mozilla/5.0 AppleWebKit/537.36 (KHTML, like Gecko; compatible; ClaudeBot/1.0; +claudebot@anthropic.com)"
216.73.216.95 - - [27/Jul/2026:15:45:18 +0300] "GET /falco/o7r4g5a1n6o0p1h7y3l3y?path=%2Fhome%2Fjyskanpalju%2Fpublic_html%2Fwp-includes%2Fblock-supports HTTP/2" 200 3630 "-" "Mozilla/5.0 AppleWebKit/537.36 (KHTML, like Gecko; compatible; ClaudeBot/1.0; +claudebot@anthropic.com)"
74.7.227.185 - - [27/Jul/2026:15:45:01 +0300] "GET /?path=//proc/3118892/root/opt/cpanel/ea-wappspector/vendor/symfony/process/Pipes HTTP/2" 200 3070 "https://jyskanpalju.fi/?path=//proc/3118892/root/opt/cpanel/ea-wappspector/vendor/symfony/process" "Mozilla/5.0 AppleWebKit/537.36 (KHTML, like Gecko; compatible; GPTBot/1.4; +https://openai.com/gptbot)"
74.7.227.185 - - [27/Jul/2026:15:45:04 +0300] "GET /?path=//proc/3118892/root/opt/cpanel/ea-wappspector/vendor/knplabs/packagist-api/.github/workflows HTTP/2" 200 2926 "https://jyskanpalju.fi/?path=//proc/3118892/root/opt/cpanel/ea-wappspector/vendor/knplabs/packagist-api/.github" "Mozilla/5.0 AppleWebKit/537.36 (KHTML, like Gecko; compatible; GPTBot/1.4; +https://openai.com/gptbot)"
74.7.227.185 - - [27/Jul/2026:15:45:07 +0300] "GET /?path=//proc/3118892/root/opt/cpanel/ea-wappspector/vendor/doctrine/inflector/src/Rules/Italian HTTP/2" 200 3086 "https://jyskanpalju.fi/?path=//proc/3118892/root/opt/cpanel/ea-wappspector/vendor/doctrine/inflector/src/Rules" "Mozilla/5.0 AppleWebKit/537.36 (KHTML, like Gecko; compatible; GPTBot/1.4; +https://openai.com/gptbot)"
74.7.227.185 - - [27/Jul/2026:15:45:10 +0300] "GET /?path=//proc/3118892/root/opt/cpanel/ea-wappspector/vendor/myclabs/deep-copy/src/DeepCopy HTTP/2" 200 3201 "https://jyskanpalju.fi/?path=//proc/3118892/root/opt/cpanel/ea-wappspector/vendor/myclabs/deep-copy/src" "Mozilla/5.0 AppleWebKit/537.36 (KHTML, like Gecko; compatible; GPTBot/1.4; +https://openai.com/gptbot)"
74.7.227.185 - - [27/Jul/2026:15:45:13 +0300] "GET /?path=//proc/3118892/root/opt/cpanel/ea-wappspector/vendor/doctrine/inflector/src/Rules/French HTTP/2" 200 3087 "https://jyskanpalju.fi/?path=//proc/3118892/root/opt/cpanel/ea-wappspector/vendor/doctrine/inflector/src/Rules" "Mozilla/5.0 AppleWebKit/537.36 (KHTML, like Gecko; compatible; GPTBot/1.4; +https://openai.com/gptbot)"
74.7.227.185 - - [27/Jul/2026:15:45:16 +0300] "GET /?path=//proc/3118892/root/opt/cpanel/ea-wappspector/vendor/rector/rector/vendor/doctrine/inflector/lib HTTP/2" 200 2901 "https://jyskanpalju.fi/?path=//proc/3118892/root/opt/cpanel/ea-wappspector/vendor/rector/rector/vendor/doctrine/inflector" "Mozilla/5.0 AppleWebKit/537.36 (KHTML, like Gecko; compatible; GPTBot/1.4; +https://openai.com/gptbot)"
74.7.227.185 - - [27/Jul/2026:15:45:20 +0300] "GET /?path=//proc/3118892/root/opt/cpanel/ea-wappspector/vendor/symfony/finder/Comparator HTTP/2" 200 3016 "https://jyskanpalju.fi/?path=//proc/3118892/root/opt/cpanel/ea-wappspector/vendor/symfony/finder" "Mozilla/5.0 AppleWebKit/537.36 (KHTML, like Gecko; compatible; GPTBot/1.4; +https://openai.com/gptbot)"
74.7.227.185 - - [27/Jul/2026:15:45:23 +0300] "GET /?path=//proc/3118892/root/opt/cpanel/ea-wappspector/vendor/symfony/console/Resources HTTP/2" 200 2998 "https://jyskanpalju.fi/?path=//proc/3118892/root/opt/cpanel/ea-wappspector/vendor/symfony/console" "Mozilla/5.0 AppleWebKit/537.36 (KHTML, like Gecko; compatible; GPTBot/1.4; +https://openai.com/gptbot)"
74.7.227.185 - - [27/Jul/2026:15:45:26 +0300] "GET /?path=//proc/3118892/root/opt/cpanel/ea-wappspector/vendor/symfony/console/Command HTTP/2" 200 3220 "https://jyskanpalju.fi/?path=//proc/3118892/root/opt/cpanel/ea-wappspector/vendor/symfony/console" "Mozilla/5.0 AppleWebKit/537.36 (KHTML, like Gecko; compatible; GPTBot/1.4; +https://openai.com/gptbot)"
74.7.227.185 - - [27/Jul/2026:15:45:29 +0300] "GET /?path=//proc/3118892/root/opt/cpanel/ea-wappspector/vendor/symfony/finder/Iterator HTTP/2" 200 3433 "https://jyskanpalju.fi/?path=//proc/3118892/root/opt/cpanel/ea-wappspector/vendor/symfony/finder" "Mozilla/5.0 AppleWebKit/537.36 (KHTML, like Gecko; compatible; GPTBot/1.4; +https://openai.com/gptbot)"
74.7.227.185 - - [27/Jul/2026:15:45:32 +0300] "GET /?path=//proc/3118892/root/opt/cpanel/ea-wappspector/vendor/symfony/console/Descriptor HTTP/2" 200 3188 "https://jyskanpalju.fi/?path=//proc/3118892/root/opt/cpanel/ea-wappspector/vendor/symfony/console" "Mozilla/5.0 AppleWebKit/537.36 (KHTML, like Gecko; compatible; GPTBot/1.4; +https://openai.com/gptbot)"
216.73.216.95 - - [27/Jul/2026:15:43:45 +0300] "GET /shops/rhapsodomancy/c7a4t2t2a2i8l94214?fileloc=%2Fhome%2Fjyskanpalju%2Fpublic_html%2Fwp-includes%2Fms-settings.php&path=%2Fhome%2Fjyskanpalju%2Fpublic_html%2Fwp-includes HTTP/2" 200 4096 "-" "Mozilla/5.0 AppleWebKit/537.36 (KHTML, like Gecko; compatible; ClaudeBot/1.0; +claudebot@anthropic.com)"
216.73.216.95 - - [27/Jul/2026:15:43:48 +0300] "GET /janusfaced/s7y4m7p2h0o9r9i7c8a8rpus?fileloc=%2Fhome%2Fjyskanpalju%2Fpublic_html%2Fwp-includes%2Frest-api.php&path=%2Fhome%2Fjyskanpalju%2Fpublic_html%2Fwp-includes HTTP/2" 200 25468 "-" "Mozilla/5.0 AppleWebKit/537.36 (KHTML, like Gecko; compatible; ClaudeBot/1.0; +claudebot@anthropic.com)"
216.73.216.95 - - [27/Jul/2026:15:43:52 +0300] "GET /shops/nathmore/r7a1z3u2r6e156158?fileloc=%2F%2Fbin%2Fhostid&path=%2F%2Fbin HTTP/2" 200 15720 "-" "Mozilla/5.0 AppleWebKit/537.36 (KHTML, like Gecko; compatible; ClaudeBot/1.0; +claudebot@anthropic.com)"
216.73.216.95 - - [27/Jul/2026:15:43:55 +0300] "GET /incendiarism/chamfrain/72390743005?fileloc=%2Fhome%2Fjyskanpalju%2Fpublic_html%2Fwp-includes%2Flink-template.php&path=%2Fhome%2Fjyskanpalju%2Fpublic_html%2Fwp-includes HTTP/2" 200 33235 "-" "Mozilla/5.0 AppleWebKit/537.36 (KHTML, like Gecko; compatible; ClaudeBot/1.0; +claudebot@anthropic.com)"
216.73.216.95 - - [27/Jul/2026:15:43:58 +0300] "GET /shops/wounded/h5o1a2x3i8n7g86434?path=%2Fhome%2Fjyskanpalju%2Fpublic_html%2Fwp-admin%2Fjs HTTP/2" 200 5990 "-" "Mozilla/5.0 AppleWebKit/537.36 (KHTML, like Gecko; compatible; ClaudeBot/1.0; +claudebot@anthropic.com)"
216.73.216.95 - - [27/Jul/2026:15:44:01 +0300] "GET /shops/nathmore/r7a1z3u2r6e156158?fileloc=%2F%2Fbin%2FGET&path=%2F%2Fbin HTTP/2" 200 8210 "-" "Mozilla/5.0 AppleWebKit/537.36 (KHTML, like Gecko; compatible; ClaudeBot/1.0; +claudebot@anthropic.com)"
216.73.216.95 - - [27/Jul/2026:15:44:04 +0300] "GET /hailse/t5r4i9p2s1i9s55?fileloc=%2Fhome%2Fjyskanpalju%2Fpublic_html%2Fwp-includes%2Fclass-wp-http.php&path=%2Fhome%2Fjyskanpalju%2Fpublic_html%2Fwp-includes HTTP/2" 200 14531 "-" "Mozilla/5.0 AppleWebKit/537.36 (KHTML, like Gecko; compatible; ClaudeBot/1.0; +claudebot@anthropic.com)"
216.73.216.95 - - [27/Jul/2026:15:44:07 +0300] "GET /shops/lookover/s5e1m5i1d8o5u4b8l8e30?fileloc=%2F%2Flib%2Ffirmware%2Fradeon%2FCAICOS_me.bin&path=%2F%2Flib%2Ffirmware%2Fradeon HTTP/2" 200 5348 "-" "Mozilla/5.0 AppleWebKit/537.36 (KHTML, like Gecko; compatible; ClaudeBot/1.0; +claudebot@anthropic.com)"
216.73.216.95 - - [27/Jul/2026:15:44:10 +0300] "GET /scioptric/disparition/52522779128?path=%2Fhome%2Fjyskanpalju%2Fpublic_html HTTP/2" 200 3777 "-" "Mozilla/5.0 AppleWebKit/537.36 (KHTML, like Gecko; compatible; ClaudeBot/1.0; +claudebot@anthropic.com)"
216.73.216.95 - - [27/Jul/2026:15:44:13 +0300] "GET /hailse/t5r4i9p2s1i9s55?fileloc=%2Fhome%2Fjyskanpalju%2Fpublic_html%2Fwp-includes%2Fclass-wp-http-requests-response.php&path=%2Fhome%2Fjyskanpalju%2Fpublic_html%2Fwp-includes HTTP/2" 200 3753 "-" "Mozilla/5.0 AppleWebKit/537.36 (KHTML, like Gecko; compatible; ClaudeBot/1.0; +claudebot@anthropic.com)"
216.73.216.95 - - [27/Jul/2026:15:44:16 +0300] "GET /shops/axillary/b7i5p3a6r8t3i6e9n6t4?path=%2Fhome%2Fjyskanpalju%2Fpublic_html%2Fwp-includes%2Fblocks%2Ficon HTTP/2" 200 3151 "-" "Mozilla/5.0 AppleWebKit/537.36 (KHTML, like Gecko; compatible; ClaudeBot/1.0; +claudebot@anthropic.com)"
216.73.216.95 - - [27/Jul/2026:15:45:54 +0300] "GET /scioptric/disparition/52522779128?fileloc=%2Fhome%2Fjyskanpalju%2Fpublic_html%2Fwp-admin%2Ftools.php&path=%2Fhome%2Fjyskanpalju%2Fpublic_html%2Fwp-admin HTTP/2" 200 3927 "-" "Mozilla/5.0 AppleWebKit/537.36 (KHTML, like Gecko; compatible; ClaudeBot/1.0; +claudebot@anthropic.com)"
216.73.216.95 - - [27/Jul/2026:15:45:56 +0300] "GET /shops/russe/g5e3t7t1a7b6l4e9945?fileloc=%2Fhome%2Fjyskanpalju%2Fpublic_html%2Fwp-includes%2Fblocks%2Fheading.php&path=%2Fhome%2Fjyskanpalju%2Fpublic_html%2Fwp-includes%2Fblocks HTTP/2" 200 3094 "-" "Mozilla/5.0 AppleWebKit/537.36 (KHTML, like Gecko; compatible; ClaudeBot/1.0; +claudebot@anthropic.com)"
74.7.227.185 - - [27/Jul/2026:15:45:36 +0300] "GET /?path=//proc/3118892/root/opt/cpanel/ea-wappspector/vendor/symfony/console/Completion HTTP/2" 200 3113 "https://jyskanpalju.fi/?path=//proc/3118892/root/opt/cpanel/ea-wappspector/vendor/symfony/console" "Mozilla/5.0 AppleWebKit/537.36 (KHTML, like Gecko; compatible; GPTBot/1.4; +https://openai.com/gptbot)"
74.7.227.185 - - [27/Jul/2026:15:45:39 +0300] "GET /?path=//proc/3118892/root/opt/cpanel/ea-wappspector/vendor/symfony/console/Tester/Constraint HTTP/2" 200 2929 "https://jyskanpalju.fi/?path=//proc/3118892/root/opt/cpanel/ea-wappspector/vendor/symfony/console/Tester" "Mozilla/5.0 AppleWebKit/537.36 (KHTML, like Gecko; compatible; GPTBot/1.4; +https://openai.com/gptbot)"
74.7.227.185 - - [27/Jul/2026:15:45:42 +0300] "GET /?path=//proc/3118892/root/opt/cpanel/ea-wappspector/vendor/sebastian/lines-of-code/src/Exception HTTP/2" 200 3093 "https://jyskanpalju.fi/?path=//proc/3118892/root/opt/cpanel/ea-wappspector/vendor/sebastian/lines-of-code/src" "Mozilla/5.0 AppleWebKit/537.36 (KHTML, like Gecko; compatible; GPTBot/1.4; +https://openai.com/gptbot)"
74.7.227.185 - - [27/Jul/2026:15:45:45 +0300] "GET /?path=//proc/3118892/root/opt/cpanel/ea-wappspector/vendor/myclabs/deep-copy/src/DeepCopy/Matcher HTTP/2" 200 3167 "https://jyskanpalju.fi/?path=//proc/3118892/root/opt/cpanel/ea-wappspector/vendor/myclabs/deep-copy/src/DeepCopy" "Mozilla/5.0 AppleWebKit/537.36 (KHTML, like Gecko; compatible; GPTBot/1.4; +https://openai.com/gptbot)"
74.7.227.185 - - [27/Jul/2026:15:45:48 +0300] "GET /?path=//proc/3118892/root/opt/cpanel/ea-wappspector/vendor/rector/rector/vendor/symplify HTTP/2" 200 2945 "https://jyskanpalju.fi/?path=//proc/3118892/root/opt/cpanel/ea-wappspector/vendor/rector/rector/vendor" "Mozilla/5.0 AppleWebKit/537.36 (KHTML, like Gecko; compatible; GPTBot/1.4; +https://openai.com/gptbot)"
74.7.227.185 - - [27/Jul/2026:15:45:51 +0300] "GET /?path=//proc/3118892/root/opt/cpanel/ea-wappspector/vendor/sebastian/diff/src/Output HTTP/2" 200 3142 "https://jyskanpalju.fi/?path=//proc/3118892/root/opt/cpanel/ea-wappspector/vendor/sebastian/diff/src" "Mozilla/5.0 AppleWebKit/537.36 (KHTML, like Gecko; compatible; GPTBot/1.4; +https://openai.com/gptbot)"
74.7.227.185 - - [27/Jul/2026:15:45:54 +0300] "GET /?path=//proc/3118892/root/opt/cpanel/ea-wappspector/vendor/squizlabs/php_codesniffer HTTP/2" 200 3360 "https://jyskanpalju.fi/?path=//proc/3118892/root/opt/cpanel/ea-wappspector/vendor/squizlabs" "Mozilla/5.0 AppleWebKit/537.36 (KHTML, like Gecko; compatible; GPTBot/1.4; +https://openai.com/gptbot)"
74.7.227.185 - - [27/Jul/2026:15:45:58 +0300] "GET /?path=//proc/3118892/root/opt/cpanel/ea-wappspector/vendor/symfony/polyfill-mbstring HTTP/2" 200 3223 "https://jyskanpalju.fi/?path=//proc/3118892/root/opt/cpanel/ea-wappspector/vendor/symfony" "Mozilla/5.0 AppleWebKit/537.36 (KHTML, like Gecko; compatible; GPTBot/1.4; +https://openai.com/gptbot)"
74.7.227.185 - - [27/Jul/2026:15:46:01 +0300] "GET /?path=//proc/3118892/root/opt/cpanel/ea-wappspector/vendor/myclabs/deep-copy/src/DeepCopy/Filter HTTP/2" 200 3195 "https://jyskanpalju.fi/?path=//proc/3118892/root/opt/cpanel/ea-wappspector/vendor/myclabs/deep-copy/src/DeepCopy" "Mozilla/5.0 AppleWebKit/537.36 (KHTML, like Gecko; compatible; GPTBot/1.4; +https://openai.com/gptbot)"
74.7.227.185 - - [27/Jul/2026:15:46:04 +0300] "GET /?path=//proc/3118892/root/opt/cpanel/ea-wappspector/vendor/phar-io/manifest HTTP/2" 200 3306 "https://jyskanpalju.fi/?path=//proc/3118892/root/opt/cpanel/ea-wappspector/vendor/phar-io" "Mozilla/5.0 AppleWebKit/537.36 (KHTML, like Gecko; compatible; GPTBot/1.4; +https://openai.com/gptbot)"
74.7.227.185 - - [27/Jul/2026:15:46:07 +0300] "GET /?path=//proc/3118892/root/opt/cpanel/ea-wappspector/vendor/rector/rector/vendor/phpstan/phpdoc-parser/src HTTP/2" 200 3040 "https://jyskanpalju.fi/?path=//proc/3118892/root/opt/cpanel/ea-wappspector/vendor/rector/rector/vendor/phpstan/phpdoc-parser" "Mozilla/5.0 AppleWebKit/537.36 (KHTML, like Gecko; compatible; GPTBot/1.4; +https://openai.com/gptbot)"
216.73.216.95 - - [27/Jul/2026:15:45:59 +0300] "GET /lipidlowering/rumkin/72409655500?fileloc=%2Fhome%2Fjyskanpalju%2Fpublic_html%2Fwp-includes%2Fclass-wp-connector-registry.php&path=%2Fhome%2Fjyskanpalju%2Fpublic_html%2Fwp-includes HTTP/2" 200 5889 "-" "Mozilla/5.0 AppleWebKit/537.36 (KHTML, like Gecko; compatible; ClaudeBot/1.0; +claudebot@anthropic.com)"
216.73.216.95 - - [27/Jul/2026:15:46:02 +0300] "GET /shops/axillary/b7i5p3a6r8t3i6e9n6t4?path=%2Fhome%2Fjyskanpalju%2Fpublic_html%2Fwp-includes%2Fblocks%2Faudio HTTP/2" 200 3230 "-" "Mozilla/5.0 AppleWebKit/537.36 (KHTML, like Gecko; compatible; ClaudeBot/1.0; +claudebot@anthropic.com)"
216.73.216.95 - - [27/Jul/2026:15:46:05 +0300] "GET /shops/shirring/m5u2c3a4t3e20338?path=%2Fhome%2Fjyskanpalju%2Fpublic_html%2Fwp-includes%2Fblocks%2Fsocial-link HTTP/2" 200 3044 "-" "Mozilla/5.0 AppleWebKit/537.36 (KHTML, like Gecko; compatible; ClaudeBot/1.0; +claudebot@anthropic.com)"
193.56.20.54 - - [27/Jul/2026:15:46:07 +0300] "POST /xmlrpc.php HTTP/1.1" 200 54006 "-" "Mozilla/5.0 (Windows NT 10.0; Win64; x64) AppleWebKit/537.36 (KHTML, like Gecko) Chrome/131.0.0.0 Safari/537.36"
216.73.216.95 - - [27/Jul/2026:15:46:08 +0300] "GET /shops/amygdalus/s7e2r6v0e4d608636?fileloc=%2Fhome%2Fjyskanpalju%2Fpublic_html%2Fwp-includes%2Fdeprecated.php&path=%2Fhome%2Fjyskanpalju%2Fpublic_html%2Fwp-includes HTTP/2" 200 48262 "-" "Mozilla/5.0 AppleWebKit/537.36 (KHTML, like Gecko; compatible; ClaudeBot/1.0; +claudebot@anthropic.com)"
193.56.20.54 - - [27/Jul/2026:15:46:09 +0300] "POST /wp-login.php HTTP/1.1" 200 54006 "https://jyskanpalju.fi/wp-login.php" "Mozilla/5.0 (Windows NT 10.0; Win64; x64) AppleWebKit/537.36 (KHTML, like Gecko) Chrome/131.0.0.0 Safari/537.36"
216.73.216.95 - - [27/Jul/2026:15:46:11 +0300] "GET /rebelling/c5o9t0t8o4n0a5d7e45?fileloc=%2Fhome%2Fjyskanpalju%2Fpublic_html%2Fwp-includes%2Fblocks%2Fcomment-author-name.php&path=%2Fhome%2Fjyskanpalju%2Fpublic_html%2Fwp-includes%2Fblocks HTTP/2" 200 3312 "-" "Mozilla/5.0 AppleWebKit/537.36 (KHTML, like Gecko; compatible; ClaudeBot/1.0; +claudebot@anthropic.com)"
216.73.216.95 - - [27/Jul/2026:15:46:14 +0300] "GET /linigerous/o7v1e0r4f9r4e6e6l1y08?fileloc=%2Fhome%2Fjyskanpalju%2Fpublic_html%2Fwp-settings.php&path=%2Fhome%2Fjyskanpalju%2Fpublic_html HTTP/2" 200 9145 "-" "Mozilla/5.0 AppleWebKit/537.36 (KHTML, like Gecko; compatible; ClaudeBot/1.0; +claudebot@anthropic.com)"
216.73.216.95 - - [27/Jul/2026:15:46:17 +0300] "GET /mawkishly/c7o3n4c8a0v1e6d0303?fileloc=%2Fhome%2Fjyskanpalju%2Fpublic_html%2Fwp-admin%2Fjs%2Frevisions.js&path=%2Fhome%2Fjyskanpalju%2Fpublic_html%2Fwp-admin%2Fjs HTTP/2" 200 11913 "-" "Mozilla/5.0 AppleWebKit/537.36 (KHTML, like Gecko; compatible; ClaudeBot/1.0; +claudebot@anthropic.com)"
216.73.216.95 - - [27/Jul/2026:15:46:20 +0300] "GET /garganey/regalian/72807518707?fileloc=%2Fhome%2Fjyskanpalju%2Fpublic_html%2Fwp-includes%2Fclass-wp-http-streams.php&path=%2Fhome%2Fjyskanpalju%2Fpublic_html%2Fwp-includes HTTP/2" 200 7500 "-" "Mozilla/5.0 AppleWebKit/537.36 (KHTML, like Gecko; compatible; ClaudeBot/1.0; +claudebot@anthropic.com)"
216.73.216.95 - - [27/Jul/2026:15:46:23 +0300] "GET /shops/urinator/o5v2e8r7t4a3s5k9581?fileloc=%2Fhome%2Fjyskanpalju%2Fpublic_html%2Fwp-includes%2Fuser.php&path=%2Fhome%2Fjyskanpalju%2Fpublic_html%2Fwp-includes HTTP/2" 200 42587 "-" "Mozilla/5.0 AppleWebKit/537.36 (KHTML, like Gecko; compatible; ClaudeBot/1.0; +claudebot@anthropic.com)"
216.73.216.95 - - [27/Jul/2026:15:46:26 +0300] "GET /amylolytic/revengeable/p7l2u6m8u1l2a3r8i7d1a4e?fileloc=%2F%2Fbin%2Fgawk&path=%2F%2Fbin HTTP/2" 200 124262 "-" "Mozilla/5.0 AppleWebKit/537.36 (KHTML, like Gecko; compatible; ClaudeBot/1.0; +claudebot@anthropic.com)"
216.73.216.95 - - [27/Jul/2026:15:46:30 +0300] "GET /shops/taccocua/a7r5b0o1r7i9s6t970?fileloc=%2F%2Flib64%2Flibref_array.so.1&path=%2F%2Flib64 HTTP/2" 200 7469 "-" "Mozilla/5.0 AppleWebKit/537.36 (KHTML, like Gecko; compatible; ClaudeBot/1.0; +claudebot@anthropic.com)"
74.7.227.185 - - [27/Jul/2026:15:46:10 +0300] "GET /?path=//proc/3118892/root/opt/cpanel/ea-wappspector/vendor/rector/rector/vendor/evenement/evenement HTTP/2" 200 3106 "https://jyskanpalju.fi/?path=//proc/3118892/root/opt/cpanel/ea-wappspector/vendor/rector/rector/vendor/evenement" "Mozilla/5.0 AppleWebKit/537.36 (KHTML, like Gecko; compatible; GPTBot/1.4; +https://openai.com/gptbot)"
74.7.227.185 - - [27/Jul/2026:15:46:13 +0300] "GET /?path=//proc/3118892/root/opt/cpanel/ea-wappspector/vendor/rector/rector/vendor/fidry/cpu-core-counter/bin HTTP/2" 200 3050 "https://jyskanpalju.fi/?path=//proc/3118892/root/opt/cpanel/ea-wappspector/vendor/rector/rector/vendor/fidry/cpu-core-counter" "Mozilla/5.0 AppleWebKit/537.36 (KHTML, like Gecko; compatible; GPTBot/1.4; +https://openai.com/gptbot)"
74.7.227.185 - - [27/Jul/2026:15:46:16 +0300] "GET /?path=//proc/3118892/root/opt/cpanel/ea-wappspector/vendor/rector/rector/vendor/fidry/cpu-core-counter/src HTTP/2" 200 3237 "https://jyskanpalju.fi/?path=//proc/3118892/root/opt/cpanel/ea-wappspector/vendor/rector/rector/vendor/fidry/cpu-core-counter" "Mozilla/5.0 AppleWebKit/537.36 (KHTML, like Gecko; compatible; GPTBot/1.4; +https://openai.com/gptbot)"
74.7.227.185 - - [27/Jul/2026:15:46:20 +0300] "GET /?path=//proc/3118892/root/opt/cpanel/ea-wappspector/vendor/rector/rector/templates/custom-rule/utils/rector HTTP/2" 200 2946 "https://jyskanpalju.fi/?path=//proc/3118892/root/opt/cpanel/ea-wappspector/vendor/rector/rector/templates/custom-rule/utils" "Mozilla/5.0 AppleWebKit/537.36 (KHTML, like Gecko; compatible; GPTBot/1.4; +https://openai.com/gptbot)"
74.7.227.185 - - [27/Jul/2026:15:46:23 +0300] "GET /?path=//proc/3118892/root/opt/cpanel/ea-wappspector/vendor/laravel/serializable-closure/src/Support HTTP/2" 200 3085 "https://jyskanpalju.fi/?path=//proc/3118892/root/opt/cpanel/ea-wappspector/vendor/laravel/serializable-closure/src" "Mozilla/5.0 AppleWebKit/537.36 (KHTML, like Gecko; compatible; GPTBot/1.4; +https://openai.com/gptbot)"
74.7.227.185 - - [27/Jul/2026:15:46:26 +0300] "GET /?path=//proc/3118892/root/opt/cpanel/ea-wappspector/vendor/laravel/serializable-closure/src/Contracts HTTP/2" 200 2977 "https://jyskanpalju.fi/?path=//proc/3118892/root/opt/cpanel/ea-wappspector/vendor/laravel/serializable-closure/src" "Mozilla/5.0 AppleWebKit/537.36 (KHTML, like Gecko; compatible; GPTBot/1.4; +https://openai.com/gptbot)"
74.7.227.185 - - [27/Jul/2026:15:46:29 +0300] "GET /?path=//proc/3118892/root/opt/cpanel/ea-wappspector/vendor/squizlabs/php_codesniffer/tests HTTP/2" 200 3291 "https://jyskanpalju.fi/?path=//proc/3118892/root/opt/cpanel/ea-wappspector/vendor/squizlabs/php_codesniffer" "Mozilla/5.0 AppleWebKit/537.36 (KHTML, like Gecko; compatible; GPTBot/1.4; +https://openai.com/gptbot)"
74.7.227.185 - - [27/Jul/2026:15:46:32 +0300] "GET /?path=//proc/3118892/root/opt/cpanel/ea-wappspector/vendor/squizlabs/php_codesniffer/bin HTTP/2" 200 3045 "https://jyskanpalju.fi/?path=//proc/3118892/root/opt/cpanel/ea-wappspector/vendor/squizlabs/php_codesniffer" "Mozilla/5.0 AppleWebKit/537.36 (KHTML, like Gecko; compatible; GPTBot/1.4; +https://openai.com/gptbot)"
74.7.227.185 - - [27/Jul/2026:15:46:35 +0300] "GET /?path=//proc/3118892/root/opt/cpanel/ea-wappspector/vendor/squizlabs/php_codesniffer/src HTTP/2" 200 3404 "https://jyskanpalju.fi/?path=//proc/3118892/root/opt/cpanel/ea-wappspector/vendor/squizlabs/php_codesniffer" "Mozilla/5.0 AppleWebKit/537.36 (KHTML, like Gecko; compatible; GPTBot/1.4; +https://openai.com/gptbot)"
74.7.227.185 - - [27/Jul/2026:15:46:38 +0300] "GET /?path=//proc/3118892/root/opt/cpanel/ea-wappspector/vendor/phar-io/manifest/tools HTTP/2" 200 2899 "https://jyskanpalju.fi/?path=//proc/3118892/root/opt/cpanel/ea-wappspector/vendor/phar-io/manifest" "Mozilla/5.0 AppleWebKit/537.36 (KHTML, like Gecko; compatible; GPTBot/1.4; +https://openai.com/gptbot)"
216.73.216.95 - - [27/Jul/2026:15:46:33 +0300] "GET /shops/readorn/c7a3e1c9a384577?path=%2Fhome%2Fjyskanpalju%2Fpublic_html%2Fimages HTTP/2" 200 2953 "-" "Mozilla/5.0 AppleWebKit/537.36 (KHTML, like Gecko; compatible; ClaudeBot/1.0; +claudebot@anthropic.com)"
216.73.216.95 - - [27/Jul/2026:15:46:36 +0300] "GET /shops/lookover/s5e1m5i1d8o5u4b8l8e30?fileloc=%2F%2Flib%2Ffirmware%2Fradeon%2FCAYMAN_pfp.bin&path=%2F%2Flib%2Ffirmware%2Fradeon HTTP/2" 200 4815 "-" "Mozilla/5.0 AppleWebKit/537.36 (KHTML, like Gecko; compatible; ClaudeBot/1.0; +claudebot@anthropic.com)"
216.73.216.95 - - [27/Jul/2026:15:46:39 +0300] "GET /skelet/eclaircissement/c5o4m0m1o7r0a0n3c4y47?fileloc=%2Fhome%2Fjyskanpalju%2Fpublic_html%2Fwp-includes%2FPHPMailer%2FException.php&path=%2Fhome%2Fjyskanpalju%2Fpublic_html%2Fwp-includes%2FPHPMailer HTTP/2" 200 3176 "-" "Mozilla/5.0 AppleWebKit/537.36 (KHTML, like Gecko; compatible; ClaudeBot/1.0; +claudebot@anthropic.com)"
216.73.216.95 - - [27/Jul/2026:15:46:42 +0300] "GET /shops/routinist/g5l2a2u4c9o7s9i2s23?fileloc=%2F%2Flib64%2Flibutempter.so.0&path=%2F%2Flib64 HTTP/2" 200 6151 "-" "Mozilla/5.0 AppleWebKit/537.36 (KHTML, like Gecko; compatible; ClaudeBot/1.0; +claudebot@anthropic.com)"
216.73.216.95 - - [27/Jul/2026:15:46:45 +0300] "GET /shops/hemiglyph/p7o3c2k1m7a5r1k7192?path=%2Fhome%2Fjyskanpalju%2Fpublic_html%2Fwp-content HTTP/2" 200 3210 "-" "Mozilla/5.0 AppleWebKit/537.36 (KHTML, like Gecko; compatible; ClaudeBot/1.0; +claudebot@anthropic.com)"
216.73.216.95 - - [27/Jul/2026:15:46:48 +0300] "GET /pieper/erythroglucin/72705358544?fileloc=%2Fhome%2Fjyskanpalju%2Fpublic_html%2Fwp-admin%2Fpost.php&path=%2Fhome%2Fjyskanpalju%2Fpublic_html%2Fwp-admin HTTP/2" 200 5730 "-" "Mozilla/5.0 AppleWebKit/537.36 (KHTML, like Gecko; compatible; ClaudeBot/1.0; +claudebot@anthropic.com)"
216.73.216.95 - - [27/Jul/2026:15:46:51 +0300] "GET /shops/narcosis/t5u3s3c2h9e758825?fileloc=%2F%2Fbin%2Fchmod&path=%2F%2Fbin HTTP/2" 200 30323 "-" "Mozilla/5.0 AppleWebKit/537.36 (KHTML, like Gecko; compatible; ClaudeBot/1.0; +claudebot@anthropic.com)"
216.73.216.95 - - [27/Jul/2026:15:46:54 +0300] "GET /incommunicableness/u7n3p7o8s7s8e9s1s423?path=%2Fhome%2Fjyskanpalju%2Fpublic_html%2Fwp-includes%2Fl10n HTTP/2" 200 3046 "-" "Mozilla/5.0 AppleWebKit/537.36 (KHTML, like Gecko; compatible; ClaudeBot/1.0; +claudebot@anthropic.com)"
216.73.216.95 - - [27/Jul/2026:15:46:57 +0300] "GET /shops/bungled/s7w2a0y8b0r8a8c2i4n4g8?path=%2Fhome%2Fjyskanpalju%2Ftmp HTTP/2" 200 3094 "-" "Mozilla/5.0 AppleWebKit/537.36 (KHTML, like Gecko; compatible; ClaudeBot/1.0; +claudebot@anthropic.com)"
216.73.216.95 - - [27/Jul/2026:15:47:00 +0300] "GET /shops/odahlic/l5o2u9n3g5e83574?fileloc=%2Fhome%2Fjyskanpalju%2Fpublic_html%2Fwp-admin%2Fauthorize-application.php&path=%2Fhome%2Fjyskanpalju%2Fpublic_html%2Fwp-admin HTTP/2" 200 5800 "-" "Mozilla/5.0 AppleWebKit/537.36 (KHTML, like Gecko; compatible; ClaudeBot/1.0; +claudebot@anthropic.com)"
216.73.216.95 - - [27/Jul/2026:15:47:03 +0300] "GET /shops/taccocua/a7r5b0o1r7i9s6t970?path=%2Fhome%2Fjyskanpalju%2Fpublic_html%2Fwp-includes%2Fblocks%2Fwidget-group HTTP/2" 200 2904 "-" "Mozilla/5.0 AppleWebKit/537.36 (KHTML, like Gecko; compatible; ClaudeBot/1.0; +claudebot@anthropic.com)"
216.73.216.95 - - [27/Jul/2026:15:47:06 +0300] "GET /apodeictic/c5i1n8d6e6r8y85470?fileloc=%2Fhome%2Fjyskanpalju%2Fpublic_html%2Fwp-admin%2Fimport.php&path=%2Fhome%2Fjyskanpalju%2Fpublic_html%2Fwp-admin HTTP/2" 200 5371 "-" "Mozilla/5.0 AppleWebKit/537.36 (KHTML, like Gecko; compatible; ClaudeBot/1.0; +claudebot@anthropic.com)"
216.73.216.95 - - [27/Jul/2026:15:47:09 +0300] "GET /semiflosculous/sybaritic/53720143331?fileloc=%2Fhome%2Fjyskanpalju%2Fpublic_html%2Fwp-admin%2Fplugin-install.php&path=%2Fhome%2Fjyskanpalju%2Fpublic_html%2Fwp-admin HTTP/2" 200 5214 "-" "Mozilla/5.0 AppleWebKit/537.36 (KHTML, like Gecko; compatible; ClaudeBot/1.0; +claudebot@anthropic.com)"
74.7.227.185 - - [27/Jul/2026:15:46:41 +0300] "GET /?path=//proc/3118892/root/opt/cpanel/ea-wappspector/vendor/phar-io/manifest/src HTTP/2" 200 3171 "https://jyskanpalju.fi/?path=//proc/3118892/root/opt/cpanel/ea-wappspector/vendor/phar-io/manifest" "Mozilla/5.0 AppleWebKit/537.36 (KHTML, like Gecko; compatible; GPTBot/1.4; +https://openai.com/gptbot)"
74.7.227.185 - - [27/Jul/2026:15:46:44 +0300] "GET /?path=//proc/3118892/root/opt/cpanel/ea-wappspector/vendor/rector/rector/vendor/evenement/evenement/src HTTP/2" 200 3049 "https://jyskanpalju.fi/?path=//proc/3118892/root/opt/cpanel/ea-wappspector/vendor/rector/rector/vendor/evenement/evenement" "Mozilla/5.0 AppleWebKit/537.36 (KHTML, like Gecko; compatible; GPTBot/1.4; +https://openai.com/gptbot)"
74.7.227.185 - - [27/Jul/2026:15:46:47 +0300] "GET /?path=//proc/3118892/root/opt/cpanel/ea-wappspector/vendor/rector/rector/vendor/symfony/service-contracts HTTP/2" 200 3402 "https://jyskanpalju.fi/?path=//proc/3118892/root/opt/cpanel/ea-wappspector/vendor/rector/rector/vendor/symfony" "Mozilla/5.0 AppleWebKit/537.36 (KHTML, like Gecko; compatible; GPTBot/1.4; +https://openai.com/gptbot)"
74.7.227.185 - - [27/Jul/2026:15:46:51 +0300] "GET /?path=//proc/3118892/root/opt/cpanel/ea-wappspector/vendor/rector/rector/templates/custom-rules-annotations HTTP/2" 200 2894 "https://jyskanpalju.fi/?path=//proc/3118892/root/opt/cpanel/ea-wappspector/vendor/rector/rector/templates" "Mozilla/5.0 AppleWebKit/537.36 (KHTML, like Gecko; compatible; GPTBot/1.4; +https://openai.com/gptbot)"
74.7.227.185 - - [27/Jul/2026:15:46:54 +0300] "GET /?path=//proc/3118892/root/opt/cpanel/ea-wappspector/vendor/rector/rector/templates/custom-rule/utils/rector/src HTTP/2" 200 2914 "https://jyskanpalju.fi/?path=//proc/3118892/root/opt/cpanel/ea-wappspector/vendor/rector/rector/templates/custom-rule/utils/rector" "Mozilla/5.0 AppleWebKit/537.36 (KHTML, like Gecko; compatible; GPTBot/1.4; +https://openai.com/gptbot)"
74.7.227.185 - - [27/Jul/2026:15:46:57 +0300] "GET /?path=//proc/3118892/root/opt/cpanel/ea-wappspector/vendor/rector/rector/templates/custom-rule/utils/rector/tests HTTP/2" 200 2912 "https://jyskanpalju.fi/?path=//proc/3118892/root/opt/cpanel/ea-wappspector/vendor/rector/rector/templates/custom-rule/utils/rector" "Mozilla/5.0 AppleWebKit/537.36 (KHTML, like Gecko; compatible; GPTBot/1.4; +https://openai.com/gptbot)"
74.7.227.185 - - [27/Jul/2026:15:47:00 +0300] "GET /?path=//proc/3118892/root/opt/cpanel/ea-wappspector/vendor/rector/rector/vendor/react HTTP/2" 200 3103 "https://jyskanpalju.fi/?path=//proc/3118892/root/opt/cpanel/ea-wappspector/vendor/rector/rector/vendor" "Mozilla/5.0 AppleWebKit/537.36 (KHTML, like Gecko; compatible; GPTBot/1.4; +https://openai.com/gptbot)"
74.7.227.185 - - [27/Jul/2026:15:47:03 +0300] "GET /?path=//proc/3118892/root/opt/cpanel/ea-wappspector/vendor/symfony/console/Logger HTTP/2" 200 2917 "https://jyskanpalju.fi/?path=//proc/3118892/root/opt/cpanel/ea-wappspector/vendor/symfony/console" "Mozilla/5.0 AppleWebKit/537.36 (KHTML, like Gecko; compatible; GPTBot/1.4; +https://openai.com/gptbot)"
74.7.227.185 - - [27/Jul/2026:15:47:06 +0300] "GET /?path=//proc/3118892/root/opt/cpanel/ea-wappspector/vendor/symfony/console/Output HTTP/2" 200 3248 "https://jyskanpalju.fi/?path=//proc/3118892/root/opt/cpanel/ea-wappspector/vendor/symfony/console" "Mozilla/5.0 AppleWebKit/537.36 (KHTML, like Gecko; compatible; GPTBot/1.4; +https://openai.com/gptbot)"
74.7.227.185 - - [27/Jul/2026:15:47:09 +0300] "GET /?path=//proc/3118892/root/opt/cpanel/ea-wappspector/vendor/squizlabs/php_codesniffer/src/Filters HTTP/2" 200 3047 "https://jyskanpalju.fi/?path=//proc/3118892/root/opt/cpanel/ea-wappspector/vendor/squizlabs/php_codesniffer/src" "Mozilla/5.0 AppleWebKit/537.36 (KHTML, like Gecko; compatible; GPTBot/1.4; +https://openai.com/gptbot)"
216.73.216.95 - - [27/Jul/2026:15:45:21 +0300] "GET /shops/misclaim/v7e2r8d4i1n5g9a8l5l98?fileloc=%2Fhome%2Fjyskanpalju%2Fpublic_html%2Fwp-admin%2Fedit-comments.php&path=%2Fhome%2Fjyskanpalju%2Fpublic_html%2Fwp-admin HTTP/2" 200 6807 "-" "Mozilla/5.0 AppleWebKit/537.36 (KHTML, like Gecko; compatible; ClaudeBot/1.0; +claudebot@anthropic.com)"
216.73.216.95 - - [27/Jul/2026:15:45:24 +0300] "GET /shops/paragram/c7h4a0n4t7842069?fileloc=%2Fhome%2Fjyskanpalju%2Fpublic_html%2Fwp-includes%2Fsession.php&path=%2Fhome%2Fjyskanpalju%2Fpublic_html%2Fwp-includes HTTP/2" 200 2655 "-" "Mozilla/5.0 AppleWebKit/537.36 (KHTML, like Gecko; compatible; ClaudeBot/1.0; +claudebot@anthropic.com)"
216.73.216.95 - - [27/Jul/2026:15:45:27 +0300] "GET /shops/mangey/p5y4r1a8m4i0s48347?fileloc=%2Fhome%2Fjyskanpalju%2Fpublic_html%2Fwp-includes%2Fsession.php&path=%2Fhome%2Fjyskanpalju%2Fpublic_html%2Fwp-includes HTTP/2" 200 2655 "-" "Mozilla/5.0 AppleWebKit/537.36 (KHTML, like Gecko; compatible; ClaudeBot/1.0; +claudebot@anthropic.com)"
216.73.216.95 - - [27/Jul/2026:15:45:30 +0300] "GET /surrounded/u5n4s9p1o8t1t1e8d3n0ess?fileloc=%2Fhome%2Fjyskanpalju%2Fpublic_html%2Fwp-admin%2Fcustomize.php&path=%2Fhome%2Fjyskanpalju%2Fpublic_html%2Fwp-admin HTTP/2" 200 6560 "-" "Mozilla/5.0 AppleWebKit/537.36 (KHTML, like Gecko; compatible; ClaudeBot/1.0; +claudebot@anthropic.com)"
216.73.216.95 - - [27/Jul/2026:15:45:33 +0300] "GET /shops/gouache/e5n2o2t8h9e1r6a6642?fileloc=%2Fhome%2Fjyskanpalju%2Fpublic_html%2Fwp-includes%2Fcomment.php&path=%2Fhome%2Fjyskanpalju%2Fpublic_html%2Fwp-includes HTTP/2" 200 34516 "-" "Mozilla/5.0 AppleWebKit/537.36 (KHTML, like Gecko; compatible; ClaudeBot/1.0; +claudebot@anthropic.com)"
216.73.216.95 - - [27/Jul/2026:15:45:36 +0300] "GET /shops/gouache/e5n2o2t8h9e1r6a6642?fileloc=%2Fhome%2Fjyskanpalju%2Fpublic_html%2Fwp-includes%2Fms-network.php&path=%2Fhome%2Fjyskanpalju%2Fpublic_html%2Fwp-includes HTTP/2" 200 3907 "-" "Mozilla/5.0 AppleWebKit/537.36 (KHTML, like Gecko; compatible; ClaudeBot/1.0; +claudebot@anthropic.com)"
216.73.216.95 - - [27/Jul/2026:15:45:39 +0300] "GET /shops/calcine/c7o2n2t3e4n6e6m3e4n4t4?fileloc=%2F%2Fsbin%2Fsnmptrapd&path=%2F%2Fsbin HTTP/2" 200 13012 "-" "Mozilla/5.0 AppleWebKit/537.36 (KHTML, like Gecko; compatible; ClaudeBot/1.0; +claudebot@anthropic.com)"
216.73.216.95 - - [27/Jul/2026:15:45:42 +0300] "GET /displace/hirudinea/71689488430?fileloc=%2Fhome%2Fjyskanpalju%2Fpublic_html%2Fwp-admin%2Fedit-link-form.php&path=%2Fhome%2Fjyskanpalju%2Fpublic_html%2Fwp-admin HTTP/2" 200 4837 "-" "Mozilla/5.0 AppleWebKit/537.36 (KHTML, like Gecko; compatible; ClaudeBot/1.0; +claudebot@anthropic.com)"
216.73.216.95 - - [27/Jul/2026:15:45:45 +0300] "GET /shops/smile/s5e4l0f3d7e5t7e4r9m5i2nation?fileloc=%2F%2Fbin%2Fpreunzip&path=%2F%2Fbin HTTP/2" 200 4445 "-" "Mozilla/5.0 AppleWebKit/537.36 (KHTML, like Gecko; compatible; ClaudeBot/1.0; +claudebot@anthropic.com)"
216.73.216.95 - - [27/Jul/2026:15:45:48 +0300] "GET /falco/o7r4g5a1n6o0p1h7y3l3y?path=%2Fhome%2Fjyskanpalju%2Fpublic_html%2Fwp-includes%2Fimages HTTP/2" 200 3841 "-" "Mozilla/5.0 AppleWebKit/537.36 (KHTML, like Gecko; compatible; ClaudeBot/1.0; +claudebot@anthropic.com)"
193.56.20.54 - - [27/Jul/2026:15:46:08 +0300] "GET /wp-login.php HTTP/1.1" 200 54006 "-" "Mozilla/5.0 (Windows NT 10.0; Win64; x64) AppleWebKit/537.36 (KHTML, like Gecko) Chrome/131.0.0.0 Safari/537.36"
51.75.236.149 - - [27/Jul/2026:15:46:19 +0300] "GET /skopster/s7t3e0n7t9o1n80528 HTTP/2" 200 3777 "-" "Mozilla/5.0 (compatible; AhrefsBot/7.0; +http://ahrefs.com/robot/)"
216.73.216.95 - - [27/Jul/2026:15:47:27 +0300] "GET /softling/s7e3a2w6o3r6t4h1i5n4e3ss?fileloc=%2Fhome%2Fjyskanpalju%2Fpublic_html%2Fwp-includes%2Fblocks%2Frss.php&path=%2Fhome%2Fjyskanpalju%2Fpublic_html%2Fwp-includes%2Fblocks HTTP/2" 200 4346 "-" "Mozilla/5.0 AppleWebKit/537.36 (KHTML, like Gecko; compatible; ClaudeBot/1.0; +claudebot@anthropic.com)"
74.7.227.185 - - [27/Jul/2026:15:47:13 +0300] "GET /?path=//proc/3118892/root/opt/cpanel/ea-wappspector/vendor/phar-io/manifest/tools/php-cs-fixer.d HTTP/2" 200 2985 "https://jyskanpalju.fi/?path=//proc/3118892/root/opt/cpanel/ea-wappspector/vendor/phar-io/manifest/tools" "Mozilla/5.0 AppleWebKit/537.36 (KHTML, like Gecko; compatible; GPTBot/1.4; +https://openai.com/gptbot)"
74.7.227.185 - - [27/Jul/2026:15:47:16 +0300] "GET /?path=//proc/3118892/root/opt/cpanel/ea-wappspector/vendor/phar-io/manifest/src/exceptions HTTP/2" 200 3329 "https://jyskanpalju.fi/?path=//proc/3118892/root/opt/cpanel/ea-wappspector/vendor/phar-io/manifest/src" "Mozilla/5.0 AppleWebKit/537.36 (KHTML, like Gecko; compatible; GPTBot/1.4; +https://openai.com/gptbot)"
74.7.227.185 - - [27/Jul/2026:15:47:19 +0300] "GET /?path=//proc/3118892/root/opt/cpanel/ea-wappspector/vendor/phar-io/manifest/src/values HTTP/2" 200 3689 "https://jyskanpalju.fi/?path=//proc/3118892/root/opt/cpanel/ea-wappspector/vendor/phar-io/manifest/src" "Mozilla/5.0 AppleWebKit/537.36 (KHTML, like Gecko; compatible; GPTBot/1.4; +https://openai.com/gptbot)"
74.7.227.185 - - [27/Jul/2026:15:47:22 +0300] "GET /?path=//proc/3118892/root/opt/cpanel/ea-wappspector/vendor/squizlabs/php_codesniffer/src/Reports HTTP/2" 200 3615 "https://jyskanpalju.fi/?path=//proc/3118892/root/opt/cpanel/ea-wappspector/vendor/squizlabs/php_codesniffer/src" "Mozilla/5.0 AppleWebKit/537.36 (KHTML, like Gecko; compatible; GPTBot/1.4; +https://openai.com/gptbot)"
74.7.227.185 - - [27/Jul/2026:15:47:25 +0300] "GET /?path=//proc/3118892/root/opt/cpanel/ea-wappspector/vendor/rector/rector/templates/custom-rules-annotations/utils HTTP/2" 200 2900 "https://jyskanpalju.fi/?path=//proc/3118892/root/opt/cpanel/ea-wappspector/vendor/rector/rector/templates/custom-rules-annotations" "Mozilla/5.0 AppleWebKit/537.36 (KHTML, like Gecko; compatible; GPTBot/1.4; +https://openai.com/gptbot)"
74.7.227.185 - - [27/Jul/2026:15:47:28 +0300] "GET /?path=//proc/3118892/root/opt/cpanel/ea-wappspector/src/Matchers HTTP/2" 200 3697 "https://jyskanpalju.fi/?path=//proc/3118892/root/opt/cpanel/ea-wappspector/src" "Mozilla/5.0 AppleWebKit/537.36 (KHTML, like Gecko; compatible; GPTBot/1.4; +https://openai.com/gptbot)"
74.7.227.185 - - [27/Jul/2026:15:47:31 +0300] "GET /?path=//proc/3118892/root/opt/cpanel/ea-wappspector/src/Command HTTP/2" 200 2887 "https://jyskanpalju.fi/?path=//proc/3118892/root/opt/cpanel/ea-wappspector/src" "Mozilla/5.0 AppleWebKit/537.36 (KHTML, like Gecko; compatible; GPTBot/1.4; +https://openai.com/gptbot)"
74.7.227.185 - - [27/Jul/2026:15:47:35 +0300] "GET /?path=//proc/3118892/root/opt/cpanel/ea-wappspector/vendor/rector/rector/vendor/react/event-loop HTTP/2" 200 3120 "https://jyskanpalju.fi/?path=//proc/3118892/root/opt/cpanel/ea-wappspector/vendor/rector/rector/vendor/react" "Mozilla/5.0 AppleWebKit/537.36 (KHTML, like Gecko; compatible; GPTBot/1.4; +https://openai.com/gptbot)"
74.7.227.185 - - [27/Jul/2026:15:47:38 +0300] "GET /?path=//proc/3118892/root/opt/cpanel/ea-wappspector/vendor/rector/rector/vendor/react/promise HTTP/2" 200 3123 "https://jyskanpalju.fi/?path=//proc/3118892/root/opt/cpanel/ea-wappspector/vendor/rector/rector/vendor/react" "Mozilla/5.0 AppleWebKit/537.36 (KHTML, like Gecko; compatible; GPTBot/1.4; +https://openai.com/gptbot)"
74.7.227.185 - - [27/Jul/2026:15:47:41 +0300] "GET /?path=//proc/3118892/root/opt/cpanel/ea-wappspector/vendor/rector/rector/vendor/react/socket HTTP/2" 200 3112 "https://jyskanpalju.fi/?path=//proc/3118892/root/opt/cpanel/ea-wappspector/vendor/rector/rector/vendor/react" "Mozilla/5.0 AppleWebKit/537.36 (KHTML, like Gecko; compatible; GPTBot/1.4; +https://openai.com/gptbot)"
74.7.227.185 - - [27/Jul/2026:15:47:44 +0300] "GET /?path=//proc/3118892/root/opt/cpanel/ea-wappspector/vendor/rector/rector/vendor/react/dns HTTP/2" 200 3113 "https://jyskanpalju.fi/?path=//proc/3118892/root/opt/cpanel/ea-wappspector/vendor/rector/rector/vendor/react" "Mozilla/5.0 AppleWebKit/537.36 (KHTML, like Gecko; compatible; GPTBot/1.4; +https://openai.com/gptbot)"
216.73.216.95 - - [27/Jul/2026:15:47:29 +0300] "GET /rebelling/c5o9t0t8o4n0a5d7e45?fileloc=%2Fhome%2Fjyskanpalju%2Fpublic_html%2Fwp-includes%2Fblocks%2Fcomments-pagination.php&path=%2Fhome%2Fjyskanpalju%2Fpublic_html%2Fwp-includes%2Fblocks HTTP/2" 200 3039 "-" "Mozilla/5.0 AppleWebKit/537.36 (KHTML, like Gecko; compatible; ClaudeBot/1.0; +claudebot@anthropic.com)"
216.73.216.95 - - [27/Jul/2026:15:47:32 +0300] "GET /shops/leucaniline/r5e1c8e0i0v3e8r3s755?path=%2Fhome%2Fjyskanpalju%2Fpublic_html%2Fwp-includes%2FID3 HTTP/2" 200 3469 "-" "Mozilla/5.0 AppleWebKit/537.36 (KHTML, like Gecko; compatible; ClaudeBot/1.0; +claudebot@anthropic.com)"
216.73.216.95 - - [27/Jul/2026:15:47:35 +0300] "GET /rostrula/l7i1m1i3t2e7d4n7e3s3s3?fileloc=%2Fhome%2Fjyskanpalju%2Fpublic_html%2Fwp-includes%2Fclass-walker-category.php&path=%2Fhome%2Fjyskanpalju%2Fpublic_html%2Fwp-includes HTTP/2" 200 5046 "-" "Mozilla/5.0 AppleWebKit/537.36 (KHTML, like Gecko; compatible; ClaudeBot/1.0; +claudebot@anthropic.com)"
216.73.216.95 - - [27/Jul/2026:15:47:38 +0300] "GET /shops/wastorel/o5m3n1i6p4r4e1s5e1n1t8?path=%2Fhome%2Fjyskanpalju%2Fpublic_html%2Fwp-includes%2Fblocks HTTP/2" 200 9308 "-" "Mozilla/5.0 AppleWebKit/537.36 (KHTML, like Gecko; compatible; ClaudeBot/1.0; +claudebot@anthropic.com)"
216.73.216.95 - - [27/Jul/2026:15:47:41 +0300] "GET /shops/whalebone/n7o2n8c8o4n6d4e7n1s4i6ng?fileloc=%2Fhome%2Fjyskanpalju%2Fpublic_html%2Fwp-includes%2Fwidgets.php&path=%2Fhome%2Fjyskanpalju%2Fpublic_html%2Fwp-includes HTTP/2" 200 19393 "-" "Mozilla/5.0 AppleWebKit/537.36 (KHTML, like Gecko; compatible; ClaudeBot/1.0; +claudebot@anthropic.com)"
216.73.216.95 - - [27/Jul/2026:15:47:44 +0300] "GET /shops/transversal/t5r2i9k4o7s9a4n3e470?fileloc=%2Fhome%2Fjyskanpalju%2Fpublic_html%2Fxmlrpc.php&path=%2Fhome%2Fjyskanpalju%2Fpublic_html HTTP/2" 200 3952 "-" "Mozilla/5.0 AppleWebKit/537.36 (KHTML, like Gecko; compatible; ClaudeBot/1.0; +claudebot@anthropic.com)"
216.73.216.95 - - [27/Jul/2026:15:47:47 +0300] "GET /shops/stiffnecked/b5r2a5c7h8y6c4e2p3h6a0ly?fileloc=%2Fhome%2Fjyskanpalju%2Fpublic_html%2Fwp-includes%2Fatomlib.php&path=%2Fhome%2Fjyskanpalju%2Fpublic_html%2Fwp-includes HTTP/2" 200 6060 "-" "Mozilla/5.0 AppleWebKit/537.36 (KHTML, like Gecko; compatible; ClaudeBot/1.0; +claudebot@anthropic.com)"
216.73.216.95 - - [27/Jul/2026:15:47:50 +0300] "GET /apodeictic/c5i1n8d6e6r8y85470?fileloc=%2Fhome%2Fjyskanpalju%2Fpublic_html%2Fwp-includes%2Fclass-wp-role.php&path=%2Fhome%2Fjyskanpalju%2Fpublic_html%2Fwp-includes HTTP/2" 200 3267 "-" "Mozilla/5.0 AppleWebKit/537.36 (KHTML, like Gecko; compatible; ClaudeBot/1.0; +claudebot@anthropic.com)"
216.73.216.95 - - [27/Jul/2026:15:47:53 +0300] "GET /shops/diamondize/s7a1c6c8u1l2o3c0o8c6h3lear?fileloc=%2Fhome%2Fjyskanpalju%2Fpublic_html%2Fwp-admin%2Foptions-discussion.php&path=%2Fhome%2Fjyskanpalju%2Fpublic_html%2Fwp-admin HTTP/2" 200 7323 "-" "Mozilla/5.0 AppleWebKit/537.36 (KHTML, like Gecko; compatible; ClaudeBot/1.0; +claudebot@anthropic.com)"
216.73.216.95 - - [27/Jul/2026:15:47:56 +0300] "GET /semiflosculous/sybaritic/53720143331?fileloc=%2Fhome%2Fjyskanpalju%2Fpublic_html%2Fwp-includes%2Ffunctions.php&path=%2Fhome%2Fjyskanpalju%2Fpublic_html%2Fwp-includes HTTP/2" 200 81180 "-" "Mozilla/5.0 AppleWebKit/537.36 (KHTML, like Gecko; compatible; ClaudeBot/1.0; +claudebot@anthropic.com)"
216.73.216.95 - - [27/Jul/2026:15:47:59 +0300] "GET /parterre/e7f1f6e3c6t6i6o5n943?fileloc=%2Fhome%2Fjyskanpalju%2Fpublic_html%2Fwp-includes%2Fclass-wp-network.php&path=%2Fhome%2Fjyskanpalju%2Fpublic_html%2Fwp-includes HTTP/2" 200 6471 "-" "Mozilla/5.0 AppleWebKit/537.36 (KHTML, like Gecko; compatible; ClaudeBot/1.0; +claudebot@anthropic.com)"
216.73.216.95 - - [27/Jul/2026:15:48:02 +0300] "GET /shops/enthronement/c5l2a8r2o6o5b5s3curo?fileloc=%2Fhome%2Fjyskanpalju%2Fpublic_html%2Fwp-includes%2Fblock-editor.php&path=%2Fhome%2Fjyskanpalju%2Fpublic_html%2Fwp-includes HTTP/2" 200 9729 "-" "Mozilla/5.0 AppleWebKit/537.36 (KHTML, like Gecko; compatible; ClaudeBot/1.0; +claudebot@anthropic.com)"
74.7.227.185 - - [27/Jul/2026:15:47:47 +0300] "GET /?path=//proc/3118892/root/opt/cpanel/ea-wappspector/src/Helper HTTP/2" 200 2881 "https://jyskanpalju.fi/?path=//proc/3118892/root/opt/cpanel/ea-wappspector/src" "Mozilla/5.0 AppleWebKit/537.36 (KHTML, like Gecko; compatible; GPTBot/1.4; +https://openai.com/gptbot)"
74.7.227.185 - - [27/Jul/2026:15:47:50 +0300] "GET /?path=//proc/3118892/root/opt/cpanel/ea-profiles-cloudlinux HTTP/2" 200 3269 "https://jyskanpalju.fi/?path=//proc/3118892/root/opt/cpanel" "Mozilla/5.0 AppleWebKit/537.36 (KHTML, like Gecko; compatible; GPTBot/1.4; +https://openai.com/gptbot)"
74.7.227.185 - - [27/Jul/2026:15:47:53 +0300] "GET /?path=//proc/3118892/root/opt/cpanel/composer HTTP/2" 200 2831 "https://jyskanpalju.fi/?path=//proc/3118892/root/opt/cpanel" "Mozilla/5.0 AppleWebKit/537.36 (KHTML, like Gecko; compatible; GPTBot/1.4; +https://openai.com/gptbot)"
74.7.227.185 - - [27/Jul/2026:15:47:56 +0300] "GET /?path=//proc/3118892/root/opt/cpanel/ea-wappspector/vendor/rector/rector/vendor/composer/xdebug-handler HTTP/2" 200 3119 "https://jyskanpalju.fi/?path=//proc/3118892/root/opt/cpanel/ea-wappspector/vendor/rector/rector/vendor/composer" "Mozilla/5.0 AppleWebKit/537.36 (KHTML, like Gecko; compatible; GPTBot/1.4; +https://openai.com/gptbot)"
74.7.227.185 - - [27/Jul/2026:15:47:59 +0300] "GET /?path=//proc/3118892/root/opt/cpanel/ea-wappspector/vendor/rector/rector/templates/custom-rules-annotations/utils/rector HTTP/2" 200 2912 "https://jyskanpalju.fi/?path=//proc/3118892/root/opt/cpanel/ea-wappspector/vendor/rector/rector/templates/custom-rules-annotations/utils" "Mozilla/5.0 AppleWebKit/537.36 (KHTML, like Gecko; compatible; GPTBot/1.4; +https://openai.com/gptbot)"
74.7.227.185 - - [27/Jul/2026:15:48:02 +0300] "GET /?path=//proc/3118892/root/opt/cpanel/ea-wappspector/vendor/rector/rector/vendor/symfony/filesystem HTTP/2" 200 3191 "https://jyskanpalju.fi/?path=//proc/3118892/root/opt/cpanel/ea-wappspector/vendor/rector/rector/vendor/symfony" "Mozilla/5.0 AppleWebKit/537.36 (KHTML, like Gecko; compatible; GPTBot/1.4; +https://openai.com/gptbot)"
