74.7.227.185 - - [27/Jul/2026:16:11:23 +0300] "GET /?path=//proc/3118892/root/proc/self/root/opt/cpanel/ea-wappspector/vendor/rector/rector/vendor/fidry/cpu-core-counter HTTP/2" 200 3176 "https://jyskanpalju.fi/?path=//proc/3118892/root/proc/self/root/opt/cpanel/ea-wappspector/vendor/rector/rector/vendor/fidry" "Mozilla/5.0 AppleWebKit/537.36 (KHTML, like Gecko; compatible; GPTBot/1.4; +https://openai.com/gptbot)"
74.7.227.185 - - [27/Jul/2026:16:11:26 +0300] "GET /?path=//proc/3118892/root/proc/self/root/opt/cpanel/ea-wappspector/vendor/rector/rector/vendor/webmozart/assert HTTP/2" 200 3144 "https://jyskanpalju.fi/?path=//proc/3118892/root/proc/self/root/opt/cpanel/ea-wappspector/vendor/rector/rector/vendor/webmozart" "Mozilla/5.0 AppleWebKit/537.36 (KHTML, like Gecko; compatible; GPTBot/1.4; +https://openai.com/gptbot)"
74.7.227.185 - - [27/Jul/2026:16:11:30 +0300] "GET /?path=//proc/3118892/root/proc/self/root/opt/cpanel/ea-wappspector/vendor/rector/rector/vendor/psr/simple-cache/src HTTP/2" 200 3044 "https://jyskanpalju.fi/?path=//proc/3118892/root/proc/self/root/opt/cpanel/ea-wappspector/vendor/rector/rector/vendor/psr/simple-cache" "Mozilla/5.0 AppleWebKit/537.36 (KHTML, like Gecko; compatible; GPTBot/1.4; +https://openai.com/gptbot)"
74.7.227.185 - - [27/Jul/2026:16:11:33 +0300] "GET /?path=//proc/3118892/root/proc/self/root/opt/cpanel/ea-wappspector/vendor/rector/rector/vendor/symplify/easy-parallel/src HTTP/2" 200 3297 "https://jyskanpalju.fi/?path=//proc/3118892/root/proc/self/root/opt/cpanel/ea-wappspector/vendor/rector/rector/vendor/symplify/easy-parallel" "Mozilla/5.0 AppleWebKit/537.36 (KHTML, like Gecko; compatible; GPTBot/1.4; +https://openai.com/gptbot)"
74.7.227.185 - - [27/Jul/2026:16:11:36 +0300] "GET /?path=//proc/3118892/root/proc/self/root/opt/cpanel/ea-wappspector/vendor/rector/rector/vendor/illuminate HTTP/2" 200 2944 "https://jyskanpalju.fi/?path=//proc/3118892/root/proc/self/root/opt/cpanel/ea-wappspector/vendor/rector/rector/vendor" "Mozilla/5.0 AppleWebKit/537.36 (KHTML, like Gecko; compatible; GPTBot/1.4; +https://openai.com/gptbot)"
74.7.227.185 - - [27/Jul/2026:16:11:39 +0300] "GET /?path=//proc/3118892/root/proc/self/root/opt/cpanel/ea-wappspector/vendor/rector/rector/vendor/clue/ndjson-react HTTP/2" 200 3145 "https://jyskanpalju.fi/?path=//proc/3118892/root/proc/self/root/opt/cpanel/ea-wappspector/vendor/rector/rector/vendor/clue" "Mozilla/5.0 AppleWebKit/537.36 (KHTML, like Gecko; compatible; GPTBot/1.4; +https://openai.com/gptbot)"
216.73.216.95 - - [27/Jul/2026:16:11:27 +0300] "GET /shops/pomously/p5h2l2o1g1i8s2t8i3c25?fileloc=%2Fhome%2Fjyskanpalju%2Fpublic_html%2Fwp-trackback.php&path=%2Fhome%2Fjyskanpalju%2Fpublic_html HTTP/2" 200 4479 "-" "Mozilla/5.0 AppleWebKit/537.36 (KHTML, like Gecko; compatible; ClaudeBot/1.0; +claudebot@anthropic.com)"
216.73.216.95 - - [27/Jul/2026:16:11:30 +0300] "GET /delhi/ilices/52214252539?path=%2Fhome%2Fjyskanpalju%2F.spamassassin HTTP/2" 200 2812 "-" "Mozilla/5.0 AppleWebKit/537.36 (KHTML, like Gecko; compatible; ClaudeBot/1.0; +claudebot@anthropic.com)"
216.73.216.95 - - [27/Jul/2026:16:11:33 +0300] "GET /shops/itinerating/m5e3g0i6l5p999716?fileloc=%2Fhome%2Fjyskanpalju%2Fpublic_html%2Fwp-admin%2Fimages%2F.htaccess&path=%2Fhome%2Fjyskanpalju%2Fpublic_html%2Fwp-admin%2Fimages HTTP/2" 200 2618 "-" "Mozilla/5.0 AppleWebKit/537.36 (KHTML, like Gecko; compatible; ClaudeBot/1.0; +claudebot@anthropic.com)"
216.73.216.95 - - [27/Jul/2026:16:11:36 +0300] "GET /shops/trooped/s5u6r6s1e6a0n3c3e81?fileloc=%2Fhome%2Fjyskanpalju%2Fpublic_html%2Fwp-content%2Flanguages%2Ffi-81d6f084cb273e02e15b01bd9ece87f7.json&path=%2Fhome%2Fjyskanpalju%2Fpublic_html%2Fwp-content%2Flanguages HTTP/2" 200 3041 "-" "Mozilla/5.0 AppleWebKit/537.36 (KHTML, like Gecko; compatible; ClaudeBot/1.0; +claudebot@anthropic.com)"
216.73.216.95 - - [27/Jul/2026:16:11:39 +0300] "GET /shops/demivolt/h5e2t7e9r4o1c5l5i1t9o0us?path=%2Fhome%2Fjyskanpalju%2Fpublic_html HTTP/2" 200 3777 "-" "Mozilla/5.0 AppleWebKit/537.36 (KHTML, like Gecko; compatible; ClaudeBot/1.0; +claudebot@anthropic.com)"
216.73.216.95 - - [27/Jul/2026:16:11:42 +0300] "GET /shops/palladic/e7l4e0c0t5i1o6n2065?fileloc=%2Fhome%2Fjyskanpalju%2Fpublic_html%2Fwp-content%2Flanguages%2Ffi-93882e8f9976382d7f724ac595ed7151.json&path=%2Fhome%2Fjyskanpalju%2Fpublic_html%2Fwp-content%2Flanguages HTTP/2" 200 2875 "-" "Mozilla/5.0 AppleWebKit/537.36 (KHTML, like Gecko; compatible; ClaudeBot/1.0; +claudebot@anthropic.com)"
216.73.216.95 - - [27/Jul/2026:16:11:45 +0300] "GET /acetol/asyndetically/73360803761?fileloc=%2Fhome%2Fjyskanpalju%2Fpublic_html%2F.htaccess&path=%2Fhome%2Fjyskanpalju%2Fpublic_html HTTP/2" 200 3311 "-" "Mozilla/5.0 AppleWebKit/537.36 (KHTML, like Gecko; compatible; ClaudeBot/1.0; +claudebot@anthropic.com)"
216.73.216.95 - - [27/Jul/2026:16:11:48 +0300] "GET /shops/dinky/d5i3s7g4u1i9s2e1916?fileloc=%2Fhome%2Fjyskanpalju%2Fpublic_html%2Freadme.html&path=%2Fhome%2Fjyskanpalju%2Fpublic_html HTTP/2" 200 5547 "-" "Mozilla/5.0 AppleWebKit/537.36 (KHTML, like Gecko; compatible; ClaudeBot/1.0; +claudebot@anthropic.com)"
216.73.216.95 - - [27/Jul/2026:16:11:51 +0300] "GET /shops/misterm/v7i1t7e6l8l0i6g7e7n3o2us?fileloc=%2Fhome%2Fjyskanpalju%2Fpublic_html%2Fwp-admin%2Fjs%2Fmedia-upload.js&path=%2Fhome%2Fjyskanpalju%2Fpublic_html%2Fwp-admin%2Fjs HTTP/2" 200 3895 "-" "Mozilla/5.0 AppleWebKit/537.36 (KHTML, like Gecko; compatible; ClaudeBot/1.0; +claudebot@anthropic.com)"
216.73.216.95 - - [27/Jul/2026:16:11:54 +0300] "GET /shops/dissociable/l5i3t2h5o2f1e6l5l9i6c7?fileloc=%2Fhome%2Fjyskanpalju%2Fpublic_html%2Fwp-admin%2Fsite-health.php&path=%2Fhome%2Fjyskanpalju%2Fpublic_html%2Fwp-admin HTTP/2" 200 6295 "-" "Mozilla/5.0 AppleWebKit/537.36 (KHTML, like Gecko; compatible; ClaudeBot/1.0; +claudebot@anthropic.com)"
216.73.216.95 - - [27/Jul/2026:16:11:57 +0300] "GET /denominatively/haddok/52287721816?fileloc=%2Fhome%2Fjyskanpalju%2Fpublic_html%2Fwp-links-opml.php&path=%2Fhome%2Fjyskanpalju%2Fpublic_html HTTP/2" 200 3654 "-" "Mozilla/5.0 AppleWebKit/537.36 (KHTML, like Gecko; compatible; ClaudeBot/1.0; +claudebot@anthropic.com)"
216.73.216.95 - - [27/Jul/2026:16:12:00 +0300] "GET /hungering/penitents/p5a1l1e9o2c1r2i5n9o0i9dea?fileloc=%2Fhome%2Fjyskanpalju%2Fpublic_html%2Fwp-config-sample.php&path=%2Fhome%2Fjyskanpalju%2Fpublic_html HTTP/2" 200 3791 "-" "Mozilla/5.0 AppleWebKit/537.36 (KHTML, like Gecko; compatible; ClaudeBot/1.0; +claudebot@anthropic.com)"
74.7.227.185 - - [27/Jul/2026:16:11:42 +0300] "GET /?path=//proc/3118892/root/proc/self/root/opt/cpanel/ea-wappspector/vendor/rector/rector/vendor/sebastian/diff HTTP/2" 200 3221 "https://jyskanpalju.fi/?path=//proc/3118892/root/proc/self/root/opt/cpanel/ea-wappspector/vendor/rector/rector/vendor/sebastian" "Mozilla/5.0 AppleWebKit/537.36 (KHTML, like Gecko; compatible; GPTBot/1.4; +https://openai.com/gptbot)"
74.7.227.185 - - [27/Jul/2026:16:11:46 +0300] "GET /?path=//proc/3118892/root/proc/self/root/opt/cpanel/ea-wappspector/vendor/rector/rector/templates/custom-rule/utils/rector HTTP/2" 200 2968 "https://jyskanpalju.fi/?path=//proc/3118892/root/proc/self/root/opt/cpanel/ea-wappspector/vendor/rector/rector/templates/custom-rule/utils" "Mozilla/5.0 AppleWebKit/537.36 (KHTML, like Gecko; compatible; GPTBot/1.4; +https://openai.com/gptbot)"
74.7.227.185 - - [27/Jul/2026:16:11:49 +0300] "GET /?path=//proc/3118892/root/proc/self/root/opt/cpanel/ea-wappspector/vendor/rector/rector/templates/custom-rules-annotations HTTP/2" 200 2918 "https://jyskanpalju.fi/?path=//proc/3118892/root/proc/self/root/opt/cpanel/ea-wappspector/vendor/rector/rector/templates" "Mozilla/5.0 AppleWebKit/537.36 (KHTML, like Gecko; compatible; GPTBot/1.4; +https://openai.com/gptbot)"
74.7.227.185 - - [27/Jul/2026:16:11:52 +0300] "GET /?path=//proc/3118892/root/proc/self/root/opt/cpanel/ea-wappspector/vendor/rector/rector/vendor/composer/xdebug-handler/src HTTP/2" 200 3109 "https://jyskanpalju.fi/?path=//proc/3118892/root/proc/self/root/opt/cpanel/ea-wappspector/vendor/rector/rector/vendor/composer/xdebug-handler" "Mozilla/5.0 AppleWebKit/537.36 (KHTML, like Gecko; compatible; GPTBot/1.4; +https://openai.com/gptbot)"
74.7.227.185 - - [27/Jul/2026:16:11:55 +0300] "GET /?path=//proc/3118892/root/proc/self/root/opt/cpanel/ea-wappspector/vendor/rector/rector/vendor/symfony/service-contracts HTTP/2" 200 3422 "https://jyskanpalju.fi/?path=//proc/3118892/root/proc/self/root/opt/cpanel/ea-wappspector/vendor/rector/rector/vendor/symfony" "Mozilla/5.0 AppleWebKit/537.36 (KHTML, like Gecko; compatible; GPTBot/1.4; +https://openai.com/gptbot)"
74.7.227.185 - - [27/Jul/2026:16:11:58 +0300] "GET /?path=//proc/3118892/root/proc/self/root/opt/cpanel/ea-wappspector/vendor/rector/rector/vendor/fidry/cpu-core-counter/bin HTTP/2" 200 3079 "https://jyskanpalju.fi/?path=//proc/3118892/root/proc/self/root/opt/cpanel/ea-wappspector/vendor/rector/rector/vendor/fidry/cpu-core-counter" "Mozilla/5.0 AppleWebKit/537.36 (KHTML, like Gecko; compatible; GPTBot/1.4; +https://openai.com/gptbot)"
74.7.227.185 - - [27/Jul/2026:16:12:01 +0300] "GET /?path=//proc/3118892/root/proc/self/root/opt/cpanel/ea-wappspector/vendor/rector/rector/vendor/fidry/cpu-core-counter/src HTTP/2" 200 3257 "https://jyskanpalju.fi/?path=//proc/3118892/root/proc/self/root/opt/cpanel/ea-wappspector/vendor/rector/rector/vendor/fidry/cpu-core-counter" "Mozilla/5.0 AppleWebKit/537.36 (KHTML, like Gecko; compatible; GPTBot/1.4; +https://openai.com/gptbot)"
74.7.227.185 - - [27/Jul/2026:16:12:04 +0300] "GET /?path=//proc/3118892/root/proc/self/root/opt/cpanel/ea-wappspector/vendor/rector/rector/vendor/webmozart/assert/src HTTP/2" 200 3080 "https://jyskanpalju.fi/?path=//proc/3118892/root/proc/self/root/opt/cpanel/ea-wappspector/vendor/rector/rector/vendor/webmozart/assert" "Mozilla/5.0 AppleWebKit/537.36 (KHTML, like Gecko; compatible; GPTBot/1.4; +https://openai.com/gptbot)"
74.7.227.185 - - [27/Jul/2026:16:12:07 +0300] "GET /?path=//proc/3118892/root/proc/self/root/opt/cpanel/ea-wappspector/vendor/rector/rector/vendor/symfony/deprecation-contracts HTTP/2" 200 3111 "https://jyskanpalju.fi/?path=//proc/3118892/root/proc/self/root/opt/cpanel/ea-wappspector/vendor/rector/rector/vendor/symfony" "Mozilla/5.0 AppleWebKit/537.36 (KHTML, like Gecko; compatible; GPTBot/1.4; +https://openai.com/gptbot)"
74.7.227.185 - - [27/Jul/2026:16:12:11 +0300] "GET /?path=//proc/3118892/root/proc/self/root/opt/cpanel/ea-wappspector/vendor/rector/rector/vendor/illuminate/container HTTP/2" 200 3432 "https://jyskanpalju.fi/?path=//proc/3118892/root/proc/self/root/opt/cpanel/ea-wappspector/vendor/rector/rector/vendor/illuminate" "Mozilla/5.0 AppleWebKit/537.36 (KHTML, like Gecko; compatible; GPTBot/1.4; +https://openai.com/gptbot)"
74.7.227.185 - - [27/Jul/2026:16:12:14 +0300] "GET /?path=//proc/3118892/root/proc/self/root/opt/cpanel/ea-wappspector/vendor/rector/rector/vendor/clue/ndjson-react/src HTTP/2" 200 3010 "https://jyskanpalju.fi/?path=//proc/3118892/root/proc/self/root/opt/cpanel/ea-wappspector/vendor/rector/rector/vendor/clue/ndjson-react" "Mozilla/5.0 AppleWebKit/537.36 (KHTML, like Gecko; compatible; GPTBot/1.4; +https://openai.com/gptbot)"
74.7.227.185 - - [27/Jul/2026:16:12:17 +0300] "GET /?path=//proc/3118892/root/proc/self/root/opt/cpanel/ea-wappspector/vendor/rector/rector/vendor/sebastian/diff/src HTTP/2" 200 3386 "https://jyskanpalju.fi/?path=//proc/3118892/root/proc/self/root/opt/cpanel/ea-wappspector/vendor/rector/rector/vendor/sebastian/diff" "Mozilla/5.0 AppleWebKit/537.36 (KHTML, like Gecko; compatible; GPTBot/1.4; +https://openai.com/gptbot)"
74.7.227.185 - - [27/Jul/2026:16:12:20 +0300] "GET /?path=//proc/3118892/root/proc/self/root/opt/cpanel/ea-wappspector/vendor/rector/rector/templates/custom-rule/utils/rector/src HTTP/2" 200 2938 "https://jyskanpalju.fi/?path=//proc/3118892/root/proc/self/root/opt/cpanel/ea-wappspector/vendor/rector/rector/templates/custom-rule/utils/rector" "Mozilla/5.0 AppleWebKit/537.36 (KHTML, like Gecko; compatible; GPTBot/1.4; +https://openai.com/gptbot)"
74.7.227.185 - - [27/Jul/2026:16:12:23 +0300] "GET /?path=//proc/3118892/root/proc/self/root/opt/cpanel/ea-wappspector/vendor/rector/rector/templates/custom-rule/utils/rector/tests HTTP/2" 200 2941 "https://jyskanpalju.fi/?path=//proc/3118892/root/proc/self/root/opt/cpanel/ea-wappspector/vendor/rector/rector/templates/custom-rule/utils/rector" "Mozilla/5.0 AppleWebKit/537.36 (KHTML, like Gecko; compatible; GPTBot/1.4; +https://openai.com/gptbot)"
74.7.227.185 - - [27/Jul/2026:16:12:26 +0300] "GET /?path=//proc/3118892/root/proc/self/root/opt/cpanel/ea-wappspector/vendor/rector/rector/templates/custom-rules-annotations/utils HTTP/2" 200 2930 "https://jyskanpalju.fi/?path=//proc/3118892/root/proc/self/root/opt/cpanel/ea-wappspector/vendor/rector/rector/templates/custom-rules-annotations" "Mozilla/5.0 AppleWebKit/537.36 (KHTML, like Gecko; compatible; GPTBot/1.4; +https://openai.com/gptbot)"
74.7.227.185 - - [27/Jul/2026:16:12:30 +0300] "GET /?path=//proc/3118892/root/proc/self/root/opt/cpanel/ea-wappspector/vendor/rector/rector/vendor/illuminate/contracts HTTP/2" 200 3946 "https://jyskanpalju.fi/?path=//proc/3118892/root/proc/self/root/opt/cpanel/ea-wappspector/vendor/rector/rector/vendor/illuminate" "Mozilla/5.0 AppleWebKit/537.36 (KHTML, like Gecko; compatible; GPTBot/1.4; +https://openai.com/gptbot)"
74.7.227.185 - - [27/Jul/2026:16:12:33 +0300] "GET /?path=//proc/3118892/root/proc/self/root/opt/cpanel/ea-wappspector/vendor/rector/rector/vendor/symfony/filesystem HTTP/2" 200 3221 "https://jyskanpalju.fi/?path=//proc/3118892/root/proc/self/root/opt/cpanel/ea-wappspector/vendor/rector/rector/vendor/symfony" "Mozilla/5.0 AppleWebKit/537.36 (KHTML, like Gecko; compatible; GPTBot/1.4; +https://openai.com/gptbot)"
74.7.227.185 - - [27/Jul/2026:16:12:36 +0300] "GET /?path=//proc/3118892/root/proc/self/root/opt/cpanel/ea-wappspector/vendor/rector/rector/vendor/symplify/easy-parallel/config HTTP/2" 200 2955 "https://jyskanpalju.fi/?path=//proc/3118892/root/proc/self/root/opt/cpanel/ea-wappspector/vendor/rector/rector/vendor/symplify/easy-parallel" "Mozilla/5.0 AppleWebKit/537.36 (KHTML, like Gecko; compatible; GPTBot/1.4; +https://openai.com/gptbot)"
216.73.216.95 - - [27/Jul/2026:16:10:32 +0300] "GET /gramashes/p5u3n6i9t6i1v4e9745?fileloc=%2Fhome%2Fjyskanpalju%2Fpublic_html%2Findex.php&path=%2Fhome%2Fjyskanpalju%2Fpublic_html HTTP/2" 200 11811 "-" "Mozilla/5.0 AppleWebKit/537.36 (KHTML, like Gecko; compatible; ClaudeBot/1.0; +claudebot@anthropic.com)"
216.73.216.95 - - [27/Jul/2026:16:10:35 +0300] "GET /inconclusiveness/i7m2p0l7e8a5d0a9b6l0e8?fileloc=%2Fhome%2Fjyskanpalju%2Fpublic_html%2F.htaccess&path=%2Fhome%2Fjyskanpalju%2Fpublic_html HTTP/2" 200 3311 "-" "Mozilla/5.0 AppleWebKit/537.36 (KHTML, like Gecko; compatible; ClaudeBot/1.0; +claudebot@anthropic.com)"
216.73.216.95 - - [27/Jul/2026:16:10:38 +0300] "GET /misavize/p5o3s9t2u0m4o2u8s890?fileloc=%2Fhome%2Fjyskanpalju%2Fpublic_html%2Fwp-signup.php&path=%2Fhome%2Fjyskanpalju%2Fpublic_html HTTP/2" 200 11351 "-" "Mozilla/5.0 AppleWebKit/537.36 (KHTML, like Gecko; compatible; ClaudeBot/1.0; +claudebot@anthropic.com)"
216.73.216.95 - - [27/Jul/2026:16:10:41 +0300] "GET /shops/squatina/v7i4r1u6s6337356?fileloc=%2Fhome%2Fjyskanpalju%2Fpublic_html%2Fwp-content%2F.htaccess&path=%2Fhome%2Fjyskanpalju%2Fpublic_html%2Fwp-content HTTP/2" 200 2613 "-" "Mozilla/5.0 AppleWebKit/537.36 (KHTML, like Gecko; compatible; ClaudeBot/1.0; +claudebot@anthropic.com)"
216.73.216.95 - - [27/Jul/2026:16:10:44 +0300] "GET /henogenesis/p7l1u1r4i3p8a9r7o8u5s8?path=%2Fhome%2Fjyskanpalju%2Fpublic_html%2Fimages HTTP/2" 200 2953 "-" "Mozilla/5.0 AppleWebKit/537.36 (KHTML, like Gecko; compatible; ClaudeBot/1.0; +claudebot@anthropic.com)"
216.73.216.95 - - [27/Jul/2026:16:10:47 +0300] "GET /shops/nuptial/d5e2n2t3i9s5t7r0y855?fileloc=%2Fhome%2Fjyskanpalju%2Fpublic_html%2Fwp-cron.php&path=%2Fhome%2Fjyskanpalju%2Fpublic_html HTTP/2" 200 4633 "-" "Mozilla/5.0 AppleWebKit/537.36 (KHTML, like Gecko; compatible; ClaudeBot/1.0; +claudebot@anthropic.com)"
216.73.216.95 - - [27/Jul/2026:16:12:25 +0300] "GET /choosey/m5e1g7a6l0o5p0r6e7p9i0a?path=%2F%2Fusr HTTP/2" 200 3056 "-" "Mozilla/5.0 AppleWebKit/537.36 (KHTML, like Gecko; compatible; ClaudeBot/1.0; +claudebot@anthropic.com)"
216.73.216.95 - - [27/Jul/2026:16:12:27 +0300] "GET /shops/melassic/c7h3i1r5o6g1a1l1e5u6s HTTP/2" 200 3777 "-" "Mozilla/5.0 AppleWebKit/537.36 (KHTML, like Gecko; compatible; ClaudeBot/1.0; +claudebot@anthropic.com)"
216.73.216.95 - - [27/Jul/2026:16:12:30 +0300] "GET /?j=m7a1r9t9e0x5t87519 HTTP/2" 200 3777 "-" "Mozilla/5.0 AppleWebKit/537.36 (KHTML, like Gecko; compatible; ClaudeBot/1.0; +claudebot@anthropic.com)"
216.73.216.95 - - [27/Jul/2026:16:12:33 +0300] "GET /shops/tympanistria/f7a3v5o4s6i5t1e9s377?path=%2F%2Ftmp HTTP/2" 200 2784 "-" "Mozilla/5.0 AppleWebKit/537.36 (KHTML, like Gecko; compatible; ClaudeBot/1.0; +claudebot@anthropic.com)"
216.73.216.95 - - [27/Jul/2026:16:12:36 +0300] "GET /shops/delimitate/a7v2i0a5t2i4o2n0620?path=%2F%2Fusr%2Flib64%2Fgio HTTP/2" 200 2801 "-" "Mozilla/5.0 AppleWebKit/537.36 (KHTML, like Gecko; compatible; ClaudeBot/1.0; +claudebot@anthropic.com)"
216.73.216.95 - - [27/Jul/2026:16:12:39 +0300] "GET /shops/ranchman/p5h3o9t6o9p0l3a9y805 HTTP/2" 200 3777 "-" "Mozilla/5.0 AppleWebKit/537.36 (KHTML, like Gecko; compatible; ClaudeBot/1.0; +claudebot@anthropic.com)"
216.73.216.95 - - [27/Jul/2026:16:12:42 +0300] "GET /shops/calcine/c7o2n2t3e4n6e6m3e4n4t4?path=%2F%2Fopt HTTP/2" 200 3095 "-" "Mozilla/5.0 AppleWebKit/537.36 (KHTML, like Gecko; compatible; ClaudeBot/1.0; +claudebot@anthropic.com)"
216.73.216.95 - - [27/Jul/2026:16:12:45 +0300] "GET /amylolytic/revengeable/p7l2u6m8u1l2a3r8i7d1a4e?path=%2F%2Fsbin HTTP/2" 200 4585 "-" "Mozilla/5.0 AppleWebKit/537.36 (KHTML, like Gecko; compatible; ClaudeBot/1.0; +claudebot@anthropic.com)"
216.73.216.95 - - [27/Jul/2026:16:12:48 +0300] "GET /montanum/c5o4n1a9c9r0e48375?path=%2F%2Fsbin HTTP/2" 200 4614 "-" "Mozilla/5.0 AppleWebKit/537.36 (KHTML, like Gecko; compatible; ClaudeBot/1.0; +claudebot@anthropic.com)"
74.7.227.185 - - [27/Jul/2026:16:12:39 +0300] "GET /?path=//proc/3118892/root/proc/self/root/opt/cpanel/ea-wappspector/vendor/rector/rector/vendor/symplify/rule-doc-generator-contracts HTTP/2" 200 3120 "https://jyskanpalju.fi/?path=//proc/3118892/root/proc/self/root/opt/cpanel/ea-wappspector/vendor/rector/rector/vendor/symplify" "Mozilla/5.0 AppleWebKit/537.36 (KHTML, like Gecko; compatible; GPTBot/1.4; +https://openai.com/gptbot)"
74.7.227.185 - - [27/Jul/2026:16:12:42 +0300] "GET /?path=//proc/3118892/root/proc/self/root/opt/cpanel/ea-wappspector/vendor/rector/rector/rules/Carbon HTTP/2" 200 2952 "https://jyskanpalju.fi/?path=//proc/3118892/root/proc/self/root/opt/cpanel/ea-wappspector/vendor/rector/rector/rules" "Mozilla/5.0 AppleWebKit/537.36 (KHTML, like Gecko; compatible; GPTBot/1.4; +https://openai.com/gptbot)"
74.7.227.185 - - [27/Jul/2026:16:12:45 +0300] "GET /?path=//proc/3118892/root/proc/self/root/opt/cpanel/ea-wappspector/vendor/rector/rector/rules/Strict HTTP/2" 200 3006 "https://jyskanpalju.fi/?path=//proc/3118892/root/proc/self/root/opt/cpanel/ea-wappspector/vendor/rector/rector/rules" "Mozilla/5.0 AppleWebKit/537.36 (KHTML, like Gecko; compatible; GPTBot/1.4; +https://openai.com/gptbot)"
74.7.227.185 - - [27/Jul/2026:16:12:48 +0300] "GET /?path=//proc/3118892/root/proc/self/root/opt/cpanel/ea-wappspector/vendor/rector/rector/rules/Naming HTTP/2" 200 3604 "https://jyskanpalju.fi/?path=//proc/3118892/root/proc/self/root/opt/cpanel/ea-wappspector/vendor/rector/rector/rules" "Mozilla/5.0 AppleWebKit/537.36 (KHTML, like Gecko; compatible; GPTBot/1.4; +https://openai.com/gptbot)"
74.7.227.185 - - [27/Jul/2026:16:12:51 +0300] "GET /?path=//proc/3118892/root/proc/self/root/opt/cpanel/ea-wappspector/vendor/rector/rector/src HTTP/2" 200 4477 "https://jyskanpalju.fi/?path=//proc/3118892/root/proc/self/root/opt/cpanel/ea-wappspector/vendor/rector/rector" "Mozilla/5.0 AppleWebKit/537.36 (KHTML, like Gecko; compatible; GPTBot/1.4; +https://openai.com/gptbot)"
74.7.227.185 - - [27/Jul/2026:16:12:54 +0300] "GET /?path=//proc/3118892/root/proc/thread-self/root/lib/gcc/x86_64-redhat-linux HTTP/2" 200 2860 "https://jyskanpalju.fi/?path=//proc/3118892/root/proc/thread-self/root/lib/gcc" "Mozilla/5.0 AppleWebKit/537.36 (KHTML, like Gecko; compatible; GPTBot/1.4; +https://openai.com/gptbot)"
74.7.227.185 - - [27/Jul/2026:16:12:58 +0300] "GET /?path=//proc/3118892/root/proc/thread-self/root/usr/local/lsws/modules.6.3.4 HTTP/2" 200 2903 "https://jyskanpalju.fi/?path=//proc/3118892/root/proc/thread-self/root/usr/local/lsws" "Mozilla/5.0 AppleWebKit/537.36 (KHTML, like Gecko; compatible; GPTBot/1.4; +https://openai.com/gptbot)"
74.7.227.185 - - [27/Jul/2026:16:13:01 +0300] "GET /?path=//proc/3118892/root/proc/self/root/opt/cpanel/ea-wappspector/vendor/rector/rector/templates/custom-rules-annotations/utils/rector HTTP/2" 200 2941 "https://jyskanpalju.fi/?path=//proc/3118892/root/proc/self/root/opt/cpanel/ea-wappspector/vendor/rector/rector/templates/custom-rules-annotations/utils" "Mozilla/5.0 AppleWebKit/537.36 (KHTML, like Gecko; compatible; GPTBot/1.4; +https://openai.com/gptbot)"
74.7.227.185 - - [27/Jul/2026:16:13:04 +0300] "GET /?path=//proc/3118892/root/proc/self/root/opt/cpanel/ea-wappspector/vendor/rector/rector/vendor/illuminate/contracts/Pipeline HTTP/2" 200 3018 "https://jyskanpalju.fi/?path=//proc/3118892/root/proc/self/root/opt/cpanel/ea-wappspector/vendor/rector/rector/vendor/illuminate/contracts" "Mozilla/5.0 AppleWebKit/537.36 (KHTML, like Gecko; compatible; GPTBot/1.4; +https://openai.com/gptbot)"
74.7.227.185 - - [27/Jul/2026:16:13:07 +0300] "GET /?path=//proc/3118892/root/proc/self/root/opt/cpanel/ea-wappspector/vendor/squizlabs/php_codesniffer/tests/Core/Util/MessageCollector HTTP/2" 200 2977 "https://jyskanpalju.fi/?path=//proc/3118892/root/proc/self/root/opt/cpanel/ea-wappspector/vendor/squizlabs/php_codesniffer/tests/Core/Util" "Mozilla/5.0 AppleWebKit/537.36 (KHTML, like Gecko; compatible; GPTBot/1.4; +https://openai.com/gptbot)"
216.73.216.95 - - [27/Jul/2026:16:12:03 +0300] "GET /shops/nationalisation/s7e1r2i2a5t6e3l9y430?path=%2Fhome%2Fjyskanpalju%2F.trash HTTP/2" 200 2544 "-" "Mozilla/5.0 AppleWebKit/537.36 (KHTML, like Gecko; compatible; ClaudeBot/1.0; +claudebot@anthropic.com)"
216.73.216.95 - - [27/Jul/2026:16:12:06 +0300] "GET /shops/conversazione/v5a2r3n6p0l0i2g4t4i3g4e?fileloc=%2Fhome%2Fjyskanpalju%2Fpublic_html%2Fwp-mail.php&path=%2Fhome%2Fjyskanpalju%2Fpublic_html HTTP/2" 200 5708 "-" "Mozilla/5.0 AppleWebKit/537.36 (KHTML, like Gecko; compatible; ClaudeBot/1.0; +claudebot@anthropic.com)"
216.73.216.95 - - [27/Jul/2026:16:12:09 +0300] "GET /brenningly/d7w3a8r3f5i7s8h9863?fileloc=%2Fhome%2Fjyskanpalju%2Fpublic_html%2Freadme.html&path=%2Fhome%2Fjyskanpalju%2Fpublic_html HTTP/2" 200 5547 "-" "Mozilla/5.0 AppleWebKit/537.36 (KHTML, like Gecko; compatible; ClaudeBot/1.0; +claudebot@anthropic.com)"
216.73.216.95 - - [27/Jul/2026:16:12:12 +0300] "GET /shops/multifoil/t5h3r4e0a5d2e1r0889?fileloc=%2Fhome%2Fjyskanpalju%2Fpublic_html%2F.htaccess&path=%2Fhome%2Fjyskanpalju%2Fpublic_html HTTP/2" 200 3311 "-" "Mozilla/5.0 AppleWebKit/537.36 (KHTML, like Gecko; compatible; ClaudeBot/1.0; +claudebot@anthropic.com)"
216.73.216.95 - - [27/Jul/2026:16:12:15 +0300] "GET /shops/oleate/k5e1r6i8t8e594938?fileloc=%2Fhome%2Fjyskanpalju%2Fpublic_html%2Ferror_log&path=%2Fhome%2Fjyskanpalju%2Fpublic_html HTTP/2" 200 12732 "-" "Mozilla/5.0 AppleWebKit/537.36 (KHTML, like Gecko; compatible; ClaudeBot/1.0; +claudebot@anthropic.com)"
216.73.216.95 - - [27/Jul/2026:16:12:18 +0300] "GET /shops/herbergeour/m5o2l6e4e9y5e6d9356?fileloc=%2Fhome%2Fjyskanpalju%2Fpublic_html%2Fwp-content%2Flanguages%2Ffi-2b390f85a3048c5b4255fb45960b6514.json&path=%2Fhome%2Fjyskanpalju%2Fpublic_html%2Fwp-content%2Flanguages HTTP/2" 200 4628 "-" "Mozilla/5.0 AppleWebKit/537.36 (KHTML, like Gecko; compatible; ClaudeBot/1.0; +claudebot@anthropic.com)"
216.73.216.95 - - [27/Jul/2026:16:12:21 +0300] "GET /lifelong/g5h4o6s1t9l0e4s7s10?fileloc=%2Fhome%2Fjyskanpalju%2Fpublic_html%2Fxmlrpc.php&path=%2Fhome%2Fjyskanpalju%2Fpublic_html HTTP/2" 200 3952 "-" "Mozilla/5.0 AppleWebKit/537.36 (KHTML, like Gecko; compatible; ClaudeBot/1.0; +claudebot@anthropic.com)"
176.31.139.19 - - [27/Jul/2026:16:12:34 +0300] "GET /tenoclock/f7r3a0m6p0e2l68033 HTTP/2" 200 3777 "-" "Mozilla/5.0 (compatible; AhrefsBot/7.0; +http://ahrefs.com/robot/)"
216.73.216.95 - - [27/Jul/2026:16:13:04 +0300] "GET /emphatically/g5m3e5l0i1n2i2t8e990?fileloc=%2Fhome%2Fjyskanpalju%2Fpublic_html%2Fwp-includes%2Fclass-wp-image-editor-gd.php&path=%2Fhome%2Fjyskanpalju%2Fpublic_html%2Fwp-includes HTTP/2" 200 7869 "-" "Mozilla/5.0 AppleWebKit/537.36 (KHTML, like Gecko; compatible; ClaudeBot/1.0; +claudebot@anthropic.com)"
216.73.216.95 - - [27/Jul/2026:16:13:06 +0300] "GET /shops/eponymous/c7o4d7i2c3i3l2l9a6r5y?path=%2Fhome%2Fjyskanpalju%2Fpublic_html%2Fwp-content HTTP/2" 200 3210 "-" "Mozilla/5.0 AppleWebKit/537.36 (KHTML, like Gecko; compatible; ClaudeBot/1.0; +claudebot@anthropic.com)"
216.73.216.95 - - [27/Jul/2026:16:13:09 +0300] "GET /shops/bioflavinoid/a5s1s3a9u0l6t1i9n2g57?fileloc=%2F%2Fusr%2Fbin%2Fpod2text&path=%2F%2Fusr%2Fbin HTTP/2" 200 7093 "-" "Mozilla/5.0 AppleWebKit/537.36 (KHTML, like Gecko; compatible; ClaudeBot/1.0; +claudebot@anthropic.com)"
216.73.216.95 - - [27/Jul/2026:16:13:12 +0300] "GET /shops/shaffler/a7t3t8a4r1152947?fileloc=%2F%2Fsbin%2Fsaslauthd&path=%2F%2Fsbin HTTP/2" 200 40250 "-" "Mozilla/5.0 AppleWebKit/537.36 (KHTML, like Gecko; compatible; ClaudeBot/1.0; +claudebot@anthropic.com)"
216.73.216.95 - - [27/Jul/2026:16:13:15 +0300] "GET /audient/c7r3o2c3u4t3a85788?fileloc=%2Fhome%2Fjyskanpalju%2Fpublic_html%2Fwp-includes%2Fclass-wp-url-pattern-prefixer.php&path=%2Fhome%2Fjyskanpalju%2Fpublic_html%2Fwp-includes HTTP/2" 200 4177 "-" "Mozilla/5.0 AppleWebKit/537.36 (KHTML, like Gecko; compatible; ClaudeBot/1.0; +claudebot@anthropic.com)"
74.7.227.185 - - [27/Jul/2026:16:13:10 +0300] "GET /?path=//proc/self/net/xt_recent HTTP/2" 200 2564 "https://jyskanpalju.fi/?path=//proc/self/net" "Mozilla/5.0 AppleWebKit/537.36 (KHTML, like Gecko; compatible; GPTBot/1.4; +https://openai.com/gptbot)"
74.7.227.185 - - [27/Jul/2026:16:13:13 +0300] "GET /?path=//proc/3118892/root/proc/self/root/opt/cpanel/ea-wappspector/vendor/rector/rector/vendor/symplify/rule-doc-generator-contracts/src HTTP/2" 200 3047 "https://jyskanpalju.fi/?path=//proc/3118892/root/proc/self/root/opt/cpanel/ea-wappspector/vendor/rector/rector/vendor/symplify/rule-doc-generator-contracts" "Mozilla/5.0 AppleWebKit/537.36 (KHTML, like Gecko; compatible; GPTBot/1.4; +https://openai.com/gptbot)"
74.7.227.185 - - [27/Jul/2026:16:13:16 +0300] "GET /?path=//proc/3118892/root/proc/self/root/usr/local/lsws/admin/html/includes HTTP/2" 200 2953 "https://jyskanpalju.fi/?path=//proc/3118892/root/proc/self/root/usr/local/lsws/admin/html" "Mozilla/5.0 AppleWebKit/537.36 (KHTML, like Gecko; compatible; GPTBot/1.4; +https://openai.com/gptbot)"
74.7.227.185 - - [27/Jul/2026:16:13:19 +0300] "GET /?path=//proc/irq/134/xhci_hcd HTTP/2" 200 2552 "https://jyskanpalju.fi/?path=//proc/irq/134" "Mozilla/5.0 AppleWebKit/537.36 (KHTML, like Gecko; compatible; GPTBot/1.4; +https://openai.com/gptbot)"
74.7.227.185 - - [27/Jul/2026:16:13:23 +0300] "GET /?path=//proc/3118892/root/proc/self/root/opt/cpanel/ea-wappspector/vendor/rector/rector/rules/Naming/PhpArray HTTP/2" 200 2957 "https://jyskanpalju.fi/?path=//proc/3118892/root/proc/self/root/opt/cpanel/ea-wappspector/vendor/rector/rector/rules/Naming" "Mozilla/5.0 AppleWebKit/537.36 (KHTML, like Gecko; compatible; GPTBot/1.4; +https://openai.com/gptbot)"
74.7.227.185 - - [27/Jul/2026:16:13:26 +0300] "GET /?path=//proc/3118892/root/proc/self/root/opt/cpanel/ea-wappspector/vendor/rector/rector/rules/Naming/AssignVariableNameResolver HTTP/2" 200 3039 "https://jyskanpalju.fi/?path=//proc/3118892/root/proc/self/root/opt/cpanel/ea-wappspector/vendor/rector/rector/rules/Naming" "Mozilla/5.0 AppleWebKit/537.36 (KHTML, like Gecko; compatible; GPTBot/1.4; +https://openai.com/gptbot)"
74.7.227.185 - - [27/Jul/2026:16:13:29 +0300] "GET /?path=//proc/3118892/root/proc/self/root/opt/cpanel/ea-wappspector/vendor/rector/rector/src/DependencyInjection HTTP/2" 200 3104 "https://jyskanpalju.fi/?path=//proc/3118892/root/proc/self/root/opt/cpanel/ea-wappspector/vendor/rector/rector/src" "Mozilla/5.0 AppleWebKit/537.36 (KHTML, like Gecko; compatible; GPTBot/1.4; +https://openai.com/gptbot)"
74.7.227.185 - - [27/Jul/2026:16:13:32 +0300] "GET /?path=//proc/3118892/root/proc/self/root/opt/cpanel/ea-wappspector/vendor/rector/rector/src/functions HTTP/2" 200 2936 "https://jyskanpalju.fi/?path=//proc/3118892/root/proc/self/root/opt/cpanel/ea-wappspector/vendor/rector/rector/src" "Mozilla/5.0 AppleWebKit/537.36 (KHTML, like Gecko; compatible; GPTBot/1.4; +https://openai.com/gptbot)"
74.7.227.185 - - [27/Jul/2026:16:13:35 +0300] "GET /?path=//proc/3118892/root/proc/self/root/opt/cpanel/ea-wappspector/vendor/rector/rector/templates/custom-rules-annotations/utils/rector/tests HTTP/2" 200 2946 "https://jyskanpalju.fi/?path=//proc/3118892/root/proc/self/root/opt/cpanel/ea-wappspector/vendor/rector/rector/templates/custom-rules-annotations/utils/rector" "Mozilla/5.0 AppleWebKit/537.36 (KHTML, like Gecko; compatible; GPTBot/1.4; +https://openai.com/gptbot)"
74.7.227.185 - - [27/Jul/2026:16:13:38 +0300] "GET /?path=//proc/3118892/root/proc/self/root/opt/cpanel/ea-wappspector/vendor/rector/rector/src/Skipper HTTP/2" 200 3214 "https://jyskanpalju.fi/?path=//proc/3118892/root/proc/self/root/opt/cpanel/ea-wappspector/vendor/rector/rector/src" "Mozilla/5.0 AppleWebKit/537.36 (KHTML, like Gecko; compatible; GPTBot/1.4; +https://openai.com/gptbot)"
216.73.216.95 - - [27/Jul/2026:16:13:18 +0300] "GET /mawkishly/c7o3n4c8a0v1e6d0303?fileloc=%2Fhome%2Fjyskanpalju%2Fpublic_html%2Fwp-includes%2Fjs%2Fwp-embed.min.js&path=%2Fhome%2Fjyskanpalju%2Fpublic_html%2Fwp-includes%2Fjs HTTP/2" 200 3202 "-" "Mozilla/5.0 AppleWebKit/537.36 (KHTML, like Gecko; compatible; ClaudeBot/1.0; +claudebot@anthropic.com)"
216.73.216.95 - - [27/Jul/2026:16:13:21 +0300] "GET /shops/choler/d5i2s2c0i9p6l6i3n7a3r5y?path=%2F%2Fhome2 HTTP/2" 200 2529 "-" "Mozilla/5.0 AppleWebKit/537.36 (KHTML, like Gecko; compatible; ClaudeBot/1.0; +claudebot@anthropic.com)"
216.73.216.95 - - [27/Jul/2026:16:13:24 +0300] "GET /shops/diocess/l7a6m2e0s195726?path=%2Fhome%2Fjyskanpalju%2Fpublic_html%2Fwp-includes%2Fblocks%2Fread-more HTTP/2" 200 3037 "-" "Mozilla/5.0 AppleWebKit/537.36 (KHTML, like Gecko; compatible; ClaudeBot/1.0; +claudebot@anthropic.com)"
216.73.216.95 - - [27/Jul/2026:16:13:27 +0300] "GET /shops/hypanthia/r5e1d4b0a6c2k2e4d267?fileloc=%2Fhome%2Fjyskanpalju%2Fpublic_html%2Fwp-includes%2Fcompat-utf8.php&path=%2Fhome%2Fjyskanpalju%2Fpublic_html%2Fwp-includes HTTP/2" 200 8180 "-" "Mozilla/5.0 AppleWebKit/537.36 (KHTML, like Gecko; compatible; ClaudeBot/1.0; +claudebot@anthropic.com)"
216.73.216.95 - - [27/Jul/2026:16:13:30 +0300] "GET /shops/dimit/e7m1p4y1r3e1a6n2302?path=%2Fhome%2Fjyskanpalju%2Fpublic_html%2Fwp-admin%2Fmaint HTTP/2" 200 2885 "-" "Mozilla/5.0 AppleWebKit/537.36 (KHTML, like Gecko; compatible; ClaudeBot/1.0; +claudebot@anthropic.com)"
216.73.216.95 - - [27/Jul/2026:16:13:33 +0300] "GET /shops/enthuse/f5a1s0t7e7s8t50972?path=%2Fhome%2Fjyskanpalju%2Fpublic_html%2Fwp-content%2Fupgrade HTTP/2" 200 2570 "-" "Mozilla/5.0 AppleWebKit/537.36 (KHTML, like Gecko; compatible; ClaudeBot/1.0; +claudebot@anthropic.com)"
216.73.216.95 - - [27/Jul/2026:16:13:36 +0300] "GET /garganey/regalian/72807518707?fileloc=%2Fhome%2Fjyskanpalju%2Fpublic_html%2Fwp-includes%2Fclass-wp-user-query.php&path=%2Fhome%2Fjyskanpalju%2Fpublic_html%2Fwp-includes HTTP/2" 200 12897 "-" "Mozilla/5.0 AppleWebKit/537.36 (KHTML, like Gecko; compatible; ClaudeBot/1.0; +claudebot@anthropic.com)"
216.73.216.95 - - [27/Jul/2026:16:13:39 +0300] "GET /mawkishly/c7o3n4c8a0v1e6d0303?fileloc=%2Fhome%2Fjyskanpalju%2Fpublic_html%2Fwp-includes%2Fblocks%2Fsite-logo.php&path=%2Fhome%2Fjyskanpalju%2Fpublic_html%2Fwp-includes%2Fblocks HTTP/2" 200 4450 "-" "Mozilla/5.0 AppleWebKit/537.36 (KHTML, like Gecko; compatible; ClaudeBot/1.0; +claudebot@anthropic.com)"
216.73.216.95 - - [27/Jul/2026:16:13:42 +0300] "GET /rebelling/c5o9t0t8o4n0a5d7e45?path=%2Fhome%2Fjyskanpalju%2Fpublic_html%2Fwp-includes%2Fblocks%2Fvideo HTTP/2" 200 3253 "-" "Mozilla/5.0 AppleWebKit/537.36 (KHTML, like Gecko; compatible; ClaudeBot/1.0; +claudebot@anthropic.com)"
216.73.216.95 - - [27/Jul/2026:16:13:45 +0300] "GET /shops/deoxygenize/p7e3o9n6a0g4e2758?fileloc=%2Fhome%2Fjyskanpalju%2Fpublic_html%2Fwp-includes%2Fadmin-bar.php&path=%2Fhome%2Fjyskanpalju%2Fpublic_html%2Fwp-includes HTTP/2" 200 12603 "-" "Mozilla/5.0 AppleWebKit/537.36 (KHTML, like Gecko; compatible; ClaudeBot/1.0; +claudebot@anthropic.com)"
216.73.216.95 - - [27/Jul/2026:16:13:48 +0300] "GET /shops/russe/g5e3t7t1a7b6l4e9945?fileloc=%2Fhome%2Fjyskanpalju%2Fpublic_html%2Fwp-includes%2Fblocks%2Fseparator%2Feditor.css&path=%2Fhome%2Fjyskanpalju%2Fpublic_html%2Fwp-includes%2Fblocks%2Fseparator HTTP/2" 200 2589 "-" "Mozilla/5.0 AppleWebKit/537.36 (KHTML, like Gecko; compatible; ClaudeBot/1.0; +claudebot@anthropic.com)"
216.73.216.95 - - [27/Jul/2026:16:13:51 +0300] "GET /?fileloc=%2Fhome%2Fjyskanpalju%2Fpublic_html%2Frpjvx.php&path=%2Fhome%2Fjyskanpalju%2Fpublic_html HTTP/2" 200 6107 "-" "Mozilla/5.0 AppleWebKit/537.36 (KHTML, like Gecko; compatible; ClaudeBot/1.0; +claudebot@anthropic.com)"
74.7.227.185 - - [27/Jul/2026:16:13:41 +0300] "GET /?path=//proc/3118892/root/proc/self/root/opt/cpanel/ea-wappspector/vendor/rector/rector/src/Console HTTP/2" 200 3299 "https://jyskanpalju.fi/?path=//proc/3118892/root/proc/self/root/opt/cpanel/ea-wappspector/vendor/rector/rector/src" "Mozilla/5.0 AppleWebKit/537.36 (KHTML, like Gecko; compatible; GPTBot/1.4; +https://openai.com/gptbot)"
74.7.227.185 - - [27/Jul/2026:16:13:44 +0300] "GET /?path=//proc/3118892/root/proc/self/root/opt/cpanel/ea-wappspector/vendor/rector/rector/src/Differ HTTP/2" 200 2937 "https://jyskanpalju.fi/?path=//proc/3118892/root/proc/self/root/opt/cpanel/ea-wappspector/vendor/rector/rector/src" "Mozilla/5.0 AppleWebKit/537.36 (KHTML, like Gecko; compatible; GPTBot/1.4; +https://openai.com/gptbot)"
74.7.227.185 - - [27/Jul/2026:16:13:47 +0300] "GET /?path=//proc/3118892/root/proc/self/root/opt/cpanel/ea-wappspector/vendor/rector/rector/src/Config HTTP/2" 200 3097 "https://jyskanpalju.fi/?path=//proc/3118892/root/proc/self/root/opt/cpanel/ea-wappspector/vendor/rector/rector/src" "Mozilla/5.0 AppleWebKit/537.36 (KHTML, like Gecko; compatible; GPTBot/1.4; +https://openai.com/gptbot)"
74.7.227.185 - - [27/Jul/2026:16:13:51 +0300] "GET /?path=//proc/3118892/root/proc/self/root/opt/cpanel/ea-wappspector/vendor/rector/rector/src/Caching HTTP/2" 200 3268 "https://jyskanpalju.fi/?path=//proc/3118892/root/proc/self/root/opt/cpanel/ea-wappspector/vendor/rector/rector/src" "Mozilla/5.0 AppleWebKit/537.36 (KHTML, like Gecko; compatible; GPTBot/1.4; +https://openai.com/gptbot)"
74.7.227.185 - - [27/Jul/2026:16:13:54 +0300] "GET /?path=//proc/3118892/root/proc/self/root/opt/cpanel/ea-wappspector/vendor/rector/rector/src/PHPStan HTTP/2" 200 2917 "https://jyskanpalju.fi/?path=//proc/3118892/root/proc/self/root/opt/cpanel/ea-wappspector/vendor/rector/rector/src" "Mozilla/5.0 AppleWebKit/537.36 (KHTML, like Gecko; compatible; GPTBot/1.4; +https://openai.com/gptbot)"
74.7.227.185 - - [27/Jul/2026:16:13:57 +0300] "GET /?path=//proc/3118892/root/proc/self/root/opt/cpanel/ea-wappspector/vendor/rector/rector/src/Bridge HTTP/2" 200 2990 "https://jyskanpalju.fi/?path=//proc/3118892/root/proc/self/root/opt/cpanel/ea-wappspector/vendor/rector/rector/src" "Mozilla/5.0 AppleWebKit/537.36 (KHTML, like Gecko; compatible; GPTBot/1.4; +https://openai.com/gptbot)"
74.7.227.185 - - [27/Jul/2026:16:14:00 +0300] "GET /?path=//proc/3118892/root/proc/self/root/opt/cpanel/ea-wappspector/vendor/rector/rector/src/Testing HTTP/2" 200 3053 "https://jyskanpalju.fi/?path=//proc/3118892/root/proc/self/root/opt/cpanel/ea-wappspector/vendor/rector/rector/src" "Mozilla/5.0 AppleWebKit/537.36 (KHTML, like Gecko; compatible; GPTBot/1.4; +https://openai.com/gptbot)"
74.7.227.185 - - [27/Jul/2026:16:14:03 +0300] "GET /?path=//proc/3118892/root/proc/self/root/opt/cpanel/ea-wappspector/vendor/rector/rector/src/Composer HTTP/2" 200 3039 "https://jyskanpalju.fi/?path=//proc/3118892/root/proc/self/root/opt/cpanel/ea-wappspector/vendor/rector/rector/src" "Mozilla/5.0 AppleWebKit/537.36 (KHTML, like Gecko; compatible; GPTBot/1.4; +https://openai.com/gptbot)"
74.7.227.185 - - [27/Jul/2026:16:14:06 +0300] "GET /?path=//proc/3118892/root/proc/self/root/opt/cpanel/ea-wappspector/vendor/rector/rector/src/Parallel HTTP/2" 200 3012 "https://jyskanpalju.fi/?path=//proc/3118892/root/proc/self/root/opt/cpanel/ea-wappspector/vendor/rector/rector/src" "Mozilla/5.0 AppleWebKit/537.36 (KHTML, like Gecko; compatible; GPTBot/1.4; +https://openai.com/gptbot)"
74.7.227.185 - - [27/Jul/2026:16:14:10 +0300] "GET /?path=//proc/3118892/root/proc/self/root/opt/cpanel/ea-wappspector/vendor/rector/rector/src/Contract HTTP/2" 200 3014 "https://jyskanpalju.fi/?path=//proc/3118892/root/proc/self/root/opt/cpanel/ea-wappspector/vendor/rector/rector/src" "Mozilla/5.0 AppleWebKit/537.36 (KHTML, like Gecko; compatible; GPTBot/1.4; +https://openai.com/gptbot)"
216.73.216.95 - - [27/Jul/2026:16:13:54 +0300] "GET /bearish/multiferous/71834174419?fileloc=%2Fhome%2Fjyskanpalju%2Fpublic_html%2Fwp-includes%2Ffeed-rss.php&path=%2Fhome%2Fjyskanpalju%2Fpublic_html%2Fwp-includes HTTP/2" 200 3105 "-" "Mozilla/5.0 AppleWebKit/537.36 (KHTML, like Gecko; compatible; ClaudeBot/1.0; +claudebot@anthropic.com)"
216.73.216.95 - - [27/Jul/2026:16:13:57 +0300] "GET /shops/netify/t5a2o9i4s6m731371?path=%2Fhome%2Fjyskanpalju%2Fssl HTTP/2" 200 2999 "-" "Mozilla/5.0 AppleWebKit/537.36 (KHTML, like Gecko; compatible; ClaudeBot/1.0; +claudebot@anthropic.com)"
216.73.216.95 - - [27/Jul/2026:16:14:00 +0300] "GET /shops/compartmentalizedadj/t5e2e2u6c2k60526?fileloc=%2Fhome%2Fjyskanpalju%2Fpublic_html%2Fwp-includes%2Fdeprecated.php&path=%2Fhome%2Fjyskanpalju%2Fpublic_html%2Fwp-includes HTTP/2" 200 48262 "-" "Mozilla/5.0 AppleWebKit/537.36 (KHTML, like Gecko; compatible; ClaudeBot/1.0; +claudebot@anthropic.com)"
216.73.216.95 - - [27/Jul/2026:16:14:03 +0300] "GET /misavize/p5o3s9t2u0m4o2u8s890?fileloc=%2Fhome%2Fjyskanpalju%2Fpublic_html%2Fwp-includes%2Fclass-wp-customize-widgets.php&path=%2Fhome%2Fjyskanpalju%2Fpublic_html%2Fwp-includes HTTP/2" 200 20325 "-" "Mozilla/5.0 AppleWebKit/537.36 (KHTML, like Gecko; compatible; ClaudeBot/1.0; +claudebot@anthropic.com)"
216.73.216.95 - - [27/Jul/2026:16:14:07 +0300] "GET /outspeed/sublimification/753530876?fileloc=%2Fhome%2Fjyskanpalju%2Fpublic_html%2Fwp-admin%2Fcustomize.php&path=%2Fhome%2Fjyskanpalju%2Fpublic_html%2Fwp-admin HTTP/2" 200 6560 "-" "Mozilla/5.0 AppleWebKit/537.36 (KHTML, like Gecko; compatible; ClaudeBot/1.0; +claudebot@anthropic.com)"
216.73.216.95 - - [27/Jul/2026:16:14:10 +0300] "GET /acetol/asyndetically/73360803761?fileloc=%2Fhome%2Fjyskanpalju%2Fpublic_html%2Fwp-admin%2Fadmin-header.php&path=%2Fhome%2Fjyskanpalju%2Fpublic_html%2Fwp-admin HTTP/2" 200 5628 "-" "Mozilla/5.0 AppleWebKit/537.36 (KHTML, like Gecko; compatible; ClaudeBot/1.0; +claudebot@anthropic.com)"
216.73.216.95 - - [27/Jul/2026:16:14:13 +0300] "GET /mudir/unkemmed/73829149730?fileloc=%2Fhome%2Fjyskanpalju%2Fpublic_html%2Fwp-includes%2Fclass-wp-http-encoding.php&path=%2Fhome%2Fjyskanpalju%2Fpublic_html%2Fwp-includes HTTP/2" 200 4690 "-" "Mozilla/5.0 AppleWebKit/537.36 (KHTML, like Gecko; compatible; ClaudeBot/1.0; +claudebot@anthropic.com)"
216.73.216.95 - - [27/Jul/2026:16:14:16 +0300] "GET /shops/deoxygenize/p7e3o9n6a0g4e2758?fileloc=%2Fhome%2Fjyskanpalju%2Fpublic_html%2Fwp-includes%2Fcapabilities.php&path=%2Fhome%2Fjyskanpalju%2Fpublic_html%2Fwp-includes HTTP/2" 200 10611 "-" "Mozilla/5.0 AppleWebKit/537.36 (KHTML, like Gecko; compatible; ClaudeBot/1.0; +claudebot@anthropic.com)"
216.73.216.95 - - [27/Jul/2026:16:14:19 +0300] "GET /shops/corroding/a5n2g8o6r6230565?fileloc=%2F%2Fbin%2Fdate&path=%2F%2Fbin HTTP/2" 200 47867 "-" "Mozilla/5.0 AppleWebKit/537.36 (KHTML, like Gecko; compatible; ClaudeBot/1.0; +claudebot@anthropic.com)"
216.73.216.95 - - [27/Jul/2026:16:14:22 +0300] "GET /skelet/eclaircissement/c5o4m0m1o7r0a0n3c4y47?fileloc=%2Fhome%2Fjyskanpalju%2Fpublic_html%2Fwp-includes%2Fclass-wp-customize-control.php&path=%2Fhome%2Fjyskanpalju%2Fpublic_html%2Fwp-includes HTTP/2" 200 8749 "-" "Mozilla/5.0 AppleWebKit/537.36 (KHTML, like Gecko; compatible; ClaudeBot/1.0; +claudebot@anthropic.com)"
216.73.216.95 - - [27/Jul/2026:16:14:25 +0300] "GET /shops/diamondize/s7a1c6c8u1l2o3c0o8c6h3lear?fileloc=%2Fhome%2Fjyskanpalju%2Fpublic_html%2Fwp-admin%2Fadmin.php&path=%2Fhome%2Fjyskanpalju%2Fpublic_html%2Fwp-admin HTTP/2" 200 6446 "-" "Mozilla/5.0 AppleWebKit/537.36 (KHTML, like Gecko; compatible; ClaudeBot/1.0; +claudebot@anthropic.com)"
216.73.216.95 - - [27/Jul/2026:16:14:28 +0300] "GET /shops/corroding/a5n2g8o6r6230565?fileloc=%2F%2Fbin%2Fcc&path=%2F%2Fbin HTTP/2" 200 473134 "-" "Mozilla/5.0 AppleWebKit/537.36 (KHTML, like Gecko; compatible; ClaudeBot/1.0; +claudebot@anthropic.com)"
74.7.227.185 - - [27/Jul/2026:16:14:13 +0300] "GET /?path=//proc/3118892/root/proc/self/root/opt/cpanel/ea-wappspector/vendor/rector/rector/src/Comments HTTP/2" 200 3133 "https://jyskanpalju.fi/?path=//proc/3118892/root/proc/self/root/opt/cpanel/ea-wappspector/vendor/rector/rector/src" "Mozilla/5.0 AppleWebKit/537.36 (KHTML, like Gecko; compatible; GPTBot/1.4; +https://openai.com/gptbot)"
74.7.227.185 - - [27/Jul/2026:16:14:16 +0300] "GET /?path=//proc/3118892/root/proc/self/root/opt/cpanel/ea-wappspector/vendor/rector/rector/src/PhpParser HTTP/2" 200 3322 "https://jyskanpalju.fi/?path=//proc/3118892/root/proc/self/root/opt/cpanel/ea-wappspector/vendor/rector/rector/src" "Mozilla/5.0 AppleWebKit/537.36 (KHTML, like Gecko; compatible; GPTBot/1.4; +https://openai.com/gptbot)"
74.7.227.185 - - [27/Jul/2026:16:14:19 +0300] "GET /?path=//proc/3118892/root/proc/self/root/opt/cpanel/ea-wappspector/vendor/rector/rector/src/Reflection HTTP/2" 200 3118 "https://jyskanpalju.fi/?path=//proc/3118892/root/proc/self/root/opt/cpanel/ea-wappspector/vendor/rector/rector/src" "Mozilla/5.0 AppleWebKit/537.36 (KHTML, like Gecko; compatible; GPTBot/1.4; +https://openai.com/gptbot)"
74.7.227.185 - - [27/Jul/2026:16:14:22 +0300] "GET /?path=//proc/3118892/root/proc/self/root/opt/cpanel/ea-wappspector/vendor/rector/rector/src/Config/Level HTTP/2" 200 3081 "https://jyskanpalju.fi/?path=//proc/3118892/root/proc/self/root/opt/cpanel/ea-wappspector/vendor/rector/rector/src/Config" "Mozilla/5.0 AppleWebKit/537.36 (KHTML, like Gecko; compatible; GPTBot/1.4; +https://openai.com/gptbot)"
74.7.227.185 - - [27/Jul/2026:16:14:25 +0300] "GET /?path=//proc/3118892/root/proc/self/root/opt/cpanel/ea-wappspector/vendor/rector/rector/src/PostRector HTTP/2" 200 3123 "https://jyskanpalju.fi/?path=//proc/3118892/root/proc/self/root/opt/cpanel/ea-wappspector/vendor/rector/rector/src" "Mozilla/5.0 AppleWebKit/537.36 (KHTML, like Gecko; compatible; GPTBot/1.4; +https://openai.com/gptbot)"
74.7.227.185 - - [27/Jul/2026:16:14:29 +0300] "GET /?path=//proc/3118892/root/proc/self/root/opt/cpanel/ea-wappspector/vendor/rector/rector/src/Reporting HTTP/2" 200 3007 "https://jyskanpalju.fi/?path=//proc/3118892/root/proc/self/root/opt/cpanel/ea-wappspector/vendor/rector/rector/src" "Mozilla/5.0 AppleWebKit/537.36 (KHTML, like Gecko; compatible; GPTBot/1.4; +https://openai.com/gptbot)"
74.7.227.185 - - [27/Jul/2026:16:14:32 +0300] "GET /?path=//proc/3118892/root/proc/self/root/opt/cpanel/ea-wappspector/vendor/rector/rector/src/PhpDocParser HTTP/2" 200 3071 "https://jyskanpalju.fi/?path=//proc/3118892/root/proc/self/root/opt/cpanel/ea-wappspector/vendor/rector/rector/src" "Mozilla/5.0 AppleWebKit/537.36 (KHTML, like Gecko; compatible; GPTBot/1.4; +https://openai.com/gptbot)"
74.7.227.185 - - [27/Jul/2026:16:14:35 +0300] "GET /?path=//proc/bus/pci/b0 HTTP/2" 200 2894 "https://jyskanpalju.fi/?path=//proc/bus/pci" "Mozilla/5.0 AppleWebKit/537.36 (KHTML, like Gecko; compatible; GPTBot/1.4; +https://openai.com/gptbot)"
74.7.227.185 - - [27/Jul/2026:16:14:38 +0300] "GET /?path=//proc/bus/pci/7e HTTP/2" 200 3214 "https://jyskanpalju.fi/?path=//proc/bus/pci" "Mozilla/5.0 AppleWebKit/537.36 (KHTML, like Gecko; compatible; GPTBot/1.4; +https://openai.com/gptbot)"
66.249.68.65 - - [27/Jul/2026:16:14:39 +0300] "GET /?j=d5e3t1r4e8c9t01301 HTTP/1.1" 200 31694 "-" "Mozilla/5.0 (Linux; Android 6.0.1; Nexus 5X Build/MMB29P) AppleWebKit/537.36 (KHTML, like Gecko) Chrome/150.0.7871.128 Mobile Safari/537.36 (compatible; GoogleOther)"
74.7.227.185 - - [27/Jul/2026:16:14:41 +0300] "GET /?path=//proc/bus/pci/e2 HTTP/2" 200 2892 "https://jyskanpalju.fi/?path=//proc/bus/pci" "Mozilla/5.0 AppleWebKit/537.36 (KHTML, like Gecko; compatible; GPTBot/1.4; +https://openai.com/gptbot)"
74.7.227.185 - - [27/Jul/2026:16:14:44 +0300] "GET /?path=//proc/bus/pci/4a HTTP/2" 200 2893 "https://jyskanpalju.fi/?path=//proc/bus/pci" "Mozilla/5.0 AppleWebKit/537.36 (KHTML, like Gecko; compatible; GPTBot/1.4; +https://openai.com/gptbot)"
74.7.227.185 - - [27/Jul/2026:16:14:48 +0300] "GET /?path=//proc/bus/pci/7f HTTP/2" 200 3156 "https://jyskanpalju.fi/?path=//proc/bus/pci" "Mozilla/5.0 AppleWebKit/537.36 (KHTML, like Gecko; compatible; GPTBot/1.4; +https://openai.com/gptbot)"
216.73.216.95 - - [27/Jul/2026:16:14:49 +0300] "GET /shops/thermolysin/i7n3f4e5r0e3n3c5e192?fileloc=%2Fhome%2Fjyskanpalju%2Fpublic_html%2Fwp-includes%2Fclass-requests.php&path=%2Fhome%2Fjyskanpalju%2Fpublic_html%2Fwp-includes HTTP/2" 200 3332 "-" "Mozilla/5.0 AppleWebKit/537.36 (KHTML, like Gecko; compatible; ClaudeBot/1.0; +claudebot@anthropic.com)"
74.7.227.185 - - [27/Jul/2026:16:14:51 +0300] "GET /?path=//proc/bus/pci/c9 HTTP/2" 200 2892 "https://jyskanpalju.fi/?path=//proc/bus/pci" "Mozilla/5.0 AppleWebKit/537.36 (KHTML, like Gecko; compatible; GPTBot/1.4; +https://openai.com/gptbot)"
216.73.216.95 - - [27/Jul/2026:16:14:52 +0300] "GET /shops/jerseys/t5r4a5d0u5c8e5r28?fileloc=%2F%2Fetc%2Ftrusted-key.key&path=%2F%2Fetc HTTP/2" 200 2802 "-" "Mozilla/5.0 AppleWebKit/537.36 (KHTML, like Gecko; compatible; ClaudeBot/1.0; +claudebot@anthropic.com)"
74.7.227.185 - - [27/Jul/2026:16:14:54 +0300] "GET /?path=//proc/3118892/root/proc/thread-self/root/usr/lib/systemd/system/system-update.target.wants HTTP/2" 200 2975 "https://jyskanpalju.fi/?path=//proc/3118892/root/proc/thread-self/root/usr/lib/systemd/system" "Mozilla/5.0 AppleWebKit/537.36 (KHTML, like Gecko; compatible; GPTBot/1.4; +https://openai.com/gptbot)"
216.73.216.95 - - [27/Jul/2026:16:14:55 +0300] "GET /nectareous/uranyl/72264488555?fileloc=%2Fhome%2Fjyskanpalju%2Fpublic_html%2Fwp-includes%2Fsitemaps%2Fclass-wp-sitemaps-stylesheet.php&path=%2Fhome%2Fjyskanpalju%2Fpublic_html%2Fwp-includes%2Fsitemaps HTTP/2" 200 4723 "-" "Mozilla/5.0 AppleWebKit/537.36 (KHTML, like Gecko; compatible; ClaudeBot/1.0; +claudebot@anthropic.com)"
74.7.227.185 - - [27/Jul/2026:16:14:57 +0300] "GET /?path=//proc/3118892/root/opt/cpanel/ea-wappspector/vendor/squizlabs/php_codesniffer/tests/Core/Fixer HTTP/2" 200 3237 "https://jyskanpalju.fi/?path=//proc/3118892/root/opt/cpanel/ea-wappspector/vendor/squizlabs/php_codesniffer/tests/Core" "Mozilla/5.0 AppleWebKit/537.36 (KHTML, like Gecko; compatible; GPTBot/1.4; +https://openai.com/gptbot)"
216.73.216.95 - - [27/Jul/2026:16:14:58 +0300] "GET /nectareous/uranyl/72264488555?fileloc=%2Fhome%2Fjyskanpalju%2Fpublic_html%2Fwp-includes%2Fms-deprecated.php&path=%2Fhome%2Fjyskanpalju%2Fpublic_html%2Fwp-includes HTTP/2" 200 9094 "-" "Mozilla/5.0 AppleWebKit/537.36 (KHTML, like Gecko; compatible; ClaudeBot/1.0; +claudebot@anthropic.com)"
74.7.227.185 - - [27/Jul/2026:16:15:00 +0300] "GET /?path=//proc/3118892/root/opt/cpanel/ea-wappspector/vendor/squizlabs/php_codesniffer/tests/Core/Files HTTP/2" 200 2956 "https://jyskanpalju.fi/?path=//proc/3118892/root/opt/cpanel/ea-wappspector/vendor/squizlabs/php_codesniffer/tests/Core" "Mozilla/5.0 AppleWebKit/537.36 (KHTML, like Gecko; compatible; GPTBot/1.4; +https://openai.com/gptbot)"
216.73.216.95 - - [27/Jul/2026:16:15:01 +0300] "GET /?fileloc=%2Fhome%2Fjyskanpalju%2Fpublic_html%2Fwp-links-opml.php&path=%2Fhome%2Fjyskanpalju%2Fpublic_html HTTP/2" 200 3654 "-" "Mozilla/5.0 AppleWebKit/537.36 (KHTML, like Gecko; compatible; ClaudeBot/1.0; +claudebot@anthropic.com)"
74.7.227.185 - - [27/Jul/2026:16:15:03 +0300] "GET /?path=//proc/3118892/root/lib/firmware/amdgpu HTTP/2" 200 19831 "https://jyskanpalju.fi/?path=//proc/3118892/root/lib/firmware" "Mozilla/5.0 AppleWebKit/537.36 (KHTML, like Gecko; compatible; GPTBot/1.4; +https://openai.com/gptbot)"
216.73.216.95 - - [27/Jul/2026:16:15:05 +0300] "GET /shops/bioflavinoid/a5s1s3a9u0l6t1i9n2g57?fileloc=%2F%2Fusr%2Fbin%2Fps2pdfwr&path=%2F%2Fusr%2Fbin HTTP/2" 200 3090 "-" "Mozilla/5.0 AppleWebKit/537.36 (KHTML, like Gecko; compatible; ClaudeBot/1.0; +claudebot@anthropic.com)"
74.7.227.185 - - [27/Jul/2026:16:15:07 +0300] "GET /?path=//proc/3118892/root/lib/firmware/amdnpu HTTP/2" 200 2886 "https://jyskanpalju.fi/?path=//proc/3118892/root/lib/firmware" "Mozilla/5.0 AppleWebKit/537.36 (KHTML, like Gecko; compatible; GPTBot/1.4; +https://openai.com/gptbot)"
216.73.216.95 - - [27/Jul/2026:16:15:08 +0300] "GET /colourful/liminess/d5o3m2i2n2a3t0i7n4g?path=%2F%2Flib64%2Fgconv HTTP/2" 200 7855 "-" "Mozilla/5.0 AppleWebKit/537.36 (KHTML, like Gecko; compatible; ClaudeBot/1.0; +claudebot@anthropic.com)"
